Report for DBIx-Class-Result-ExternalAttribute-0.06

Back
From: metabase:user:320bfe00-2aae-11df-837a-5e0a49663a4f
Subject: FAIL DBIx-Class-Result-ExternalAttribute-0.06 v5.20.3 GNU/Linux
Date: 2016-04-27T09:25:20Z

This distribution has been tested as part of the CPAN Testers
project, supporting the Perl programming language.  See
http://wiki.cpantesters.org/ for more information or email
questions to cpan-testers-discuss@perl.org


--
Dear Nicolas Oudard,

This is a computer-generated report for DBIx-Class-Result-ExternalAttribute-0.06
on perl 5.20.3, created by CPAN-Reporter-1.2017.

Thank you for uploading your work to CPAN.  However, there was a problem
testing your distribution.

If you think this report is invalid, please consult the CPAN Testers Wiki
for suggestions on how to avoid getting FAIL reports for missing library
or binary dependencies, unsupported operating systems, and so on:

http://wiki.cpantesters.org/wiki/CPANAuthorNotes

Sections of this report:

    * Tester comments
    * Program output
    * Prerequisites
    * Environment and other context

------------------------------
TESTER COMMENTS
------------------------------

Additional comments from tester:

this report is from an automated smoke testing program
and was not reviewed by a human for accuracy

------------------------------
PROGRAM OUTPUT
------------------------------

Output from './Build test':

# Testing DBIx::Class::Result::ExternalAttribute 0.06, Perl 5.020003, /tmp/basesmoker-reloperl-uo2v/bin/perl
t/00-load.t ................ ok
{UNKNOWN}: Can't locate object method "columns" via package "t::app::Main::Result::ArtistAttribute" (perhaps you forgot to load "t::app::Main::Result::ArtistAttribute"?) at /tmp/loop_over_bdir-27484-0wgLMP/DBIx-Class-Result-ExternalAttribute-0.06-0/blib/lib/DBIx/Class/Result/ExternalAttribute.pm line 128.
Compilation failed in require at /home/sand/src/perl/repoperls/installed-perls/perl/v5.20.3/8942/lib/site_perl/5.20.3/Class/C3/Componentised.pm line 150. at /home/sand/src/perl/repoperls/installed-perls/perl/v5.20.3/8942/lib/site_perl/5.20.3/Class/C3/Componentised.pm line 155
Compilation failed in require at t/01-external_attribute.t line 9.
BEGIN failed--compilation aborted at t/01-external_attribute.t line 9.
t/01-external_attribute.t .. 
Dubious, test returned 255 (wstat 65280, 0xff00)
No subtests run 
t/boilerplate.t ............ ok
t/manifest.t ............... skipped: Author tests not required for installation
t/pod-coverage.t ........... ok
t/pod.t .................... ok

Test Summary Report
-------------------
t/01-external_attribute.t (Wstat: 65280 Tests: 0 Failed: 0)
  Non-zero exit status: 255
  Parse errors: No plan found in TAP output
t/boilerplate.t          (Wstat: 0 Tests: 3 Failed: 0)
  TODO passed:   2
Files=6, Tests=6,  1 wallclock secs ( 0.02 usr  0.06 sys +  0.56 cusr  0.09 csys =  0.73 CPU)
Result: FAIL
Failed 1/6 test programs. 0/6 subtests failed.

------------------------------
PREREQUISITES
------------------------------

Prerequisite modules loaded:

requires:

    Module                          Need    Have        
    ------------------------------- ------- ------------
    Carp                            1.17    1.38        
    DBIx::Class::Result::ColumnData 0.09    0.16        
    SQL::Translator                 0.11007 0.11021     
    Test::More                      0       1.302014_008

build_requires:

    Module                          Need    Have        
    ------------------------------- ------- ------------
    Test::More                      0       1.302014_008

configure_requires:

    Module                          Need    Have        
    ------------------------------- ------- ------------
    Module::Build                   0.38    0.4218      


------------------------------
ENVIRONMENT AND OTHER CONTEXT
------------------------------

Environment variables:

    AUTOMATED_TESTING = 1
    LANG = en_US.UTF-8
    LANGUAGE = en_US:en
    PATH = /usr/lib/ccache:/home/sand/bin:/usr/local/bin:/usr/bin:/bin:/usr/games:/usr/local/perl/bin:/usr/X11/bin:/sbin:/usr/sbin
    PERL5LIB = 
    PERL5OPT = 
    PERL5_CPANPLUS_IS_RUNNING = 14183
    PERL5_CPAN_IS_RUNNING = 14183
    PERL_CANARY_STABILITY_NOPROMPT = 1
    PERL_MM_USE_DEFAULT = 1
    SHELL = /usr/bin/zsh
    TERM = screen

Perl special variables (and OS-specific diagnostics, for MSWin32):

    $^X = /tmp/basesmoker-reloperl-uo2v/bin/perl
    $UID/$EUID = 1005 / 1005
    $GID = 1005 1005
    $EGID = 1005 1005

Perl module toolchain versions installed:

    Module              Have        
    ------------------- ------------
    CPAN                2.12        
    CPAN::Meta          2.150005    
    Cwd                 3.62        
    ExtUtils::CBuilder  0.280224    
    ExtUtils::Command   7.14        
    ExtUtils::Install   2.04        
    ExtUtils::MakeMaker 7.14        
    ExtUtils::Manifest  1.70        
    ExtUtils::ParseXS   3.24        
    File::Spec          3.62        
    JSON                2.90        
    JSON::PP            2.27400     
    Module::Build       0.4218      
    Module::Signature   0.79        
    Parse::CPAN::Meta   1.4417      
    Test::Harness       3.36        
    Test::More          1.302014_008
    YAML                1.15        
    YAML::Syck          1.29        
    version             0.9916      


--

Summary of my perl5 (revision 5 version 20 subversion 3) configuration:
  Derived from: b67331aafd6eff33e3fd904c45e811f69cbfb0b2
  Platform:
    osname=linux, osvers=4.3.0-1-amd64, archname=x86_64-linux-ld
    uname='linux k83 4.3.0-1-amd64 #1 smp debian 4.3.3-7 (2016-01-19) x86_64 gnulinux '
    config_args='-Dprefix=/home/sand/src/perl/repoperls/installed-perls/perl/v5.20.3/8942 -Dmyhostname=k83 -Dinstallusrbinperl=n -Uversiononly -Dusedevel -des -Ui_db -Dlibswanted=cl pthread socket inet nsl gdbm dbm malloc dl ld sun m crypt sec util c cposix posix ucb BSD gdbm_compat -Uuseithreads -Duselongdouble -DDEBUGGING=-g'
    hint=recommended, useposix=true, d_sigaction=define
    useithreads=undef, usemultiplicity=undef
    use64bitint=define, use64bitall=define, uselongdouble=define
    usemymalloc=n, bincompat5005=undef
  Compiler:
    cc='cc', ccflags ='-fwrapv -fno-strict-aliasing -pipe -fstack-protector -I/usr/local/include -D_LARGEFILE_SOURCE -D_FILE_OFFSET_BITS=64',
    optimize='-O2 -g',
    cppflags='-fwrapv -fno-strict-aliasing -pipe -fstack-protector -I/usr/local/include'
    ccversion='', gccversion='5.3.1 20160121', gccosandvers=''
    intsize=4, longsize=8, ptrsize=8, doublesize=8, byteorder=12345678
    d_longlong=define, longlongsize=8, d_longdbl=define, longdblsize=16
    ivtype='long', ivsize=8, nvtype='long double', nvsize=16, Off_t='off_t', lseeksize=8
    alignbytes=16, prototype=define
  Linker and Libraries:
    ld='cc', ldflags =' -fstack-protector -L/usr/local/lib'
    libpth=/usr/local/lib /usr/lib/gcc/x86_64-linux-gnu/5/include-fixed /usr/include/x86_64-linux-gnu /usr/lib /lib/x86_64-linux-gnu /lib/../lib /usr/lib/x86_64-linux-gnu /usr/lib/../lib /lib
    libs=-lpthread -lnsl -lgdbm -ldl -lm -lcrypt -lutil -lc -lgdbm_compat
    perllibs=-lpthread -lnsl -ldl -lm -lcrypt -lutil -lc
    libc=libc-2.21.so, so=so, useshrplib=false, libperl=libperl.a
    gnulibc_version='2.21'
  Dynamic Linking:
    dlsrc=dl_dlopen.xs, dlext=so, d_dlsymun=undef, ccdlflags='-Wl,-E'
    cccdlflags='-fPIC', lddlflags='-shared -O2 -g -L/usr/local/lib -fstack-protector'


Characteristics of this binary (from libperl): 
  Compile-time options: HAS_TIMES PERLIO_LAYERS PERL_DONT_CREATE_GVSV
                        PERL_HASH_FUNC_ONE_AT_A_TIME_HARD PERL_MALLOC_WRAP
                        PERL_NEW_COPY_ON_WRITE PERL_PRESERVE_IVUV
                        PERL_USE_DEVEL USE_64_BIT_ALL USE_64_BIT_INT
                        USE_LARGE_FILES USE_LOCALE USE_LOCALE_COLLATE
                        USE_LOCALE_CTYPE USE_LOCALE_NUMERIC USE_LONG_DOUBLE
                        USE_PERLIO USE_PERL_ATOF
  Locally applied patches:
	uncommitted-changes
  Built under linux
  Compiled at Apr 26 2016 12:07:28
  %ENV:
    PERL5LIB=""
    PERL5OPT=""
    PERL5_CPANPLUS_IS_RUNNING="14183"
    PERL5_CPAN_IS_RUNNING="14183"
    PERL_CANARY_STABILITY_NOPROMPT="1"
    PERL_MM_USE_DEFAULT="1"
  @INC:
    /home/sand/src/perl/repoperls/installed-perls/perl/v5.20.3/8942/lib/site_perl/5.20.3/x86_64-linux-ld
    /home/sand/src/perl/repoperls/installed-perls/perl/v5.20.3/8942/lib/site_perl/5.20.3
    /home/sand/src/perl/repoperls/installed-perls/perl/v5.20.3/8942/lib/5.20.3/x86_64-linux-ld
    /home/sand/src/perl/repoperls/installed-perls/perl/v5.20.3/8942/lib/5.20.3
    .