Report for Pod-Cpandoc-Cache-0.03

Back
From: metabase:user:314402c4-2aae-11df-837a-5e0a49663a4f
Subject: FAIL Pod-Cpandoc-Cache-0.03 v5.26.0 GNU/Linux
Date: 2017-06-05T14:26:26Z

This distribution has been tested as part of the CPAN Testers
project, supporting the Perl programming language.  See
http://wiki.cpantesters.org/ for more information or email
questions to cpan-testers-discuss@perl.org


--
Dear Kouji Tominaga,

This is a computer-generated report for Pod-Cpandoc-Cache-0.03
on perl 5.26.0, created by CPAN-Reporter-1.2018.

Thank you for uploading your work to CPAN.  However, there was a problem
testing your distribution.

If you think this report is invalid, please consult the CPAN Testers Wiki
for suggestions on how to avoid getting FAIL reports for missing library
or binary dependencies, unsupported operating systems, and so on:

http://wiki.cpantesters.org/wiki/CPANAuthorNotes

Sections of this report:

    * Tester comments
    * Program output
    * Prerequisites
    * Environment and other context

------------------------------
TESTER COMMENTS
------------------------------

Additional comments from tester:

none provided

------------------------------
PROGRAM OUTPUT
------------------------------

Output from './Build test':

t/00_compile.t .. ok
# /var/tmp/cpansmoker-1002/2017060515/p8HlwP6DMh
# 2049 5799939 16832 2 1002 1002 0 4096 1496672467 1496672467 1496672467 4096 8
# Test ended with extra hubs on the stack!
t/01_basic.t .... 
Dubious, test returned 255 (wstat 65280, 0xff00)
No subtests run 
    # , 0
t/02_opt_c.t .... ok

Test Summary Report
-------------------
t/01_basic.t  (Wstat: 65280 Tests: 0 Failed: 0)
  Non-zero exit status: 255
  Parse errors: No plan found in TAP output
Files=3, Tests=2,  1 wallclock secs ( 0.04 usr  0.01 sys +  0.84 cusr  0.08 csys =  0.97 CPU)
Result: FAIL

------------------------------
PREREQUISITES
------------------------------

Prerequisite modules loaded:

requires:

    Module                   Need     Have    
    ------------------------ -------- --------
    Class::Method::Modifiers 0        2.12    
    parent                   0        0.236   
    perl                     5.008005 5.026000
    Pod::Cpandoc             0        0.16    
    Time::Piece              1.16     1.31    

build_requires:

    Module                   Need     Have    
    ------------------------ -------- --------
    Capture::Tiny            0        0.46    
    File::Temp               0        0.2304  
    Test::More               0.98     1.302085

configure_requires:

    Module                   Need     Have    
    ------------------------ -------- --------
    Module::Build::Tiny      0.035    0.039   


------------------------------
ENVIRONMENT AND OTHER CONTEXT
------------------------------

Environment variables:

    LANG = de_DE.UTF-8
    PATH = /usr/local/bin:/usr/bin:/bin:/usr/local/sbin:/usr/sbin:/sbin:/home/cpansand/bin/linux-gnu:/home/cpansand/bin/sh:/home/cpansand/bin:/usr/games:/home/cpansand/devel:/home/eserte/src/srezic-misc/scripts
    PERL5LIB = /home/cpansand/.cpan/build/2017060515/Pod-Cpandoc-0.16-4/blib/arch:/home/cpansand/.cpan/build/2017060515/Pod-Cpandoc-0.16-4/blib/lib
    PERL5OPT = 
    PERL5_CPANPLUS_IS_RUNNING = 25566
    PERL5_CPAN_IS_RUNNING = 25566
    PERL5_CPAN_IS_RUNNING_IN_RECURSION = 24008,25566
    PERLDOC = -MPod::Perldoc::ToTextOverstrike
    PERL_BATCH = yes
    PERL_CANARY_STABILITY_NOPROMPT = 1
    PERL_CPAN_REPORTER_CONFIG = /var/tmp/cpansmoker-1002/2017060515/cpanreporter_001_config.ini
    PERL_EXTUTILS_AUTOINSTALL = --defaultdeps
    PERL_USE_UNSAFE_INC = 1
    SHELL = /bin/zsh
    TERM = screen
    TMPDIR = /var/tmp/cpansmoker-1002/2017060515

Perl special variables (and OS-specific diagnostics, for MSWin32):

    $^X = /opt/perl-5.26.0t/bin/perl
    $UID/$EUID = 1002 / 1002
    $GID = 1002 1002
    $EGID = 1002 1002

Perl module toolchain versions installed:

    Module              Have    
    ------------------- --------
    CPAN                2.18    
    CPAN::Meta          2.150010
    Cwd                 3.67    
    ExtUtils::CBuilder  0.280225
    ExtUtils::Command   7.28    
    ExtUtils::Install   2.14    
    ExtUtils::MakeMaker 7.28    
    ExtUtils::Manifest  1.70    
    ExtUtils::ParseXS   3.34    
    File::Spec          3.67    
    JSON                2.94    
    JSON::PP            2.94    
    Module::Build       0.4224  
    Module::Signature   n/a     
    Parse::CPAN::Meta   2.150010
    Test::Harness       3.38    
    Test::More          1.302085
    YAML                1.23    
    YAML::Syck          1.30    
    version             0.9917  


--

Summary of my perl5 (revision 5 version 26 subversion 0) configuration:
   
  Platform:
    osname=linux
    osvers=3.10.0-514.16.1.el7.x86_64
    archname=x86_64-linux-thread-multi
    uname='linux prod5 3.10.0-514.16.1.el7.x86_64 #1 smp wed apr 12 15:04:24 utc 2017 x86_64 x86_64 x86_64 gnulinux '
    config_args='-ds -e -Dprefix=/opt/perl-5.26.0t -Dusethreads -Dcf_email=srezic@cpan.org'
    hint=recommended
    useposix=true
    d_sigaction=define
    useithreads=define
    usemultiplicity=define
    use64bitint=define
    use64bitall=define
    uselongdouble=undef
    usemymalloc=n
    default_inc_excludes_dot=define
    bincompat5005=undef
  Compiler:
    cc='cc'
    ccflags ='-D_REENTRANT -D_GNU_SOURCE -fwrapv -fno-strict-aliasing -pipe -fstack-protector-strong -I/usr/local/include -D_LARGEFILE_SOURCE -D_FILE_OFFSET_BITS=64 -D_FORTIFY_SOURCE=2'
    optimize='-O2'
    cppflags='-D_REENTRANT -D_GNU_SOURCE -fwrapv -fno-strict-aliasing -pipe -fstack-protector-strong -I/usr/local/include'
    ccversion=''
    gccversion='4.8.5 20150623 (Red Hat 4.8.5-11)'
    gccosandvers=''
    intsize=4
    longsize=8
    ptrsize=8
    doublesize=8
    byteorder=12345678
    doublekind=3
    d_longlong=define
    longlongsize=8
    d_longdbl=define
    longdblsize=16
    longdblkind=3
    ivtype='long'
    ivsize=8
    nvtype='double'
    nvsize=8
    Off_t='off_t'
    lseeksize=8
    alignbytes=8
    prototype=define
  Linker and Libraries:
    ld='cc'
    ldflags =' -fstack-protector-strong -L/usr/local/lib'
    libpth=/usr/local/lib /usr/lib /lib/../lib64 /usr/lib/../lib64 /lib /lib64 /usr/lib64 /usr/local/lib64
    libs=-lpthread -lnsl -lgdbm -ldb -ldl -lm -lcrypt -lutil -lc -lgdbm_compat
    perllibs=-lpthread -lnsl -ldl -lm -lcrypt -lutil -lc
    libc=libc-2.17.so
    so=so
    useshrplib=false
    libperl=libperl.a
    gnulibc_version='2.17'
  Dynamic Linking:
    dlsrc=dl_dlopen.xs
    dlext=so
    d_dlsymun=undef
    ccdlflags='-Wl,-E'
    cccdlflags='-fPIC'
    lddlflags='-shared -O2 -L/usr/local/lib -fstack-protector-strong'


Characteristics of this binary (from libperl): 
  Compile-time options:
    HAS_TIMES
    MULTIPLICITY
    PERLIO_LAYERS
    PERL_COPY_ON_WRITE
    PERL_DONT_CREATE_GVSV
    PERL_IMPLICIT_CONTEXT
    PERL_MALLOC_WRAP
    PERL_OP_PARENT
    PERL_PRESERVE_IVUV
    USE_64_BIT_ALL
    USE_64_BIT_INT
    USE_ITHREADS
    USE_LARGE_FILES
    USE_LOCALE
    USE_LOCALE_COLLATE
    USE_LOCALE_CTYPE
    USE_LOCALE_NUMERIC
    USE_LOCALE_TIME
    USE_PERLIO
    USE_PERL_ATOF
    USE_REENTRANT_API
  Built under linux
  Compiled at Jun  3 2017 23:22:36
  %ENV:
    PERL5LIB="/home/cpansand/.cpan/build/2017060515/Pod-Cpandoc-0.16-4/blib/arch:/home/cpansand/.cpan/build/2017060515/Pod-Cpandoc-0.16-4/blib/lib"
    PERL5OPT=""
    PERL5_CPANPLUS_IS_RUNNING="25566"
    PERL5_CPAN_IS_RUNNING="25566"
    PERL5_CPAN_IS_RUNNING_IN_RECURSION="24008,25566"
    PERLDOC="-MPod::Perldoc::ToTextOverstrike"
    PERL_BATCH="yes"
    PERL_CANARY_STABILITY_NOPROMPT="1"
    PERL_CPAN_REPORTER_CONFIG="/var/tmp/cpansmoker-1002/2017060515/cpanreporter_001_config.ini"
    PERL_EXTUTILS_AUTOINSTALL="--defaultdeps"
    PERL_USE_UNSAFE_INC="1"
  @INC:
    /home/cpansand/.cpan/build/2017060515/Pod-Cpandoc-0.16-4/blib/arch
    /home/cpansand/.cpan/build/2017060515/Pod-Cpandoc-0.16-4/blib/lib
    /opt/perl-5.26.0t/lib/site_perl/5.26.0/x86_64-linux-thread-multi
    /opt/perl-5.26.0t/lib/site_perl/5.26.0
    /opt/perl-5.26.0t/lib/5.26.0/x86_64-linux-thread-multi
    /opt/perl-5.26.0t/lib/5.26.0
    .