Back
From: metabase:user:0d96120c-29e2-11e5-b049-ede3035d37de
Subject: FAIL Goo-0.09 v5.23.1 GNU/Linux
Date: 2015-07-29T05:59:22Z
This distribution has been tested as part of the CPAN Testers
project, supporting the Perl programming language. See
http://wiki.cpantesters.org/ for more information or email
questions to cpan-testers-discuss@perl.org
--
Dear Nigel Hamilton,
This is a computer-generated report for Goo-0.09
on perl 5.23.1, created by CPAN-Reporter-1.2014.
Thank you for uploading your work to CPAN. However, there was a problem
testing your distribution.
If you think this report is invalid, please consult the CPAN Testers Wiki
for suggestions on how to avoid getting FAIL reports for missing library
or binary dependencies, unsupported operating systems, and so on:
http://wiki.cpantesters.org/wiki/CPANAuthorNotes
Sections of this report:
* Tester comments
* Program output
* Prerequisites
* Environment and other context
------------------------------
TESTER COMMENTS
------------------------------
Additional comments from tester:
this report is from an automated smoke testing program
and was not reviewed by a human for accuracy
------------------------------
PROGRAM OUTPUT
------------------------------
Output from '/usr/bin/make test':
PERL_DL_NONLAZY=1 "/home/jmaslak/perl5/perlbrew/perls/perl-5.23.1-thread-multi/bin/perl5.23.1" "-MExtUtils::Command::MM" "-MTest::Harness" "-e" "undef *Test::Harness::Switches; test_harness(0, 'blib/lib', 'blib/arch')" t/*.t
t/boilerplate.t ... ok
# Failed test 'Pod coverage on Goo'
# at /home/jmaslak/perl5/perlbrew/perls/perl-5.23.1-thread-multi/lib/site_perl/5.23.1/Test/Pod/Coverage.pm line 133.
# Goo: requiring 'Goo' failed
Unescaped left brace in regex is deprecated, passed through in regex; marked by <-- HERE in m/ {{ <-- HERE ([^}]*)}} / at /home/jmaslak/.cpan/build/Goo-0.09-vEUlnw/blib/lib/Goo/Template.pm line 56.
# Failed test 'Pod coverage on Goo::DatabaseInfo'
# at /home/jmaslak/perl5/perlbrew/perls/perl-5.23.1-thread-multi/lib/site_perl/5.23.1/Test/Pod/Coverage.pm line 133.
# Goo::DatabaseInfo: requiring 'Goo::DatabaseInfo' failed
# Failed test 'Pod coverage on Goo::Shell'
# at /home/jmaslak/perl5/perlbrew/perls/perl-5.23.1-thread-multi/lib/site_perl/5.23.1/Test/Pod/Coverage.pm line 133.
# Goo::Shell: requiring 'Goo::Shell' failed
# Failed test 'Pod coverage on Goo::DatabaseThing::Maker'
# at /home/jmaslak/perl5/perlbrew/perls/perl-5.23.1-thread-multi/lib/site_perl/5.23.1/Test/Pod/Coverage.pm line 133.
# Goo::DatabaseThing::Maker: requiring 'Goo::DatabaseThing::Maker' failed
# Failed test 'Pod coverage on Goo::Thing::task::TaskLister'
# at /home/jmaslak/perl5/perlbrew/perls/perl-5.23.1-thread-multi/lib/site_perl/5.23.1/Test/Pod/Coverage.pm line 133.
# Goo::Thing::task::TaskLister: requiring 'Goo::Thing::task::TaskLister' failed
# Failed test 'Pod coverage on Goo::Thing::task::TaskEditor'
# at /home/jmaslak/perl5/perlbrew/perls/perl-5.23.1-thread-multi/lib/site_perl/5.23.1/Test/Pod/Coverage.pm line 133.
# Goo::Thing::task::TaskEditor: requiring 'Goo::Thing::task::TaskEditor' failed
# Failed test 'Pod coverage on Goo::Thing::pl::ScriptMaker'
# at /home/jmaslak/perl5/perlbrew/perls/perl-5.23.1-thread-multi/lib/site_perl/5.23.1/Test/Pod/Coverage.pm line 133.
# Goo::Thing::pl::ScriptMaker: requiring 'Goo::Thing::pl::ScriptMaker' failed
# Failed test 'Pod coverage on Goo::Thing::js::JavascriptProfiler'
# at /home/jmaslak/perl5/perlbrew/perls/perl-5.23.1-thread-multi/lib/site_perl/5.23.1/Test/Pod/Coverage.pm line 133.
# Goo::Thing::js::JavascriptProfiler: requiring 'Goo::Thing::js::JavascriptProfiler' failed
# Failed test 'Pod coverage on Goo::Thing::js::JSFunctionProfileOption'
# at /home/jmaslak/perl5/perlbrew/perls/perl-5.23.1-thread-multi/lib/site_perl/5.23.1/Test/Pod/Coverage.pm line 133.
# Goo::Thing::js::JSFunctionProfileOption: requiring 'Goo::Thing::js::JSFunctionProfileOption' failed
# Failed test 'Pod coverage on Goo::Thing::log::Profiler'
# at /home/jmaslak/perl5/perlbrew/perls/perl-5.23.1-thread-multi/lib/site_perl/5.23.1/Test/Pod/Coverage.pm line 133.
# Goo::Thing::log::Profiler: requiring 'Goo::Thing::log::Profiler' failed
# Failed test 'Pod coverage on Goo::Thing::pm::Perl6Profiler'
# at /home/jmaslak/perl5/perlbrew/perls/perl-5.23.1-thread-multi/lib/site_perl/5.23.1/Test/Pod/Coverage.pm line 133.
# Goo::Thing::pm::Perl6Profiler: requiring 'Goo::Thing::pm::Perl6Profiler' failed
# Failed test 'Pod coverage on Goo::Thing::pm::Profiler'
# at /home/jmaslak/perl5/perlbrew/perls/perl-5.23.1-thread-multi/lib/site_perl/5.23.1/Test/Pod/Coverage.pm line 133.
# Goo::Thing::pm::Profiler: requiring 'Goo::Thing::pm::Profiler' failed
# Failed test 'Pod coverage on Goo::Thing::pm::ProgramCloner'
# at /home/jmaslak/perl5/perlbrew/perls/perl-5.23.1-thread-multi/lib/site_perl/5.23.1/Test/Pod/Coverage.pm line 133.
# Goo::Thing::pm::ProgramCloner: requiring 'Goo::Thing::pm::ProgramCloner' failed
# Failed test 'Pod coverage on Goo::Thing::pm::Perl6ModuleInspector'
# at /home/jmaslak/perl5/perlbrew/perls/perl-5.23.1-thread-multi/lib/site_perl/5.23.1/Test/Pod/Coverage.pm line 133.
# Goo::Thing::pm::Perl6ModuleInspector: requiring 'Goo::Thing::pm::Perl6ModuleInspector' failed
# Failed test 'Pod coverage on Goo::Thing::pm::ProgramDeleter'
# at /home/jmaslak/perl5/perlbrew/perls/perl-5.23.1-thread-multi/lib/site_perl/5.23.1/Test/Pod/Coverage.pm line 133.
# Goo::Thing::pm::ProgramDeleter: requiring 'Goo::Thing::pm::ProgramDeleter' failed
# Failed test 'Pod coverage on Goo::Thing::tpm::TestMaker'
# at /home/jmaslak/perl5/perlbrew/perls/perl-5.23.1-thread-multi/lib/site_perl/5.23.1/Test/Pod/Coverage.pm line 133.
# Goo::Thing::tpm::TestMaker: requiring 'Goo::Thing::tpm::TestMaker' failed
# Failed test 'Pod coverage on Goo::Thing::tpm::TestLoader'
# at /home/jmaslak/perl5/perlbrew/perls/perl-5.23.1-thread-multi/lib/site_perl/5.23.1/Test/Pod/Coverage.pm line 133.
# Goo::Thing::tpm::TestLoader: requiring 'Goo::Thing::tpm::TestLoader' failed
# Failed test 'Pod coverage on Goo::Thing::tpm::TestRunner'
# at /home/jmaslak/perl5/perlbrew/perls/perl-5.23.1-thread-multi/lib/site_perl/5.23.1/Test/Pod/Coverage.pm line 133.
# Goo::Thing::tpm::TestRunner: requiring 'Goo::Thing::tpm::TestRunner' failed
# Failed test 'Pod coverage on Goo::Thing::tpm::Tester'
# at /home/jmaslak/perl5/perlbrew/perls/perl-5.23.1-thread-multi/lib/site_perl/5.23.1/Test/Pod/Coverage.pm line 133.
# Goo::Thing::tpm::Tester: requiring 'Goo::Thing::tpm::Tester' failed
# Looks like you failed 19 tests of 124.
t/pod-coverage.t ..
Dubious, test returned 19 (wstat 4864, 0x1300)
Failed 19/124 subtests
t/pod.t ........... ok
Test Summary Report
-------------------
t/pod-coverage.t (Wstat: 4864 Tests: 124 Failed: 19)
Failed tests: 1, 41, 57, 65, 74-75, 80, 82-84, 87, 96
113, 116-117, 121-124
Non-zero exit status: 19
Files=3, Tests=259, 1 wallclock secs ( 0.06 usr 0.03 sys + 0.79 cusr 0.10 csys = 0.98 CPU)
Result: FAIL
Failed 1/3 test programs. 19/259 subtests failed.
make: *** [test_dynamic] Error 255
------------------------------
PREREQUISITES
------------------------------
Prerequisite modules loaded:
requires:
Module Need Have
------------------- ---- --------
CGI 0 4.21
Config::Auto 0 0.44
Config::Tiny 0 2.22
DBD::SQLite 0 1.48
Devel::Symdump 0 2.15
File::Find 0 1.29
File::Grep 0 0.02
File::NCopy 0 0.36
LWP::ConnCache 0 6.13
LWP::UserAgent 0 6.13
Perl::Tidy 0 20140711
Pod::Coverage 0 0.23
Term::ANSIColor 0 4.03
Term::Complete 0 1.403
Term::ProgressBar 0 2.17
Term::ReadKey 0 2.33
Test::More 0 1.001014
Test::Pod 0 1.51
Test::Pod::Coverage 0 1.10
Text::FormatTable 0 1.03
Time::HiRes 0 1.9726
build_requires:
Module Need Have
------------------- ---- --------
ExtUtils::MakeMaker 0 7.04_01
------------------------------
ENVIRONMENT AND OTHER CONTEXT
------------------------------
Environment variables:
AUTOMATED_TESTING = 1
LANG = en_US.UTF-8
NONINTERACTIVE_TESTING = 1
PATH = /home/jmaslak/sysperl/bin:/home/jmaslak/perl5/perlbrew/bin:/home/jmaslak/perl5/perlbrew/perls/perl-5.23.1-thread-multi/bin:/home/jmaslak/perltest/bin:/home/jmaslak/perltest/bin:/home/jmaslak/perltest/bin:/home/jmaslak/perl5/perlbrew/bin:/home/jmaslak/perl5/perlbrew/perls/perl-5.23.1/bin:/usr/local/bin:/usr/bin:/usr/local/sbin:/usr/sbin:/usr/sbin:~/perltest/bin
PERL5LIB = /home/jmaslak/.cpan/build/Config-Auto-0.44-uLjXOJ/blib/arch:/home/jmaslak/.cpan/build/Config-Auto-0.44-uLjXOJ/blib/lib:/home/jmaslak/.cpan/build/Config-IniFiles-2.88-eVBrpb/blib/arch:/home/jmaslak/.cpan/build/Config-IniFiles-2.88-eVBrpb/blib/lib:/home/jmaslak/.cpan/build/Text-FormatTable-1.03-L3upah/blib/arch:/home/jmaslak/.cpan/build/Text-FormatTable-1.03-L3upah/blib/lib:/home/jmaslak/.cpan/build/File-Grep-0.02-9zv6xr/blib/arch:/home/jmaslak/.cpan/build/File-Grep-0.02-9zv6xr/blib/lib:/home/jmaslak/.cpan/build/File-NCopy-0.36-8y2BhK/blib/arch:/home/jmaslak/.cpan/build/File-NCopy-0.36-8y2BhK/blib/lib:/home/jmaslak/sysperl/lib/perl5
PERL5OPT =
PERL5_CPANPLUS_IS_RUNNING = 15473
PERL5_CPAN_IS_RUNNING = 15473
PERL5_CPAN_IS_RUNNING_IN_RECURSION = 6628,15473
PERLBREW_BASHRC_VERSION = 0.73
PERLBREW_HOME = /home/jmaslak/.perlbrew
PERLBREW_LIB =
PERLBREW_MANPATH = /home/jmaslak/perl5/perlbrew/perls/perl-5.23.1-thread-multi/man
PERLBREW_PATH = /home/jmaslak/perl5/perlbrew/bin:/home/jmaslak/perl5/perlbrew/perls/perl-5.23.1-thread-multi/bin
PERLBREW_PERL = perl-5.23.1-thread-multi
PERLBREW_ROOT = /home/jmaslak/perl5/perlbrew
PERLBREW_VERSION = 0.73
PERL_CR_SMOKER_CURRENT = Goo-0.09
PERL_EXTUTILS_AUTOINSTALL = --defaultdeps
PERL_LOCAL_LIB_ROOT = /home/jmaslak/sysperl:
PERL_MB_OPT = --install_base "//home/jmaslak/sysperl"
PERL_MM_OPT = INSTALL_BASE=/home/jmaslak/sysperl
PERL_MM_USE_DEFAULT = 1
SHELL = /bin/bash
TERM = screen
Perl special variables (and OS-specific diagnostics, for MSWin32):
$^X = /home/jmaslak/perl5/perlbrew/perls/perl-5.23.1-thread-multi/bin/perl5.23.1
$UID/$EUID = 1000 / 1000
$GID = 1000 10 1000
$EGID = 1000 10 1000
Perl module toolchain versions installed:
Module Have
------------------- --------
CPAN 2.11
CPAN::Meta 2.150005
Cwd 3.56
ExtUtils::CBuilder 0.280223
ExtUtils::Command 1.20
ExtUtils::Install 2.04
ExtUtils::MakeMaker 7.04_01
ExtUtils::Manifest 1.70
ExtUtils::ParseXS 3.28
File::Spec 3.56
JSON 2.90
JSON::PP 2.27300
Module::Build 0.4214
Module::Signature n/a
Parse::CPAN::Meta 1.4417
Test::Harness 3.35
Test::More 1.001014
YAML 1.15
YAML::Syck n/a
version 0.9909
--
Summary of my perl5 (revision 5 version 23 subversion 1) configuration:
Platform:
osname=linux, osvers=4.1.0-x86_64-linode59, archname=x86_64-linux-thread-multi
uname='linux cpantest.antelope.net 4.1.0-x86_64-linode59 #1 smp mon jun 22 10:39:23 edt 2015 x86_64 x86_64 x86_64 gnulinux '
config_args='-de -Dprefix=/home/jmaslak/perl5/perlbrew/perls/perl-5.23.1-thread-multi -Dusethreads -Dusemultiplicity -Dusedevel -Aeval:scriptdir=/home/jmaslak/perl5/perlbrew/perls/perl-5.23.1-thread-multi/bin'
hint=recommended, useposix=true, d_sigaction=define
useithreads=define, usemultiplicity=define
use64bitint=define, use64bitall=define, uselongdouble=undef
usemymalloc=n, bincompat5005=undef
Compiler:
cc='cc', ccflags ='-D_REENTRANT -D_GNU_SOURCE -fwrapv -fno-strict-aliasing -pipe -fstack-protector-strong -I/usr/local/include -D_LARGEFILE_SOURCE -D_FILE_OFFSET_BITS=64 -D_FORTIFY_SOURCE=2',
optimize='-O2',
cppflags='-D_REENTRANT -D_GNU_SOURCE -fwrapv -fno-strict-aliasing -pipe -fstack-protector-strong -I/usr/local/include'
ccversion='', gccversion='4.8.3 20140911 (Red Hat 4.8.3-9)', gccosandvers=''
intsize=4, longsize=8, ptrsize=8, doublesize=8, byteorder=12345678, doublekind=3
d_longlong=define, longlongsize=8, d_longdbl=define, longdblsize=16, longdblkind=3
ivtype='long', ivsize=8, nvtype='double', nvsize=8, Off_t='off_t', lseeksize=8
alignbytes=8, prototype=define
Linker and Libraries:
ld='cc', ldflags =' -fstack-protector-strong -L/usr/local/lib'
libpth=/usr/local/lib /usr/lib /lib/../lib64 /usr/lib/../lib64 /lib /lib64 /usr/lib64 /usr/local/lib64
libs=-lpthread -lnsl -ldl -lm -lcrypt -lutil -lc
perllibs=-lpthread -lnsl -ldl -lm -lcrypt -lutil -lc
libc=libc-2.17.so, so=so, useshrplib=false, libperl=libperl.a
gnulibc_version='2.17'
Dynamic Linking:
dlsrc=dl_dlopen.xs, dlext=so, d_dlsymun=undef, ccdlflags='-Wl,-E'
cccdlflags='-fPIC', lddlflags='-shared -O2 -L/usr/local/lib -fstack-protector-strong'
Characteristics of this binary (from libperl):
Compile-time options: HAS_TIMES MULTIPLICITY PERLIO_LAYERS
PERL_COPY_ON_WRITE PERL_DONT_CREATE_GVSV
PERL_HASH_FUNC_ONE_AT_A_TIME_HARD
PERL_IMPLICIT_CONTEXT PERL_MALLOC_WRAP
PERL_PRESERVE_IVUV PERL_USE_DEVEL USE_64_BIT_ALL
USE_64_BIT_INT USE_ITHREADS USE_LARGE_FILES
USE_LOCALE USE_LOCALE_COLLATE USE_LOCALE_CTYPE
USE_LOCALE_NUMERIC USE_LOCALE_TIME USE_PERLIO
USE_PERL_ATOF USE_REENTRANT_API
Locally applied patches:
Devel::PatchPerl 1.38
Built under linux
Compiled at Jul 26 2015 05:10:58
%ENV:
PERL5LIB="/home/jmaslak/.cpan/build/Config-Auto-0.44-uLjXOJ/blib/arch:/home/jmaslak/.cpan/build/Config-Auto-0.44-uLjXOJ/blib/lib:/home/jmaslak/.cpan/build/Config-IniFiles-2.88-eVBrpb/blib/arch:/home/jmaslak/.cpan/build/Config-IniFiles-2.88-eVBrpb/blib/lib:/home/jmaslak/.cpan/build/Text-FormatTable-1.03-L3upah/blib/arch:/home/jmaslak/.cpan/build/Text-FormatTable-1.03-L3upah/blib/lib:/home/jmaslak/.cpan/build/File-Grep-0.02-9zv6xr/blib/arch:/home/jmaslak/.cpan/build/File-Grep-0.02-9zv6xr/blib/lib:/home/jmaslak/.cpan/build/File-NCopy-0.36-8y2BhK/blib/arch:/home/jmaslak/.cpan/build/File-NCopy-0.36-8y2BhK/blib/lib:/home/jmaslak/sysperl/lib/perl5"
PERL5OPT=""
PERL5_CPANPLUS_IS_RUNNING="15473"
PERL5_CPAN_IS_RUNNING="15473"
PERL5_CPAN_IS_RUNNING_IN_RECURSION="6628,15473"
PERLBREW_BASHRC_VERSION="0.73"
PERLBREW_HOME="/home/jmaslak/.perlbrew"
PERLBREW_LIB=""
PERLBREW_MANPATH="/home/jmaslak/perl5/perlbrew/perls/perl-5.23.1-thread-multi/man"
PERLBREW_PATH="/home/jmaslak/perl5/perlbrew/bin:/home/jmaslak/perl5/perlbrew/perls/perl-5.23.1-thread-multi/bin"
PERLBREW_PERL="perl-5.23.1-thread-multi"
PERLBREW_ROOT="/home/jmaslak/perl5/perlbrew"
PERLBREW_VERSION="0.73"
PERL_CR_SMOKER_CURRENT="Goo-0.09"
PERL_EXTUTILS_AUTOINSTALL="--defaultdeps"
PERL_LOCAL_LIB_ROOT="/home/jmaslak/sysperl:"
PERL_MB_OPT="--install_base "//home/jmaslak/sysperl""
PERL_MM_OPT="INSTALL_BASE=/home/jmaslak/sysperl"
PERL_MM_USE_DEFAULT="1"
@INC:
/home/jmaslak/.cpan/build/Config-Auto-0.44-uLjXOJ/blib/arch
/home/jmaslak/.cpan/build/Config-Auto-0.44-uLjXOJ/blib/lib
/home/jmaslak/.cpan/build/Config-IniFiles-2.88-eVBrpb/blib/arch
/home/jmaslak/.cpan/build/Config-IniFiles-2.88-eVBrpb/blib/lib
/home/jmaslak/.cpan/build/Text-FormatTable-1.03-L3upah/blib/arch
/home/jmaslak/.cpan/build/Text-FormatTable-1.03-L3upah/blib/lib
/home/jmaslak/.cpan/build/File-Grep-0.02-9zv6xr/blib/arch
/home/jmaslak/.cpan/build/File-Grep-0.02-9zv6xr/blib/lib
/home/jmaslak/.cpan/build/File-NCopy-0.36-8y2BhK/blib/arch
/home/jmaslak/.cpan/build/File-NCopy-0.36-8y2BhK/blib/lib
/home/jmaslak/sysperl/lib/perl5/x86_64-linux-thread-multi
/home/jmaslak/sysperl/lib/perl5
/home/jmaslak/perl5/perlbrew/perls/perl-5.23.1-thread-multi/lib/site_perl/5.23.1/x86_64-linux-thread-multi
/home/jmaslak/perl5/perlbrew/perls/perl-5.23.1-thread-multi/lib/site_perl/5.23.1
/home/jmaslak/perl5/perlbrew/perls/perl-5.23.1-thread-multi/lib/5.23.1/x86_64-linux-thread-multi
/home/jmaslak/perl5/perlbrew/perls/perl-5.23.1-thread-multi/lib/5.23.1
.