POE-Loop-Event v1.305 Perl 5 v5.29.2 x86_64-linux-thread-multi-ld

Status
Fail
From
Andreas J. König (ANDK)
Dist
POE-Loop-Event v1.305
Platform
Perl 5 v5.29.2 x86_64-linux-thread-multi-ld
Date
2018-08-03 21:12:41
ID
f50b858c-9761-11e8-8c4c-c54ca81f4df1
This distribution has been tested as part of the CPAN Testers
project, supporting the Perl programming language.  See
http://wiki.cpantesters.org/ for more information or email
questions to cpan-testers-discuss@perl.org


--
Dear Rocco Caputo,

This is a computer-generated report for POE-Loop-Event-1.305
on perl 5.29.2, created by CPAN-Reporter-1.2018.

Thank you for uploading your work to CPAN.  However, there was a problem
testing your distribution.

If you think this report is invalid, please consult the CPAN Testers Wiki
for suggestions on how to avoid getting FAIL reports for missing library
or binary dependencies, unsupported operating systems, and so on:

http://wiki.cpantesters.org/wiki/CPANAuthorNotes

Sections of this report:

    * Tester comments
    * Program output
    * Prerequisites
    * Environment and other context

------------------------------
TESTER COMMENTS
------------------------------

Additional comments from tester:

this report is from an automated smoke testing program
and was not reviewed by a human for accuracy

------------------------------
PROGRAM OUTPUT
------------------------------

Output from '/usr/bin/make test':

PERL_DL_NONLAZY=1 "/tmp/basesmoker-reloperl-kH4A/bin/perl" "-MExtUtils::Command::MM" "-MTest::Harness" "-e" "undef *Test::Harness::Switches; test_harness(0, 'blib/lib', 'blib/arch')" t/*.t t/poe_loop_event/*.t
# Testing POE 1.367, Perl 5.029002, /tmp/basesmoker-reloperl-kH4A/bin/perl on linux
t/00_info.t ...................................... ok
# Testing POE 1.367, POE::Test::Loops 1.360, Using Loop(POE::Loop::Event), Perl 5.029002, /tmp/basesmoker-reloperl-kH4A/bin/perl on linux
t/poe_loop_event/00_info.t ....................... ok
t/poe_loop_event/all_errors.t .................... skipped: most of these should move into other test files
t/poe_loop_event/comp_tcp.t ...................... ok
# You might see a 'disconnect' error during this test.
# It may be ignored.
t/poe_loop_event/comp_tcp_concurrent.t ........... ok
t/poe_loop_event/connect_errors.t ................ ok
t/poe_loop_event/k_alarms.t ...................... ok
t/poe_loop_event/k_aliases.t ..................... ok
t/poe_loop_event/k_detach.t ...................... ok
t/poe_loop_event/k_run_returns.t ................. ok
t/poe_loop_event/k_selects.t ..................... ok
t/poe_loop_event/k_sig_child.t ................... ok
t/poe_loop_event/k_signals.t ..................... ok
t/poe_loop_event/k_signals_rerun.t ............... ok
t/poe_loop_event/sbk_signal_init.t ............... ok
t/poe_loop_event/ses_nfa.t ....................... ok
# This test generates some STDERR during trace testing.
=== 30225 === 23 -> _start (from /home/sand/src/perl/repoperls/installed-perls/host/k93msid/v5.29.1-44-g44a61463eb/496c/lib/site_perl/5.29.2/POE/Kernel.pm at 1497)
=== 30225 === 23 -> woot (from /home/sand/src/perl/repoperls/installed-perls/host/k93msid/v5.29.1-44-g44a61463eb/496c/lib/site_perl/5.29.2/POE/Test/Loops/ses_session.pm at 691)
=== 30225 === 23 -> narf (from /home/sand/src/perl/repoperls/installed-perls/host/k93msid/v5.29.1-44-g44a61463eb/496c/lib/site_perl/5.29.2/POE/Test/Loops/ses_session.pm at 692)
=== 30225 === 23 -> _stop (from /home/sand/src/perl/repoperls/installed-perls/host/k93msid/v5.29.1-44-g44a61463eb/496c/lib/site_perl/5.29.2/POE/Resource/Sessions.pm at 571)
t/poe_loop_event/ses_session.t ................... ok
t/poe_loop_event/wheel_accept.t .................. ok
t/poe_loop_event/wheel_curses.t .................. skipped: Need help with Curses functions blocking under ptys
t/poe_loop_event/wheel_readline.t ................ ok
t/poe_loop_event/wheel_readwrite.t ............... ok
Fri Aug  3 21:12:20 2018 - inactivity timeout reached! at /home/sand/src/perl/repoperls/installed-perls/host/k93msid/v5.29.1-44-g44a61463eb/496c/lib/site_perl/5.29.2/POE/Test/Loops/wheel_run.pm line 149.
# Looks like your test exited with 1 just after 99.
t/poe_loop_event/wheel_run.t ..................... 
Dubious, test returned 1 (wstat 256, 0x100)
Failed 4/103 subtests 
t/poe_loop_event/wheel_run_size.t ................ ok
t/poe_loop_event/wheel_sf_ipv6.t ................. skipped: Socket::GetAddrInfo is needed for IPv6 tests
t/poe_loop_event/wheel_sf_tcp.t .................. ok
t/poe_loop_event/wheel_sf_udp.t .................. ok
t/poe_loop_event/wheel_sf_unix.t ................. ok
t/poe_loop_event/wheel_tail.t .................... ok
t/poe_loop_event/z_kogman_sig_order.t ............ ok
t/poe_loop_event/z_leolo_wheel_run.t ............. ok
# Using '/bin/true' as our thing to run under system()
t/poe_loop_event/z_merijn_sigchld_system.t ....... ok
t/poe_loop_event/z_rt39872_sigchld.t ............. ok
# Parent 30275 waiting 3sec for slow systems to settle.
# sending sigusr1
# sent sigusr1
t/poe_loop_event/z_rt39872_sigchld_stop.t ........ ok
t/poe_loop_event/z_rt53302_fh_watchers.t ......... ok
t/poe_loop_event/z_rt54319_bazerka_followtail.t .. ok
t/poe_loop_event/z_steinert_signal_integrity.t ... ok

Test Summary Report
-------------------
t/poe_loop_event/wheel_run.t                   (Wstat: 256 Tests: 99 Failed: 0)
  Non-zero exit status: 1
  Parse errors: Bad plan.  You planned 103 tests but ran 99.
Files=36, Tests=486, 59 wallclock secs ( 0.09 usr  0.21 sys + 44.05 cusr 11.59 csys = 55.94 CPU)
Result: FAIL
Failed 1/36 test programs. 0/486 subtests failed.
Makefile:863: recipe for target 'test_dynamic' failed
make: *** [test_dynamic] Error 255

------------------------------
PREREQUISITES
------------------------------

Prerequisite modules loaded:

requires:

    Module              Need  Have 
    ------------------- ----- -----
    Event               1.21  1.26 
    POE                 1.356 1.367

build_requires:

    Module              Need  Have 
    ------------------- ----- -----
    ExtUtils::MakeMaker 0     7.34 

configure_requires:

    Module              Need  Have 
    ------------------- ----- -----
    ExtUtils::MakeMaker 0     7.34 
    POE::Test::Loops    1.352 1.360


------------------------------
ENVIRONMENT AND OTHER CONTEXT
------------------------------

Environment variables:

    AUTOMATED_TESTING = 1
    LANG = en_US.UTF-8
    PATH = /home/sand/bin:/usr/local/bin:/usr/bin:/bin:/usr/games:/usr/local/perl/bin:/usr/X11/bin:/sbin:/usr/sbin
    PERL5LIB = 
    PERL5OPT = 
    PERL5_CPANPLUS_IS_RUNNING = 22463
    PERL5_CPAN_IS_RUNNING = 22463
    PERL_CANARY_STABILITY_NOPROMPT = 1
    PERL_MM_USE_DEFAULT = 1
    PERL_USE_UNSAFE_INC = 1
    SHELL = /usr/bin/zsh
    TERM = screen

Perl special variables (and OS-specific diagnostics, for MSWin32):

    $^X = /tmp/basesmoker-reloperl-kH4A/bin/perl
    $UID/$EUID = 1005 / 1005
    $GID = 1005 1005
    $EGID = 1005 1005

Perl module toolchain versions installed:

    Module              Have    
    ------------------- --------
    CPAN                2.20    
    CPAN::Meta          2.150010
    Cwd                 3.75    
    ExtUtils::CBuilder  0.280230
    ExtUtils::Command   7.34    
    ExtUtils::Install   2.14    
    ExtUtils::MakeMaker 7.34    
    ExtUtils::Manifest  1.71    
    ExtUtils::ParseXS   3.39    
    File::Spec          3.74    
    JSON                2.97001 
    JSON::PP            2.97001 
    Module::Build       0.4224  
    Module::Signature   0.81    
    Parse::CPAN::Meta   2.150010
    Test::Harness       3.42    
    Test::More          1.302138
    YAML                1.26    
    YAML::Syck          1.30    
    version             0.9924  


--

Summary of my perl5 (revision 5 version 29 subversion 2) configuration:
  Commit id: 44a61463ebb36cc87e9a15aa13b95b426e02c7e6
  Platform:
    osname=linux
    osvers=4.14.0-3-amd64
    archname=x86_64-linux-thread-multi-ld
    uname='linux k93msid 4.14.0-3-amd64 #1 smp debian 4.14.12-2 (2018-01-06) x86_64 gnulinux '
    config_args='-Dprefix=/home/sand/src/perl/repoperls/installed-perls/host/k93msid/v5.29.1-44-g44a61463eb/496c -Dmyhostname=k93msid -Dinstallusrbinperl=n -Uversiononly -Dusedevel -des -Ui_db -Dlibswanted=cl pthread socket inet nsl gdbm dbm malloc dl ld sun m crypt sec util c cposix posix ucb BSD gdbm_compat -Duseithreads -Duselongdouble -DEBUGGING=none'
    hint=recommended
    useposix=true
    d_sigaction=define
    useithreads=define
    usemultiplicity=define
    use64bitint=define
    use64bitall=define
    uselongdouble=define
    usemymalloc=n
    default_inc_excludes_dot=define
    bincompat5005=undef
  Compiler:
    cc='cc'
    ccflags ='-D_REENTRANT -D_GNU_SOURCE -fwrapv -fno-strict-aliasing -pipe -fstack-protector-strong -I/usr/local/include -D_LARGEFILE_SOURCE -D_FILE_OFFSET_BITS=64 -D_FORTIFY_SOURCE=2'
    optimize='-O2'
    cppflags='-D_REENTRANT -D_GNU_SOURCE -fwrapv -fno-strict-aliasing -pipe -fstack-protector-strong -I/usr/local/include'
    ccversion=''
    gccversion='7.2.0'
    gccosandvers=''
    intsize=4
    longsize=8
    ptrsize=8
    doublesize=8
    byteorder=12345678
    doublekind=3
    d_longlong=define
    longlongsize=8
    d_longdbl=define
    longdblsize=16
    longdblkind=3
    ivtype='long'
    ivsize=8
    nvtype='long double'
    nvsize=16
    Off_t='off_t'
    lseeksize=8
    alignbytes=16
    prototype=define
  Linker and Libraries:
    ld='cc'
    ldflags =' -fstack-protector-strong -L/usr/local/lib'
    libpth=/usr/local/lib /usr/lib/gcc/x86_64-linux-gnu/7/include-fixed /usr/include/x86_64-linux-gnu /usr/lib /lib/x86_64-linux-gnu /lib/../lib /usr/lib/x86_64-linux-gnu /usr/lib/../lib /lib
    libs=-lpthread -lnsl -ldl -lm -lcrypt -lutil -lc
    perllibs=-lpthread -lnsl -ldl -lm -lcrypt -lutil -lc
    libc=libc-2.26.so
    so=so
    useshrplib=false
    libperl=libperl.a
    gnulibc_version='2.26'
  Dynamic Linking:
    dlsrc=dl_dlopen.xs
    dlext=so
    d_dlsymun=undef
    ccdlflags='-Wl,-E'
    cccdlflags='-fPIC'
    lddlflags='-shared -O2 -L/usr/local/lib -fstack-protector-strong'


Characteristics of this binary (from libperl): 
  Compile-time options:
    HAS_TIMES
    MULTIPLICITY
    PERLIO_LAYERS
    PERL_COPY_ON_WRITE
    PERL_DONT_CREATE_GVSV
    PERL_IMPLICIT_CONTEXT
    PERL_MALLOC_WRAP
    PERL_OP_PARENT
    PERL_PRESERVE_IVUV
    PERL_USE_DEVEL
    USE_64_BIT_ALL
    USE_64_BIT_INT
    USE_ITHREADS
    USE_LARGE_FILES
    USE_LOCALE
    USE_LOCALE_COLLATE
    USE_LOCALE_CTYPE
    USE_LOCALE_NUMERIC
    USE_LOCALE_TIME
    USE_LONG_DOUBLE
    USE_PERLIO
    USE_PERL_ATOF
    USE_REENTRANT_API
  Built under linux
  Compiled at Aug  1 2018 19:55:36
  %ENV:
    PERL5LIB=""
    PERL5OPT=""
    PERL5_CPANPLUS_IS_RUNNING="22463"
    PERL5_CPAN_IS_RUNNING="22463"
    PERL_CANARY_STABILITY_NOPROMPT="1"
    PERL_MM_USE_DEFAULT="1"
    PERL_USE_UNSAFE_INC="1"
  @INC:
    /home/sand/src/perl/repoperls/installed-perls/host/k93msid/v5.29.1-44-g44a61463eb/496c/lib/site_perl/5.29.2/x86_64-linux-thread-multi-ld
    /home/sand/src/perl/repoperls/installed-perls/host/k93msid/v5.29.1-44-g44a61463eb/496c/lib/site_perl/5.29.2
    /home/sand/src/perl/repoperls/installed-perls/host/k93msid/v5.29.1-44-g44a61463eb/496c/lib/5.29.2/x86_64-linux-thread-multi-ld
    /home/sand/src/perl/repoperls/installed-perls/host/k93msid/v5.29.1-44-g44a61463eb/496c/lib/5.29.2
    .