Sub-Called v0.05 Perl 5 v5.16.3 x86_64-linux-thread-multi
        
            - Status
 
            - Fail
 
            - From
 
            - David Cantrell (DCANTRELL)
 
            - Dist
 
            - 
                Sub-Called v0.05
            
 
            - Platform
 
            - Perl 5 v5.16.3 x86_64-linux-thread-multi
 
            - Date
 
            - 2019-04-08 12:50:58
 
            - ID
 
            - f4f4bbfa-59fc-11e9-9c51-8bc57247484a
 
        
        This distribution has been tested as part of the CPAN Testers
project, supporting the Perl programming language.  See
http://wiki.cpantesters.org/ for more information or email
questions to cpan-testers-discuss@perl.org
--
Dear Renee Baecker,
This is a computer-generated report for Sub-Called-0.05
on perl 5.16.3, created by CPAN-Reporter-1.2018.
Thank you for uploading your work to CPAN.  However, there was a problem
testing your distribution.
If you think this report is invalid, please consult the CPAN Testers Wiki
for suggestions on how to avoid getting FAIL reports for missing library
or binary dependencies, unsupported operating systems, and so on:
http://wiki.cpantesters.org/wiki/CPANAuthorNotes
Sections of this report:
    * Tester comments
    * Program output
    * Prerequisites
    * Environment and other context
------------------------------
TESTER COMMENTS
------------------------------
Additional comments from tester:
this report is from an automated smoke testing program
and was not reviewed by a human for accuracy
------------------------------
PROGRAM OUTPUT
------------------------------
Output from '/usr/bin/make test':
PERL_DL_NONLAZY=1 /home/david/cpantesting/perl-5.16.3/bin/perl "-MExtUtils::Command::MM" "-e" "test_harness(0, 'blib/lib', 'blib/arch')" t/*.t
#   Failed test 'use Sub::Called;'
#   at t/00_load.t line 6.
#     Tried to use 'Sub::Called'.
#     Error:  Can't locate Data/Printer.pm in @INC (@INC contains: /home/david/cpantesting/perl-5.16.3/.cpan/build/Sub-Called-0.05-hZpDtT/blib/lib /home/david/cpantesting/perl-5.16.3/.cpan/build/Sub-Called-0.05-hZpDtT/blib/arch /home/david/cpantesting/perl-5.16.3/lib/site_perl/5.16.3/x86_64-linux-thread-multi /home/david/cpantesting/perl-5.16.3/lib/site_perl/5.16.3 /home/david/cpantesting/perl-5.16.3/lib/5.16.3/x86_64-linux-thread-multi /home/david/cpantesting/perl-5.16.3/lib/5.16.3) at /home/david/cpantesting/perl-5.16.3/.cpan/build/Sub-Called-0.05-hZpDtT/blib/lib/Sub/Called.pm line 27.
# BEGIN failed--compilation aborted at /home/david/cpantesting/perl-5.16.3/.cpan/build/Sub-Called-0.05-hZpDtT/blib/lib/Sub/Called.pm line 27.
# Compilation failed in require at t/00_load.t line 6.
# BEGIN failed--compilation aborted at t/00_load.t line 6.
Use of uninitialized value $Sub::Called::VERSION in concatenation (.) or string at t/00_load.t line 9.
# Testing Sub::Called , Perl 5.016003, /home/david/cpantesting/perl-5.16.3/bin/perl
# Looks like you failed 1 test of 1.
t/00_load.t .................... 
Dubious, test returned 1 (wstat 256, 0x100)
Failed 1/1 subtests 
Can't locate Data/Printer.pm in @INC (@INC contains: /home/david/cpantesting/perl-5.16.3/.cpan/build/Sub-Called-0.05-hZpDtT/blib/lib /home/david/cpantesting/perl-5.16.3/.cpan/build/Sub-Called-0.05-hZpDtT/blib/arch /home/david/cpantesting/perl-5.16.3/lib/site_perl/5.16.3/x86_64-linux-thread-multi /home/david/cpantesting/perl-5.16.3/lib/site_perl/5.16.3 /home/david/cpantesting/perl-5.16.3/lib/5.16.3/x86_64-linux-thread-multi /home/david/cpantesting/perl-5.16.3/lib/5.16.3) at /home/david/cpantesting/perl-5.16.3/.cpan/build/Sub-Called-0.05-hZpDtT/blib/lib/Sub/Called.pm line 27.
BEGIN failed--compilation aborted at /home/david/cpantesting/perl-5.16.3/.cpan/build/Sub-Called-0.05-hZpDtT/blib/lib/Sub/Called.pm line 27.
Compilation failed in require at t/01_base.t line 6.
BEGIN failed--compilation aborted at t/01_base.t line 6.
# Looks like your test exited with 2 before it could output anything.
t/01_base.t .................... 
Dubious, test returned 2 (wstat 512, 0x200)
Failed 6/6 subtests 
Can't locate Data/Printer.pm in @INC (@INC contains: /home/david/cpantesting/perl-5.16.3/.cpan/build/Sub-Called-0.05-hZpDtT/blib/lib /home/david/cpantesting/perl-5.16.3/.cpan/build/Sub-Called-0.05-hZpDtT/blib/arch /home/david/cpantesting/perl-5.16.3/lib/site_perl/5.16.3/x86_64-linux-thread-multi /home/david/cpantesting/perl-5.16.3/lib/site_perl/5.16.3 /home/david/cpantesting/perl-5.16.3/lib/5.16.3/x86_64-linux-thread-multi /home/david/cpantesting/perl-5.16.3/lib/5.16.3) at /home/david/cpantesting/perl-5.16.3/.cpan/build/Sub-Called-0.05-hZpDtT/blib/lib/Sub/Called.pm line 27.
BEGIN failed--compilation aborted at /home/david/cpantesting/perl-5.16.3/.cpan/build/Sub-Called-0.05-hZpDtT/blib/lib/Sub/Called.pm line 27.
Compilation failed in require at t/02_module.t line 9.
BEGIN failed--compilation aborted at t/02_module.t line 9.
# Looks like your test exited with 2 before it could output anything.
t/02_module.t .................. 
Dubious, test returned 2 (wstat 512, 0x200)
Failed 2/2 subtests 
Can't locate Data/Printer.pm in @INC (@INC contains: /home/david/cpantesting/perl-5.16.3/.cpan/build/Sub-Called-0.05-hZpDtT/blib/lib /home/david/cpantesting/perl-5.16.3/.cpan/build/Sub-Called-0.05-hZpDtT/blib/arch /home/david/cpantesting/perl-5.16.3/lib/site_perl/5.16.3/x86_64-linux-thread-multi /home/david/cpantesting/perl-5.16.3/lib/site_perl/5.16.3 /home/david/cpantesting/perl-5.16.3/lib/5.16.3/x86_64-linux-thread-multi /home/david/cpantesting/perl-5.16.3/lib/5.16.3) at /home/david/cpantesting/perl-5.16.3/.cpan/build/Sub-Called-0.05-hZpDtT/blib/lib/Sub/Called.pm line 27.
BEGIN failed--compilation aborted at /home/david/cpantesting/perl-5.16.3/.cpan/build/Sub-Called-0.05-hZpDtT/blib/lib/Sub/Called.pm line 27.
Compilation failed in require at t/03_module2.t line 9.
BEGIN failed--compilation aborted at t/03_module2.t line 9.
# Looks like your test exited with 2 before it could output anything.
t/03_module2.t ................. 
Dubious, test returned 2 (wstat 512, 0x200)
Failed 3/3 subtests 
Can't locate Data/Printer.pm in @INC (@INC contains: /home/david/cpantesting/perl-5.16.3/.cpan/build/Sub-Called-0.05-hZpDtT/blib/lib /home/david/cpantesting/perl-5.16.3/.cpan/build/Sub-Called-0.05-hZpDtT/blib/arch /home/david/cpantesting/perl-5.16.3/lib/site_perl/5.16.3/x86_64-linux-thread-multi /home/david/cpantesting/perl-5.16.3/lib/site_perl/5.16.3 /home/david/cpantesting/perl-5.16.3/lib/5.16.3/x86_64-linux-thread-multi /home/david/cpantesting/perl-5.16.3/lib/5.16.3) at /home/david/cpantesting/perl-5.16.3/.cpan/build/Sub-Called-0.05-hZpDtT/blib/lib/Sub/Called.pm line 27.
BEGIN failed--compilation aborted at /home/david/cpantesting/perl-5.16.3/.cpan/build/Sub-Called-0.05-hZpDtT/blib/lib/Sub/Called.pm line 27.
Compilation failed in require at t/04_main.t line 5.
BEGIN failed--compilation aborted at t/04_main.t line 5.
t/04_main.t .................... 
Dubious, test returned 2 (wstat 512, 0x200)
No subtests run 
Can't locate Data/Printer.pm in @INC (@INC contains: /home/david/cpantesting/perl-5.16.3/.cpan/build/Sub-Called-0.05-hZpDtT/blib/lib /home/david/cpantesting/perl-5.16.3/.cpan/build/Sub-Called-0.05-hZpDtT/blib/arch /home/david/cpantesting/perl-5.16.3/lib/site_perl/5.16.3/x86_64-linux-thread-multi /home/david/cpantesting/perl-5.16.3/lib/site_perl/5.16.3 /home/david/cpantesting/perl-5.16.3/lib/5.16.3/x86_64-linux-thread-multi /home/david/cpantesting/perl-5.16.3/lib/5.16.3 .) at /home/david/cpantesting/perl-5.16.3/.cpan/build/Sub-Called-0.05-hZpDtT/blib/lib/Sub/Called.pm line 27.
BEGIN failed--compilation aborted at /home/david/cpantesting/perl-5.16.3/.cpan/build/Sub-Called-0.05-hZpDtT/blib/lib/Sub/Called.pm line 27.
Compilation failed in require at t/05_two_calls_in_one_line.t line 5.
BEGIN failed--compilation aborted at t/05_two_calls_in_one_line.t line 5.
t/05_two_calls_in_one_line.t ... 
Dubious, test returned 2 (wstat 512, 0x200)
No subtests run 
Can't locate Data/Printer.pm in @INC (@INC contains: /home/david/cpantesting/perl-5.16.3/.cpan/build/Sub-Called-0.05-hZpDtT/blib/lib /home/david/cpantesting/perl-5.16.3/.cpan/build/Sub-Called-0.05-hZpDtT/blib/arch /home/david/cpantesting/perl-5.16.3/lib/site_perl/5.16.3/x86_64-linux-thread-multi /home/david/cpantesting/perl-5.16.3/lib/site_perl/5.16.3 /home/david/cpantesting/perl-5.16.3/lib/5.16.3/x86_64-linux-thread-multi /home/david/cpantesting/perl-5.16.3/lib/5.16.3 .) at /home/david/cpantesting/perl-5.16.3/.cpan/build/Sub-Called-0.05-hZpDtT/blib/lib/Sub/Called.pm line 27.
BEGIN failed--compilation aborted at /home/david/cpantesting/perl-5.16.3/.cpan/build/Sub-Called-0.05-hZpDtT/blib/lib/Sub/Called.pm line 27.
Compilation failed in require at t/06_called_at_module_start.t line 6.
BEGIN failed--compilation aborted at t/06_called_at_module_start.t line 6.
t/06_called_at_module_start.t .. 
Dubious, test returned 2 (wstat 512, 0x200)
No subtests run 
Can't locate Data/Printer.pm in @INC (@INC contains: /home/david/cpantesting/perl-5.16.3/.cpan/build/Sub-Called-0.05-hZpDtT/blib/lib /home/david/cpantesting/perl-5.16.3/.cpan/build/Sub-Called-0.05-hZpDtT/blib/arch /home/david/cpantesting/perl-5.16.3/lib/site_perl/5.16.3/x86_64-linux-thread-multi /home/david/cpantesting/perl-5.16.3/lib/site_perl/5.16.3 /home/david/cpantesting/perl-5.16.3/lib/5.16.3/x86_64-linux-thread-multi /home/david/cpantesting/perl-5.16.3/lib/5.16.3) at /home/david/cpantesting/perl-5.16.3/.cpan/build/Sub-Called-0.05-hZpDtT/blib/lib/Sub/Called.pm line 27.
BEGIN failed--compilation aborted at /home/david/cpantesting/perl-5.16.3/.cpan/build/Sub-Called-0.05-hZpDtT/blib/lib/Sub/Called.pm line 27.
Compilation failed in require at t/07_module3.t line 9.
BEGIN failed--compilation aborted at t/07_module3.t line 9.
# Looks like your test exited with 2 before it could output anything.
t/07_module3.t ................. 
Dubious, test returned 2 (wstat 512, 0x200)
Failed 2/2 subtests 
Can't locate Data/Printer.pm in @INC (@INC contains: /home/david/cpantesting/perl-5.16.3/.cpan/build/Sub-Called-0.05-hZpDtT/blib/lib /home/david/cpantesting/perl-5.16.3/.cpan/build/Sub-Called-0.05-hZpDtT/blib/arch /home/david/cpantesting/perl-5.16.3/lib/site_perl/5.16.3/x86_64-linux-thread-multi /home/david/cpantesting/perl-5.16.3/lib/site_perl/5.16.3 /home/david/cpantesting/perl-5.16.3/lib/5.16.3/x86_64-linux-thread-multi /home/david/cpantesting/perl-5.16.3/lib/5.16.3) at /home/david/cpantesting/perl-5.16.3/.cpan/build/Sub-Called-0.05-hZpDtT/blib/lib/Sub/Called.pm line 27.
BEGIN failed--compilation aborted at /home/david/cpantesting/perl-5.16.3/.cpan/build/Sub-Called-0.05-hZpDtT/blib/lib/Sub/Called.pm line 27.
Compilation failed in require at t/08_without_strict.t line 3.
BEGIN failed--compilation aborted at t/08_without_strict.t line 3.
t/08_without_strict.t .......... 
Dubious, test returned 2 (wstat 512, 0x200)
No subtests run 
Can't locate Data/Printer.pm in @INC (@INC contains: /home/david/cpantesting/perl-5.16.3/.cpan/build/Sub-Called-0.05-hZpDtT/blib/lib /home/david/cpantesting/perl-5.16.3/.cpan/build/Sub-Called-0.05-hZpDtT/blib/arch /home/david/cpantesting/perl-5.16.3/lib/site_perl/5.16.3/x86_64-linux-thread-multi /home/david/cpantesting/perl-5.16.3/lib/site_perl/5.16.3 /home/david/cpantesting/perl-5.16.3/lib/5.16.3/x86_64-linux-thread-multi /home/david/cpantesting/perl-5.16.3/lib/5.16.3) at /home/david/cpantesting/perl-5.16.3/.cpan/build/Sub-Called-0.05-hZpDtT/blib/lib/Sub/Called.pm line 27.
BEGIN failed--compilation aborted at /home/david/cpantesting/perl-5.16.3/.cpan/build/Sub-Called-0.05-hZpDtT/blib/lib/Sub/Called.pm line 27.
Compilation failed in require at t/09_export.t line 3.
BEGIN failed--compilation aborted at t/09_export.t line 3.
t/09_export.t .................. 
Dubious, test returned 2 (wstat 512, 0x200)
No subtests run 
Can't locate Data/Printer.pm in @INC (@INC contains: /home/david/cpantesting/perl-5.16.3/.cpan/build/Sub-Called-0.05-hZpDtT/blib/lib /home/david/cpantesting/perl-5.16.3/.cpan/build/Sub-Called-0.05-hZpDtT/blib/arch /home/david/cpantesting/perl-5.16.3/lib/site_perl/5.16.3/x86_64-linux-thread-multi /home/david/cpantesting/perl-5.16.3/lib/site_perl/5.16.3 /home/david/cpantesting/perl-5.16.3/lib/5.16.3/x86_64-linux-thread-multi /home/david/cpantesting/perl-5.16.3/lib/5.16.3) at /home/david/cpantesting/perl-5.16.3/.cpan/build/Sub-Called-0.05-hZpDtT/blib/lib/Sub/Called.pm line 27.
BEGIN failed--compilation aborted at /home/david/cpantesting/perl-5.16.3/.cpan/build/Sub-Called-0.05-hZpDtT/blib/lib/Sub/Called.pm line 27.
Compilation failed in require at t/10_not_called.t line 5.
BEGIN failed--compilation aborted at t/10_not_called.t line 5.
t/10_not_called.t .............. 
Dubious, test returned 2 (wstat 512, 0x200)
No subtests run 
Can't locate Data/Printer.pm in @INC (@INC contains: /home/david/cpantesting/perl-5.16.3/.cpan/build/Sub-Called-0.05-hZpDtT/blib/lib /home/david/cpantesting/perl-5.16.3/.cpan/build/Sub-Called-0.05-hZpDtT/blib/arch /home/david/cpantesting/perl-5.16.3/lib/site_perl/5.16.3/x86_64-linux-thread-multi /home/david/cpantesting/perl-5.16.3/lib/site_perl/5.16.3 /home/david/cpantesting/perl-5.16.3/lib/5.16.3/x86_64-linux-thread-multi /home/david/cpantesting/perl-5.16.3/lib/5.16.3) at /home/david/cpantesting/perl-5.16.3/.cpan/build/Sub-Called-0.05-hZpDtT/blib/lib/Sub/Called.pm line 27.
BEGIN failed--compilation aborted at /home/david/cpantesting/perl-5.16.3/.cpan/build/Sub-Called-0.05-hZpDtT/blib/lib/Sub/Called.pm line 27.
Compilation failed in require at t/11_already_called.t line 5.
BEGIN failed--compilation aborted at t/11_already_called.t line 5.
t/11_already_called.t .......... 
Dubious, test returned 2 (wstat 512, 0x200)
No subtests run 
t/author-pod-coverage.t ........ skipped: these tests are for testing by the author
t/author-pod-syntax.t .......... skipped: these tests are for testing by the author
Test Summary Report
-------------------
t/00_load.t                  (Wstat: 256 Tests: 1 Failed: 1)
  Failed test:  1
  Non-zero exit status: 1
t/01_base.t                  (Wstat: 512 Tests: 0 Failed: 0)
  Non-zero exit status: 2
  Parse errors: Bad plan.  You planned 6 tests but ran 0.
t/02_module.t                (Wstat: 512 Tests: 0 Failed: 0)
  Non-zero exit status: 2
  Parse errors: Bad plan.  You planned 2 tests but ran 0.
t/03_module2.t               (Wstat: 512 Tests: 0 Failed: 0)
  Non-zero exit status: 2
  Parse errors: Bad plan.  You planned 3 tests but ran 0.
t/04_main.t                  (Wstat: 512 Tests: 0 Failed: 0)
  Non-zero exit status: 2
  Parse errors: No plan found in TAP output
t/05_two_calls_in_one_line.t (Wstat: 512 Tests: 0 Failed: 0)
  Non-zero exit status: 2
  Parse errors: No plan found in TAP output
t/06_called_at_module_start.t (Wstat: 512 Tests: 0 Failed: 0)
  Non-zero exit status: 2
  Parse errors: No plan found in TAP output
t/07_module3.t               (Wstat: 512 Tests: 0 Failed: 0)
  Non-zero exit status: 2
  Parse errors: Bad plan.  You planned 2 tests but ran 0.
t/08_without_strict.t        (Wstat: 512 Tests: 0 Failed: 0)
  Non-zero exit status: 2
  Parse errors: No plan found in TAP output
t/09_export.t                (Wstat: 512 Tests: 0 Failed: 0)
  Non-zero exit status: 2
  Parse errors: No plan found in TAP output
t/10_not_called.t            (Wstat: 512 Tests: 0 Failed: 0)
  Non-zero exit status: 2
  Parse errors: No plan found in TAP output
t/11_already_called.t        (Wstat: 512 Tests: 0 Failed: 0)
  Non-zero exit status: 2
  Parse errors: No plan found in TAP output
Files=14, Tests=1,  1 wallclock secs ( 0.02 usr  0.05 sys +  0.13 cusr  0.03 csys =  0.23 CPU)
Result: FAIL
Failed 12/14 test programs. 1/1 subtests failed.
Makefile:834: recipe for target 'test_dynamic' failed
make: *** [test_dynamic] Error 255
------------------------------
PREREQUISITES
------------------------------
Prerequisite modules loaded:
requires:
    Module                  Need     Have    
    ----------------------- -------- --------
    B                       0        1.35    
    Exporter                0        5.66    
    perl                    5.010001 5.016003
    Pod::Coverage::TrustPod 0        0.100005
    Test::More              0        1.302059
build_requires:
    Module                  Need     Have    
    ----------------------- -------- --------
    ExtUtils::MakeMaker     0        6.63_02 
configure_requires:
    Module                  Need     Have    
    ----------------------- -------- --------
    ExtUtils::MakeMaker     0        6.63_02 
------------------------------
ENVIRONMENT AND OTHER CONTEXT
------------------------------
Environment variables:
    AUTOMATED_TESTING = 1
    NONINTERACTIVE_TESTING = 1
    PATH = /usr/local/bin:/usr/bin:/bin:/usr/local/games:/usr/games
    PERL = 5.16.3
    PERL5LIB = 
    PERL5OPT = 
    PERL5_CPANPLUS_IS_RUNNING = 1982
    PERL5_CPAN_IS_RUNNING = 1982
    PERLVER = 5.16.3
    PERL_INLINE_DIRECTORY = /home/david/.Inline-5.16.3
    PERL_MM_USE_DEFAULT = 1
    PERL_USE_UNSAFE_INC = 0
    SHELL = /bin/bash
    TERM = screen
Perl special variables (and OS-specific diagnostics, for MSWin32):
    $^X = /home/david/cpantesting/perl-5.16.3/bin/perl
    $UID/$EUID = 1000 / 1000
    $GID = 1000 1000
    $EGID = 1000 1000
Perl module toolchain versions installed:
    Module              Have    
    ------------------- --------
    CPAN                1.9800  
    CPAN::Meta          2.120630
    Cwd                 3.39_02 
    ExtUtils::CBuilder  0.280206
    ExtUtils::Command   1.17    
    ExtUtils::Install   1.58    
    ExtUtils::MakeMaker 6.63_02 
    ExtUtils::Manifest  1.61    
    ExtUtils::ParseXS   3.16    
    File::Spec          3.39_02 
    JSON                2.90    
    JSON::PP            2.27400 
    Module::Build       0.39_01 
    Module::Signature   n/a     
    Parse::CPAN::Meta   1.4402  
    Test::Harness       3.23    
    Test::More          1.302059
    YAML                1.18    
    YAML::Syck          n/a     
    version             0.99    
--
Summary of my perl5 (revision 5 version 16 subversion 3) configuration:
   
  Platform:
    osname=linux, osvers=3.16.0-4-amd64, archname=x86_64-linux-thread-multi
    uname='linux pigsty.barnyard.co.uk 3.16.0-4-amd64 #1 smp debian 3.16.36-1+deb8u1 (2016-09-03) x86_64 gnulinux '
    config_args='-de -Duse64bitall -Dusethreads -Dprefix=/home/david/cpantesting/perl-5.16.3'
    hint=recommended, useposix=true, d_sigaction=define
    useithreads=define, usemultiplicity=define
    useperlio=define, d_sfio=undef, uselargefiles=define, usesocks=undef
    use64bitint=define, use64bitall=define, uselongdouble=undef
    usemymalloc=n, bincompat5005=undef
  Compiler:
    cc='cc', ccflags ='-D_REENTRANT -D_GNU_SOURCE -fno-strict-aliasing -pipe -fstack-protector -I/usr/local/include -D_LARGEFILE_SOURCE -D_FILE_OFFSET_BITS=64',
    optimize='-O2',
    cppflags='-D_REENTRANT -D_GNU_SOURCE -fno-strict-aliasing -pipe -fstack-protector -I/usr/local/include'
    ccversion='', gccversion='4.9.2', gccosandvers=''
    intsize=4, longsize=8, ptrsize=8, doublesize=8, byteorder=12345678
    d_longlong=define, longlongsize=8, d_longdbl=define, longdblsize=16
    ivtype='long', ivsize=8, nvtype='double', nvsize=8, Off_t='off_t', lseeksize=8
    alignbytes=8, prototype=define
  Linker and Libraries:
    ld='cc', ldflags =' -fstack-protector -L/usr/local/lib'
    libpth=/usr/local/lib /lib/x86_64-linux-gnu /lib/../lib /usr/lib/x86_64-linux-gnu /usr/lib/../lib /lib /usr/lib
    libs=-lnsl -ldb -ldl -lm -lcrypt -lutil -lpthread -lc
    perllibs=-lnsl -ldl -lm -lcrypt -lutil -lpthread -lc
    libc=libc-2.19.so, so=so, useshrplib=false, libperl=libperl.a
    gnulibc_version='2.19'
  Dynamic Linking:
    dlsrc=dl_dlopen.xs, dlext=so, d_dlsymun=undef, ccdlflags='-Wl,-E'
    cccdlflags='-fPIC', lddlflags='-shared -O2 -L/usr/local/lib -fstack-protector'
Characteristics of this binary (from libperl): 
  Compile-time options: HAS_TIMES MULTIPLICITY PERLIO_LAYERS
                        PERL_DONT_CREATE_GVSV PERL_IMPLICIT_CONTEXT
                        PERL_MALLOC_WRAP PERL_PRESERVE_IVUV USE_64_BIT_ALL
                        USE_64_BIT_INT USE_ITHREADS USE_LARGE_FILES
                        USE_LOCALE USE_LOCALE_COLLATE USE_LOCALE_CTYPE
                        USE_LOCALE_NUMERIC USE_PERLIO USE_PERL_ATOF
                        USE_REENTRANT_API
  Locally applied patches:
	Devel::PatchPerl 1.44
  Built under linux
  Compiled at Oct 12 2016 15:07:59
  %ENV:
    PERL="5.16.3"
    PERL5LIB=""
    PERL5OPT=""
    PERL5_CPANPLUS_IS_RUNNING="1982"
    PERL5_CPAN_IS_RUNNING="1982"
    PERLVER="5.16.3"
    PERL_INLINE_DIRECTORY="/home/david/.Inline-5.16.3"
    PERL_MM_USE_DEFAULT="1"
    PERL_USE_UNSAFE_INC="0"
  @INC:
    /home/david/cpantesting/perl-5.16.3/lib/site_perl/5.16.3/x86_64-linux-thread-multi
    /home/david/cpantesting/perl-5.16.3/lib/site_perl/5.16.3
    /home/david/cpantesting/perl-5.16.3/lib/5.16.3/x86_64-linux-thread-multi
    /home/david/cpantesting/perl-5.16.3/lib/5.16.3
    .