Report for DBIx-Class-FromValidators-0.02

Back
From: metabase:user:30977d10-2aae-11df-837a-5e0a49663a4f
Subject: FAIL DBIx-Class-FromValidators-0.02 v5.10.1 GNU/Linux
Date: 2011-07-26T15:35:56Z

This distribution has been tested as part of the CPAN Testers
project, supporting the Perl programming language.  See
http://wiki.cpantesters.org/ for more information or email
questions to cpan-testers-discuss@perl.org


--
Dear Wore Macx,

This is a computer-generated report for DBIx-Class-FromValidators-0.02
on perl 5.10.1, created by CPAN-Reporter-1.19_04.

Thank you for uploading your work to CPAN.  However, there was a problem
testing your distribution.

If you think this report is invalid, please consult the CPAN Testers Wiki
for suggestions on how to avoid getting FAIL reports for missing library
or binary dependencies, unsupported operating systems, and so on:

http://wiki.cpantesters.org/wiki/CPANAuthorNotes

Sections of this report:

    * Tester comments
    * Program output
    * Prerequisites
    * Environment and other context

------------------------------
TESTER COMMENTS
------------------------------

Additional comments from tester:

this report is from an automated smoke testing program
and was not reviewed by a human for accuracy

------------------------------
PROGRAM OUTPUT
------------------------------

Output from '/usr/bin/make test':

PERL_DL_NONLAZY=1 /home/trushel/perl/perl5101m/bin/perl "-MExtUtils::Command::MM" "-e" "test_harness(0, 'inc', 'blib/lib', 'blib/arch')" t/*.t
t/00_compile.t ..... ok
Subroutine DBIx::Class::ResultSet::carp redefined at /home/trushel/perl/perl5101m/lib/site_perl/5.10.1/DBIx/Class/Carp.pm line 74.
[warn] Action methods (action0, action1, action2, action3) found defined in your application class, CatTest. This is deprecated, please move them into a Root controller.
[warn] Used regexp fallback for $c->model('Blog'), which found 'CatTest::Model::DBIC::Blog'. Relying on regexp fallback behavior for component resolution is unreliable and unsafe. You probably meant $c->model('DBIC::Blog') instead of $c->model('Blog'), but if you really wanted to search, pass in a regexp as the argument like so: $c->model(qr/Blog/) at /home/trushel/perl/perl5101m/lib/site_perl/5.10.1/Catalyst/Action.pm line 65
[error] Caught exception in CatTest->action2 "Can't locate object method "create_from_fv" via package "DBIx::Class::ResultSet" at t/lib/CatTest.pm line 52."

#   Failed test 'is create_from_fvs error'
#   in t/01_sqlite3.t at line 33.
#          got: '<!DOCTYPE html PUBLIC "-//W3C//DTD XHTML 1.0 Transitional//EN"
#     "http://www.w3.org/TR/xhtml1/DTD/xhtml1-transitional.dtd">
# <html xmlns="http://www.w3.org/1999/xhtml" xml:lang="en" lang="en">
# <head>
#     <meta http-equiv="Content-Language" content="en" />
#     <meta http-equiv="Content-Type" content="text/html; charset=utf-8" />
#     <title>CatTest</title>
#     <script type="text/javascript">
#         <!--
#         function toggleDump (dumpElement) {
#             var e = document.getElementById( dumpElement );
#             if (e.style.display == "none") {
#                 e.style.display = "";
#             }
#             else {
#                 e.style.display = "none";
#             }
#         }
#         -->
#     </script>
#     <style type="text/css">
#         body {
#             font-family: "Bitstream Vera Sans", "Trebuchet MS", Verdana,
#                          Tahoma, Arial, helvetica, sans-serif;
#             color: #333;
#             background-color: #eee;
#             margin: 0px;
#             padding: 0px;
#         }
#         :link, :link:hover, :visited, :visited:hover {
#             color: #000;
#         }
#         div.box {
#             position: relative;
#             background-color: #ccc;
#             border: 1px solid #aaa;
#             padding: 4px;
#             margin: 10px;
#         }
#         div.error {
#             background-color: #cce;
#             border: 1px solid #755;
#             padding: 8px;
#             margin: 4px;
#             margin-bottom: 10px;
#         }
#         div.infos {
#             background-color: #eee;
#             border: 1px solid #575;
#             padding: 8px;
#             margin: 4px;
#             margin-bottom: 10px;
#         }
#         div.name {
#             background-color: #cce;
#             border: 1px solid #557;
#             padding: 8px;
#             margin: 4px;
#         }
#         code.error {
#             display: block;
#             margin: 1em 0;
#             overflow: auto;
#         }
#         div.name h1, div.error p {
#             margin: 0;
#         }
#         h2 {
#             margin-top: 0;
#             margin-bottom: 10px;
#             font-size: medium;
#             font-weight: bold;
#             text-decoration: underline;
#         }
#         h1 {
#             font-size: medium;
#             font-weight: normal;
#         }
#         /* from http://users.tkk.fi/~tkarvine/linux/doc/pre-wrap/pre-wrap-css3-mozilla-opera-ie.html */
#         /* Browser specific (not valid) styles to make preformatted text wrap */
#         pre {
#             white-space: pre-wrap;       /* css-3 */
#             white-space: -moz-pre-wrap;  /* Mozilla, since 1999 */
#             white-space: -pre-wrap;      /* Opera 4-6 */
#             white-space: -o-pre-wrap;    /* Opera 7 */
#             word-wrap: break-word;       /* Internet Explorer 5.5+ */
#         }
#     </style>
# </head>
# <body>
#     <div class="box">
#         <div class="error"></div>
#         <div class="infos"><pre>
# (en) Please come back later
# (fr) SVP veuillez revenir plus tard
# (de) Bitte versuchen sie es spaeter nocheinmal
# (at) Konnten's bitt'schoen spaeter nochmal reinschauen
# (no) Vennligst prov igjen senere
# (dk) Venligst prov igen senere
# (pl) Prosze sprobowac pozniej
# (pt) Por favor volte mais tarde
# (ru) Попробуйте еще раз позже
# (ua) Спробуйте ще раз пізніше
# </pre>
# </div>
#         <div class="name"></div>
#     </div>
# </body>
# </html>
#                                                                                                                                                                                                                                                                                                                                                                                                                                                                                                                                 '
#     expected: 'woremacx notes'
[error] Caught exception in CatTest->action3 "Can't call method "update_from_fv" on an undefined value at t/lib/CatTest.pm line 71."

#   Failed test 'is update_from_fvs error'
#   in t/01_sqlite3.t at line 37.
#          got: '<!DOCTYPE html PUBLIC "-//W3C//DTD XHTML 1.0 Transitional//EN"
#     "http://www.w3.org/TR/xhtml1/DTD/xhtml1-transitional.dtd">
# <html xmlns="http://www.w3.org/1999/xhtml" xml:lang="en" lang="en">
# <head>
#     <meta http-equiv="Content-Language" content="en" />
#     <meta http-equiv="Content-Type" content="text/html; charset=utf-8" />
#     <title>CatTest</title>
#     <script type="text/javascript">
#         <!--
#         function toggleDump (dumpElement) {
#             var e = document.getElementById( dumpElement );
#             if (e.style.display == "none") {
#                 e.style.display = "";
#             }
#             else {
#                 e.style.display = "none";
#             }
#         }
#         -->
#     </script>
#     <style type="text/css">
#         body {
#             font-family: "Bitstream Vera Sans", "Trebuchet MS", Verdana,
#                          Tahoma, Arial, helvetica, sans-serif;
#             color: #333;
#             background-color: #eee;
#             margin: 0px;
#             padding: 0px;
#         }
#         :link, :link:hover, :visited, :visited:hover {
#             color: #000;
#         }
#         div.box {
#             position: relative;
#             background-color: #ccc;
#             border: 1px solid #aaa;
#             padding: 4px;
#             margin: 10px;
#         }
#         div.error {
#             background-color: #cce;
#             border: 1px solid #755;
#             padding: 8px;
#             margin: 4px;
#             margin-bottom: 10px;
#         }
#         div.infos {
#             background-color: #eee;
#             border: 1px solid #575;
#             padding: 8px;
#             margin: 4px;
#             margin-bottom: 10px;
#         }
#         div.name {
#             background-color: #cce;
#             border: 1px solid #557;
#             padding: 8px;
#             margin: 4px;
#         }
#         code.error {
#             display: block;
#             margin: 1em 0;
#             overflow: auto;
#         }
#         div.name h1, div.error p {
#             margin: 0;
#         }
#         h2 {
#             margin-top: 0;
#             margin-bottom: 10px;
#             font-size: medium;
#             font-weight: bold;
#             text-decoration: underline;
#         }
#         h1 {
#             font-size: medium;
#             font-weight: normal;
#         }
#         /* from http://users.tkk.fi/~tkarvine/linux/doc/pre-wrap/pre-wrap-css3-mozilla-opera-ie.html */
#         /* Browser specific (not valid) styles to make preformatted text wrap */
#         pre {
#             white-space: pre-wrap;       /* css-3 */
#             white-space: -moz-pre-wrap;  /* Mozilla, since 1999 */
#             white-space: -pre-wrap;      /* Opera 4-6 */
#             white-space: -o-pre-wrap;    /* Opera 7 */
#             word-wrap: break-word;       /* Internet Explorer 5.5+ */
#         }
#     </style>
# </head>
# <body>
#     <div class="box">
#         <div class="error"></div>
#         <div class="infos"><pre>
# (en) Please come back later
# (fr) SVP veuillez revenir plus tard
# (de) Bitte versuchen sie es spaeter nocheinmal
# (at) Konnten's bitt'schoen spaeter nochmal reinschauen
# (no) Vennligst prov igjen senere
# (dk) Venligst prov igen senere
# (pl) Prosze sprobowac pozniej
# (pt) Por favor volte mais tarde
# (ru) Попробуйте еще раз позже
# (ua) Спробуйте ще раз пізніше
# </pre>
# </div>
#         <div class="name"></div>
#     </div>
# </body>
# </html>
#                                                                                                                                                                                                                                                                                                                                                                                                                                                                                                                                 '
#     expected: 'http://blog.woremacx.com/notes/index.html'
# Looks like you failed 2 tests of 12.
t/01_sqlite3.t ..... 
Dubious, test returned 2 (wstat 512, 0x200)
Failed 2/12 subtests 

#   Failed test 'Test::Perl::Critic for "lib/DBIx/Class/FromValidators.pm"'
#   in /home/trushel/perl/perl5101m/lib/site_perl/5.10.1/Test/Perl/Critic.pm at line 110.
# 
# Perl::Critic found these violations in "lib/DBIx/Class/FromValidators.pm":
# Private Member Data shouldn't be accessed directly at line 28, column 29.  Accessing an objects data directly breaks encapsulation and should be avoided.  Example: $object->{ some_key }.  (Severity: 5)
# Private Member Data shouldn't be accessed directly at line 32, column 17.  Accessing an objects data directly breaks encapsulation and should be avoided.  Example: $object->{ some_key }.  (Severity: 5)
# Private Member Data shouldn't be accessed directly at line 33, column 37.  Accessing an objects data directly breaks encapsulation and should be avoided.  Example: $object->{ some_key }.  (Severity: 5)
# Private Member Data shouldn't be accessed directly at line 34, column 17.  Accessing an objects data directly breaks encapsulation and should be avoided.  Example: $object->{ some_key }.  (Severity: 5)
# Private Member Data shouldn't be accessed directly at line 52, column 25.  Accessing an objects data directly breaks encapsulation and should be avoided.  Example: $object->{ some_key }.  (Severity: 5)
# Private Member Data shouldn't be accessed directly at line 56, column 13.  Accessing an objects data directly breaks encapsulation and should be avoided.  Example: $object->{ some_key }.  (Severity: 5)
# Private Member Data shouldn't be accessed directly at line 57, column 33.  Accessing an objects data directly breaks encapsulation and should be avoided.  Example: $object->{ some_key }.  (Severity: 5)
# Private Member Data shouldn't be accessed directly at line 58, column 13.  Accessing an objects data directly breaks encapsulation and should be avoided.  Example: $object->{ some_key }.  (Severity: 5)
# Looks like you failed 1 test of 1.
t/98_perlcritic.t .. 
Dubious, test returned 1 (wstat 256, 0x100)
Failed 1/1 subtests 
t/99_pod.t ......... ok

Test Summary Report
-------------------
t/01_sqlite3.t   (Wstat: 512 Tests: 12 Failed: 2)
  Failed tests:  10, 12
  Non-zero exit status: 2
t/98_perlcritic.t (Wstat: 256 Tests: 1 Failed: 1)
  Failed test:  1
  Non-zero exit status: 1
Files=4, Tests=15,  4 wallclock secs ( 0.03 usr  0.01 sys +  1.73 cusr  0.20 csys =  1.97 CPU)
Result: FAIL
Failed 2/4 test programs. 3/15 subtests failed.
make: *** [test_dynamic] Error 255

------------------------------
PREREQUISITES
------------------------------

Prerequisite modules loaded:

requires:

    Module                                  Need Have   
    --------------------------------------- ---- -------
    Carp::Clan                              0    6.04   
    Catalyst                                0    5.80032
    Catalyst::Model::DBIC::Schema           0    0.50   
    Catalyst::Plugin::FormValidator::Simple 0    0.15   
    Catalyst::Test                          0    0      
    DBD::SQLite                             0    1.33   
    DBIx::Class                             0    0.08194
    DBIx::Class::Schema                     0    0      
    HTTP::Request::Common                   0    6.00   
    Test::More                              0    0.98   

build_requires:

    Module                                  Need Have   
    --------------------------------------- ---- -------
    ExtUtils::MakeMaker                     0    6.58   


------------------------------
ENVIRONMENT AND OTHER CONTEXT
------------------------------

Environment variables:

    AUTOMATED_TESTING = 1
    LANG = en_US.UTF-8
    LANGUAGE = en
    LC_COLLATE = C
    LC_MONETARY = C
    LC_NUMERIC = C
    LC_TIME = C
    PATH = /usr/local/sbin:/usr/local/bin:/usr/sbin:/usr/bin:/sbin:/bin
    PERL5LIB = 
    PERL5OPT = 
    PERL5_CPANPLUS_IS_RUNNING = 24167
    PERL5_CPAN_IS_RUNNING = 24167
    PERL5_CPAN_IS_RUNNING_IN_RECURSION = 6190,24167
    PERL_CR_SMOKER_CURRENT = DBIx-Class-FromValidators-0.02
    PERL_EXTUTILS_AUTOINSTALL = --defaultdeps
    PERL_MM_USE_DEFAULT = 1
    SHELL = /bin/bash
    TERM = xterm

Perl special variables (and OS-specific diagnostics, for MSWin32):

    $^X = /home/trushel/perl/perl5101m/bin/perl
    $UID/$EUID = 138375 / 138375
    $GID = 5762 4 20 21 24 25 26 30 44 46 104 105 119 122 431 5762
    $EGID = 5762 4 20 21 24 25 26 30 44 46 104 105 119 122 431 5762

Perl module toolchain versions installed:

    Module              Have       
    ------------------- -----------
    CPAN                1.97_51    
    CPAN::Meta          2.110930001
    Cwd                 3.33       
    ExtUtils::CBuilder  0.280202   
    ExtUtils::Command   1.16       
    ExtUtils::Install   1.54       
    ExtUtils::MakeMaker 6.58       
    ExtUtils::Manifest  1.58       
    ExtUtils::ParseXS   2.2206     
    File::Spec          3.33       
    JSON                2.53       
    JSON::PP            2.27200    
    Module::Build       0.3800     
    Module::Signature   n/a        
    Parse::CPAN::Meta   1.4401     
    Test::Harness       3.23       
    Test::More          0.98       
    YAML                0.73       
    YAML::Syck          1.17       
    version             0.91       


--

Summary of my perl5 (revision 5 version 10 subversion 1) configuration:
   
  Platform:
    osname=linux, osvers=2.6.32-33-generic, archname=x86_64-linux-multi
    uname='linux trushel-glaptop 2.6.32-33-generic #70-ubuntu smp thu jul 7 21:13:52 utc 2011 x86_64 gnulinux '
    config_args=''
    hint=recommended, useposix=true, d_sigaction=define
    useithreads=undef, usemultiplicity=define
    useperlio=define, d_sfio=undef, uselargefiles=define, usesocks=undef
    use64bitint=define, use64bitall=define, uselongdouble=undef
    usemymalloc=n, bincompat5005=undef
  Compiler:
    cc='cc', ccflags ='-fno-strict-aliasing -pipe -fstack-protector -I/usr/local/include -D_LARGEFILE_SOURCE -D_FILE_OFFSET_BITS=64',
    optimize='-O2',
    cppflags='-fno-strict-aliasing -pipe -fstack-protector -I/usr/local/include'
    ccversion='', gccversion='4.4.3', gccosandvers=''
    intsize=4, longsize=8, ptrsize=8, doublesize=8, byteorder=12345678
    d_longlong=define, longlongsize=8, d_longdbl=define, longdblsize=16
    ivtype='long', ivsize=8, nvtype='double', nvsize=8, Off_t='off_t', lseeksize=8
    alignbytes=8, prototype=define
  Linker and Libraries:
    ld='cc', ldflags =' -fstack-protector -L/usr/local/lib'
    libpth=/usr/local/lib /lib /usr/lib /lib64 /usr/lib64
    libs=-lnsl -ldb -ldl -lm -lcrypt -lutil -lc
    perllibs=-lnsl -ldl -lm -lcrypt -lutil -lc
    libc=/lib/libc-2.11.1.so, so=so, useshrplib=false, libperl=libperl.a
    gnulibc_version='2.11.1'
  Dynamic Linking:
    dlsrc=dl_dlopen.xs, dlext=so, d_dlsymun=undef, ccdlflags='-Wl,-E'
    cccdlflags='-fPIC', lddlflags='-shared -O2 -L/usr/local/lib -fstack-protector'


Characteristics of this binary (from libperl): 
  Compile-time options: MULTIPLICITY PERL_DONT_CREATE_GVSV
                        PERL_IMPLICIT_CONTEXT PERL_MALLOC_WRAP USE_64_BIT_ALL
                        USE_64_BIT_INT USE_LARGE_FILES USE_PERLIO
  Built under linux
  Compiled at Jul 22 2011 03:59:02
  %ENV:
    PERL5LIB=""
    PERL5OPT=""
    PERL5_CPANPLUS_IS_RUNNING="24167"
    PERL5_CPAN_IS_RUNNING="24167"
    PERL5_CPAN_IS_RUNNING_IN_RECURSION="6190,24167"
    PERL_CR_SMOKER_CURRENT="DBIx-Class-FromValidators-0.02"
    PERL_EXTUTILS_AUTOINSTALL="--defaultdeps"
    PERL_MM_USE_DEFAULT="1"
  @INC:
    /home/trushel/perl/perl5101m/lib/5.10.1/x86_64-linux-multi
    /home/trushel/perl/perl5101m/lib/5.10.1
    /home/trushel/perl/perl5101m/lib/site_perl/5.10.1/x86_64-linux-multi
    /home/trushel/perl/perl5101m/lib/site_perl/5.10.1
    .