VANAMBURG-SEMPROG-SimpleGraph v0.010 Perl 5 v5.24.4 RC1 x86_64-linux
- Status
- Fail
- From
- Slaven Rezić (SREZIC)
- Dist
-
VANAMBURG-SEMPROG-SimpleGraph v0.010
- Platform
- Perl 5 v5.24.4 RC1 x86_64-linux
- Date
- 2018-03-27 19:56:35
- ID
- f45ff40c-31f8-11e8-a40e-f2df128c941b
This distribution has been tested as part of the CPAN Testers
project, supporting the Perl programming language. See
http://wiki.cpantesters.org/ for more information or email
questions to cpan-testers-discuss@perl.org
--
Dear Gordon Van Amburg,
This is a computer-generated report for VANAMBURG-SEMPROG-SimpleGraph-0.010
on perl 5.24.4, created by CPAN-Reporter-1.2018.
Thank you for uploading your work to CPAN. However, there was a problem
testing your distribution.
If you think this report is invalid, please consult the CPAN Testers Wiki
for suggestions on how to avoid getting FAIL reports for missing library
or binary dependencies, unsupported operating systems, and so on:
http://wiki.cpantesters.org/wiki/CPANAuthorNotes
Sections of this report:
* Tester comments
* Program output
* Prerequisites
* Environment and other context
------------------------------
TESTER COMMENTS
------------------------------
Additional comments from tester:
none provided
------------------------------
PROGRAM OUTPUT
------------------------------
Output from '/usr/bin/make test':
PERL_DL_NONLAZY=1 "/opt/perl-5.24.4-RC1/bin/perl" "-MExtUtils::Command::MM" "-MTest::Harness" "-e" "undef *Test::Harness::Switches; test_harness(0, 'blib/lib', 'blib/arch')" t/*.t
# >>> t1 is gordon, add, triple1
# >>> gordon
# >>> gordon triples is 2
# >>> triple2 triples is 1
# >>> gordon triples is now 1
# >>> pot_belly_cost is cheap
t/00-load.t ......................... ok
t/pod-coverage.t .................... ok
#
# sub=San_Francisco_California
# pred=mayor obj=Gavin Newsom
# pred=name obj=San Francisco
# pred=longitude obj=-122.4183
# pred=latitude obj=37.775
# pred=population obj=744042
# pred=inside obj=California
# sub=Hillsdale_Michigan obj=Michael Sessions
# sub=Cincinnati_Ohio obj=Jerry Springer
# sub=Bakersfield_California obj=Harvey Hall
# sub=Alameda_California obj=Lena Tam
# sub=Philadelphia_Pennsylvania obj=John F. Street
# sub=Adelanto_California obj=Charley B. Glasper
# sub=Chicago_Illinois obj=Richard M. Daley
# sub=Portsmouth_New_Hampshire obj=John Blalock
# sub=Cleveland_Ohio obj=Dennis Kucinich
# sub=Fontana_California obj=Mark Nuaimi
# sub=Banning_California obj=Debbie Franklin
# sub=Half_Moon_Bay_California obj=John Muller
# sub=Glendale_California obj=John Drayman
# sub=Adelanto_California obj=Steven R. Baisden
# sub=Cleveland_Ohio obj=Newton D. Baker
# sub=Chula_Vista_California obj=Cheryl Cox
# sub=Corona_California obj=Jeff Miller
# sub=Alameda_California obj=Beverly Johnson
# sub=Fremont_California obj=Bill Harrison
# sub=Detroit_Michigan obj=Frank Murphy
# sub=Fremont_California obj=Bob Wasserman
# sub=Fresno_California obj=Alan Autry
# sub=Banning_California obj=Brenda Salas
# sub=San_Francisco_California obj=Gavin Newsom
# sub=Aliso_Viejo_California obj=William Phillips
# sub=New_York_New_York obj=Michael Bloomberg
# sub=San_Jose_California obj=Norman Mineta
# sub=Half_Moon_Bay_California obj=Bonnie McClung
# sub=Edmonton_Canada obj=Bill Smith
# sub=Aliso_Viejo_California obj=Donald Garcia
# sub=Fontana_California obj=Acquanetta Warren
# sub=Portsmouth_New_Hampshire obj=Thomas G. Ferrini
# sub=Cleveland_Ohio obj=Frank G. Jackson
# sub=Garden_Grove_California obj=Mark Rosen
# sub=Garden_Grove_California obj=William Dalton
# sub=Corona_California obj=Steve Nolan
# sub=Stuttgart_Germany obj=Manfred Rommel
# sub=Anaheim_California obj=Curt Pringle
# sub=Athens_Greece obj=Dora Bakoyannis
# sub=Wasilla_Alaska obj=Sarah Palin
# there are 30 cal cities
# mayor of Garden_Grove_California is William Dalton
# mayor of Garden_Grove_California is Mark Rosen
# mayor of Adelanto_California is Steven R. Baisden
# mayor of Adelanto_California is Charley B. Glasper
# mayor of San_Jose_California is Norman Mineta
# mayor of San_Francisco_California is Gavin Newsom
# mayor of Corona_California is Jeff Miller
# mayor of Corona_California is Steve Nolan
# mayor of Fontana_California is Mark Nuaimi
# mayor of Fontana_California is Acquanetta Warren
# mayor of Bakersfield_California is Harvey Hall
# mayor of Banning_California is Brenda Salas
# mayor of Banning_California is Debbie Franklin
# mayor of Half_Moon_Bay_California is John Muller
# mayor of Half_Moon_Bay_California is Bonnie McClung
# mayor of Glendale_California is John Drayman
# mayor of Aliso_Viejo_California is Donald Garcia
# mayor of Aliso_Viejo_California is William Phillips
# mayor of Chula_Vista_California is Cheryl Cox
# mayor of Alameda_California is Beverly Johnson
# mayor of Alameda_California is Lena Tam
# mayor of Fremont_California is Bill Harrison
# mayor of Fremont_California is Bob Wasserman
# mayor of Fresno_California is Alan Autry
# mayor of Anaheim_California is Curt Pringle
t/semprog_ch02_03_places.t .......... ok
# jt's partners
# Justin Timberlake + Jessica Biel
# Justin Timberlake + Alyssa Milano
# Britney Spears + Justin Timberlake
# Alyssa Milano + Justin Timberlake
# Justin Timberlake + Cameron Diaz
# Britney Spears + Justin Timberlake
# Cameron Diaz + Justin Timberlake
# Jenna Dewan + Justin Timberlake
# Jessica Biel + Justin Timberlake
# Jenna Dewan + Justin Timberlake
t/semprog_ch02_04_celebs.t .......... ok
# $VAR1 = 'LEH';
# $VAR2 = 'ITG';
# $VAR3 = 'MKTX';
# $VAR4 = 'GS';
# $VAR5 = 'OXPS';
# $VAR6 = 'BLK';
# $VAR7 = 'LAB';
# $VAR8 = 'CLMS';
# $VAR9 = 'NITE';
# $VAR10 = 'SCHW';
# $VAR11 = 'GBL';
# $VAR12 = 'MER';
# $VAR13 = 'DHIL';
# $VAR14 = 'TRAD';
# $VAR15 = 'TWPG';
# $VAR16 = 'COWN';
# $VAR17 = 'PNSN';
# $VAR18 = 'JEF';
# $VAR19 = 'MS';
# $VAR20 = 'BSC';
# $VAR21 = 'SF';
# $VAR22 = 'WDR';
# $VAR23 = 'LM';
t/semprog_ch02_05_business.t ........ ok
t/semprog_ch02_moviegraph.t ......... ok
# $VAR1 = {
# 'cont' => 'contrib285',
# 'company' => 'BSC',
# 'dollars' => '30700.0'
# };
t/semprog_ch03_01_queries.t ......... ok
# triples before:
# $VAR1 = [
# 'White House',
# 'address',
# '1600 Pennsylvania Avenue, Washington DC'
# ];
Use of uninitialized value $geo_result in split at /home/cpansand/.cpan/build/2018032718/VANAMBURG-SEMPROG-SimpleGraph-0.010-0/blib/lib/VANAMBURG/SEMPROG/GeocodeRule.pm line 24.
# triples after:
# $VAR1 = [
# 'White House',
# 'address',
# '1600 Pennsylvania Avenue, Washington DC'
# ];
# Failed test 'there are three triples after inference'
# at t/semprog_ch03_02_inference.t line 30.
# Looks like you failed 1 test of 2.
t/semprog_ch03_02_inference.t .......
Dubious, test returned 1 (wstat 256, 0x100)
Failed 1/2 subtests
# getting geo code data from internet -- could take a while...
Use of uninitialized value $geo_result in split at /home/cpansand/.cpan/build/2018032718/VANAMBURG-SEMPROG-SimpleGraph-0.010-0/blib/lib/VANAMBURG/SEMPROG/GeocodeRule.pm line 24.
Use of uninitialized value $geo_result in split at /home/cpansand/.cpan/build/2018032718/VANAMBURG-SEMPROG-SimpleGraph-0.010-0/blib/lib/VANAMBURG/SEMPROG/GeocodeRule.pm line 24.
Use of uninitialized value $geo_result in split at /home/cpansand/.cpan/build/2018032718/VANAMBURG-SEMPROG-SimpleGraph-0.010-0/blib/lib/VANAMBURG/SEMPROG/GeocodeRule.pm line 24.
Use of uninitialized value $geo_result in split at /home/cpansand/.cpan/build/2018032718/VANAMBURG-SEMPROG-SimpleGraph-0.010-0/blib/lib/VANAMBURG/SEMPROG/GeocodeRule.pm line 24.
Use of uninitialized value $geo_result in split at /home/cpansand/.cpan/build/2018032718/VANAMBURG-SEMPROG-SimpleGraph-0.010-0/blib/lib/VANAMBURG/SEMPROG/GeocodeRule.pm line 24.
# Failed test '24 triples after first inference.'
# at t/semprog_ch03_03_chain_of_rules.t line 22.
Attribute (latitude) does not pass the type constraint because: Validation failed for 'Num' with value "" at accessor VANAMBURG::SEMPROG::CloseToRule::latitude (defined at /home/cpansand/.cpan/build/2018032718/VANAMBURG-SEMPROG-SimpleGraph-0.010-0/blib/lib/VANAMBURG/SEMPROG/CloseToRule.pm line 54) line 9
VANAMBURG::SEMPROG::CloseToRule::latitude('VANAMBURG::SEMPROG::CloseToRule=HASH(0x2e05ae8)', '') called at /home/cpansand/.cpan/build/2018032718/VANAMBURG-SEMPROG-SimpleGraph-0.010-0/blib/lib/VANAMBURG/SEMPROG/CloseToRule.pm line 40
VANAMBURG::SEMPROG::CloseToRule::BUILD('VANAMBURG::SEMPROG::CloseToRule=HASH(0x2e05ae8)', 'HASH(0x2e7a8c0)') called at constructor VANAMBURG::SEMPROG::CloseToRule::new (defined at /home/cpansand/.cpan/build/2018032718/VANAMBURG-SEMPROG-SimpleGraph-0.010-0/blib/lib/VANAMBURG/SEMPROG/CloseToRule.pm line 60) line 79
VANAMBURG::SEMPROG::CloseToRule::new('VANAMBURG::SEMPROG::CloseToRule', 'place', 'White House', 'graph', 'VANAMBURG::SEMPROG::SimpleGraph=HASH(0x118b728)') called at t/semprog_ch03_03_chain_of_rules.t line 25
# Looks like your test exited with 255 just after 2.
t/semprog_ch03_03_chain_of_rules.t ..
Dubious, test returned 255 (wstat 65280, 0xff00)
Failed 3/4 subtests
# loading movie data...
# load done. finding path
# path=Kevin Bacon, Hollow Man, Elisabeth Shue, The Saint, Val Kilmer
# path=Kevin Bacon, Rails & Ties, Marcia Gay Harden, Space Cowboys, James Garner, Marlowe, Bruce Lee
# path=Kevin Bacon, Starting Over, Candice Bergen, Getting Straight, Harrison Ford
t/semprog_ch03_04_shortest_path.t ... ok
t/semprog_ch03_05_join_graph.t ...... ok
Test Summary Report
-------------------
t/semprog_ch03_02_inference.t (Wstat: 256 Tests: 2 Failed: 1)
Failed test: 2
Non-zero exit status: 1
t/semprog_ch03_03_chain_of_rules.t (Wstat: 65280 Tests: 2 Failed: 1)
Failed test: 2
Non-zero exit status: 255
Parse errors: Bad plan. You planned 4 tests but ran 2.
Files=11, Tests=40, 40 wallclock secs ( 0.02 usr 0.05 sys + 13.78 cusr 0.62 csys = 14.47 CPU)
Result: FAIL
Failed 2/11 test programs. 2/40 subtests failed.
Makefile:887: recipe for target 'test_dynamic' failed
make: *** [test_dynamic] Error 255
------------------------------
PREREQUISITES
------------------------------
Prerequisite modules loaded:
requires:
Module Need Have
------------------- ---- ----------
File::Slurp 0 9999.19
JSON 0 2.97001
List::MoreUtils 0 0.428
LWP::Simple 0 6.33
Modern::Perl 1.03 1.20170117
Moose 0.93 2.2010
Moose::Role 0 2.2010
Set::Scalar 0 1.29
Test::More 0 1.302133
Text::CSV_XS 0 1.35
URI::Escape 0 3.31
build_requires:
Module Need Have
------------------- ---- ----------
ExtUtils::MakeMaker 0 7.34
configure_requires:
Module Need Have
------------------- ---- ----------
ExtUtils::MakeMaker 0 7.34
------------------------------
ENVIRONMENT AND OTHER CONTEXT
------------------------------
Environment variables:
LANG = en_US.UTF-8
LC_ALL = de_DE.UTF-8
PATH = /usr/local/bin:/usr/bin:/bin:/usr/local/sbin:/usr/sbin:/sbin:/home/cpansand/bin/linux-gnu:/home/cpansand/bin/sh:/home/cpansand/bin:/usr/games:/home/cpansand/devel:/home/eserte/src/srezic-misc/scripts
PERL5LIB =
PERL5OPT =
PERL5_CPANPLUS_IS_RUNNING = 13462
PERL5_CPAN_IS_RUNNING = 13462
PERL5_CPAN_IS_RUNNING_IN_RECURSION = 29921,13462
PERLDOC = -MPod::Perldoc::ToTextOverstrike
PERL_BATCH = yes
PERL_CANARY_STABILITY_NOPROMPT = 1
PERL_CPAN_REPORTER_CONFIG = /var/tmp/cpansmoker-1023/2018032715/cpanreporter_000_config.ini
PERL_EXTUTILS_AUTOINSTALL = --defaultdeps
PERL_PARALLEL_SMOKER = yes
SHELL = /usr/bin/zsh
TERM = screen
TMPDIR = /var/tmp/cpansmoker-1023/2018032715
Perl special variables (and OS-specific diagnostics, for MSWin32):
$^X = /opt/perl-5.24.4-RC1/bin/perl
$UID/$EUID = 1023 / 1023
$GID = 1023 1023
$EGID = 1023 1023
Perl module toolchain versions installed:
Module Have
------------------- --------
CPAN 2.16
CPAN::Meta 2.150010
Cwd 3.74
ExtUtils::CBuilder 0.280230
ExtUtils::Command 7.34
ExtUtils::Install 2.14
ExtUtils::MakeMaker 7.34
ExtUtils::Manifest 1.70
ExtUtils::ParseXS 3.35
File::Spec 3.74
JSON 2.97001
JSON::PP 2.97001
Module::Build 0.4224
Module::Signature 0.81
Parse::CPAN::Meta 2.150010
Test::Harness 3.42
Test::More 1.302133
YAML 1.24
YAML::Syck 1.30
version 0.9918
--
Summary of my perl5 (revision 5 version 24 subversion 4) configuration:
Platform:
osname=linux, osvers=4.4.0-116-generic, archname=x86_64-linux
uname='linux ubuntu16 4.4.0-116-generic #140-ubuntu smp mon feb 12 21:23:04 utc 2018 x86_64 x86_64 x86_64 gnulinux '
config_args='-ds -e -Dprefix=/opt/perl-5.24.4-RC1 -Dcf_email=srezic@cpan.org'
hint=recommended, useposix=true, d_sigaction=define
useithreads=undef, usemultiplicity=undef
use64bitint=define, use64bitall=define, uselongdouble=undef
usemymalloc=n, bincompat5005=undef
Compiler:
cc='cc', ccflags ='-fwrapv -fno-strict-aliasing -pipe -fstack-protector-strong -I/usr/local/include -D_LARGEFILE_SOURCE -D_FILE_OFFSET_BITS=64',
optimize='-O2',
cppflags='-fwrapv -fno-strict-aliasing -pipe -fstack-protector-strong -I/usr/local/include'
ccversion='', gccversion='5.4.0 20160609', gccosandvers=''
intsize=4, longsize=8, ptrsize=8, doublesize=8, byteorder=12345678, doublekind=3
d_longlong=define, longlongsize=8, d_longdbl=define, longdblsize=16, longdblkind=3
ivtype='long', ivsize=8, nvtype='double', nvsize=8, Off_t='off_t', lseeksize=8
alignbytes=8, prototype=define
Linker and Libraries:
ld='cc', ldflags =' -fstack-protector-strong -L/usr/local/lib'
libpth=/usr/local/lib /usr/lib/gcc/x86_64-linux-gnu/5/include-fixed /usr/include/x86_64-linux-gnu /usr/lib /lib/x86_64-linux-gnu /lib/../lib /usr/lib/x86_64-linux-gnu /usr/lib/../lib /lib
libs=-lpthread -lnsl -lgdbm -ldb -ldl -lm -lcrypt -lutil -lc -lgdbm_compat
perllibs=-lpthread -lnsl -ldl -lm -lcrypt -lutil -lc
libc=libc-2.23.so, so=so, useshrplib=false, libperl=libperl.a
gnulibc_version='2.23'
Dynamic Linking:
dlsrc=dl_dlopen.xs, dlext=so, d_dlsymun=undef, ccdlflags='-Wl,-E'
cccdlflags='-fPIC', lddlflags='-shared -O2 -L/usr/local/lib -fstack-protector-strong'
Characteristics of this binary (from libperl):
Compile-time options: HAS_TIMES PERLIO_LAYERS PERL_COPY_ON_WRITE
PERL_DONT_CREATE_GVSV
PERL_HASH_FUNC_ONE_AT_A_TIME_HARD PERL_MALLOC_WRAP
PERL_PRESERVE_IVUV USE_64_BIT_ALL USE_64_BIT_INT
USE_LARGE_FILES USE_LOCALE USE_LOCALE_COLLATE
USE_LOCALE_CTYPE USE_LOCALE_NUMERIC USE_LOCALE_TIME
USE_PERLIO USE_PERL_ATOF
Locally applied patches:
RC1
Built under linux
Compiled at Mar 24 2018 19:56:23
%ENV:
PERL5LIB=""
PERL5OPT=""
PERL5_CPANPLUS_IS_RUNNING="13462"
PERL5_CPAN_IS_RUNNING="13462"
PERL5_CPAN_IS_RUNNING_IN_RECURSION="29921,13462"
PERLDOC="-MPod::Perldoc::ToTextOverstrike"
PERL_BATCH="yes"
PERL_CANARY_STABILITY_NOPROMPT="1"
PERL_CPAN_REPORTER_CONFIG="/var/tmp/cpansmoker-1023/2018032715/cpanreporter_000_config.ini"
PERL_EXTUTILS_AUTOINSTALL="--defaultdeps"
PERL_PARALLEL_SMOKER="yes"
@INC:
/opt/perl-5.24.4-RC1/lib/site_perl/5.24.4/x86_64-linux
/opt/perl-5.24.4-RC1/lib/site_perl/5.24.4
/opt/perl-5.24.4-RC1/lib/5.24.4/x86_64-linux
/opt/perl-5.24.4-RC1/lib/5.24.4
.