Report for Mojolicious-Plugin-JQuery-3.11001

Back
From: metabase:user:30f4dfbe-2aae-11df-837a-5e0a49663a4f
Subject: FAIL Mojolicious-Plugin-JQuery-3.11001 v5.18.4 GNU/Linux
Date: 2016-09-28T10:54:39Z

This distribution has been tested as part of the CPAN Testers
project, supporting the Perl programming language.  See
http://wiki.cpantesters.org/ for more information or email
questions to cpan-testers-discuss@perl.org


--
Dear Francesco Ferro,

This is a computer-generated report for Mojolicious-Plugin-JQuery-3.11001
on perl 5.18.4, created by CPAN-Reporter-1.2018.

Thank you for uploading your work to CPAN.  However, there was a problem
testing your distribution.

If you think this report is invalid, please consult the CPAN Testers Wiki
for suggestions on how to avoid getting FAIL reports for missing library
or binary dependencies, unsupported operating systems, and so on:

http://wiki.cpantesters.org/wiki/CPANAuthorNotes

Sections of this report:

    * Tester comments
    * Program output
    * Prerequisites
    * Environment and other context

------------------------------
TESTER COMMENTS
------------------------------

Additional comments from tester:

this report is from an automated smoke testing program
and was not reviewed by a human for accuracy

------------------------------
PROGRAM OUTPUT
------------------------------

Output from '/usr/bin/make test':

PERL_DL_NONLAZY=1 "/home/njh/perl5/perlbrew/perls/perl-5.18.4/bin/perl" "-MExtUtils::Command::MM" "-MTest::Harness" "-e" "undef *Test::Harness::Switches; test_harness(0, 'blib/lib', 'blib/arch')" t/*.t
t/00-basic.t ...... ok
# development
t/synopsis.t ...... skipped: Could not mkdir t/public: File exists
# Loading DEPRECATED Mojolicious::Plugin::AssetPack::Backcompat.
# Loading DEPRECATED Mojolicious::Plugin::AssetPack::Backcompat.
# Loading DEPRECATED Mojolicious::Plugin::AssetPack::Backcompat.
t/files.t ......... ok
No such file or directory at t/pack.t line 34.
# Tests were run but no plan was declared and done_testing() was not seen.
# Looks like your test exited with 2 just after 8.
t/pack.t .......... 
Dubious, test returned 2 (wstat 512, 0x200)
All 8 subtests passed 
t/with-migrate.t .. ok

Test Summary Report
-------------------
t/pack.t        (Wstat: 512 Tests: 8 Failed: 0)
  Non-zero exit status: 2
  Parse errors: No plan found in TAP output
Files=5, Tests=21,  1 wallclock secs ( 0.03 usr  0.01 sys +  1.21 cusr  0.11 csys =  1.36 CPU)
Result: FAIL
Failed 1/5 test programs. 0/21 subtests failed.
Makefile:873: recipe for target 'test_dynamic' failed
make: *** [test_dynamic] Error 255

------------------------------
PREREQUISITES
------------------------------

Prerequisite modules loaded:

requires:

    Module                                     Need     Have    
    ------------------------------------------ -------- --------
    File::Basename                             2.0      2.84    
    File::Find                                 1.07     1.23    
    Mojolicious                                6.00     7.08    
    Mojolicious::Plugin::AssetPack             0.68     1.24    
    Mojolicious::Plugin::AssetPack::Backcompat 1.21     1.21    
    perl                                       5.010001 5.018004

build_requires:

    Module                                     Need     Have    
    ------------------------------------------ -------- --------
    Test::More                                 0.96     1.001009

configure_requires:

    Module                                     Need     Have    
    ------------------------------------------ -------- --------
    ExtUtils::MakeMaker                        0        7.24    


------------------------------
ENVIRONMENT AND OTHER CONTEXT
------------------------------

Environment variables:

    AUTOMATED_TESTING = 1
    HARNESS_OPTIONS = j8
    LANG = en_GB.UTF-8
    LANGUAGE = en_GB:en
    PATH = /home/njh/perl5/perlbrew/bin:/home/njh/perl5/perlbrew/perls/perl-5.18.4/bin:/home/njh/perl5/perlbrew/bin:/usr/bin:/bin
    PERL5LIB = /home/njh/.cpan/build/Mojolicious-Plugin-AssetPack-Backcompat-1.21-0RT6jW/blib/arch:/home/njh/.cpan/build/Mojolicious-Plugin-AssetPack-Backcompat-1.21-0RT6jW/blib/lib:/home/njh/.cpan/build/Mojolicious-Plugin-AssetPack-1.24-WWEi90/blib/arch:/home/njh/.cpan/build/Mojolicious-Plugin-AssetPack-1.24-WWEi90/blib/lib:/home/njh/.cpan/build/File-Which-1.21-CKBFmL/blib/arch:/home/njh/.cpan/build/File-Which-1.21-CKBFmL/blib/lib:/home/njh/.cpan/build/Mojolicious-7.08-Z5L8lg/blib/arch:/home/njh/.cpan/build/Mojolicious-7.08-Z5L8lg/blib/lib:/home/njh/.cpan/build/IO-Socket-IP-0.38-WrCK_T/blib/arch:/home/njh/.cpan/build/IO-Socket-IP-0.38-WrCK_T/blib/lib:/home/njh/.cpan/build/JavaScript-Minifier-XS-0.11-vyNXw8/blib/arch:/home/njh/.cpan/build/JavaScript-Minifier-XS-0.11-vyNXw8/blib/lib:/home/njh/.cpan/build/CSS-Minifier-XS-0.09-Bkq_hA/blib/arch:/home/njh/.cpan/build/CSS-Minifier-XS-0.09-Bkq_hA/blib/lib
    PERL5OPT = 
    PERL5_CPANPLUS_IS_RUNNING = 31553
    PERL5_CPAN_IS_RUNNING = 31553
    PERLBREW_BASHRC_VERSION = 0.73
    PERLBREW_HOME = /home/njh/.perlbrew
    PERLBREW_LIB = 
    PERLBREW_MANPATH = /home/njh/perl5/perlbrew/perls/perl-5.18.4/man
    PERLBREW_PATH = /home/njh/perl5/perlbrew/bin:/home/njh/perl5/perlbrew/perls/perl-5.18.4/bin
    PERLBREW_PERL = perl-5.18.4
    PERLBREW_ROOT = /home/njh/perl5/perlbrew
    PERLBREW_VERSION = 0.73
    PERL_LOCAL_LIB_ROOT = 
    SHELL = /bin/sh

Perl special variables (and OS-specific diagnostics, for MSWin32):

    $^X = /home/njh/perl5/perlbrew/perls/perl-5.18.4/bin/perl
    $UID/$EUID = 1000 / 1000
    $GID = 1000 4 24 25 29 30 44 46 108 112 1000
    $EGID = 1000 4 24 25 29 30 44 46 108 112 1000

Perl module toolchain versions installed:

    Module              Have    
    ------------------- --------
    CPAN                1.9800  
    CPAN::Meta          2.150005
    Cwd                 3.40    
    ExtUtils::CBuilder  0.280210
    ExtUtils::Command   7.24    
    ExtUtils::Install   1.59    
    ExtUtils::MakeMaker 7.24    
    ExtUtils::Manifest  1.70    
    ExtUtils::ParseXS   3.30    
    File::Spec          3.40    
    JSON                2.90    
    JSON::PP            2.27400 
    Module::Build       0.4210  
    Module::Signature   n/a     
    Parse::CPAN::Meta   1.4422  
    Test::Harness       3.36    
    Test::More          1.001009
    YAML                1.18    
    YAML::Syck          1.29    
    version             0.9902  


--

Summary of my perl5 (revision 5 version 18 subversion 4) configuration:
   
  Platform:
    osname=linux, osvers=3.16-3-amd64, archname=x86_64-linux-thread-multi
    uname='linux nigelhorne.force9.co.uk 3.16-3-amd64 #1 smp debian 3.16.5-1 (2014-10-10) x86_64 gnulinux '
    config_args='-de -Dprefix=/home/njh/perl5/perlbrew/perls/perl-5.18.4 -Duseithreads -Dusemultiplicity -Dusedevel -Accflags=-O2 -W -Wformat=2 -Wswitch -Wshadow -Wwrite-strings -Wuninitialized -Wall -pipe -mtune=native -march=native -fomit-frame-pointer -msse2 -msse -mmmx -mfpmath=sse -pedantic -D_FORTIFY_SOURCE=2 -Wpointer-arith -Wstrict-prototypes -fstack-protector -Wstack-protector -Wextra -Wbad-function-cast -Wcast-align -Wcast-qual -Wdisabled-optimization -Wendif-labels -Wfloat-equal -Wformat-nonliteral -Winline -Wmissing-declarations -Wmissing-prototypes -Wnested-externs -Wpointer-arith -Wundef -Wformat-security -ftree-vectorize -fdiagnostics-color=auto -Aeval:scriptdir=/home/njh/perl5/perlbrew/perls/perl-5.18.4/bin'
    hint=recommended, useposix=true, d_sigaction=define
    useithreads=define, usemultiplicity=define
    useperlio=define, d_sfio=undef, uselargefiles=define, usesocks=undef
    use64bitint=define, use64bitall=define, uselongdouble=undef
    usemymalloc=n, bincompat5005=undef
  Compiler:
    cc='cc', ccflags ='-D_REENTRANT -D_GNU_SOURCE -O2 -W -Wformat=2 -Wswitch -Wshadow -Wwrite-strings -Wuninitialized -Wall -pipe -mtune=native -march=native -fomit-frame-pointer -msse2 -msse -mmmx -mfpmath=sse -pedantic -D_FORTIFY_SOURCE=2 -Wpointer-arith -Wstrict-prototypes -fstack-protector -Wstack-protector -Wextra -Wbad-function-cast -Wcast-align -Wcast-qual -Wdisabled-optimization -Wendif-labels -Wfloat-equal -Wformat-nonliteral -Winline -Wmissing-declarations -Wmissing-prototypes -Wnested-externs -Wpointer-arith -Wundef -Wformat-security -ftree-vectorize -fdiagnostics-color=auto -fno-strict-aliasing -I/usr/local/include -D_LARGEFILE_SOURCE -D_FILE_OFFSET_BITS=64',
    optimize='-O2',
    cppflags='-D_REENTRANT -D_GNU_SOURCE -O2 -W -Wformat=2 -Wswitch -Wshadow -Wwrite-strings -Wuninitialized -Wall -pipe -mtune=native -march=native -fomit-frame-pointer -msse2 -msse -mmmx -mfpmath=sse -pedantic -D_FORTIFY_SOURCE=2 -Wpointer-arith -Wstrict-prototypes -fstack-protector -Wstack-protector -Wextra -Wbad-function-cast -Wcast-align -Wcast-qual -Wdisabled-optimization -Wendif-labels -Wfloat-equal -Wformat-nonliteral -Winline -Wmissing-declarations -Wmissing-prototypes -Wnested-externs -Wpointer-arith -Wundef -Wformat-security -ftree-vectorize -fdiagnostics-color=auto -fno-strict-aliasing -I/usr/local/include'
    ccversion='', gccversion='4.9.2', gccosandvers=''
    intsize=4, longsize=8, ptrsize=8, doublesize=8, byteorder=12345678
    d_longlong=define, longlongsize=8, d_longdbl=define, longdblsize=16
    ivtype='long', ivsize=8, nvtype='double', nvsize=8, Off_t='off_t', lseeksize=8
    alignbytes=8, prototype=define
  Linker and Libraries:
    ld='cc', ldflags =' -fstack-protector -L/usr/local/lib'
    libpth=/usr/local/lib /lib/x86_64-linux-gnu /lib/../lib /usr/lib/x86_64-linux-gnu /usr/lib/../lib /lib /usr/lib
    libs=-lnsl -lgdbm -ldb -ldl -lm -lcrypt -lutil -lpthread -lc -lgdbm_compat
    perllibs=-lnsl -ldl -lm -lcrypt -lutil -lpthread -lc
    libc=libc-2.19.so, so=so, useshrplib=false, libperl=libperl.a
    gnulibc_version='2.19'
  Dynamic Linking:
    dlsrc=dl_dlopen.xs, dlext=so, d_dlsymun=undef, ccdlflags='-Wl,-E'
    cccdlflags='-fPIC', lddlflags='-shared -O2 -L/usr/local/lib -fstack-protector'


Characteristics of this binary (from libperl): 
  Compile-time options: HAS_TIMES MULTIPLICITY PERLIO_LAYERS
                        PERL_DONT_CREATE_GVSV
                        PERL_HASH_FUNC_ONE_AT_A_TIME_HARD
                        PERL_IMPLICIT_CONTEXT PERL_MALLOC_WRAP
                        PERL_PRESERVE_IVUV PERL_SAWAMPERSAND PERL_USE_DEVEL
                        USE_64_BIT_ALL USE_64_BIT_INT USE_ITHREADS
                        USE_LARGE_FILES USE_LOCALE USE_LOCALE_COLLATE
                        USE_LOCALE_CTYPE USE_LOCALE_NUMERIC USE_PERLIO
                        USE_PERL_ATOF USE_REENTRANT_API
  Built under linux
  Compiled at Nov 12 2014 14:20:50
  %ENV:
    PERL5LIB="/home/njh/.cpan/build/Mojolicious-Plugin-AssetPack-Backcompat-1.21-0RT6jW/blib/arch:/home/njh/.cpan/build/Mojolicious-Plugin-AssetPack-Backcompat-1.21-0RT6jW/blib/lib:/home/njh/.cpan/build/Mojolicious-Plugin-AssetPack-1.24-WWEi90/blib/arch:/home/njh/.cpan/build/Mojolicious-Plugin-AssetPack-1.24-WWEi90/blib/lib:/home/njh/.cpan/build/File-Which-1.21-CKBFmL/blib/arch:/home/njh/.cpan/build/File-Which-1.21-CKBFmL/blib/lib:/home/njh/.cpan/build/Mojolicious-7.08-Z5L8lg/blib/arch:/home/njh/.cpan/build/Mojolicious-7.08-Z5L8lg/blib/lib:/home/njh/.cpan/build/IO-Socket-IP-0.38-WrCK_T/blib/arch:/home/njh/.cpan/build/IO-Socket-IP-0.38-WrCK_T/blib/lib:/home/njh/.cpan/build/JavaScript-Minifier-XS-0.11-vyNXw8/blib/arch:/home/njh/.cpan/build/JavaScript-Minifier-XS-0.11-vyNXw8/blib/lib:/home/njh/.cpan/build/CSS-Minifier-XS-0.09-Bkq_hA/blib/arch:/home/njh/.cpan/build/CSS-Minifier-XS-0.09-Bkq_hA/blib/lib"
    PERL5OPT=""
    PERL5_CPANPLUS_IS_RUNNING="31553"
    PERL5_CPAN_IS_RUNNING="31553"
    PERLBREW_BASHRC_VERSION="0.73"
    PERLBREW_HOME="/home/njh/.perlbrew"
    PERLBREW_LIB=""
    PERLBREW_MANPATH="/home/njh/perl5/perlbrew/perls/perl-5.18.4/man"
    PERLBREW_PATH="/home/njh/perl5/perlbrew/bin:/home/njh/perl5/perlbrew/perls/perl-5.18.4/bin"
    PERLBREW_PERL="perl-5.18.4"
    PERLBREW_ROOT="/home/njh/perl5/perlbrew"
    PERLBREW_VERSION="0.73"
    PERL_LOCAL_LIB_ROOT=""
  @INC:
    /home/njh/.cpan/build/Mojolicious-Plugin-AssetPack-Backcompat-1.21-0RT6jW/blib/arch
    /home/njh/.cpan/build/Mojolicious-Plugin-AssetPack-Backcompat-1.21-0RT6jW/blib/lib
    /home/njh/.cpan/build/Mojolicious-Plugin-AssetPack-1.24-WWEi90/blib/arch
    /home/njh/.cpan/build/Mojolicious-Plugin-AssetPack-1.24-WWEi90/blib/lib
    /home/njh/.cpan/build/File-Which-1.21-CKBFmL/blib/arch
    /home/njh/.cpan/build/File-Which-1.21-CKBFmL/blib/lib
    /home/njh/.cpan/build/Mojolicious-7.08-Z5L8lg/blib/arch
    /home/njh/.cpan/build/Mojolicious-7.08-Z5L8lg/blib/lib
    /home/njh/.cpan/build/IO-Socket-IP-0.38-WrCK_T/blib/arch
    /home/njh/.cpan/build/IO-Socket-IP-0.38-WrCK_T/blib/lib
    /home/njh/.cpan/build/JavaScript-Minifier-XS-0.11-vyNXw8/blib/arch
    /home/njh/.cpan/build/JavaScript-Minifier-XS-0.11-vyNXw8/blib/lib
    /home/njh/.cpan/build/CSS-Minifier-XS-0.09-Bkq_hA/blib/arch
    /home/njh/.cpan/build/CSS-Minifier-XS-0.09-Bkq_hA/blib/lib
    /home/njh/perl5/perlbrew/perls/perl-5.18.4/lib/site_perl/5.18.4/x86_64-linux-thread-multi
    /home/njh/perl5/perlbrew/perls/perl-5.18.4/lib/site_perl/5.18.4
    /home/njh/perl5/perlbrew/perls/perl-5.18.4/lib/5.18.4/x86_64-linux-thread-multi
    /home/njh/perl5/perlbrew/perls/perl-5.18.4/lib/5.18.4
    .