Back
From: metabase:user:314402c4-2aae-11df-837a-5e0a49663a4f
Subject: FAIL Perlbal-1.80 v5.10.1 FreeBSD
Date: 2014-09-17T05:39:11Z
This distribution has been tested as part of the CPAN Testers
project, supporting the Perl programming language. See
http://wiki.cpantesters.org/ for more information or email
questions to cpan-testers-discuss@perl.org
--
Dear Alan Kasindorf,
This is a computer-generated report for Perlbal-1.80
on perl 5.10.1, created by CPAN-Reporter-1.2011.
Thank you for uploading your work to CPAN. However, there was a problem
testing your distribution.
If you think this report is invalid, please consult the CPAN Testers Wiki
for suggestions on how to avoid getting FAIL reports for missing library
or binary dependencies, unsupported operating systems, and so on:
http://wiki.cpantesters.org/wiki/CPANAuthorNotes
Sections of this report:
* Tester comments
* Program output
* Prerequisites
* Environment and other context
------------------------------
TESTER COMMENTS
------------------------------
Additional comments from tester:
none provided
------------------------------
PROGRAM OUTPUT
------------------------------
Output from '/usr/bin/make test':
PERL_DL_NONLAZY=1 /usr/perl5.10.1/bin/perl "-MExtUtils::Command::MM" "-MTest::Harness" "-e" "undef *Test::Harness::Switches; test_harness(0, 'blib/lib', 'blib/arch')" t/*.t
t/00-use.t ............... ok
t/10-testharness.t ....... ok
t/12-headers.t ........... ok
# Failed test 'Result is successful'
# at t/13-server-tokens.t line 45.
# Failed test 'Server header exists'
# at t/13-server-tokens.t line 49.
# Failed test at t/13-server-tokens.t line 50.
# got: undef
# expected: 'Perlbal'
t/13-server-tokens.t .....
Failed 7/13 subtests
t/15-webserver.t ......... ok
t/17-webserver-concat.t .. ok
# Failed test 'ioaio: good put'
# at t/20-put.t line 78.
Use of uninitialized value in string eq at t/20-put.t line 66, <GEN8> line 8.
# Failed test 'verified put'
# at t/20-put.t line 66.
t/20-put.t ...............
Failed 2/5 subtests
# Writing: 500
# Writing: 5
# Writing: 5
# Writing: 5
# Writing: 100000
# Writing: 60000
# Writing: 1000
# Writing: 338485
t/22-chunked-put.t ....... ok
Didn't get a firstline in HTTP response.
Can't call method "header" on an undefined value at /usr/home/eserte/.cpan/build/Perlbal-1.80-g0lmN5/blib/lib/Perlbal/Test/WebClient.pm line 168, <GEN16> line 18.
# Looks like you planned 28 tests but ran 13.
# Looks like your test exited with 9 just after 13.
t/30-reverseproxy.t ......
Dubious, test returned 9 (wstat 2304, 0x900)
Failed 15/28 subtests
t/31-realworld.t .........
Failed 116/157 subtests
# separator length 2
# separator length 0
500 response!
t/32-pipelining.t ........ ok
t/32-selector.t ..........
Failed 34/38 subtests
t/35-reproxy.t ...........
All 4 subtests passed
t/40-ranges.t ............
Failed 31/35 subtests
# Failed test 'buffer_off: good response'
# at t/45-buffereduploads.t line 239.
# Failed test 'buffer_on_size: good response'
# at t/45-buffereduploads.t line 239.
# Failed test 'buffer_on_size: did buffer for size'
# at t/45-buffereduploads.t line 213.
# got: ''
# expected: 'size'
# Failed test 'no_buffer_on_size: good response'
# at t/45-buffereduploads.t line 239.
# Failed test 'buffer_on_rate: good response'
# at t/45-buffereduploads.t line 239.
# Failed test 'buffer_on_rate: did buffer for rate'
# at t/45-buffereduploads.t line 213.
# got: ''
# expected: 'rate'
# Failed test 'no_buffer_on_rate: good response'
# at t/45-buffereduploads.t line 239.
t/45-buffereduploads.t ...
Failed 7/25 subtests
t/50-plugins.t ........... ok
# Failed test 'buffer_off: good response'
# at t/52-chunked-upload.t line 173.
# Failed test 'backend got right content-length'
# at t/52-chunked-upload.t line 61.
# ''
# doesn't match '(?-xism:length = 500000)'
# Looks like you failed 2 tests of 8.
t/52-chunked-upload.t ....
Dubious, test returned 2 (wstat 512, 0x200)
Failed 2/8 subtests
t/60-child-httpd.t ....... skipped: Alpha feature; test skipped without $ENV{PERLBAL_TEST_ALPHA}
t/75-plugin-include.t .... ok
t/76-plugin-redirect.t ... ok
t/77-plugin-throttle.t ... ok
# Failed test 'Got an X-Forwarded-Port header that seems reasonable'
# at t/78-plugin-xffextras.t line 47.
# ''
# doesn't match '(?mi-xs:^X-Forwarded-Port: 60005$)'
# Failed test 'Got an X-Forwarded-Proto header that seems reasonable'
# at t/78-plugin-xffextras.t line 48.
# ''
# doesn't match '(?mi-xs:^X-Forwarded-Proto: (?-i:http)$)'
# Looks like you failed 2 tests of 4.
t/78-plugin-xffextras.t ..
Dubious, test returned 2 (wstat 512, 0x200)
Failed 2/4 subtests
t/90-accesscontrol.t ..... ok
t/91-fields.t ............ ok
t/99-benchmark-bool.t .... ok
Test Summary Report
-------------------
t/13-server-tokens.t (Wstat: 9 Tests: 9 Failed: 3)
Failed tests: 5-7
Non-zero wait status: 9
Parse errors: Bad plan. You planned 13 tests but ran 9.
t/20-put.t (Wstat: 9 Tests: 5 Failed: 2)
Failed tests: 4-5
Non-zero wait status: 9
Parse errors: No plan found in TAP output
t/30-reverseproxy.t (Wstat: 2304 Tests: 13 Failed: 0)
Non-zero exit status: 9
Parse errors: Bad plan. You planned 28 tests but ran 13.
t/31-realworld.t (Wstat: 9 Tests: 41 Failed: 0)
Non-zero wait status: 9
Parse errors: Bad plan. You planned 157 tests but ran 41.
t/32-selector.t (Wstat: 9 Tests: 4 Failed: 0)
Non-zero wait status: 9
Parse errors: Bad plan. You planned 38 tests but ran 4.
t/35-reproxy.t (Wstat: 9 Tests: 4 Failed: 0)
Non-zero wait status: 9
Parse errors: No plan found in TAP output
t/40-ranges.t (Wstat: 9 Tests: 4 Failed: 0)
Non-zero wait status: 9
Parse errors: Bad plan. You planned 35 tests but ran 4.
t/45-buffereduploads.t (Wstat: 9 Tests: 25 Failed: 7)
Failed tests: 4, 8-9, 12, 19-20, 22
Non-zero wait status: 9
Parse errors: No plan found in TAP output
t/52-chunked-upload.t (Wstat: 512 Tests: 8 Failed: 2)
Failed tests: 5-6
Non-zero exit status: 2
t/78-plugin-xffextras.t (Wstat: 512 Tests: 4 Failed: 2)
Failed tests: 3-4
Non-zero exit status: 2
Files=25, Tests=231, 1570 wallclock secs ( 0.07 usr 0.11 sys + 4.41 cusr 1.90 csys = 6.49 CPU)
Result: FAIL
Failed 10/25 test programs. 16/231 subtests failed.
*** [test_dynamic] Error code 255
Stop in /usr/home/eserte/.cpan/build/Perlbal-1.80-g0lmN5.
------------------------------
PREREQUISITES
------------------------------
Prerequisite modules loaded:
requires:
Module Need Have
------------------- ---- --------
base 0 2.18
BSD::Resource 0 1.2907
Carp 0 1.3301
constant 0 1.27
Danga::Socket 1.44 1.61
Errno 0 1.11
Exporter 0 5.70
Fcntl 0 1.06
fields 0 2.16
File::Path 0 2.09
File::Temp 0 0.2304
FindBin 0 1.50
Getopt::Long 0 2.42
Hash::Util 0 0.07
HTTP::Date 0 6.02
HTTP::Request 0 6.00
HTTP::Response 0 6.04
IO::File 0 1.14
IO::Handle 0 1.28
IO::Select 0 1.17
IO::Socket::INET 0 1.31
lib 0 0.62
LWP::UserAgent 0 6.06
Scalar::Util 0 1.41
Socket 0 2.015
strict 0 1.04
Sys::Syscall 0 0.25
Test::More 0.94 1.001006
Time::HiRes 0 1.9726
vars 0 1.01
warnings 0 1.06
build_requires:
Module Need Have
------------------- ---- --------
ExtUtils::MakeMaker 0 6.98
configure_requires:
Module Need Have
------------------- ---- --------
ExtUtils::MakeMaker 0 6.98
------------------------------
ENVIRONMENT AND OTHER CONTEXT
------------------------------
Environment variables:
DBIC_NO_WARN_BAD_PERL = 1
LC_ALL = de_DE.ISO8859-1
PATH = /usr/local/bin:/usr/bin:/bin:/usr/local/sbin:/usr/sbin:/sbin:/home/cpansand/bin/freebsd9.1:/home/cpansand/bin/sh:/home/cpansand/bin:/usr/games:/home/cpansand/devel:/usr/home/eserte/src/srezic-misc/scripts
PERL5LIB =
PERL5OPT =
PERL5_CPANPLUS_IS_RUNNING = 75183
PERL5_CPAN_IS_RUNNING = 75183
PERL5_CPAN_IS_RUNNING_IN_RECURSION = 75163,75183
PERLDOC = -MPod::Perldoc::ToTextOverstrike
PERL_BATCH = yes
PERL_CPAN_REPORTER_CONFIG = /var/tmp/cpansmoker-1023/FMiLsIN5DG_config.ini
PERL_EXTUTILS_AUTOINSTALL = --defaultdeps
PERL_HTML_DISPLAY_CLASS = HTML::Display::Mozilla
SHELL = /usr/local/bin/zsh
TERM = screen
TMPDIR = /var/tmp/cpansmoker-1023
Perl special variables (and OS-specific diagnostics, for MSWin32):
$^X = /usr/perl5.10.1/bin/perl
$UID/$EUID = 1023 / 1023
$GID = 1023 1023
$EGID = 1023 1023
Perl module toolchain versions installed:
Module Have
------------------- --------
CPAN 1.9402
CPAN::Meta 2.142060
Cwd 3.47
ExtUtils::CBuilder 0.280219
ExtUtils::Command 1.16
ExtUtils::Install 2.04
ExtUtils::MakeMaker 6.98
ExtUtils::Manifest 1.68
ExtUtils::ParseXS 3.24
File::Spec 3.47
JSON 2.90
JSON::PP 2.27203
Module::Build 0.4210
Module::Signature 0.73
Parse::CPAN::Meta 1.4414
Test::Harness 3.33
Test::More 1.001006
YAML 1.11
YAML::Syck 1.27
version 0.9909
--
Summary of my perl5 (revision 5 version 10 subversion 1) configuration:
Platform:
osname=freebsd, osvers=9.2-release-p4, archname=amd64-freebsd
uname='freebsd cvrsnica-freebsd-92 9.2-release-p4 freebsd 9.2-release-p4 #0: tue apr 8 18:08:22 utc 2014 root@amd64-builder.daemonology.net:usrobjusrsrcsysgeneric amd64 '
config_args='-ds -e -Dprefix=/usr/perl5.10.1'
hint=recommended, useposix=true, d_sigaction=define
useithreads=undef, usemultiplicity=undef
useperlio=define, d_sfio=undef, uselargefiles=define, usesocks=undef
use64bitint=define, use64bitall=define, uselongdouble=undef
usemymalloc=n, bincompat5005=undef
Compiler:
cc='cc', ccflags ='-DHAS_FPSETMASK -DHAS_FLOATINGPOINT_H -fno-strict-aliasing -pipe -fstack-protector -I/usr/local/include',
optimize='-O',
cppflags='-DHAS_FPSETMASK -DHAS_FLOATINGPOINT_H -fno-strict-aliasing -pipe -fstack-protector -I/usr/local/include'
ccversion='', gccversion='4.2.1 20070831 patched [FreeBSD]', gccosandvers=''
intsize=4, longsize=8, ptrsize=8, doublesize=8, byteorder=12345678
d_longlong=define, longlongsize=8, d_longdbl=define, longdblsize=16
ivtype='long', ivsize=8, nvtype='double', nvsize=8, Off_t='off_t', lseeksize=8
alignbytes=8, prototype=define
Linker and Libraries:
ld='cc', ldflags ='-Wl,-E -fstack-protector -L/usr/local/lib'
libpth=/usr/lib /usr/local/lib
libs=-lgdbm -lm -lcrypt -lutil -lc
perllibs=-lm -lcrypt -lutil -lc
libc=, so=so, useshrplib=false, libperl=libperl.a
gnulibc_version=''
Dynamic Linking:
dlsrc=dl_dlopen.xs, dlext=so, d_dlsymun=undef, ccdlflags=' '
cccdlflags='-DPIC -fPIC', lddlflags='-shared -L/usr/local/lib -fstack-protector'
Characteristics of this binary (from libperl):
Compile-time options: PERL_DONT_CREATE_GVSV PERL_MALLOC_WRAP USE_64_BIT_ALL
USE_64_BIT_INT USE_LARGE_FILES USE_PERLIO
Built under freebsd
Compiled at May 15 2014 23:30:26
%ENV:
PERL5LIB=""
PERL5OPT=""
PERL5_CPANPLUS_IS_RUNNING="75183"
PERL5_CPAN_IS_RUNNING="75183"
PERL5_CPAN_IS_RUNNING_IN_RECURSION="75163,75183"
PERLDOC="-MPod::Perldoc::ToTextOverstrike"
PERL_BATCH="yes"
PERL_CPAN_REPORTER_CONFIG="/var/tmp/cpansmoker-1023/FMiLsIN5DG_config.ini"
PERL_EXTUTILS_AUTOINSTALL="--defaultdeps"
PERL_HTML_DISPLAY_CLASS="HTML::Display::Mozilla"
@INC:
/usr/perl5.10.1/lib/5.10.1/amd64-freebsd
/usr/perl5.10.1/lib/5.10.1
/usr/perl5.10.1/lib/site_perl/5.10.1/amd64-freebsd
/usr/perl5.10.1/lib/site_perl/5.10.1
.