Report for Catmandu-Fix-marc_spec-0.0.1

Back
From: metabase:user:320bfe00-2aae-11df-837a-5e0a49663a4f
Subject: FAIL Catmandu-Fix-marc_spec-0.0.1 v5.12.0 GNU/Linux
Date: 2017-03-08T18:06:27Z

This distribution has been tested as part of the CPAN Testers
project, supporting the Perl programming language.  See
http://wiki.cpantesters.org/ for more information or email
questions to cpan-testers-discuss@perl.org


--
Dear Carsten Klee,

This is a computer-generated report for Catmandu-Fix-marc_spec-0.0.1
on perl 5.12.0, created by CPAN-Reporter-1.2018.

Thank you for uploading your work to CPAN.  However, there was a problem
testing your distribution.

If you think this report is invalid, please consult the CPAN Testers Wiki
for suggestions on how to avoid getting FAIL reports for missing library
or binary dependencies, unsupported operating systems, and so on:

http://wiki.cpantesters.org/wiki/CPANAuthorNotes

Sections of this report:

    * Tester comments
    * Program output
    * Prerequisites
    * Environment and other context

------------------------------
TESTER COMMENTS
------------------------------

Additional comments from tester:

this report is from an automated smoke testing program
and was not reviewed by a human for accuracy

------------------------------
PROGRAM OUTPUT
------------------------------

Output from './Build test':

deprecatedOops! Importer "USMARC" is deprecated. Use "ISO" instead. at /home/sand/src/perl/repoperls/installed-perls/host/k93msid/v5.12.0/89ad/lib/site_perl/5.12.0/Catmandu/Importer/MARC.pm line 34.

#   Failed test 'fix: marc_spec('001', my.id);'
#   at t/18-marc_spec.t line 13.
#          got: undef
#     expected: 'fol05731351 '

#   Failed test 'fix: marc_spec('245', my.title.all);'
#   at t/18-marc_spec.t line 20.
#          got: undef
#     expected: 'Cross-platform Perl /Eric F. Johnson.'

#   Failed test 'fix: marc_spec('245', my.title.default, value:'the title');'
#   at t/18-marc_spec.t line 22.
#          got: undef
#     expected: 'the title'

#   Failed test 'fix: marc_spec('650', my.subjects.all);'
#   at t/18-marc_spec.t line 24.
#          got: undef
#     expected: 'Perl (Computer program language)Web servers.Cross-platform software development.'

#   Failed test 'fix: marc_spec('650', my.subjects.joined, join:'###');'
#   at t/18-marc_spec.t line 26.
#          got: undef
#     expected: 'Perl (Computer program language)###Web servers.###Cross-platform software development.'

#   Failed test 'fix: marc_spec('650', my.append.subjects.$append);'
#   at t/18-marc_spec.t line 28.
#     Structures begin differing at:
#          $got = undef
#     $expected = ARRAY(0x563c736bf7f8)

#   Failed test 'fix: marc_spec('650', my.split.subjects, split:1);'
#   at t/18-marc_spec.t line 33.
#     Structures begin differing at:
#          $got = undef
#     $expected = ARRAY(0x563c736c3300)

#   Failed test 'fix: marc_spec('650', my.append.split.subjects.$append, split:1);'
#   at t/18-marc_spec.t line 38.
#     Structures begin differing at:
#          $got = undef
#     $expected = ARRAY(0x563c7359c798)

#   Failed test 'fix: marc_spec('..._10', my.fields.indicators10.$append);'
#   at t/18-marc_spec.t line 49.
#     Structures begin differing at:
#          $got = undef
#     $expected = ARRAY(0x563c720a0d98)
Can't use an undefined value as an ARRAY reference at t/18-marc_spec.t line 54, <GEN0> line 10.
# Tests were run but no plan was declared and done_testing() was not seen.
# Looks like your test exited with 255 just after 11.
t/18-marc_spec.t ........ 
Dubious, test returned 255 (wstat 65280, 0xff00)
Failed 9/11 subtests 
t/basic.t ............... ok
t/release-pod-syntax.t .. skipped: these tests are for release candidate testing

Test Summary Report
-------------------
t/18-marc_spec.t      (Wstat: 65280 Tests: 11 Failed: 9)
  Failed tests:  1, 4-11
  Non-zero exit status: 255
  Parse errors: No plan found in TAP output
Files=3, Tests=12,  3 wallclock secs ( 0.02 usr  0.03 sys +  0.55 cusr  0.10 csys =  0.70 CPU)
Result: FAIL

------------------------------
PREREQUISITES
------------------------------

Prerequisite modules loaded:

requires:

    Module              Need    Have    
    ------------------- ------- --------
    Catmandu            1.0201  1.0305  
    Catmandu::MARC      0.218   1.08    
    Const::Fast         0.014   0.014   
    MARC::Spec          0       0.1.2   
    Moo                 1.0     2.003001
    perl                v5.10.1 5.012000

build_requires:

    Module              Need    Have    
    ------------------- ------- --------
    Test::More          0.96    1.302078

configure_requires:

    Module              Need    Have    
    ------------------- ------- --------
    Module::Build::Tiny 0.034   0.039   


------------------------------
ENVIRONMENT AND OTHER CONTEXT
------------------------------

Environment variables:

    AUTOMATED_TESTING = 1
    LANG = en_US.UTF-8
    PATH = /home/sand/bin:/usr/local/bin:/usr/bin:/bin:/usr/games:/usr/local/perl/bin:/usr/X11/bin:/sbin:/usr/sbin
    PERL5LIB = 
    PERL5OPT = 
    PERL5_CPANPLUS_IS_RUNNING = 8861
    PERL5_CPAN_IS_RUNNING = 8861
    PERL_CANARY_STABILITY_NOPROMPT = 1
    PERL_MM_USE_DEFAULT = 1
    SHELL = /usr/bin/zsh
    TERM = screen

Perl special variables (and OS-specific diagnostics, for MSWin32):

    $^X = /home/sand/src/perl/repoperls/installed-perls/host/k93msid/v5.12.0/89ad/bin/perl
    $UID/$EUID = 1005 / 1005
    $GID = 1005 1005
    $EGID = 1005 1005

Perl module toolchain versions installed:

    Module              Have    
    ------------------- --------
    CPAN                2.16    
    CPAN::Meta          2.150010
    Cwd                 3.62    
    ExtUtils::CBuilder  0.280224
    ExtUtils::Command   7.25_01 
    ExtUtils::Install   2.04    
    ExtUtils::MakeMaker 7.25_01 
    ExtUtils::Manifest  1.70    
    ExtUtils::ParseXS   3.30    
    File::Spec          3.62    
    JSON                2.91_03 
    JSON::PP            2.91_04 
    Module::Build       0.4220  
    Module::Signature   0.81    
    Parse::CPAN::Meta   2.150010
    Test::Harness       3.37_01 
    Test::More          1.302078
    YAML                1.21    
    YAML::Syck          1.29    
    version             0.9917  


--

Summary of my perl5 (revision 5 version 12 subversion 0) configuration:
  Derived from: 6d52c880307229a35c23215c596700e716bd7c32
  Platform:
    osname=linux, osvers=4.8.0-2-amd64, archname=x86_64-linux
    uname='linux k93msid 4.8.0-2-amd64 #1 smp debian 4.8.11-1 (2016-12-02) x86_64 gnulinux '
    config_args='-Dprefix=/home/sand/src/perl/repoperls/installed-perls/host/k93msid/v5.12.0/89ad -Dmyhostname=k93msid -Dinstallusrbinperl=n -Uversiononly -Dusedevel -des -Ui_db -Dlibswanted=cl pthread socket inet nsl gdbm dbm malloc dl ld sun m crypt sec util c cposix posix ucb BSD gdbm_compat -Uuseithreads -Uuselongdouble -DDEBUGGING=-g'
    hint=recommended, useposix=true, d_sigaction=define
    useithreads=undef, usemultiplicity=undef
    useperlio=define, d_sfio=undef, uselargefiles=define, usesocks=undef
    use64bitint=define, use64bitall=define, uselongdouble=undef
    usemymalloc=n, bincompat5005=undef
  Compiler:
    cc='cc', ccflags ='-fno-strict-aliasing -pipe -fstack-protector -I/usr/local/include -D_LARGEFILE_SOURCE -D_FILE_OFFSET_BITS=64',
    optimize='-O2 -g',
    cppflags='-fno-strict-aliasing -pipe -fstack-protector -I/usr/local/include'
    ccversion='', gccversion='6.2.1 20161124', gccosandvers=''
    intsize=4, longsize=8, ptrsize=8, doublesize=8, byteorder=12345678
    d_longlong=define, longlongsize=8, d_longdbl=define, longdblsize=16
    ivtype='long', ivsize=8, nvtype='double', nvsize=8, Off_t='off_t', lseeksize=8
    alignbytes=8, prototype=define
  Linker and Libraries:
    ld='cc', ldflags =' -fstack-protector -L/usr/local/lib'
    libpth=/usr/local/lib /lib/x86_64-linux-gnu /lib/../lib /usr/lib/x86_64-linux-gnu /usr/lib/../lib /lib /usr/lib
    libs=-lpthread -lnsl -ldl -lm -lcrypt -lutil -lc
    perllibs=-lpthread -lnsl -ldl -lm -lcrypt -lutil -lc
    libc=libc-2.24.so, so=so, useshrplib=false, libperl=libperl.a
    gnulibc_version='2.24'
  Dynamic Linking:
    dlsrc=dl_dlopen.xs, dlext=so, d_dlsymun=undef, ccdlflags='-Wl,-E'
    cccdlflags='-fPIC', lddlflags='-shared -O2 -g -L/usr/local/lib -fstack-protector'


Characteristics of this binary (from libperl): 
  Compile-time options: PERL_DONT_CREATE_GVSV PERL_MALLOC_WRAP PERL_USE_DEVEL
                        USE_64_BIT_ALL USE_64_BIT_INT USE_LARGE_FILES
                        USE_PERLIO USE_PERL_ATOF
  Locally applied patches:
	uncommitted-changes
  Built under linux
  Compiled at Dec 16 2016 09:53:59
  %ENV:
    PERL5LIB=""
    PERL5OPT=""
    PERL5_CPANPLUS_IS_RUNNING="8861"
    PERL5_CPAN_IS_RUNNING="8861"
    PERL_CANARY_STABILITY_NOPROMPT="1"
    PERL_MM_USE_DEFAULT="1"
  @INC:
    /home/sand/src/perl/repoperls/installed-perls/host/k93msid/v5.12.0/89ad/lib/site_perl/5.12.0/x86_64-linux
    /home/sand/src/perl/repoperls/installed-perls/host/k93msid/v5.12.0/89ad/lib/site_perl/5.12.0
    /home/sand/src/perl/repoperls/installed-perls/host/k93msid/v5.12.0/89ad/lib/5.12.0/x86_64-linux
    /home/sand/src/perl/repoperls/installed-perls/host/k93msid/v5.12.0/89ad/lib/5.12.0
    .