Report for Dancer2-Plugin-Interchange6-0.203

Back
From: metabase:user:314402c4-2aae-11df-837a-5e0a49663a4f
Subject: FAIL Dancer2-Plugin-Interchange6-0.203 v5.24.2 RC1 GNU/Linux
Date: 2017-07-07T20:57:55Z

This distribution has been tested as part of the CPAN Testers
project, supporting the Perl programming language.  See
http://wiki.cpantesters.org/ for more information or email
questions to cpan-testers-discuss@perl.org


--
Dear Peter Mottram,

This is a computer-generated report for Dancer2-Plugin-Interchange6-0.203
on perl 5.24.2, created by CPAN-Reporter-1.2018.

Thank you for uploading your work to CPAN.  However, there was a problem
testing your distribution.

If you think this report is invalid, please consult the CPAN Testers Wiki
for suggestions on how to avoid getting FAIL reports for missing library
or binary dependencies, unsupported operating systems, and so on:

http://wiki.cpantesters.org/wiki/CPANAuthorNotes

Sections of this report:

    * Tester comments
    * Program output
    * Prerequisites
    * Environment and other context

------------------------------
TESTER COMMENTS
------------------------------

Additional comments from tester:

none provided

------------------------------
PROGRAM OUTPUT
------------------------------

Output from '/usr/bin/make test':

PERL_DL_NONLAZY=1 "/opt/perl-5.24.2-RC1/bin/perl" "-MExtUtils::Command::MM" "-MTest::Harness" "-e" "undef *Test::Harness::Switches; test_harness(0, 'blib/lib', 'blib/arch')" t/00-load.t t/d2pci6_bop.t t/disabled_cart_and_checkout.t t/manifest.t t/pod-coverage.t t/pod.t t/test_mysql.t t/test_postgresql.t t/test_sqlite.t
# Testing Dancer2::Plugin::Interchange6 0.203, Perl 5.024002, /opt/perl-5.24.2-RC1/bin/perl
t/00-load.t ..................... ok
t/d2pci6_bop.t .................. ok
Dancer2::Plugin::Interchange6::Routes: Maximum number of navigation records is zero.
t/disabled_cart_and_checkout.t .. skipped: Author tests not required for installation
t/manifest.t .................... skipped: Author tests not required for installation
t/pod-coverage.t ................ skipped: Author tests not required for installation
t/pod.t ......................... skipped: Author tests not required for installation
t/test_mysql.t .................. skipped: Test::mysqld died: could not find mysqld, please set appropriate PATH
could not find postmaster, please set appropriate PATH or POSTGRES_HOME at /opt/perl-5.24.2-RC1/lib/site_perl/5.24.2/Test/PostgreSQL.pm line 167.
t/test_postgresql.t ............. 
Dubious, test returned 2 (wstat 512, 0x200)
No subtests run 
# Deploy
# Test::Cart
    # Test::DSL
# Test::Hooks
# Test::Routes
# Test::Shop
t/test_sqlite.t ................. ok

Test Summary Report
-------------------
t/test_postgresql.t           (Wstat: 512 Tests: 0 Failed: 0)
  Non-zero exit status: 2
  Parse errors: No plan found in TAP output
Files=9, Tests=202, 18 wallclock secs ( 0.06 usr  0.03 sys + 17.36 cusr  0.70 csys = 18.15 CPU)
Result: FAIL
Failed 1/9 test programs. 0/202 subtests failed.
Makefile:949: recipe for target 'test_dynamic' failed
make: *** [test_dynamic] Error 255

------------------------------
PREREQUISITES
------------------------------

Prerequisite modules loaded:

requires:

    Module                                            Need     Have    
    ------------------------------------------------- -------- --------
    Business::OnlinePayment                           3.02     3.04    
    Dancer2                                           0.200000 0.205000
    Dancer2::Plugin::Auth::Extensible                 0.600    0.704   
    Dancer2::Plugin::Auth::Extensible::Provider::DBIC 0.600    0.623   
    Dancer2::Plugin::DBIC                             0.0013   0.0013  
    Dancer2::Session::DBIC                            0.102    0.110   
    Interchange6                                      0.120    0.120   
    Interchange6::Schema                              0.110    0.133   
    JSON::MaybeXS                                     1.003003 1.003009
    Module::Runtime                                   0        0.014   
    MooseX::CoverableModifiers                        0        0.30    
    namespace::clean                                  0        0.27    
    Net::HTTPS::Any                                   0.11     0.12    
    perl                                              5.010000 5.024002
    Scalar::Util                                      0        1.48    
    YAML                                              0        1.23    

build_requires:

    Module                                            Need     Have    
    ------------------------------------------------- -------- --------
    File::Temp                                        0        0.2304  
    Module::Find                                      0        0.13    
    Test::Deep                                        0        1.127   
    Test::Exception                                   0        0.43    
    Test::More                                        0.94     1.302086
    Test::WWW::Mechanize::PSGI                        0.35     0.37    

configure_requires:

    Module                                            Need     Have    
    ------------------------------------------------- -------- --------
    ExtUtils::MakeMaker                               0        7.30    


------------------------------
ENVIRONMENT AND OTHER CONTEXT
------------------------------

Environment variables:

    LANG = C
    PATH = /usr/local/bin:/usr/bin:/bin:/usr/local/sbin:/usr/sbin:/sbin:/home/cpansand/bin/linux-gnu:/home/cpansand/bin/sh:/home/cpansand/bin:/usr/games:/home/cpansand/devel:/home/eserte/src/srezic-misc/scripts
    PERL5LIB = /home/cpansand/.cpan/build/2017070718/Interchange6-0.120-1/blib/arch:/home/cpansand/.cpan/build/2017070718/Interchange6-0.120-1/blib/lib:/home/cpansand/.cpan/build/2017070718/MooseX-CoverableModifiers-0.30-1/blib/arch:/home/cpansand/.cpan/build/2017070718/MooseX-CoverableModifiers-0.30-1/blib/lib:/home/cpansand/.cpan/build/2017070718/Dancer2-Session-DBIC-0.110-1/blib/arch:/home/cpansand/.cpan/build/2017070718/Dancer2-Session-DBIC-0.110-1/blib/lib
    PERL5OPT = 
    PERL5_CPANPLUS_IS_RUNNING = 2639
    PERL5_CPAN_IS_RUNNING = 2639
    PERL5_CPAN_IS_RUNNING_IN_RECURSION = 28567,2639
    PERLDOC = -MPod::Perldoc::ToTextOverstrike
    PERL_BATCH = yes
    PERL_CANARY_STABILITY_NOPROMPT = 1
    PERL_CPAN_REPORTER_CONFIG = /var/tmp/cpansmoker-1023/2017070718/cpanreporter_000_config.ini
    PERL_EXTUTILS_AUTOINSTALL = --defaultdeps
    SHELL = /usr/bin/zsh
    TERM = screen
    TMPDIR = /var/tmp/cpansmoker-1023/2017070718

Perl special variables (and OS-specific diagnostics, for MSWin32):

    $^X = /opt/perl-5.24.2-RC1/bin/perl
    $UID/$EUID = 1023 / 1023
    $GID = 1023 1023
    $EGID = 1023 1023

Perl module toolchain versions installed:

    Module              Have      
    ------------------- ----------
    CPAN                2.16      
    CPAN::Meta          2.150005  
    Cwd                 3.63_01   
    ExtUtils::CBuilder  0.280225  
    ExtUtils::Command   7.30      
    ExtUtils::Install   2.14      
    ExtUtils::MakeMaker 7.30      
    ExtUtils::Manifest  1.70      
    ExtUtils::ParseXS   3.31      
    File::Spec          3.63_01   
    JSON                2.94      
    JSON::PP            2.94      
    Module::Build       0.4224    
    Module::Signature   0.81      
    Parse::CPAN::Meta   1.4417_001
    Test::Harness       3.39      
    Test::More          1.302086  
    YAML                1.23      
    YAML::Syck          1.30      
    version             0.9918    


--

Summary of my perl5 (revision 5 version 24 subversion 2) configuration:
   
  Platform:
    osname=linux, osvers=4.9.0-3-amd64, archname=x86_64-linux
    uname='linux debian9 4.9.0-3-amd64 #1 smp debian 4.9.30-2+deb9u2 (2017-06-26) x86_64 gnulinux '
    config_args='-ds -e -Dprefix=/opt/perl-5.24.2-RC1 -Dcf_email=srezic@cpan.org'
    hint=recommended, useposix=true, d_sigaction=define
    useithreads=undef, usemultiplicity=undef
    use64bitint=define, use64bitall=define, uselongdouble=undef
    usemymalloc=n, bincompat5005=undef
  Compiler:
    cc='cc', ccflags ='-fwrapv -fno-strict-aliasing -pipe -fstack-protector-strong -I/usr/local/include -D_LARGEFILE_SOURCE -D_FILE_OFFSET_BITS=64',
    optimize='-O2',
    cppflags='-fwrapv -fno-strict-aliasing -pipe -fstack-protector-strong -I/usr/local/include'
    ccversion='', gccversion='6.3.0 20170516', gccosandvers=''
    intsize=4, longsize=8, ptrsize=8, doublesize=8, byteorder=12345678, doublekind=3
    d_longlong=define, longlongsize=8, d_longdbl=define, longdblsize=16, longdblkind=3
    ivtype='long', ivsize=8, nvtype='double', nvsize=8, Off_t='off_t', lseeksize=8
    alignbytes=8, prototype=define
  Linker and Libraries:
    ld='cc', ldflags =' -fstack-protector-strong -L/usr/local/lib'
    libpth=/usr/local/lib /usr/lib/gcc/x86_64-linux-gnu/6/include-fixed /usr/include/x86_64-linux-gnu /usr/lib /lib/x86_64-linux-gnu /lib/../lib /usr/lib/x86_64-linux-gnu /usr/lib/../lib /lib
    libs=-lpthread -lnsl -lgdbm -ldb -ldl -lm -lcrypt -lutil -lc -lgdbm_compat
    perllibs=-lpthread -lnsl -ldl -lm -lcrypt -lutil -lc
    libc=libc-2.24.so, so=so, useshrplib=false, libperl=libperl.a
    gnulibc_version='2.24'
  Dynamic Linking:
    dlsrc=dl_dlopen.xs, dlext=so, d_dlsymun=undef, ccdlflags='-Wl,-E'
    cccdlflags='-fPIC', lddlflags='-shared -O2 -L/usr/local/lib -fstack-protector-strong'


Characteristics of this binary (from libperl): 
  Compile-time options: HAS_TIMES PERLIO_LAYERS PERL_COPY_ON_WRITE
                        PERL_DONT_CREATE_GVSV
                        PERL_HASH_FUNC_ONE_AT_A_TIME_HARD PERL_MALLOC_WRAP
                        PERL_PRESERVE_IVUV USE_64_BIT_ALL USE_64_BIT_INT
                        USE_LARGE_FILES USE_LOCALE USE_LOCALE_COLLATE
                        USE_LOCALE_CTYPE USE_LOCALE_NUMERIC USE_LOCALE_TIME
                        USE_PERLIO USE_PERL_ATOF
  Locally applied patches:
	RC1
  Built under linux
  Compiled at Jul  2 2017 09:34:36
  %ENV:
    PERL5LIB="/home/cpansand/.cpan/build/2017070718/Interchange6-0.120-1/blib/arch:/home/cpansand/.cpan/build/2017070718/Interchange6-0.120-1/blib/lib:/home/cpansand/.cpan/build/2017070718/MooseX-CoverableModifiers-0.30-1/blib/arch:/home/cpansand/.cpan/build/2017070718/MooseX-CoverableModifiers-0.30-1/blib/lib:/home/cpansand/.cpan/build/2017070718/Dancer2-Session-DBIC-0.110-1/blib/arch:/home/cpansand/.cpan/build/2017070718/Dancer2-Session-DBIC-0.110-1/blib/lib"
    PERL5OPT=""
    PERL5_CPANPLUS_IS_RUNNING="2639"
    PERL5_CPAN_IS_RUNNING="2639"
    PERL5_CPAN_IS_RUNNING_IN_RECURSION="28567,2639"
    PERLDOC="-MPod::Perldoc::ToTextOverstrike"
    PERL_BATCH="yes"
    PERL_CANARY_STABILITY_NOPROMPT="1"
    PERL_CPAN_REPORTER_CONFIG="/var/tmp/cpansmoker-1023/2017070718/cpanreporter_000_config.ini"
    PERL_EXTUTILS_AUTOINSTALL="--defaultdeps"
  @INC:
    /home/cpansand/.cpan/build/2017070718/Interchange6-0.120-1/blib/arch
    /home/cpansand/.cpan/build/2017070718/Interchange6-0.120-1/blib/lib
    /home/cpansand/.cpan/build/2017070718/MooseX-CoverableModifiers-0.30-1/blib/arch
    /home/cpansand/.cpan/build/2017070718/MooseX-CoverableModifiers-0.30-1/blib/lib
    /home/cpansand/.cpan/build/2017070718/Dancer2-Session-DBIC-0.110-1/blib/arch
    /home/cpansand/.cpan/build/2017070718/Dancer2-Session-DBIC-0.110-1/blib/lib
    /opt/perl-5.24.2-RC1/lib/site_perl/5.24.2/x86_64-linux
    /opt/perl-5.24.2-RC1/lib/site_perl/5.24.2
    /opt/perl-5.24.2-RC1/lib/5.24.2/x86_64-linux
    /opt/perl-5.24.2-RC1/lib/5.24.2
    .