Report for Script-Toolbox-0.49

Back
From: metabase:user:30ae4450-2aae-11df-837a-5e0a49663a4f
Subject: FAIL Script-Toolbox-0.49 v5.12.2 
Date: 2016-05-19T08:17:16Z

This distribution has been tested as part of the CPAN Testers
project, supporting the Perl programming language.  See
http://wiki.cpantesters.org/ for more information or email
questions to cpan-testers-discuss@perl.org


--
Dear Matthias Eckardt,

This is a computer-generated report for Script-Toolbox-0.49
on perl 5.12.2, created by CPAN-Reporter-1.2014.

Thank you for uploading your work to CPAN.  However, there was a problem
testing your distribution.

If you think this report is invalid, please consult the CPAN Testers Wiki
for suggestions on how to avoid getting FAIL reports for missing library
or binary dependencies, unsupported operating systems, and so on:

http://wiki.cpantesters.org/wiki/CPANAuthorNotes

Sections of this report:

    * Tester comments
    * Program output
    * Prerequisites
    * Environment and other context

------------------------------
TESTER COMMENTS
------------------------------

Additional comments from tester:

this report is from an automated smoke testing program
and was not reviewed by a human for accuracy

------------------------------
PROGRAM OUTPUT
------------------------------

Output from 'C:\strawberry\c\bin\dmake.EXE test':

C:\strawberry\perl\bin\perl.exe "-MExtUtils::Command::MM" "-MTest::Harness" "-e" "undef *Test::Harness::Switches; test_harness(0, 'blib\lib', 'blib\arch')" t/*.t

#   Failed test 'Valid option read.'
#   at t/01_new.t line 66.
#                   '_TST_: Thu May 19 11:17:07 2016: Invalid option definition, 'opsDef' => {} invalid.
# '
#     doesn't match '(?-xism:meier)'

#   Failed test 'Print usage 1.'
#   at t/01_new.t line 75.
#                   '_TST_: Thu May 19 11:17:07 2016: Invalid option definition, 'opsDef' => {} invalid.
# '
#     doesn't match '(?-xism:Missing mandatory option 'file'.)'

#   Failed test 'Use default value.'
#   at t/01_new.t line 82.
#                   '_TST_: Thu May 19 11:17:07 2016: Invalid option definition, 'opsDef' => {} invalid.
# '
#     doesn't match '(?-xism:meier)'
# Looks like you failed 3 tests of 11.
t/01_new.t ..... 
Dubious, test returned 3 (wstat 768, 0x300)
Failed 3/11 subtests 
"rm" ­¥ ï¥âáï ¢­ãâ७­¥© ¨«¨ ¢­¥è­¥©
ª®¬ ­¤®©, ¨á¯®«­ï¥¬®© ¯à®£à ¬¬®© ¨«¨ ¯ ª¥â­ë¬ ä ©«®¬.

#   Failed test 'Log'
#   at t/02_Log.t line 88.
"rm" ­¥ ï¥âáï ¢­ãâ७­¥© ¨«¨ ¢­¥è­¥©
ª®¬ ­¤®©, ¨á¯®«­ï¥¬®© ¯à®£à ¬¬®© ¨«¨ ¯ ª¥â­ë¬ ä ©«®¬.

#   Failed test 'Log'
#   at t/02_Log.t line 102.
"rm" ­¥ ï¥âáï ¢­ãâ७­¥© ¨«¨ ¢­¥è­¥©
ª®¬ ­¤®©, ¨á¯®«­ï¥¬®© ¯à®£à ¬¬®© ¨«¨ ¯ ª¥â­ë¬ ä ©«®¬.

#   Failed test 'Log'
#   at t/02_Log.t line 115.
"rm" ­¥ ï¥âáï ¢­ãâ७­¥© ¨«¨ ¢­¥è­¥©
ª®¬ ­¤®©, ¨á¯®«­ï¥¬®© ¯à®£à ¬¬®© ¨«¨ ¯ ª¥â­ë¬ ä ©«®¬.

#   Failed test 'Log'
#   at t/02_Log.t line 133.

#   Failed test 'Log'
#   at t/02_Log.t line 135.
#                   '_TST_: Thu May 19 11:17:07 2016: Invalid option definition, 'opsDef' => {} invalid.
# '
#     doesn't match '(?-xism:^_TST_: [A-z]{3} [A-z]{3} +\d{1,2} \d{2}:\d{2}:\d{2} \d{4}: logtest)'
# Looks like you failed 5 tests of 18.
t/02_Log.t ..... 
Dubious, test returned 5 (wstat 1280, 0x500)
Failed 5/18 subtests 
"cp" ­¥ ï¥âáï ¢­ãâ७­¥© ¨«¨ ¢­¥è­¥©
ª®¬ ­¤®©, ¨á¯®«­ï¥¬®© ¯à®£à ¬¬®© ¨«¨ ¯ ª¥â­ë¬ ä ©«®¬.
"rm" ­¥ ï¥âáï ¢­ãâ७­¥© ¨«¨ ¢­¥è­¥©
ª®¬ ­¤®©, ¨á¯®«­ï¥¬®© ¯à®£à ¬¬®© ¨«¨ ¯ ª¥â­ë¬ ä ©«®¬.
t/03_Exit.t .... ok
t/04_Open.t .... ok
t/05_GetSet.t .. ok
Žè¨¡ª  ¢ ᨭ⠪á¨á¥ ª®¬ ­¤ë.

#   Failed test at t/06_Table.t line 110.

#   Failed test at t/06_Table.t line 149.

#   Failed test at t/06_Table.t line 177.
# Looks like you failed 3 tests of 12.
t/06_Table.t ... 
Dubious, test returned 3 (wstat 768, 0x300)
Failed 3/12 subtests 
Žè¨¡ª  ¢ ᨭ⠪á¨á¥ ª®¬ ­¤ë.

#   Failed test at t/07_File.t line 22.

#   Failed test at t/07_File.t line 25.
"wc" ­¥ ï¥âáï ¢­ãâ७­¥© ¨«¨ ¢­¥è­¥©
ª®¬ ­¤®©, ¨á¯®«­ï¥¬®© ¯à®£à ¬¬®© ¨«¨ ¯ ª¥â­ë¬ ä ©«®¬.

#   Failed test at t/07_File.t line 28.
"wc" ­¥ ï¥âáï ¢­ãâ७­¥© ¨«¨ ¢­¥è­¥©
ª®¬ ­¤®©, ¨á¯®«­ï¥¬®© ¯à®£à ¬¬®© ¨«¨ ¯ ª¥â­ë¬ ä ©«®¬.

#   Failed test at t/07_File.t line 35.

#   Failed test at t/07_File.t line 36.

#   Failed test at t/07_File.t line 37.

#   Failed test at t/07_File.t line 38.
"wc" ­¥ ï¥âáï ¢­ãâ७­¥© ¨«¨ ¢­¥è­¥©
ª®¬ ­¤®©, ¨á¯®«­ï¥¬®© ¯à®£à ¬¬®© ¨«¨ ¯ ª¥â­ë¬ ä ©«®¬.

#   Failed test at t/07_File.t line 42.

#   Failed test at t/07_File.t line 43.

#   Failed test at t/07_File.t line 44.

#   Failed test at t/07_File.t line 45.
"wc" ­¥ ï¥âáï ¢­ãâ७­¥© ¨«¨ ¢­¥è­¥©
ª®¬ ­¤®©, ¨á¯®«­ï¥¬®© ¯à®£à ¬¬®© ¨«¨ ¯ ª¥â­ë¬ ä ©«®¬.

#   Failed test at t/07_File.t line 49.

#   Failed test at t/07_File.t line 50.

#   Failed test at t/07_File.t line 51.

#   Failed test at t/07_File.t line 52.

#   Failed test at t/07_File.t line 53.

#   Failed test at t/07_File.t line 54.

#   Failed test at t/07_File.t line 55.

#   Failed test at t/07_File.t line 56.

#   Failed test at t/07_File.t line 57.
"ps" ­¥ ï¥âáï ¢­ãâ७­¥© ¨«¨ ¢­¥è­¥©
ª®¬ ­¤®©, ¨á¯®«­ï¥¬®© ¯à®£à ¬¬®© ¨«¨ ¯ ª¥â­ë¬ ä ©«®¬.

#   Failed test 'Read commad output'
#   at t/07_File.t line 66.
#                   undef
#     doesn't match '(?-xism:perl)'
‘¨á⥬¥ ­¥ 㤠¥âáï ­ ©â¨ 㪠§ ­­ë© ¯ãâì.

#   Failed test at t/07_File.t line 71.
# Looks like you failed 22 tests of 25.
t/07_File.t .... 
Dubious, test returned 22 (wstat 5632, 0x1600)
Failed 22/25 subtests 
Žè¨¡ª  ¢ ᨭ⠪á¨á¥ ª®¬ ­¤ë.
Žè¨¡ª  ¢ ᨭ⠪á¨á¥ ª®¬ ­¤ë.

#   Failed test at t/08_Dir.t line 22.

#   Failed test at t/08_Dir.t line 23.

#   Failed test at t/08_Dir.t line 24.

#   Failed test at t/08_Dir.t line 25.

#   Failed test at t/08_Dir.t line 28.

#   Failed test at t/08_Dir.t line 29.

#   Failed test at t/08_Dir.t line 32.

#   Failed test at t/08_Dir.t line 33.

#   Failed test at t/08_Dir.t line 36.

#   Failed test at t/08_Dir.t line 37.
"rm" ­¥ ï¥âáï ¢­ãâ७­¥© ¨«¨ ¢­¥è­¥©
ª®¬ ­¤®©, ¨á¯®«­ï¥¬®© ¯à®£à ¬¬®© ¨«¨ ¯ ª¥â­ë¬ ä ©«®¬.
# Looks like you failed 10 tests of 11.
t/08_Dir.t ..... 
Dubious, test returned 10 (wstat 2560, 0xa00)
Failed 10/11 subtests 
t/09_Misc.t .... ok

#   Failed test at t/10_Stat.t line 29.

#   Failed test at t/10_Stat.t line 30.

#   Failed test at t/10_Stat.t line 34.
# Looks like you failed 3 tests of 19.
t/10_Stat.t .... 
Dubious, test returned 3 (wstat 768, 0x300)
Failed 3/19 subtests 

Test Summary Report
-------------------
t/01_new.t   (Wstat: 768 Tests: 11 Failed: 3)
  Failed tests:  9-11
  Non-zero exit status: 3
t/02_Log.t   (Wstat: 1280 Tests: 18 Failed: 5)
  Failed tests:  3, 7, 12, 16, 18
  Non-zero exit status: 5
t/06_Table.t (Wstat: 768 Tests: 12 Failed: 3)
  Failed tests:  4, 7-8
  Non-zero exit status: 3
t/07_File.t  (Wstat: 5632 Tests: 25 Failed: 22)
  Failed tests:  2-4, 6-22, 24-25
  Non-zero exit status: 22
t/08_Dir.t   (Wstat: 2560 Tests: 11 Failed: 10)
  Failed tests:  2-11
  Non-zero exit status: 10
t/10_Stat.t  (Wstat: 768 Tests: 19 Failed: 3)
  Failed tests:  4-5, 9
  Non-zero exit status: 3
Files=10, Tests=137,  6 wallclock secs ( 0.06 usr +  0.09 sys =  0.15 CPU)
Result: FAIL
Failed 6/10 test programs. 46/137 subtests failed.
dmake.EXE:  Error code 131, while making 'test_dynamic'

------------------------------
PREREQUISITES
------------------------------

Prerequisite modules loaded:

requires:

    Module              Need Have     
    ------------------- ---- ---------
    Data::Dumper        2    2.128    
    Fatal               1    2.25     
    File::stat          1    1.02     
    IO::Dir             1    1.07     
    IO::File            1    1.14     
    Time::ParseDate     1    2013.1113
    UNIVERSAL           1    1.06     

build_requires:

    Module              Need Have     
    ------------------- ---- ---------
    ExtUtils::MakeMaker 0    6.98     

configure_requires:

    Module              Need Have     
    ------------------- ---- ---------
    ExtUtils::MakeMaker 0    6.98     


------------------------------
ENVIRONMENT AND OTHER CONTEXT
------------------------------

Environment variables:

    AUTOMATED_TESTING = 1
    COMSPEC = C:\WINDOWS\system32\cmd.exe
    NUMBER_OF_PROCESSORS = 1
    PATH = c:\Windows\system32;c:\Windows\System32\Wbem;C:\Git\cmd;C:\strawberry\c\bin;C:\strawberry\perl\site\bin;C:\strawberry\perl\bin
    PERL5LIB = 
    PERL5OPT = 
    PERL5_CPANPLUS_IS_RUNNING = 1904
    PERL5_CPAN_IS_RUNNING = 1904
    PERL5_CPAN_IS_RUNNING_IN_RECURSION = 1644,1904
    PERL_CR_SMOKER_CURRENT = Script-Toolbox-0.49
    PERL_CR_SMOKER_RUNONCE = 1
    PERL_EXTUTILS_AUTOINSTALL = --defaultdeps
    PERL_MM_USE_DEFAULT = 1
    PROCESSOR_IDENTIFIER = x86 Family 16 Model 5 Stepping 3, AuthenticAMD
    TEMP = C:\DOCUME~1\c\LOCALS~1\Temp
    TERM = dumb

Perl special variables (and OS-specific diagnostics, for MSWin32):

    $^X = C:\strawberry\perl\bin\perl.exe
    $UID/$EUID = 0 / 0
    $GID = 0
    $EGID = 0
    Win32::GetOSName = WinXP/.Net
    Win32::GetOSVersion = Service Pack 3, 5, 1, 2600, 2, 3, 0, 256, 1
    Win32::FsType = NTFS
    Win32::IsAdminUser = 1

Perl module toolchain versions installed:

    Module              Have    
    ------------------- --------
    CPAN                2.00    
    CPAN::Meta          2.141520
    Cwd                 3.47    
    ExtUtils::CBuilder  0.280216
    ExtUtils::Command   1.16    
    ExtUtils::Install   1.55    
    ExtUtils::MakeMaker 6.98    
    ExtUtils::Manifest  1.60    
    ExtUtils::ParseXS   3.24    
    File::Spec          3.47    
    JSON                2.90    
    JSON::PP            2.27203 
    Module::Build       0.4206  
    Module::Signature   0.66    
    Parse::CPAN::Meta   1.4414  
    Test::Harness       3.32    
    Test::More          1.001003
    YAML                0.98    
    YAML::Syck          1.27    
    version             0.9908  


--

Summary of my perl5 (revision 5 version 12 subversion 2) configuration:
   
  Platform:
    osname=MSWin32, osvers=5.1, archname=MSWin32-x86-multi-thread
    uname='Win32 strawberryperl 5.12.2.0 #1 Fri Nov  5 05:17:27 2010 i386'
    config_args='undef'
    hint=recommended, useposix=true, d_sigaction=undef
    useithreads=define, usemultiplicity=define
    useperlio=define, d_sfio=undef, uselargefiles=define, usesocks=undef
    use64bitint=undef, use64bitall=undef, uselongdouble=undef
    usemymalloc=n, bincompat5005=undef
  Compiler:
    cc='gcc', ccflags =' -s -O2 -DWIN32 -DHAVE_DES_FCRYPT  -DUSE_SITECUSTOMIZE -DPERL_IMPLICIT_CONTEXT -DPERL_IMPLICIT_SYS -fno-strict-aliasing -mms-bitfields -DPERL_MSVCRT_READFIX',
    optimize='-s -O2',
    cppflags='-DWIN32'
    ccversion='', gccversion='4.4.3', gccosandvers=''
    intsize=4, longsize=4, ptrsize=4, doublesize=8, byteorder=1234
    d_longlong=undef, longlongsize=8, d_longdbl=define, longdblsize=12
    ivtype='long', ivsize=4, nvtype='double', nvsize=8, Off_t='long long', lseeksize=8
    alignbytes=8, prototype=define
  Linker and Libraries:
    ld='g++', ldflags ='-s -L"C:\strawberry\perl\lib\CORE" -L"C:\strawberry\c\lib"'
    libpth=C:\strawberry\c\lib C:\strawberry\c\i686-w64-mingw32\lib
    libs=-lmoldname -lkernel32 -luser32 -lgdi32 -lwinspool -lcomdlg32 -ladvapi32 -lshell32 -lole32 -loleaut32 -lnetapi32 -luuid -lws2_32 -lmpr -lwinmm -lversion -lodbc32 -lodbccp32 -lcomctl32
    perllibs=-lmoldname -lkernel32 -luser32 -lgdi32 -lwinspool -lcomdlg32 -ladvapi32 -lshell32 -lole32 -loleaut32 -lnetapi32 -luuid -lws2_32 -lmpr -lwinmm -lversion -lodbc32 -lodbccp32 -lcomctl32
    libc=, so=dll, useshrplib=true, libperl=libperl512.a
    gnulibc_version=''
  Dynamic Linking:
    dlsrc=dl_win32.xs, dlext=dll, d_dlsymun=undef, ccdlflags=' '
    cccdlflags=' ', lddlflags='-mdll -s -L"C:\strawberry\perl\lib\CORE" -L"C:\strawberry\c\lib"'


Characteristics of this binary (from libperl): 
  Compile-time options: MULTIPLICITY PERL_DONT_CREATE_GVSV
                        PERL_IMPLICIT_CONTEXT PERL_IMPLICIT_SYS
                        PERL_MALLOC_WRAP PL_OP_SLAB_ALLOC USE_ITHREADS
                        USE_LARGE_FILES USE_PERLIO USE_PERL_ATOF
                        USE_SITECUSTOMIZE
  Built under MSWin32
  Compiled at Nov  5 2010 08:39:08
  %ENV:
    PERL5_CPANPLUS_IS_RUNNING="1904"
    PERL5_CPAN_IS_RUNNING="1904"
    PERL5_CPAN_IS_RUNNING_IN_RECURSION="1644,1904"
    PERL_CR_SMOKER_CURRENT="Script-Toolbox-0.49"
    PERL_CR_SMOKER_RUNONCE="1"
    PERL_EXTUTILS_AUTOINSTALL="--defaultdeps"
    PERL_MM_USE_DEFAULT="1"
  @INC:
    C:/strawberry/perl/site/lib
    C:/strawberry/perl/vendor/lib
    C:/strawberry/perl/lib
    .