Protocol-WebSocket-Fast v1.2.9 Perl 5 v5.34.0 i386-freebsd

Status
Fail
From
Chris Williams (BINGOS)
Dist
Protocol-WebSocket-Fast v1.2.9
Platform
Perl 5 v5.34.0 i386-freebsd
Date
2025-03-24 21:28:38
ID
f30e4d7e-08f6-11f0-98b0-b3c3213a625c
This distribution has been tested as part of the CPAN Testers
project, supporting the Perl programming language.  See
http://wiki.cpantesters.org/ for more information or email
questions to cpan-testers-discuss@perl.org


--

Dear SYBER,

This is a computer-generated error report created automatically by
CPANPLUS, version 0.9914. Testers personal comments may appear
at the end of this report.


Thank you for uploading your work to CPAN.  However, it appears that
there were some problems testing your distribution.

TEST RESULTS:

Below is the error stack from stage 'make test':

"/usr/home/cpan/pit/bare/perl-5.34.0/bin/perl" -MExtUtils::Command::MM -e 'cp_nonempty' -- Fast.bs blib/arch/auto/Protocol/WebSocket/Fast/Fast.bs 644
cd clib/build && cd ../cmake_props && make  panda-protocol-websocket
[100%] Built target panda-protocol-websocket
cd clib/build && make install > /dev/null 2>&1
/usr/local/bin/cmake -E copy_directory clib/build/cmake_prefix/include blib/arch/Protocol/WebSocket/Fast.x/i/
Skip blib/arch/Protocol/WebSocket/Fast/FrameIterator.pod (unchanged)
Skip blib/arch/Protocol/WebSocket/Fast/Error.pm (unchanged)
Skip blib/arch/Protocol/WebSocket/Fast/FrameSender.pm (unchanged)
Skip blib/arch/Protocol/WebSocket/Fast/ClientParser.pod (unchanged)
Skip blib/arch/Protocol/WebSocket/Fast/ServerParser.pod (unchanged)
Skip blib/arch/Protocol/WebSocket/Fast/ConnectResponse.pod (unchanged)
Skip blib/arch/Protocol/WebSocket/Fast/FrameIterator.pm (unchanged)
Skip blib/arch/Protocol/WebSocket/Fast/MessageIterator.pm (unchanged)
Skip blib/arch/Protocol/WebSocket/Fast/Message.pod (unchanged)
Skip blib/arch/Protocol/WebSocket/Fast/MessageIterator.pod (unchanged)
Skip blib/arch/Protocol/WebSocket/Fast/Frame.pm (unchanged)
Skip blib/arch/Protocol/WebSocket/Fast.pm (unchanged)
Skip blib/arch/Protocol/WebSocket/Fast.x/info (unchanged)
Skip blib/arch/Protocol/WebSocket/Fast/Error.pod (unchanged)
Skip blib/arch/Protocol/WebSocket/Fast/Parser.pm (unchanged)
Skip blib/arch/Protocol/WebSocket/Fast/ConnectRequest.pod (unchanged)
Skip blib/arch/Protocol/WebSocket/Fast/Frame.pod (unchanged)
Skip blib/arch/Protocol/WebSocket/Fast.pod (unchanged)
Skip blib/arch/Protocol/WebSocket/Fast/ClientParser.pm (unchanged)
Skip blib/arch/Protocol/WebSocket/Fast/ConnectRequest.pm (unchanged)
Skip blib/arch/Protocol/WebSocket/Fast/Message.pm (unchanged)
Skip blib/arch/Protocol/WebSocket/Fast/FrameSender.pod (unchanged)
Skip blib/arch/Protocol/WebSocket/Fast/ServerParser.pm (unchanged)
Skip blib/arch/Protocol/WebSocket/Fast.x/i/xs/protocol/websocket.h (unchanged)
Skip blib/arch/Protocol/WebSocket/Fast/Parser.pod (unchanged)
Skip blib/arch/Protocol/WebSocket/Fast/ConnectResponse.pm (unchanged)
Running Mkbootstrap for MyTest ()
chmod 644 "MyTest.bs"
"/usr/home/cpan/pit/bare/perl-5.34.0/bin/perl" -MExtUtils::Command::MM -e 'cp_nonempty' -- MyTest.bs blib/arch/auto/MyTest/MyTest.bs 644
cd clib/build && cd ../cmake_props && make  panda-protocol-websocket-tests
[ 38%] Built target panda-protocol-websocket
[ 41%] Building CXX object /usr/home/cpan/pit/bare/conf/perl-5.34.0/.cpanplus/5.34.0/build/Hh3tCYbu3u/Protocol-WebSocket-Fast-1.2.9/clib/build/CMakeFiles/panda-protocol-websocket-tests.dir/tests/bench.cc.o
[ 44%] Building CXX object /usr/home/cpan/pit/bare/conf/perl-5.34.0/.cpanplus/5.34.0/build/Hh3tCYbu3u/Protocol-WebSocket-Fast-1.2.9/clib/build/CMakeFiles/panda-protocol-websocket-tests.dir/tests/bugs.cc.o
[ 47%] Building CXX object /usr/home/cpan/pit/bare/conf/perl-5.34.0/.cpanplus/5.34.0/build/Hh3tCYbu3u/Protocol-WebSocket-Fast-1.2.9/clib/build/CMakeFiles/panda-protocol-websocket-tests.dir/tests/client/connect.cc.o
[ 50%] Building CXX object /usr/home/cpan/pit/bare/conf/perl-5.34.0/.cpanplus/5.34.0/build/Hh3tCYbu3u/Protocol-WebSocket-Fast-1.2.9/clib/build/CMakeFiles/panda-protocol-websocket-tests.dir/tests/client/connect_request.cc.o
[ 52%] Building CXX object /usr/home/cpan/pit/bare/conf/perl-5.34.0/.cpanplus/5.34.0/build/Hh3tCYbu3u/Protocol-WebSocket-Fast-1.2.9/clib/build/CMakeFiles/panda-protocol-websocket-tests.dir/tests/deflate/deflate-frames.cc.o
[ 55%] Building CXX object /usr/home/cpan/pit/bare/conf/perl-5.34.0/.cpanplus/5.34.0/build/Hh3tCYbu3u/Protocol-WebSocket-Fast-1.2.9/clib/build/CMakeFiles/panda-protocol-websocket-tests.dir/tests/deflate/deflate.cc.o
[ 58%] Building CXX object /usr/home/cpan/pit/bare/conf/perl-5.34.0/.cpanplus/5.34.0/build/Hh3tCYbu3u/Protocol-WebSocket-Fast-1.2.9/clib/build/CMakeFiles/panda-protocol-websocket-tests.dir/tests/deflate/inflate-frames.cc.o
[ 61%] Building CXX object /usr/home/cpan/pit/bare/conf/perl-5.34.0/.cpanplus/5.34.0/build/Hh3tCYbu3u/Protocol-WebSocket-Fast-1.2.9/clib/build/CMakeFiles/panda-protocol-websocket-tests.dir/tests/deflate/selection.cc.o
[ 63%] Building CXX object /usr/home/cpan/pit/bare/conf/perl-5.34.0/.cpanplus/5.34.0/build/Hh3tCYbu3u/Protocol-WebSocket-Fast-1.2.9/clib/build/CMakeFiles/panda-protocol-websocket-tests.dir/tests/main.cc.o
[ 66%] Building CXX object /usr/home/cpan/pit/bare/conf/perl-5.34.0/.cpanplus/5.34.0/build/Hh3tCYbu3u/Protocol-WebSocket-Fast-1.2.9/clib/build/CMakeFiles/panda-protocol-websocket-tests.dir/tests/parse/frames.cc.o
[ 69%] Building CXX object /usr/home/cpan/pit/bare/conf/perl-5.34.0/.cpanplus/5.34.0/build/Hh3tCYbu3u/Protocol-WebSocket-Fast-1.2.9/clib/build/CMakeFiles/panda-protocol-websocket-tests.dir/tests/parse/messages.cc.o
[ 72%] Building CXX object /usr/home/cpan/pit/bare/conf/perl-5.34.0/.cpanplus/5.34.0/build/Hh3tCYbu3u/Protocol-WebSocket-Fast-1.2.9/clib/build/CMakeFiles/panda-protocol-websocket-tests.dir/tests/parse/mixed-mode.cc.o
[ 75%] Building CXX object /usr/home/cpan/pit/bare/conf/perl-5.34.0/.cpanplus/5.34.0/build/Hh3tCYbu3u/Protocol-WebSocket-Fast-1.2.9/clib/build/CMakeFiles/panda-protocol-websocket-tests.dir/tests/parse/rsv.cc.o
[ 77%] Building CXX object /usr/home/cpan/pit/bare/conf/perl-5.34.0/.cpanplus/5.34.0/build/Hh3tCYbu3u/Protocol-WebSocket-Fast-1.2.9/clib/build/CMakeFiles/panda-protocol-websocket-tests.dir/tests/parse/utf8.cc.o
[ 80%] Building CXX object /usr/home/cpan/pit/bare/conf/perl-5.34.0/.cpanplus/5.34.0/build/Hh3tCYbu3u/Protocol-WebSocket-Fast-1.2.9/clib/build/CMakeFiles/panda-protocol-websocket-tests.dir/tests/send/control.cc.o
[ 83%] Building CXX object /usr/home/cpan/pit/bare/conf/perl-5.34.0/.cpanplus/5.34.0/build/Hh3tCYbu3u/Protocol-WebSocket-Fast-1.2.9/clib/build/CMakeFiles/panda-protocol-websocket-tests.dir/tests/send/frame.cc.o
[ 86%] Building CXX object /usr/home/cpan/pit/bare/conf/perl-5.34.0/.cpanplus/5.34.0/build/Hh3tCYbu3u/Protocol-WebSocket-Fast-1.2.9/clib/build/CMakeFiles/panda-protocol-websocket-tests.dir/tests/send/message.cc.o
[ 88%] Building CXX object /usr/home/cpan/pit/bare/conf/perl-5.34.0/.cpanplus/5.34.0/build/Hh3tCYbu3u/Protocol-WebSocket-Fast-1.2.9/clib/build/CMakeFiles/panda-protocol-websocket-tests.dir/tests/server/accept.cc.o
[ 91%] Building CXX object /usr/home/cpan/pit/bare/conf/perl-5.34.0/.cpanplus/5.34.0/build/Hh3tCYbu3u/Protocol-WebSocket-Fast-1.2.9/clib/build/CMakeFiles/panda-protocol-websocket-tests.dir/tests/server/accept_error.cc.o
[ 94%] Building CXX object /usr/home/cpan/pit/bare/conf/perl-5.34.0/.cpanplus/5.34.0/build/Hh3tCYbu3u/Protocol-WebSocket-Fast-1.2.9/clib/build/CMakeFiles/panda-protocol-websocket-tests.dir/tests/server/accept_response.cc.o
[ 97%] Building CXX object /usr/home/cpan/pit/bare/conf/perl-5.34.0/.cpanplus/5.34.0/build/Hh3tCYbu3u/Protocol-WebSocket-Fast-1.2.9/clib/build/CMakeFiles/panda-protocol-websocket-tests.dir/tests/test.cc.o
[100%] Linking CXX static library libpanda-protocol-websocket-tests.a
[100%] Built target panda-protocol-websocket-tests
rm -f blib/arch/auto/MyTest/MyTest.so
c++  -shared  -L/usr/local/lib -fstack-protector-strong   blib/arch/auto/Protocol/WebSocket/Fast/Fast.so -Wl,--whole-archive clib/build/libpanda-protocol-websocket-tests.a  -Wl,--no-whole-archive -lz -lcrypto -lexecinfo -lunwind /usr/lib/libssl.so /usr/lib/libcrypto.so -o blib/arch/auto/MyTest/MyTest.so        
chmod 755 blib/arch/auto/MyTest/MyTest.so
cd clib/build && make install > /dev/null 2>&1
Skip blib/arch/Protocol/WebSocket/Fast/ServerParser.pod (unchanged)
Skip blib/arch/Protocol/WebSocket/Fast/ClientParser.pm (unchanged)
Skip blib/arch/Protocol/WebSocket/Fast/Error.pod (unchanged)
Skip blib/arch/Protocol/WebSocket/Fast/ServerParser.pm (unchanged)
Skip blib/arch/Protocol/WebSocket/Fast/Frame.pm (unchanged)
Skip blib/arch/Protocol/WebSocket/Fast/Parser.pod (unchanged)
Skip blib/arch/Protocol/WebSocket/Fast/FrameIterator.pm (unchanged)
Skip blib/arch/Protocol/WebSocket/Fast/Message.pod (unchanged)
Skip blib/arch/Protocol/WebSocket/Fast.pod (unchanged)
Skip blib/arch/Protocol/WebSocket/Fast.pm (unchanged)
Skip blib/arch/Protocol/WebSocket/Fast/Parser.pm (unchanged)
Skip blib/arch/Protocol/WebSocket/Fast/ConnectRequest.pm (unchanged)
Skip blib/arch/Protocol/WebSocket/Fast/ConnectResponse.pm (unchanged)
Skip blib/arch/Protocol/WebSocket/Fast/MessageIterator.pod (unchanged)
Skip blib/arch/Protocol/WebSocket/Fast/MessageIterator.pm (unchanged)
Skip blib/arch/Protocol/WebSocket/Fast/Error.pm (unchanged)
Skip blib/arch/Protocol/WebSocket/Fast/FrameSender.pm (unchanged)
Skip blib/arch/Protocol/WebSocket/Fast/Message.pm (unchanged)
Skip blib/arch/Protocol/WebSocket/Fast/FrameSender.pod (unchanged)
Skip blib/arch/Protocol/WebSocket/Fast/Frame.pod (unchanged)
Skip blib/arch/Protocol/WebSocket/Fast/ConnectRequest.pod (unchanged)
Skip blib/arch/Protocol/WebSocket/Fast/FrameIterator.pod (unchanged)
Skip blib/arch/Protocol/WebSocket/Fast/ConnectResponse.pod (unchanged)
Skip blib/arch/Protocol/WebSocket/Fast/ClientParser.pod (unchanged)
Manifying 12 pod documents
PERL_DL_NONLAZY=1 "/usr/home/cpan/pit/bare/perl-5.34.0/bin/perl" "-MExtUtils::Command::MM" "-MTest::Harness" "-e" "undef *Test::Harness::Switches; test_harness(0, 'blib/lib', 'blib/arch')" t/*.t t/*/*.t
t/bug-SRV-1608.t ............ skipped: set TEST_FULL
t/bugs.t .................... skipped: set TEST_FULL
t/client/connect.t .......... ok
t/client/connect_request.t .. ok
t/deflate/deflate-frames.t .. ok
t/deflate/deflate.t ......... ok
t/deflate/inflate-frames.t .. ok
t/deflate/selection.t ....... ok
        # No tests run!

    #   Failed test 'No tests run for subtest "big frame"'
    #   at t/parse/frames.t line 21.
    # Looks like you failed 1 test of 5.

#   Failed test 'server parser'
#   at t/parse/frames.t line 123.
Invalid type 'Q' in pack at t/lib/MyTest.pm line 153.
# Tests were run but no plan was declared and done_testing() was not seen.
# Looks like your test exited with 255 just after 14.
t/parse/frames.t ............ 
Dubious, test returned 255 (wstat 65280, 0xff00)
Failed 1/14 subtests 
t/parse/messages.t .......... ok
t/parse/mixed-mode.t ........ ok
t/parse/rsv.t ............... ok
t/parse/utf8.t .............. ok
t/send/control.t ............ ok
t/send/frame-sender.t ....... ok
Invalid type 'Q' in pack at t/lib/MyTest.pm line 153.
# Tests were run but no plan was declared and done_testing() was not seen.
# Looks like your test exited with 255 just after 11.
t/send/frame.t .............. 
Dubious, test returned 255 (wstat 65280, 0xff00)
All 11 subtests passed 
t/send/message.t ............ ok
t/server/accept.t ........... ok
t/server/accept_error.t ..... ok
t/server/accept_response.t .. ok
t/zleaks.t .................. skipped: set WITH_LEAKS=1 to enable leaks test

Test Summary Report
-------------------
t/parse/frames.t          (Wstat: 65280 (exited 255) Tests: 14 Failed: 1)
  Failed test:  14
  Non-zero exit status: 255
  Parse errors: No plan found in TAP output
t/send/frame.t            (Wstat: 65280 (exited 255) Tests: 11 Failed: 0)
  Non-zero exit status: 255
  Parse errors: No plan found in TAP output
Files=21, Tests=234, 10 wallclock secs ( 0.24 usr  0.46 sys +  6.02 cusr  2.23 csys =  8.95 CPU)
Result: FAIL
Failed 2/21 test programs. 1/234 subtests failed.
*** Error code 255

Stop.
make: stopped in /usr/home/cpan/pit/bare/conf/perl-5.34.0/.cpanplus/5.34.0/build/Hh3tCYbu3u/Protocol-WebSocket-Fast-1.2.9


PREREQUISITES:

Here is a list of prerequisites you specified and versions we
managed to load:

	  Module Name                        Have     Want
	  Date                             5.2.14  v5.2.14
	  Encode::Base2N                    1.0.6   v1.0.6
	  Export::XS                        3.0.8   v3.0.8
	  Protocol::HTTP                    1.1.6   v1.1.6
	  Test::Catch                       2.0.2   v2.0.2
	  Test::Deep                        1.204        0
	  Test::Exception                    0.43        0
	  Test::Fatal                       0.017        0
	  Test::More                     1.302209        0
	  Test::Simple                   1.302209     0.96
	  Test::Warnings                    0.038        0
	  URI::XS                           2.1.7   v2.1.7
	  XLog                              1.1.3   v1.1.3
	  XS::Framework                     1.6.0   v1.6.0
	  XS::Install                       1.4.0   v1.4.0
	  XS::libboost::mini             1.87.0.0 v1.87.0.0
	  XS::libcatch                    3.7.1.1 v3.7.1.1
	  XS::libpanda                     1.5.11  v1.5.11
	  XS::librangeV3                   1.12.0  v1.12.0
	  next::XS                          1.0.8   v1.0.8

Perl module toolchain versions installed:
	Module Name                        Have
	CPANPLUS                         0.9914
	CPANPLUS::Dist::Build              0.90
	Cwd                                3.80
	ExtUtils::CBuilder             0.280236
	ExtUtils::Command                  7.70
	ExtUtils::Install                  2.22
	ExtUtils::MakeMaker                7.70
	ExtUtils::Manifest                 1.75
	ExtUtils::ParseXS                  3.51
	File::Spec                         3.80
	Module::Build                    0.4234
	Pod::Parser                           0
	Pod::Simple                        3.42
	Test2                          1.302209
	Test::Harness                      3.48
	Test::More                     1.302209
	version                          0.9930

******************************** NOTE ********************************
The comments above are created mechanically, possibly without manual
checking by the sender.  As there are many people performing automatic
tests on each upload to CPAN, it is likely that you will receive
identical messages about the same problem.

If you believe that the message is mistaken, please reply to the first
one with correction and/or additional informations, and do not take
it personally.  We appreciate your patience. :)
**********************************************************************

Additional comments:


This report was machine-generated by CPANPLUS::Dist::YACSmoke 1.08.
Powered by minismokebox version 0.68

CPANPLUS is prefering Build.PL

------------------------------
ENVIRONMENT AND OTHER CONTEXT
------------------------------

Environment variables:

    AUTOMATED_TESTING = 1
    NONINTERACTIVE_TESTING = 1
    PATH = /sbin:/bin:/usr/sbin:/usr/bin:/usr/local/sbin:/usr/local/bin:/home/cpan/bin
    PERL5LIB = /usr/home/cpan/pit/jail/1WzBZ8HVWg/lib/perl5:/usr/home/cpan/pit/bare/conf/perl-5.34.0/.cpanplus/5.34.0/build/Hh3tCYbu3u/Protocol-WebSocket-Fast-1.2.9/blib/lib:/usr/home/cpan/pit/bare/conf/perl-5.34.0/.cpanplus/5.34.0/build/Hh3tCYbu3u/Protocol-WebSocket-Fast-1.2.9/blib/arch
    PERL5_CPANPLUS_IS_RUNNING = 10584
    PERL5_CPANPLUS_IS_VERSION = 0.9914
    PERL5_MINISMOKEBOX = 0.68
    PERL5_YACSMOKE_BASE = /usr/home/cpan/pit/bare/conf/perl-5.34.0
    PERL_EXTUTILS_AUTOINSTALL = --defaultdeps
    PERL_LOCAL_LIB_ROOT = /usr/home/cpan/pit/jail/1WzBZ8HVWg
    PERL_MB_OPT = --install_base "/usr/home/cpan/pit/jail/1WzBZ8HVWg"
    PERL_MM_OPT = INSTALL_BASE=/usr/home/cpan/pit/jail/1WzBZ8HVWg
    PERL_MM_USE_DEFAULT = 1
    SHELL = /usr/local/bin/bash
    TERM = screen

Perl special variables (and OS-specific diagnostics, for MSWin32):

    Perl: $^X = /usr/home/cpan/pit/bare/perl-5.34.0/bin/perl
    UID:  $<  = 1002
    EUID: $>  = 1002
    GID:  $(  = 1002 1002
    EGID: $)  = 1002 1002


-------------------------------


--

Summary of my perl5 (revision 5 version 34 subversion 0) configuration:
   
  Platform:
    osname=freebsd
    osvers=12.4-release
    archname=i386-freebsd
    uname='freebsd ffyrc 12.4-release freebsd 12.4-release r372781 generic i386 '
    config_args='-des -Dprefix=/usr/home/cpan/pit/bare/perl-5.34.0'
    hint=recommended
    useposix=true
    d_sigaction=define
    useithreads=undef
    usemultiplicity=undef
    use64bitint=undef
    use64bitall=undef
    uselongdouble=undef
    usemymalloc=n
    default_inc_excludes_dot=define
  Compiler:
    cc='cc'
    ccflags ='-DHAS_FPSETMASK -DHAS_FLOATINGPOINT_H -fno-strict-aliasing -pipe -fstack-protector-strong -I/usr/local/include'
    optimize='-O2'
    cppflags='-DHAS_FPSETMASK -DHAS_FLOATINGPOINT_H -fno-strict-aliasing -pipe -fstack-protector-strong -I/usr/local/include'
    ccversion=''
    gccversion='FreeBSD Clang 13.0.0 (git@github.com:llvm/llvm-project.git llvmorg-13.0.0-0-gd7b669b3a303)'
    gccosandvers=''
    intsize=4
    longsize=4
    ptrsize=4
    doublesize=8
    byteorder=1234
    doublekind=3
    d_longlong=define
    longlongsize=8
    d_longdbl=define
    longdblsize=12
    longdblkind=3
    ivtype='long'
    ivsize=4
    nvtype='double'
    nvsize=8
    Off_t='off_t'
    lseeksize=8
    alignbytes=4
    prototype=define
  Linker and Libraries:
    ld='cc'
    ldflags ='-Wl,-E  -fstack-protector-strong -L/usr/local/lib'
    libpth=/usr/lib /usr/local/lib /usr/lib/clang/13.0.0/lib
    libs=-lpthread -lgdbm -ldl -lm -lcrypt -lutil -lc
    perllibs=-lpthread -ldl -lm -lcrypt -lutil -lc
    libc=
    so=so
    useshrplib=false
    libperl=libperl.a
    gnulibc_version=''
  Dynamic Linking:
    dlsrc=dl_dlopen.xs
    dlext=so
    d_dlsymun=undef
    ccdlflags=' '
    cccdlflags='-DPIC -fPIC'
    lddlflags='-shared  -L/usr/local/lib -fstack-protector-strong'


Characteristics of this binary (from libperl): 
  Compile-time options:
    HAS_TIMES
    PERLIO_LAYERS
    PERL_COPY_ON_WRITE
    PERL_DONT_CREATE_GVSV
    PERL_MALLOC_WRAP
    PERL_OP_PARENT
    PERL_PRESERVE_IVUV
    USE_LARGE_FILES
    USE_LOCALE
    USE_LOCALE_COLLATE
    USE_LOCALE_CTYPE
    USE_LOCALE_NUMERIC
    USE_LOCALE_TIME
    USE_PERLIO
    USE_PERL_ATOF
  Built under freebsd
  Compiled at Apr  3 2023 14:37:50
  %ENV:
    PERL5LIB="/usr/home/cpan/pit/jail/1WzBZ8HVWg/lib/perl5:/usr/home/cpan/pit/bare/conf/perl-5.34.0/.cpanplus/5.34.0/build/Hh3tCYbu3u/Protocol-WebSocket-Fast-1.2.9/blib/lib:/usr/home/cpan/pit/bare/conf/perl-5.34.0/.cpanplus/5.34.0/build/Hh3tCYbu3u/Protocol-WebSocket-Fast-1.2.9/blib/arch"
    PERL5_CPANPLUS_IS_RUNNING="10584"
    PERL5_CPANPLUS_IS_VERSION="0.9914"
    PERL5_MINISMOKEBOX="0.68"
    PERL5_YACSMOKE_BASE="/usr/home/cpan/pit/bare/conf/perl-5.34.0"
    PERL_EXTUTILS_AUTOINSTALL="--defaultdeps"
    PERL_LOCAL_LIB_ROOT="/usr/home/cpan/pit/jail/1WzBZ8HVWg"
    PERL_MB_OPT="--install_base "/usr/home/cpan/pit/jail/1WzBZ8HVWg""
    PERL_MM_OPT="INSTALL_BASE=/usr/home/cpan/pit/jail/1WzBZ8HVWg"
    PERL_MM_USE_DEFAULT="1"
  @INC:
    /usr/home/cpan/pit/jail/1WzBZ8HVWg/lib/perl5/5.34.0/i386-freebsd
    /usr/home/cpan/pit/jail/1WzBZ8HVWg/lib/perl5/5.34.0
    /usr/home/cpan/pit/jail/1WzBZ8HVWg/lib/perl5/i386-freebsd
    /usr/home/cpan/pit/jail/1WzBZ8HVWg/lib/perl5
    /usr/home/cpan/pit/bare/conf/perl-5.34.0/.cpanplus/5.34.0/build/Hh3tCYbu3u/Protocol-WebSocket-Fast-1.2.9/blib/lib
    /usr/home/cpan/pit/bare/conf/perl-5.34.0/.cpanplus/5.34.0/build/Hh3tCYbu3u/Protocol-WebSocket-Fast-1.2.9/blib/arch
    /usr/home/cpan/pit/bare/perl-5.34.0/lib/site_perl/5.34.0/i386-freebsd
    /usr/home/cpan/pit/bare/perl-5.34.0/lib/site_perl/5.34.0
    /usr/home/cpan/pit/bare/perl-5.34.0/lib/5.34.0/i386-freebsd
    /usr/home/cpan/pit/bare/perl-5.34.0/lib/5.34.0