Back
From: metabase:user:71be5d02-998b-11e0-8b31-df1bc225fde4
Subject: FAIL DBD-Redbase-0.22 v5.10.1 GNU/Linux
Date: 2011-08-01T11:54:02Z
This distribution has been tested as part of the CPAN Testers
project, supporting the Perl programming language. See
http://wiki.cpantesters.org/ for more information or email
questions to cpan-testers-discuss@perl.org
--
Dear Ilya Verlinsky,
This is a computer-generated report for DBD-Redbase-0.22
on perl 5.10.1, created by CPAN-Reporter-1.1902.
Thank you for uploading your work to CPAN. However, there was a problem
testing your distribution.
If you think this report is invalid, please consult the CPAN Testers Wiki
for suggestions on how to avoid getting FAIL reports for missing library
or binary dependencies, unsupported operating systems, and so on:
http://wiki.cpantesters.org/wiki/CPANAuthorNotes
Sections of this report:
* Tester comments
* Program output
* Prerequisites
* Environment and other context
------------------------------
TESTER COMMENTS
------------------------------
Additional comments from tester:
this report is from an automated smoke testing program
and was not reviewed by a human for accuracy
------------------------------
PROGRAM OUTPUT
------------------------------
Output from 'make test':
PERL_DL_NONLAZY=1 /usr/bin/perl "-MExtUtils::Command::MM" "-e" "test_harness(0, 'blib/lib', 'blib/arch')" t/*.t
t/00base.t ......... ok
t/10dsnlist.t ......
Dubious, test returned 10 (wstat 2560, 0xa00)
Failed 3/3 subtests
t/20createdrop.t ...
Dubious, test returned 10 (wstat 2560, 0xa00)
Failed 5/5 subtests
t/30insertfetch.t ..
Dubious, test returned 10 (wstat 2560, 0xa00)
Failed 17/17 subtests
t/40bindparam.t ....
Dubious, test returned 10 (wstat 2560, 0xa00)
Failed 28/28 subtests
t/40listfields.t ...
Dubious, test returned 10 (wstat 2560, 0xa00)
Failed 13/13 subtests
t/40nulls.t ........
Dubious, test returned 10 (wstat 2560, 0xa00)
Failed 11/11 subtests
t/40numrows.t ......
Dubious, test returned 10 (wstat 2560, 0xa00)
Failed 25/25 subtests
t/50chopblanks.t ...
Dubious, test returned 10 (wstat 2560, 0xa00)
Failed 35/35 subtests
t/50commit.t .......
Dubious, test returned 255 (wstat 65280, 0xff00)
Failed 30/30 subtests
Test Summary Report
-------------------
t/10dsnlist.t (Wstat: 2560 Tests: 1 Failed: 1)
Failed test: 1
Non-zero exit status: 10
Parse errors: Bad plan. You planned 3 tests but ran 1.
t/20createdrop.t (Wstat: 2560 Tests: 1 Failed: 1)
Failed test: 1
Non-zero exit status: 10
Parse errors: Bad plan. You planned 5 tests but ran 1.
t/30insertfetch.t (Wstat: 2560 Tests: 1 Failed: 1)
Failed test: 1
Non-zero exit status: 10
Parse errors: Bad plan. You planned 17 tests but ran 1.
t/40bindparam.t (Wstat: 2560 Tests: 1 Failed: 1)
Failed test: 1
Non-zero exit status: 10
Parse errors: Bad plan. You planned 28 tests but ran 1.
t/40listfields.t (Wstat: 2560 Tests: 1 Failed: 1)
Failed test: 1
Non-zero exit status: 10
Parse errors: Bad plan. You planned 13 tests but ran 1.
t/40nulls.t (Wstat: 2560 Tests: 1 Failed: 1)
Failed test: 1
Non-zero exit status: 10
Parse errors: Bad plan. You planned 11 tests but ran 1.
t/40numrows.t (Wstat: 2560 Tests: 1 Failed: 1)
Failed test: 1
Non-zero exit status: 10
Parse errors: Bad plan. You planned 25 tests but ran 1.
t/50chopblanks.t (Wstat: 2560 Tests: 1 Failed: 1)
Failed test: 1
Non-zero exit status: 10
Parse errors: Bad plan. You planned 35 tests but ran 1.
t/50commit.t (Wstat: 65280 Tests: 1 Failed: 1)
Failed test: 1
Non-zero exit status: 255
Parse errors: Bad plan. You planned 30 tests but ran 1.
Files=10, Tests=14, 2 wallclock secs ( 0.07 usr 0.02 sys + 1.60 cusr 0.21 csys = 1.90 CPU)
Result: FAIL
Failed 9/10 test programs. 9/14 subtests failed.
make: *** [test_dynamic] Fehler 255
------------------------------
PREREQUISITES
------------------------------
Prerequisite modules loaded:
requires:
Module Need Have
--------------------- ---- ----
Bit::Vector 6.1 7.1
Bit::Vector::Overload 6.1 7.1
Unicode::String 2.06 2.09
------------------------------
ENVIRONMENT AND OTHER CONTEXT
------------------------------
Environment variables:
AUTOMATED_TESTING = 1
LANG = de_DE.UTF-8
LANGUAGE = de_DE:en
PATH = /usr/local/sbin:/usr/local/bin:/usr/sbin:/usr/bin:/sbin:/bin:/usr/games
PERL5LIB = /home/mrg/.local/share/.cpan/build/Unicode-String-2.09-rAIB7d/blib/arch:/home/mrg/.local/share/.cpan/build/Unicode-String-2.09-rAIB7d/blib/lib:/home/mrg/software/zeno/perl-modules:/home/mrg/lib/perl5/site_map/5.10.1:/home/mrg
PERL5OPT =
PERL5_CPANPLUS_IS_RUNNING = 14037
PERL5_CPAN_IS_RUNNING = 14037
PERL5_CPAN_IS_RUNNING_IN_RECURSION = 2633,14037
PERLLIB = /home/mrg/software/zeno/perl-modules:/home/mrg/lib/perl5/site_map/5.10.1:/home/mrg
PERL_CR_SMOKER_CURRENT = DBD-Redbase-0.22
PERL_EXTUTILS_AUTOINSTALL = --defaultdeps
PERL_MM_USE_DEFAULT = 1
SHELL = /bin/bash
TERM = xterm
Perl special variables (and OS-specific diagnostics, for MSWin32):
$^X = /usr/bin/perl
$UID/$EUID = 1000 / 1000
$GID = 1000 4 20 24 25 29 30 44 46 104 112 113 115 117 119 1000
$EGID = 1000 4 20 24 25 29 30 44 46 104 112 113 115 117 119 1000
Perl module toolchain versions installed:
Module Have
------------------- -------
CPAN 1.9402
Cwd 3.30
ExtUtils::CBuilder 0.27
ExtUtils::Command 1.16
ExtUtils::Install 1.54
ExtUtils::MakeMaker 6.55_02
ExtUtils::Manifest 1.56
ExtUtils::ParseXS 2.2206
File::Spec 3.30
Module::Build 0.3800
Module::Signature n/a
Test::Harness 3.17
Test::More 0.92
YAML 0.71
YAML::Syck 1.17
version 0.88
--
Summary of my perl5 (revision 5 version 10 subversion 1) configuration:
Platform:
osname=linux, osvers=2.6.24-28-server, archname=i486-linux-gnu-thread-multi
uname='linux roseapple 2.6.24-28-server #1 smp wed aug 18 21:17:51 utc 2010 i686 gnulinux '
config_args='-Dusethreads -Duselargefiles -Dccflags=-DDEBIAN -Dcccdlflags=-fPIC -Darchname=i486-linux-gnu -Dprefix=/usr -Dprivlib=/usr/share/perl/5.10 -Darchlib=/usr/lib/perl/5.10 -Dvendorprefix=/usr -Dvendorlib=/usr/share/perl5 -Dvendorarch=/usr/lib/perl5 -Dsiteprefix=/usr/local -Dsitelib=/usr/local/share/perl/5.10.1 -Dsitearch=/usr/local/lib/perl/5.10.1 -Dman1dir=/usr/share/man/man1 -Dman3dir=/usr/share/man/man3 -Dsiteman1dir=/usr/local/man/man1 -Dsiteman3dir=/usr/local/man/man3 -Dman1ext=1 -Dman3ext=3perl -Dpager=/usr/bin/sensible-pager -Uafs -Ud_csh -Ud_ualarm -Uusesfio -Uusenm -DDEBUGGING=-g -Doptimize=-O2 -Duseshrplib -Dlibperl=libperl.so.5.10.1 -Dd_dosuid -des'
hint=recommended, useposix=true, d_sigaction=define
useithreads=define, usemultiplicity=define
useperlio=define, d_sfio=undef, uselargefiles=define, usesocks=undef
use64bitint=undef, use64bitall=undef, uselongdouble=undef
usemymalloc=n, bincompat5005=undef
Compiler:
cc='cc', ccflags ='-D_REENTRANT -D_GNU_SOURCE -DDEBIAN -fno-strict-aliasing -pipe -fstack-protector -I/usr/local/include -D_LARGEFILE_SOURCE -D_FILE_OFFSET_BITS=64',
optimize='-O2 -g',
cppflags='-D_REENTRANT -D_GNU_SOURCE -DDEBIAN -fno-strict-aliasing -pipe -fstack-protector -I/usr/local/include'
ccversion='', gccversion='4.4.3', gccosandvers=''
intsize=4, longsize=4, ptrsize=4, doublesize=8, byteorder=1234
d_longlong=define, longlongsize=8, d_longdbl=define, longdblsize=12
ivtype='long', ivsize=4, nvtype='double', nvsize=8, Off_t='off_t', lseeksize=8
alignbytes=4, prototype=define
Linker and Libraries:
ld='cc', ldflags =' -fstack-protector -L/usr/local/lib'
libpth=/usr/local/lib /lib /usr/lib /usr/lib64
libs=-lgdbm -lgdbm_compat -ldb -ldl -lm -lpthread -lc -lcrypt
perllibs=-ldl -lm -lpthread -lc -lcrypt
libc=/lib/libc-2.11.1.so, so=so, useshrplib=true, libperl=libperl.so.5.10.1
gnulibc_version='2.11.1'
Dynamic Linking:
dlsrc=dl_dlopen.xs, dlext=so, d_dlsymun=undef, ccdlflags='-Wl,-E'
cccdlflags='-fPIC', lddlflags='-shared -O2 -g -L/usr/local/lib -fstack-protector'
Characteristics of this binary (from libperl):
Compile-time options: MULTIPLICITY PERL_DONT_CREATE_GVSV
PERL_IMPLICIT_CONTEXT PERL_MALLOC_WRAP USE_ITHREADS
USE_LARGE_FILES USE_PERLIO USE_REENTRANT_API
Built under linux
Compiled at Apr 22 2011 18:17:20
%ENV:
PERL5LIB="/home/mrg/.local/share/.cpan/build/Unicode-String-2.09-rAIB7d/blib/arch:/home/mrg/.local/share/.cpan/build/Unicode-String-2.09-rAIB7d/blib/lib:/home/mrg/software/zeno/perl-modules:/home/mrg/lib/perl5/site_map/5.10.1:/home/mrg"
PERL5OPT=""
PERL5_CPANPLUS_IS_RUNNING="14037"
PERL5_CPAN_IS_RUNNING="14037"
PERL5_CPAN_IS_RUNNING_IN_RECURSION="2633,14037"
PERLLIB="/home/mrg/software/zeno/perl-modules:/home/mrg/lib/perl5/site_map/5.10.1:/home/mrg"
PERL_CR_SMOKER_CURRENT="DBD-Redbase-0.22"
PERL_EXTUTILS_AUTOINSTALL="--defaultdeps"
PERL_MM_USE_DEFAULT="1"
@INC:
/home/mrg/.local/share/.cpan/build/Unicode-String-2.09-rAIB7d/blib/arch
/home/mrg/.local/share/.cpan/build/Unicode-String-2.09-rAIB7d/blib/lib
/home/mrg/software/zeno/perl-modules
/home/mrg/lib/perl5/site_map/5.10.1
/home/mrg
/etc/perl
/usr/local/lib/perl/5.10.1
/usr/local/share/perl/5.10.1
/usr/lib/perl5
/usr/share/perl5
/usr/lib/perl/5.10
/usr/share/perl/5.10
/usr/local/lib/site_perl
.