Report for HTTP-Engine-0.03005

Back
From: metabase:user:320bfe00-2aae-11df-837a-5e0a49663a4f
Subject: FAIL HTTP-Engine-0.03005 v5.23.5 GNU/Linux
Date: 2016-01-22T04:52:33Z

This distribution has been tested as part of the CPAN Testers
project, supporting the Perl programming language.  See
http://wiki.cpantesters.org/ for more information or email
questions to cpan-testers-discuss@perl.org


--
Dear Kazuhiro Osawa,

This is a computer-generated report for HTTP-Engine-0.03005
on perl 5.23.5, created by CPAN-Reporter-1.2015.

Thank you for uploading your work to CPAN.  However, there was a problem
testing your distribution.

If you think this report is invalid, please consult the CPAN Testers Wiki
for suggestions on how to avoid getting FAIL reports for missing library
or binary dependencies, unsupported operating systems, and so on:

http://wiki.cpantesters.org/wiki/CPANAuthorNotes

Sections of this report:

    * Tester comments
    * Program output
    * Prerequisites
    * Environment and other context

------------------------------
TESTER COMMENTS
------------------------------

Additional comments from tester:

this report is from an automated smoke testing program
and was not reviewed by a human for accuracy

------------------------------
PROGRAM OUTPUT
------------------------------

Output from '/usr/bin/make test':

PERL_DL_NONLAZY=1 "/home/sand/src/perl/repoperls/installed-perls/perl/v5.23.5/13e0/bin/perl" "-MExtUtils::Command::MM" "-MTest::Harness" "-e" "undef *Test::Harness::Switches; test_harness(0, 'inc', 'blib/lib', 'blib/arch')" t/*.t t/*/*.t t/moose/*/*.t
Possible precedence issue with control flow operator at /tmp/loop_over_bdir-1973-kzQUVP/HTTP-Engine-0.03005-lBNc8h/inc/Test/Builder.pm line 917.
# Soft dependency versions:
#  Any::Moose 0.26
#  Mouse v2.4.5
#  MooseX::Types 0.46
t/00_compile.t .............................................. ok
Possible precedence issue with control flow operator at /tmp/loop_over_bdir-1973-kzQUVP/HTTP-Engine-0.03005-lBNc8h/inc/Test/Builder.pm line 917.
t/010_core/builder_options-upload_tmp.t ..................... ok
Possible precedence issue with control flow operator at /tmp/loop_over_bdir-1973-kzQUVP/HTTP-Engine-0.03005-lBNc8h/inc/Test/Builder.pm line 917.
t/010_core/interface-require.t .............................. ok
Possible precedence issue with control flow operator at /tmp/loop_over_bdir-1973-kzQUVP/HTTP-Engine-0.03005-lBNc8h/inc/Test/Builder.pm line 917.
t/010_core/interface.t ...................................... ok
Possible precedence issue with control flow operator at /tmp/loop_over_bdir-1973-kzQUVP/HTTP-Engine-0.03005-lBNc8h/inc/Test/Builder.pm line 917.
t/010_core/load_requestbuilder_cgi.t ........................ ok
Possible precedence issue with control flow operator at /tmp/loop_over_bdir-1973-kzQUVP/HTTP-Engine-0.03005-lBNc8h/inc/Test/Builder.pm line 917.
Redundant argument in sprintf at /tmp/loop_over_bdir-1973-kzQUVP/HTTP-Engine-0.03005-lBNc8h/inc/Spiffy.pm line 225.
Redundant argument in sprintf at /tmp/loop_over_bdir-1973-kzQUVP/HTTP-Engine-0.03005-lBNc8h/inc/Spiffy.pm line 225.
Redundant argument in sprintf at /tmp/loop_over_bdir-1973-kzQUVP/HTTP-Engine-0.03005-lBNc8h/inc/Spiffy.pm line 225.
Redundant argument in sprintf at /tmp/loop_over_bdir-1973-kzQUVP/HTTP-Engine-0.03005-lBNc8h/inc/Spiffy.pm line 225.
t/010_core/request-absolute_uri.t ........................... ok
Possible precedence issue with control flow operator at /tmp/loop_over_bdir-1973-kzQUVP/HTTP-Engine-0.03005-lBNc8h/inc/Test/Builder.pm line 917.
t/010_core/request-as_http_request.t ........................ ok
Possible precedence issue with control flow operator at /tmp/loop_over_bdir-1973-kzQUVP/HTTP-Engine-0.03005-lBNc8h/inc/Test/Builder.pm line 917.
t/010_core/request-as_string.t .............................. ok
Possible precedence issue with control flow operator at /tmp/loop_over_bdir-1973-kzQUVP/HTTP-Engine-0.03005-lBNc8h/inc/Test/Builder.pm line 917.
t/010_core/request-body.t ................................... ok
Possible precedence issue with control flow operator at /tmp/loop_over_bdir-1973-kzQUVP/HTTP-Engine-0.03005-lBNc8h/inc/Test/Builder.pm line 917.
t/010_core/request-content.t ................................ ok
Possible precedence issue with control flow operator at /tmp/loop_over_bdir-1973-kzQUVP/HTTP-Engine-0.03005-lBNc8h/inc/Test/Builder.pm line 917.
t/010_core/request-cookie.t ................................. ok
Possible precedence issue with control flow operator at /tmp/loop_over_bdir-1973-kzQUVP/HTTP-Engine-0.03005-lBNc8h/inc/Test/Builder.pm line 917.
t/010_core/request-hostname.t ............................... ok
Possible precedence issue with control flow operator at /tmp/loop_over_bdir-1973-kzQUVP/HTTP-Engine-0.03005-lBNc8h/inc/Test/Builder.pm line 917.
t/010_core/request-many_upload.t ............................ ok
Possible precedence issue with control flow operator at /tmp/loop_over_bdir-1973-kzQUVP/HTTP-Engine-0.03005-lBNc8h/inc/Test/Builder.pm line 917.
t/010_core/request-parameters.t ............................. ok
Possible precedence issue with control flow operator at /tmp/loop_over_bdir-1973-kzQUVP/HTTP-Engine-0.03005-lBNc8h/inc/Test/Builder.pm line 917.
Redundant argument in sprintf at /tmp/loop_over_bdir-1973-kzQUVP/HTTP-Engine-0.03005-lBNc8h/inc/Spiffy.pm line 225.
Redundant argument in sprintf at /tmp/loop_over_bdir-1973-kzQUVP/HTTP-Engine-0.03005-lBNc8h/inc/Spiffy.pm line 225.
Redundant argument in sprintf at /tmp/loop_over_bdir-1973-kzQUVP/HTTP-Engine-0.03005-lBNc8h/inc/Spiffy.pm line 225.
Redundant argument in sprintf at /tmp/loop_over_bdir-1973-kzQUVP/HTTP-Engine-0.03005-lBNc8h/inc/Spiffy.pm line 225.
t/010_core/request-params.t ................................. ok
Possible precedence issue with control flow operator at /tmp/loop_over_bdir-1973-kzQUVP/HTTP-Engine-0.03005-lBNc8h/inc/Test/Builder.pm line 917.
t/010_core/request-parse.t .................................. ok
Possible precedence issue with control flow operator at /tmp/loop_over_bdir-1973-kzQUVP/HTTP-Engine-0.03005-lBNc8h/inc/Test/Builder.pm line 917.
Redundant argument in sprintf at /tmp/loop_over_bdir-1973-kzQUVP/HTTP-Engine-0.03005-lBNc8h/inc/Spiffy.pm line 225.
Redundant argument in sprintf at /tmp/loop_over_bdir-1973-kzQUVP/HTTP-Engine-0.03005-lBNc8h/inc/Spiffy.pm line 225.
Redundant argument in sprintf at /tmp/loop_over_bdir-1973-kzQUVP/HTTP-Engine-0.03005-lBNc8h/inc/Spiffy.pm line 225.
Redundant argument in sprintf at /tmp/loop_over_bdir-1973-kzQUVP/HTTP-Engine-0.03005-lBNc8h/inc/Spiffy.pm line 225.
t/010_core/request-proxy_request.t .......................... ok
Possible precedence issue with control flow operator at /tmp/loop_over_bdir-1973-kzQUVP/HTTP-Engine-0.03005-lBNc8h/inc/Test/Builder.pm line 917.
t/010_core/request-raw_body.t ............................... ok
Possible precedence issue with control flow operator at /tmp/loop_over_bdir-1973-kzQUVP/HTTP-Engine-0.03005-lBNc8h/inc/Test/Builder.pm line 917.
t/010_core/request-readbody.t ............................... ok
Possible precedence issue with control flow operator at /tmp/loop_over_bdir-1973-kzQUVP/HTTP-Engine-0.03005-lBNc8h/inc/Test/Builder.pm line 917.
Redundant argument in sprintf at /tmp/loop_over_bdir-1973-kzQUVP/HTTP-Engine-0.03005-lBNc8h/inc/Spiffy.pm line 225.
Redundant argument in sprintf at /tmp/loop_over_bdir-1973-kzQUVP/HTTP-Engine-0.03005-lBNc8h/inc/Spiffy.pm line 225.
Redundant argument in sprintf at /tmp/loop_over_bdir-1973-kzQUVP/HTTP-Engine-0.03005-lBNc8h/inc/Spiffy.pm line 225.
Redundant argument in sprintf at /tmp/loop_over_bdir-1973-kzQUVP/HTTP-Engine-0.03005-lBNc8h/inc/Spiffy.pm line 225.
t/010_core/request-secure.t ................................. ok
Possible precedence issue with control flow operator at /tmp/loop_over_bdir-1973-kzQUVP/HTTP-Engine-0.03005-lBNc8h/inc/Test/Builder.pm line 917.
t/010_core/request-upload.t ................................. ok
Possible precedence issue with control flow operator at /tmp/loop_over_bdir-1973-kzQUVP/HTTP-Engine-0.03005-lBNc8h/inc/Test/Builder.pm line 917.
Redundant argument in sprintf at /tmp/loop_over_bdir-1973-kzQUVP/HTTP-Engine-0.03005-lBNc8h/inc/Spiffy.pm line 225.
Redundant argument in sprintf at /tmp/loop_over_bdir-1973-kzQUVP/HTTP-Engine-0.03005-lBNc8h/inc/Spiffy.pm line 225.
Redundant argument in sprintf at /tmp/loop_over_bdir-1973-kzQUVP/HTTP-Engine-0.03005-lBNc8h/inc/Spiffy.pm line 225.
Redundant argument in sprintf at /tmp/loop_over_bdir-1973-kzQUVP/HTTP-Engine-0.03005-lBNc8h/inc/Spiffy.pm line 225.
t/010_core/request-uri.t .................................... ok
Possible precedence issue with control flow operator at /tmp/loop_over_bdir-1973-kzQUVP/HTTP-Engine-0.03005-lBNc8h/inc/Test/Builder.pm line 917.
t/010_core/request.t ........................................ ok
Possible precedence issue with control flow operator at /tmp/loop_over_bdir-1973-kzQUVP/HTTP-Engine-0.03005-lBNc8h/inc/Test/Builder.pm line 917.
t/010_core/request_builder-noenv.t .......................... ok
Possible precedence issue with control flow operator at /tmp/loop_over_bdir-1973-kzQUVP/HTTP-Engine-0.03005-lBNc8h/inc/Test/Builder.pm line 917.
t/010_core/request_processor-catch_error.t .................. ok
Possible precedence issue with control flow operator at /tmp/loop_over_bdir-1973-kzQUVP/HTTP-Engine-0.03005-lBNc8h/inc/Test/Builder.pm line 917.
t/010_core/request_processor-make_request.t ................. ok
Possible precedence issue with control flow operator at /tmp/loop_over_bdir-1973-kzQUVP/HTTP-Engine-0.03005-lBNc8h/inc/Test/Builder.pm line 917.
t/010_core/request_processor-response_error.t ............... ok
Possible precedence issue with control flow operator at /tmp/loop_over_bdir-1973-kzQUVP/HTTP-Engine-0.03005-lBNc8h/inc/Test/Builder.pm line 917.
t/010_core/request_upload-basename.t ........................ ok
Possible precedence issue with control flow operator at /tmp/loop_over_bdir-1973-kzQUVP/HTTP-Engine-0.03005-lBNc8h/inc/Test/Builder.pm line 917.
t/010_core/response-code.t .................................. ok
Possible precedence issue with control flow operator at /tmp/loop_over_bdir-1973-kzQUVP/HTTP-Engine-0.03005-lBNc8h/inc/Test/Builder.pm line 917.
t/010_core/response-coerce_headers.t ........................ ok
Possible precedence issue with control flow operator at /tmp/loop_over_bdir-1973-kzQUVP/HTTP-Engine-0.03005-lBNc8h/inc/Test/Builder.pm line 917.
t/010_core/response-content_length.t ........................ ok
Possible precedence issue with control flow operator at /tmp/loop_over_bdir-1973-kzQUVP/HTTP-Engine-0.03005-lBNc8h/inc/Test/Builder.pm line 917.
t/010_core/response-cookie.t ................................ ok
Possible precedence issue with control flow operator at /tmp/loop_over_bdir-1973-kzQUVP/HTTP-Engine-0.03005-lBNc8h/inc/Test/Builder.pm line 917.
t/010_core/response-new.t ................................... ok
Possible precedence issue with control flow operator at /tmp/loop_over_bdir-1973-kzQUVP/HTTP-Engine-0.03005-lBNc8h/inc/Test/Builder.pm line 917.
t/010_core/response-set_http_response.t ..................... ok
Possible precedence issue with control flow operator at /tmp/loop_over_bdir-1973-kzQUVP/HTTP-Engine-0.03005-lBNc8h/inc/Test/Builder.pm line 917.
Redundant argument in sprintf at /tmp/loop_over_bdir-1973-kzQUVP/HTTP-Engine-0.03005-lBNc8h/inc/Spiffy.pm line 225.
Redundant argument in sprintf at /tmp/loop_over_bdir-1973-kzQUVP/HTTP-Engine-0.03005-lBNc8h/inc/Spiffy.pm line 225.
Redundant argument in sprintf at /tmp/loop_over_bdir-1973-kzQUVP/HTTP-Engine-0.03005-lBNc8h/inc/Spiffy.pm line 225.
Redundant argument in sprintf at /tmp/loop_over_bdir-1973-kzQUVP/HTTP-Engine-0.03005-lBNc8h/inc/Spiffy.pm line 225.
t/010_core/response-status.t ................................ ok
Possible precedence issue with control flow operator at /tmp/loop_over_bdir-1973-kzQUVP/HTTP-Engine-0.03005-lBNc8h/inc/Test/Builder.pm line 917.
t/010_core/response.t ....................................... ok
Possible precedence issue with control flow operator at /tmp/loop_over_bdir-1973-kzQUVP/HTTP-Engine-0.03005-lBNc8h/inc/Test/Builder.pm line 917.
Redundant argument in sprintf at /tmp/loop_over_bdir-1973-kzQUVP/HTTP-Engine-0.03005-lBNc8h/inc/Spiffy.pm line 225.
Redundant argument in sprintf at /tmp/loop_over_bdir-1973-kzQUVP/HTTP-Engine-0.03005-lBNc8h/inc/Spiffy.pm line 225.
Redundant argument in sprintf at /tmp/loop_over_bdir-1973-kzQUVP/HTTP-Engine-0.03005-lBNc8h/inc/Spiffy.pm line 225.
Redundant argument in sprintf at /tmp/loop_over_bdir-1973-kzQUVP/HTTP-Engine-0.03005-lBNc8h/inc/Spiffy.pm line 225.
t/010_core/response_finalizer.t ............................. ok
Possible precedence issue with control flow operator at /tmp/loop_over_bdir-1973-kzQUVP/HTTP-Engine-0.03005-lBNc8h/inc/Test/Builder.pm line 917.
t/010_core/response_writer.t ................................ ok
Possible precedence issue with control flow operator at /tmp/loop_over_bdir-1973-kzQUVP/HTTP-Engine-0.03005-lBNc8h/inc/Test/Builder.pm line 917.
t/010_core/responsewriter-broken_io.t ....................... ok
Possible precedence issue with control flow operator at /tmp/loop_over_bdir-1973-kzQUVP/HTTP-Engine-0.03005-lBNc8h/inc/Test/Builder.pm line 917.
Redundant argument in sprintf at /tmp/loop_over_bdir-1973-kzQUVP/HTTP-Engine-0.03005-lBNc8h/inc/Spiffy.pm line 225.
Redundant argument in sprintf at /tmp/loop_over_bdir-1973-kzQUVP/HTTP-Engine-0.03005-lBNc8h/inc/Spiffy.pm line 225.
Redundant argument in sprintf at /tmp/loop_over_bdir-1973-kzQUVP/HTTP-Engine-0.03005-lBNc8h/inc/Spiffy.pm line 225.
Redundant argument in sprintf at /tmp/loop_over_bdir-1973-kzQUVP/HTTP-Engine-0.03005-lBNc8h/inc/Spiffy.pm line 225.
t/010_core/responsewriter-with_io.t ......................... ok
Possible precedence issue with control flow operator at /tmp/loop_over_bdir-1973-kzQUVP/HTTP-Engine-0.03005-lBNc8h/inc/Test/Builder.pm line 917.
Redundant argument in sprintf at /tmp/loop_over_bdir-1973-kzQUVP/HTTP-Engine-0.03005-lBNc8h/inc/Spiffy.pm line 225.
Redundant argument in sprintf at /tmp/loop_over_bdir-1973-kzQUVP/HTTP-Engine-0.03005-lBNc8h/inc/Spiffy.pm line 225.
Redundant argument in sprintf at /tmp/loop_over_bdir-1973-kzQUVP/HTTP-Engine-0.03005-lBNc8h/inc/Spiffy.pm line 225.
Redundant argument in sprintf at /tmp/loop_over_bdir-1973-kzQUVP/HTTP-Engine-0.03005-lBNc8h/inc/Spiffy.pm line 225.
t/020_interface/cgi.t ....................................... ok
Possible precedence issue with control flow operator at /tmp/loop_over_bdir-1973-kzQUVP/HTTP-Engine-0.03005-lBNc8h/inc/Test/Builder.pm line 917.
t/020_interface/lighty-fcgi.t ............................... skipped: set TEST_LIGHTTPD to enable this test
Possible precedence issue with control flow operator at /tmp/loop_over_bdir-1973-kzQUVP/HTTP-Engine-0.03005-lBNc8h/inc/Test/Builder.pm line 917.
t/020_interface/modperl_wildcard_hostname.t ................. skipped: this test requires mod_perl 2
Possible precedence issue with control flow operator at /tmp/loop_over_bdir-1973-kzQUVP/HTTP-Engine-0.03005-lBNc8h/inc/Test/Builder.pm line 917.
=== 3280 === !!! Kernel has 1 child process(es).
=== 3280 === !!! At least one child process is still running when POE::Kernel->run() is ready to return.
=== 3280 === !!! Be sure to use sig_child() to reap child processes.
=== 3280 === !!! In extreme cases, failure to reap child processes has
=== 3280 === !!! resulted in a slow 'fork bomb' that has halted systems.
t/020_interface/poe-proxy.t ................................. ok
Possible precedence issue with control flow operator at /tmp/loop_over_bdir-1973-kzQUVP/HTTP-Engine-0.03005-lBNc8h/inc/Test/Builder.pm line 917.
=== 3298 === !!! Kernel has 1 child process(es).
=== 3298 === !!! At least one child process is still running when POE::Kernel->run() is ready to return.
=== 3298 === !!! Be sure to use sig_child() to reap child processes.
=== 3298 === !!! In extreme cases, failure to reap child processes has
=== 3298 === !!! resulted in a slow 'fork bomb' that has halted systems.
t/020_interface/poe-uri.t ................................... ok
Possible precedence issue with control flow operator at /tmp/loop_over_bdir-1973-kzQUVP/HTTP-Engine-0.03005-lBNc8h/inc/Test/Builder.pm line 917.
=== 3309 === !!! Kernel has 1 child process(es).
=== 3309 === !!! At least one child process is still running when POE::Kernel->run() is ready to return.
=== 3309 === !!! Be sure to use sig_child() to reap child processes.
=== 3309 === !!! In extreme cases, failure to reap child processes has
=== 3309 === !!! resulted in a slow 'fork bomb' that has halted systems.
t/020_interface/poe.t ....................................... ok
Possible precedence issue with control flow operator at /tmp/loop_over_bdir-1973-kzQUVP/HTTP-Engine-0.03005-lBNc8h/inc/Test/Builder.pm line 917.
t/020_interface/psgi-with_plack.t ........................... ok
Possible precedence issue with control flow operator at /tmp/loop_over_bdir-1973-kzQUVP/HTTP-Engine-0.03005-lBNc8h/inc/Test/Builder.pm line 917.
t/020_interface/psgi.t ...................................... ok
Possible precedence issue with control flow operator at /tmp/loop_over_bdir-1973-kzQUVP/HTTP-Engine-0.03005-lBNc8h/inc/Test/Builder.pm line 917.
t/020_interface/server_simple-net_server_configure.t ........ ok
Possible precedence issue with control flow operator at /tmp/loop_over_bdir-1973-kzQUVP/HTTP-Engine-0.03005-lBNc8h/inc/Test/Builder.pm line 917.
t/020_interface/server_simple-not-send-header-bug.t ......... ok
Possible precedence issue with control flow operator at /tmp/loop_over_bdir-1973-kzQUVP/HTTP-Engine-0.03005-lBNc8h/inc/Test/Builder.pm line 917.
t/020_interface/server_simple-print_banner.t ................ ok
Possible precedence issue with control flow operator at /tmp/loop_over_bdir-1973-kzQUVP/HTTP-Engine-0.03005-lBNc8h/inc/Test/Builder.pm line 917.
t/020_interface/server_simple.t ............................. ok
Possible precedence issue with control flow operator at /tmp/loop_over_bdir-1973-kzQUVP/HTTP-Engine-0.03005-lBNc8h/inc/Test/Builder.pm line 917.
t/020_interface/standalone-keep_alive.t ..................... skipped: Interface::Standalone will be removed
Possible precedence issue with control flow operator at /tmp/loop_over_bdir-1973-kzQUVP/HTTP-Engine-0.03005-lBNc8h/inc/Test/Builder.pm line 917.
t/020_interface/standalone-restart.t ........................ skipped: Interface::Standalone will be removed
Possible precedence issue with control flow operator at /tmp/loop_over_bdir-1973-kzQUVP/HTTP-Engine-0.03005-lBNc8h/inc/Test/Builder.pm line 917.
t/020_interface/streaming_response.t ........................ ok
Possible precedence issue with control flow operator at /tmp/loop_over_bdir-1973-kzQUVP/HTTP-Engine-0.03005-lBNc8h/inc/Test/Builder.pm line 917.
t/020_interface/test-validation.t ........................... ok
Possible precedence issue with control flow operator at /tmp/loop_over_bdir-1973-kzQUVP/HTTP-Engine-0.03005-lBNc8h/inc/Test/Builder.pm line 917.
t/020_interface/test-warn_at_utf8.t ......................... ok
Possible precedence issue with control flow operator at /tmp/loop_over_bdir-1973-kzQUVP/HTTP-Engine-0.03005-lBNc8h/inc/Test/Builder.pm line 917.
Redundant argument in sprintf at /tmp/loop_over_bdir-1973-kzQUVP/HTTP-Engine-0.03005-lBNc8h/inc/Spiffy.pm line 225.
Redundant argument in sprintf at /tmp/loop_over_bdir-1973-kzQUVP/HTTP-Engine-0.03005-lBNc8h/inc/Spiffy.pm line 225.
Redundant argument in sprintf at /tmp/loop_over_bdir-1973-kzQUVP/HTTP-Engine-0.03005-lBNc8h/inc/Spiffy.pm line 225.
Redundant argument in sprintf at /tmp/loop_over_bdir-1973-kzQUVP/HTTP-Engine-0.03005-lBNc8h/inc/Spiffy.pm line 225.
t/020_interface/test.t ...................................... ok
Possible precedence issue with control flow operator at /tmp/loop_over_bdir-1973-kzQUVP/HTTP-Engine-0.03005-lBNc8h/inc/Test/Builder.pm line 917.
t/020_interface/test_response-with_io.t ..................... ok
Possible precedence issue with control flow operator at /tmp/loop_over_bdir-1973-kzQUVP/HTTP-Engine-0.03005-lBNc8h/inc/Test/Builder.pm line 917.
Redundant argument in sprintf at /tmp/loop_over_bdir-1973-kzQUVP/HTTP-Engine-0.03005-lBNc8h/inc/Spiffy.pm line 225.
Redundant argument in sprintf at /tmp/loop_over_bdir-1973-kzQUVP/HTTP-Engine-0.03005-lBNc8h/inc/Spiffy.pm line 225.
Redundant argument in sprintf at /tmp/loop_over_bdir-1973-kzQUVP/HTTP-Engine-0.03005-lBNc8h/inc/Spiffy.pm line 225.
Redundant argument in sprintf at /tmp/loop_over_bdir-1973-kzQUVP/HTTP-Engine-0.03005-lBNc8h/inc/Spiffy.pm line 225.
t/020_interface/test_upload.t ............................... ok
Possible precedence issue with control flow operator at /tmp/loop_over_bdir-1973-kzQUVP/HTTP-Engine-0.03005-lBNc8h/inc/Test/Builder.pm line 917.
t/030_daemonize/connection_info.t ........................... ok
Possible precedence issue with control flow operator at /tmp/loop_over_bdir-1973-kzQUVP/HTTP-Engine-0.03005-lBNc8h/inc/Test/Builder.pm line 917.
t/030_daemonize/headers.t ................................... ok
Possible precedence issue with control flow operator at /tmp/loop_over_bdir-1973-kzQUVP/HTTP-Engine-0.03005-lBNc8h/inc/Test/Builder.pm line 917.

#   Failed test at /tmp/loop_over_bdir-1973-kzQUVP/HTTP-Engine-0.03005-lBNc8h/inc/Test/More.pm line 376.
#          got: '/foo|'
#     expected: '/|http://example.com/foo?http=1'

#   Failed test at /tmp/loop_over_bdir-1973-kzQUVP/HTTP-Engine-0.03005-lBNc8h/inc/Test/More.pm line 376.
#          got: '/foo|'
#     expected: '/|http://example.com:8080/foo?http=1'

#   Failed test at /tmp/loop_over_bdir-1973-kzQUVP/HTTP-Engine-0.03005-lBNc8h/inc/Test/More.pm line 376.
#          got: '/foo|'
#     expected: '/|http://example.com/foo?http=1'

#   Failed test at /tmp/loop_over_bdir-1973-kzQUVP/HTTP-Engine-0.03005-lBNc8h/inc/Test/More.pm line 376.
#          got: '/foo|'
#     expected: '/|http://example.com:8080/foo?http=1'
# Looks like you failed 4 tests of 16.
t/030_daemonize/proxy_path.t ................................ 
Dubious, test returned 4 (wstat 1024, 0x400)
Failed 4/16 subtests 
Possible precedence issue with control flow operator at /tmp/loop_over_bdir-1973-kzQUVP/HTTP-Engine-0.03005-lBNc8h/inc/Test/Builder.pm line 917.
t/030_daemonize/raw_body.t .................................. ok
Possible precedence issue with control flow operator at /tmp/loop_over_bdir-1973-kzQUVP/HTTP-Engine-0.03005-lBNc8h/inc/Test/Builder.pm line 917.
t/030_daemonize/request_independence.t ...................... ok
Possible precedence issue with control flow operator at /tmp/loop_over_bdir-1973-kzQUVP/HTTP-Engine-0.03005-lBNc8h/inc/Test/Builder.pm line 917.
t/030_daemonize/responsewriter_io.t ......................... ok
Possible precedence issue with control flow operator at /tmp/loop_over_bdir-1973-kzQUVP/HTTP-Engine-0.03005-lBNc8h/inc/Test/Builder.pm line 917.
t/030_daemonize/upload-methods.t ............................ ok
Possible precedence issue with control flow operator at /tmp/loop_over_bdir-1973-kzQUVP/HTTP-Engine-0.03005-lBNc8h/inc/Test/Builder.pm line 917.
t/030_daemonize/upload.t .................................... ok
Possible precedence issue with control flow operator at /tmp/loop_over_bdir-1973-kzQUVP/HTTP-Engine-0.03005-lBNc8h/inc/Test/Builder.pm line 917.
t/030_daemonize/uri.t ....................................... ok
Possible precedence issue with control flow operator at /tmp/loop_over_bdir-1973-kzQUVP/HTTP-Engine-0.03005-lBNc8h/inc/Test/Builder.pm line 917.
t/030_daemonize/utf8flagged-uri.t ........................... ok
Possible precedence issue with control flow operator at /tmp/loop_over_bdir-1973-kzQUVP/HTTP-Engine-0.03005-lBNc8h/inc/Test/Builder.pm line 917.
Redundant argument in sprintf at /tmp/loop_over_bdir-1973-kzQUVP/HTTP-Engine-0.03005-lBNc8h/inc/Spiffy.pm line 225.
Redundant argument in sprintf at /tmp/loop_over_bdir-1973-kzQUVP/HTTP-Engine-0.03005-lBNc8h/inc/Spiffy.pm line 225.
Redundant argument in sprintf at /tmp/loop_over_bdir-1973-kzQUVP/HTTP-Engine-0.03005-lBNc8h/inc/Spiffy.pm line 225.
Redundant argument in sprintf at /tmp/loop_over_bdir-1973-kzQUVP/HTTP-Engine-0.03005-lBNc8h/inc/Spiffy.pm line 225.
t/040_minimal/001_simple.t .................................. ok
Possible precedence issue with control flow operator at /tmp/loop_over_bdir-1973-kzQUVP/HTTP-Engine-0.03005-lBNc8h/inc/Test/Builder.pm line 917.
t/050_tests/request.t ....................................... ok
Possible precedence issue with control flow operator at /tmp/loop_over_bdir-1973-kzQUVP/HTTP-Engine-0.03005-lBNc8h/inc/Test/Builder.pm line 917.
# Soft dependency versions:
#  Any::Moose 0.26
#  Mouse v2.4.5
#  MooseX::Types 0.46
t/moose/00_compile.t ........................................ ok
Possible precedence issue with control flow operator at /tmp/loop_over_bdir-1973-kzQUVP/HTTP-Engine-0.03005-lBNc8h/inc/Test/Builder.pm line 917.
t/moose/010_core/builder_options-upload_tmp.t ............... ok
Possible precedence issue with control flow operator at /tmp/loop_over_bdir-1973-kzQUVP/HTTP-Engine-0.03005-lBNc8h/inc/Test/Builder.pm line 917.
t/moose/010_core/interface-require.t ........................ ok
Possible precedence issue with control flow operator at /tmp/loop_over_bdir-1973-kzQUVP/HTTP-Engine-0.03005-lBNc8h/inc/Test/Builder.pm line 917.
t/moose/010_core/interface.t ................................ ok
Possible precedence issue with control flow operator at /tmp/loop_over_bdir-1973-kzQUVP/HTTP-Engine-0.03005-lBNc8h/inc/Test/Builder.pm line 917.
t/moose/010_core/load_requestbuilder_cgi.t .................. ok
Possible precedence issue with control flow operator at /tmp/loop_over_bdir-1973-kzQUVP/HTTP-Engine-0.03005-lBNc8h/inc/Test/Builder.pm line 917.
Redundant argument in sprintf at /tmp/loop_over_bdir-1973-kzQUVP/HTTP-Engine-0.03005-lBNc8h/inc/Spiffy.pm line 225.
Redundant argument in sprintf at /tmp/loop_over_bdir-1973-kzQUVP/HTTP-Engine-0.03005-lBNc8h/inc/Spiffy.pm line 225.
Redundant argument in sprintf at /tmp/loop_over_bdir-1973-kzQUVP/HTTP-Engine-0.03005-lBNc8h/inc/Spiffy.pm line 225.
Redundant argument in sprintf at /tmp/loop_over_bdir-1973-kzQUVP/HTTP-Engine-0.03005-lBNc8h/inc/Spiffy.pm line 225.
t/moose/010_core/request-absolute_uri.t ..................... ok
Possible precedence issue with control flow operator at /tmp/loop_over_bdir-1973-kzQUVP/HTTP-Engine-0.03005-lBNc8h/inc/Test/Builder.pm line 917.
t/moose/010_core/request-as_http_request.t .................. ok
Possible precedence issue with control flow operator at /tmp/loop_over_bdir-1973-kzQUVP/HTTP-Engine-0.03005-lBNc8h/inc/Test/Builder.pm line 917.
t/moose/010_core/request-as_string.t ........................ ok
Possible precedence issue with control flow operator at /tmp/loop_over_bdir-1973-kzQUVP/HTTP-Engine-0.03005-lBNc8h/inc/Test/Builder.pm line 917.
Class::MOP::load_class is deprecated at /home/sand/src/perl/repoperls/installed-perls/perl/v5.23.5/13e0/lib/site_perl/5.23.5/x86_64-linux-thread-multi/Class/MOP.pm line 69.
	Class::MOP::load_class("HTTP::Engine::Interface::Test") called at /tmp/loop_over_bdir-1973-kzQUVP/HTTP-Engine-0.03005-lBNc8h/blib/lib/HTTP/Engine/Types/Core.pm line 26
	HTTP::Engine::Types::Core::__ANON__(HASH(0x1f9db60)) called at /home/sand/src/perl/repoperls/installed-perls/perl/v5.23.5/13e0/lib/site_perl/5.23.5/x86_64-linux-thread-multi/Moose/Meta/TypeCoercion.pm line 65
	Moose::Meta::TypeCoercion::__ANON__(HASH(0x1f9db60)) called at constructor HTTP::Engine::new (defined at /tmp/loop_over_bdir-1973-kzQUVP/HTTP-Engine-0.03005-lBNc8h/blib/lib/HTTP/Engine.pm line 17) line 32
	HTTP::Engine::new("HTTP::Engine", "interface", HASH(0x1f9db60)) called at t/Utils.pm line 141
	t::Utils::run_engine(CODE(0x3d68a60), HTTP::Request=HASH(0x1f9dba8)) called at t/moose/010_core/request-body.t line 27
t/moose/010_core/request-body.t ............................. ok
Possible precedence issue with control flow operator at /tmp/loop_over_bdir-1973-kzQUVP/HTTP-Engine-0.03005-lBNc8h/inc/Test/Builder.pm line 917.
t/moose/010_core/request-content.t .......................... ok
Possible precedence issue with control flow operator at /tmp/loop_over_bdir-1973-kzQUVP/HTTP-Engine-0.03005-lBNc8h/inc/Test/Builder.pm line 917.
Class::MOP::load_class is deprecated at /home/sand/src/perl/repoperls/installed-perls/perl/v5.23.5/13e0/lib/site_perl/5.23.5/x86_64-linux-thread-multi/Class/MOP.pm line 69.
	Class::MOP::load_class("HTTP::Engine::Interface::Test") called at /tmp/loop_over_bdir-1973-kzQUVP/HTTP-Engine-0.03005-lBNc8h/blib/lib/HTTP/Engine/Types/Core.pm line 26
	HTTP::Engine::Types::Core::__ANON__(HASH(0x37260a8)) called at /home/sand/src/perl/repoperls/installed-perls/perl/v5.23.5/13e0/lib/site_perl/5.23.5/x86_64-linux-thread-multi/Moose/Meta/TypeCoercion.pm line 65
	Moose::Meta::TypeCoercion::__ANON__(HASH(0x37260a8)) called at constructor HTTP::Engine::new (defined at /tmp/loop_over_bdir-1973-kzQUVP/HTTP-Engine-0.03005-lBNc8h/blib/lib/HTTP/Engine.pm line 17) line 32
	HTTP::Engine::new("HTTP::Engine", "interface", HASH(0x37260a8)) called at t/Utils.pm line 141
	t::Utils::run_engine(CODE(0x3719ea8), HTTP::Request=HASH(0x1952b90)) called at t/moose/010_core/request-cookie.t line 32
t/moose/010_core/request-cookie.t ........................... ok
Possible precedence issue with control flow operator at /tmp/loop_over_bdir-1973-kzQUVP/HTTP-Engine-0.03005-lBNc8h/inc/Test/Builder.pm line 917.
t/moose/010_core/request-hostname.t ......................... ok
Possible precedence issue with control flow operator at /tmp/loop_over_bdir-1973-kzQUVP/HTTP-Engine-0.03005-lBNc8h/inc/Test/Builder.pm line 917.
Class::MOP::load_class is deprecated at /home/sand/src/perl/repoperls/installed-perls/perl/v5.23.5/13e0/lib/site_perl/5.23.5/x86_64-linux-thread-multi/Class/MOP.pm line 69.
	Class::MOP::load_class("HTTP::Engine::Interface::Test") called at /tmp/loop_over_bdir-1973-kzQUVP/HTTP-Engine-0.03005-lBNc8h/blib/lib/HTTP/Engine/Types/Core.pm line 26
	HTTP::Engine::Types::Core::__ANON__(HASH(0x26dfb48)) called at /home/sand/src/perl/repoperls/installed-perls/perl/v5.23.5/13e0/lib/site_perl/5.23.5/x86_64-linux-thread-multi/Moose/Meta/TypeCoercion.pm line 65
	Moose::Meta::TypeCoercion::__ANON__(HASH(0x26dfb48)) called at constructor HTTP::Engine::new (defined at /tmp/loop_over_bdir-1973-kzQUVP/HTTP-Engine-0.03005-lBNc8h/blib/lib/HTTP/Engine.pm line 17) line 32
	HTTP::Engine::new("HTTP::Engine", "interface", HASH(0x26dfb48)) called at t/Utils.pm line 141
	t::Utils::run_engine(CODE(0x44c55f8), HTTP::Request=HASH(0x26dfc80)) called at t/moose/010_core/request-many_upload.t line 91
t/moose/010_core/request-many_upload.t ...................... ok
Possible precedence issue with control flow operator at /tmp/loop_over_bdir-1973-kzQUVP/HTTP-Engine-0.03005-lBNc8h/inc/Test/Builder.pm line 917.
t/moose/010_core/request-parameters.t ....................... ok
Possible precedence issue with control flow operator at /tmp/loop_over_bdir-1973-kzQUVP/HTTP-Engine-0.03005-lBNc8h/inc/Test/Builder.pm line 917.
Redundant argument in sprintf at /tmp/loop_over_bdir-1973-kzQUVP/HTTP-Engine-0.03005-lBNc8h/inc/Spiffy.pm line 225.
Redundant argument in sprintf at /tmp/loop_over_bdir-1973-kzQUVP/HTTP-Engine-0.03005-lBNc8h/inc/Spiffy.pm line 225.
Redundant argument in sprintf at /tmp/loop_over_bdir-1973-kzQUVP/HTTP-Engine-0.03005-lBNc8h/inc/Spiffy.pm line 225.
Redundant argument in sprintf at /tmp/loop_over_bdir-1973-kzQUVP/HTTP-Engine-0.03005-lBNc8h/inc/Spiffy.pm line 225.
t/moose/010_core/request-params.t ........................... ok
Possible precedence issue with control flow operator at /tmp/loop_over_bdir-1973-kzQUVP/HTTP-Engine-0.03005-lBNc8h/inc/Test/Builder.pm line 917.
t/moose/010_core/request-parse.t ............................ ok
Possible precedence issue with control flow operator at /tmp/loop_over_bdir-1973-kzQUVP/HTTP-Engine-0.03005-lBNc8h/inc/Test/Builder.pm line 917.
Redundant argument in sprintf at /tmp/loop_over_bdir-1973-kzQUVP/HTTP-Engine-0.03005-lBNc8h/inc/Spiffy.pm line 225.
Redundant argument in sprintf at /tmp/loop_over_bdir-1973-kzQUVP/HTTP-Engine-0.03005-lBNc8h/inc/Spiffy.pm line 225.
Redundant argument in sprintf at /tmp/loop_over_bdir-1973-kzQUVP/HTTP-Engine-0.03005-lBNc8h/inc/Spiffy.pm line 225.
Redundant argument in sprintf at /tmp/loop_over_bdir-1973-kzQUVP/HTTP-Engine-0.03005-lBNc8h/inc/Spiffy.pm line 225.
t/moose/010_core/request-proxy_request.t .................... ok
Possible precedence issue with control flow operator at /tmp/loop_over_bdir-1973-kzQUVP/HTTP-Engine-0.03005-lBNc8h/inc/Test/Builder.pm line 917.
t/moose/010_core/request-raw_body.t ......................... ok
Possible precedence issue with control flow operator at /tmp/loop_over_bdir-1973-kzQUVP/HTTP-Engine-0.03005-lBNc8h/inc/Test/Builder.pm line 917.
t/moose/010_core/request-readbody.t ......................... ok
Possible precedence issue with control flow operator at /tmp/loop_over_bdir-1973-kzQUVP/HTTP-Engine-0.03005-lBNc8h/inc/Test/Builder.pm line 917.
Redundant argument in sprintf at /tmp/loop_over_bdir-1973-kzQUVP/HTTP-Engine-0.03005-lBNc8h/inc/Spiffy.pm line 225.
Redundant argument in sprintf at /tmp/loop_over_bdir-1973-kzQUVP/HTTP-Engine-0.03005-lBNc8h/inc/Spiffy.pm line 225.
Redundant argument in sprintf at /tmp/loop_over_bdir-1973-kzQUVP/HTTP-Engine-0.03005-lBNc8h/inc/Spiffy.pm line 225.
Redundant argument in sprintf at /tmp/loop_over_bdir-1973-kzQUVP/HTTP-Engine-0.03005-lBNc8h/inc/Spiffy.pm line 225.
t/moose/010_core/request-secure.t ........................... ok
Possible precedence issue with control flow operator at /tmp/loop_over_bdir-1973-kzQUVP/HTTP-Engine-0.03005-lBNc8h/inc/Test/Builder.pm line 917.
t/moose/010_core/request-upload.t ........................... ok
Possible precedence issue with control flow operator at /tmp/loop_over_bdir-1973-kzQUVP/HTTP-Engine-0.03005-lBNc8h/inc/Test/Builder.pm line 917.
Redundant argument in sprintf at /tmp/loop_over_bdir-1973-kzQUVP/HTTP-Engine-0.03005-lBNc8h/inc/Spiffy.pm line 225.
Redundant argument in sprintf at /tmp/loop_over_bdir-1973-kzQUVP/HTTP-Engine-0.03005-lBNc8h/inc/Spiffy.pm line 225.
Redundant argument in sprintf at /tmp/loop_over_bdir-1973-kzQUVP/HTTP-Engine-0.03005-lBNc8h/inc/Spiffy.pm line 225.
Redundant argument in sprintf at /tmp/loop_over_bdir-1973-kzQUVP/HTTP-Engine-0.03005-lBNc8h/inc/Spiffy.pm line 225.
t/moose/010_core/request-uri.t .............................. ok
Possible precedence issue with control flow operator at /tmp/loop_over_bdir-1973-kzQUVP/HTTP-Engine-0.03005-lBNc8h/inc/Test/Builder.pm line 917.
t/moose/010_core/request.t .................................. ok
Possible precedence issue with control flow operator at /tmp/loop_over_bdir-1973-kzQUVP/HTTP-Engine-0.03005-lBNc8h/inc/Test/Builder.pm line 917.
t/moose/010_core/request_builder-noenv.t .................... ok
Possible precedence issue with control flow operator at /tmp/loop_over_bdir-1973-kzQUVP/HTTP-Engine-0.03005-lBNc8h/inc/Test/Builder.pm line 917.

#   Failed test at /tmp/loop_over_bdir-1973-kzQUVP/HTTP-Engine-0.03005-lBNc8h/inc/Test/More.pm line 420.
#                   'Class::MOP::load_class is deprecated at /home/sand/src/perl/repoperls/installed-perls/perl/v5.23.5/13e0/lib/site_perl/5.23.5/x86_64-linux-thread-multi/Class/MOP.pm line 69.
# 	Class::MOP::load_class("HTTP::Engine::Interface::Test") called at /tmp/loop_over_bdir-1973-kzQUVP/HTTP-Engine-0.03005-lBNc8h/blib/lib/HTTP/Engine/Types/Core.pm line 26
# 	HTTP::Engine::Types::Core::__ANON__(HASH(0x34df878)) called at /home/sand/src/perl/repoperls/installed-perls/perl/v5.23.5/13e0/lib/site_perl/5.23.5/x86_64-linux-thread-multi/Moose/Meta/TypeCoercion.pm line 65
# 	Moose::Meta::TypeCoercion::__ANON__(HASH(0x34df878)) called at constructor HTTP::Engine::new (defined at /tmp/loop_over_bdir-1973-kzQUVP/HTTP-Engine-0.03005-lBNc8h/blib/lib/HTTP/Engine.pm line 17) line 32
# 	HTTP::Engine::new("HTTP::Engine", "interface", HASH(0x34df878)) called at t/Utils.pm line 141
# 	t::Utils::run_engine(CODE(0x205f4f0), HTTP::Request=HASH(0x39fda70)) called at t/moose/010_core/request_processor-catch_error.t line 15
# 	eval {...} called at t/moose/010_core/request_processor-catch_error.t line 12
# orz at t/moose/010_core/request_processor-catch_error.t line 14.
# '
#     doesn't match '(?^:^orz)'
# Looks like you failed 1 test of 3.
t/moose/010_core/request_processor-catch_error.t ............ 
Dubious, test returned 1 (wstat 256, 0x100)
Failed 1/3 subtests 
Possible precedence issue with control flow operator at /tmp/loop_over_bdir-1973-kzQUVP/HTTP-Engine-0.03005-lBNc8h/inc/Test/Builder.pm line 917.
Class::MOP::load_class is deprecated at /home/sand/src/perl/repoperls/installed-perls/perl/v5.23.5/13e0/lib/site_perl/5.23.5/x86_64-linux-thread-multi/Class/MOP.pm line 69.
	Class::MOP::load_class("HTTP::Engine::Interface::Test") called at /tmp/loop_over_bdir-1973-kzQUVP/HTTP-Engine-0.03005-lBNc8h/blib/lib/HTTP/Engine/Types/Core.pm line 26
	HTTP::Engine::Types::Core::__ANON__(HASH(0x3e696d8)) called at /home/sand/src/perl/repoperls/installed-perls/perl/v5.23.5/13e0/lib/site_perl/5.23.5/x86_64-linux-thread-multi/Moose/Meta/TypeCoercion.pm line 65
	Moose::Meta::TypeCoercion::__ANON__(HASH(0x3e696d8)) called at constructor HTTP::Engine::new (defined at /tmp/loop_over_bdir-1973-kzQUVP/HTTP-Engine-0.03005-lBNc8h/blib/lib/HTTP/Engine.pm line 17) line 32
	HTTP::Engine::new("HTTP::Engine", "interface", HASH(0x3e696d8)) called at t/Utils.pm line 141
	t::Utils::run_engine(CODE(0x20b2508), HTTP::Request=HASH(0x2080ab8), "method", "GET", "raw_body", "test") called at t/moose/010_core/request_processor-make_request.t line 15
t/moose/010_core/request_processor-make_request.t ........... ok
Possible precedence issue with control flow operator at /tmp/loop_over_bdir-1973-kzQUVP/HTTP-Engine-0.03005-lBNc8h/inc/Test/Builder.pm line 917.
t/moose/010_core/request_processor-response_error.t ......... ok
Possible precedence issue with control flow operator at /tmp/loop_over_bdir-1973-kzQUVP/HTTP-Engine-0.03005-lBNc8h/inc/Test/Builder.pm line 917.
t/moose/010_core/request_upload-basename.t .................. ok
Possible precedence issue with control flow operator at /tmp/loop_over_bdir-1973-kzQUVP/HTTP-Engine-0.03005-lBNc8h/inc/Test/Builder.pm line 917.
t/moose/010_core/response-code.t ............................ ok
Possible precedence issue with control flow operator at /tmp/loop_over_bdir-1973-kzQUVP/HTTP-Engine-0.03005-lBNc8h/inc/Test/Builder.pm line 917.
t/moose/010_core/response-coerce_headers.t .................. ok
Possible precedence issue with control flow operator at /tmp/loop_over_bdir-1973-kzQUVP/HTTP-Engine-0.03005-lBNc8h/inc/Test/Builder.pm line 917.
t/moose/010_core/response-content_length.t .................. ok
Possible precedence issue with control flow operator at /tmp/loop_over_bdir-1973-kzQUVP/HTTP-Engine-0.03005-lBNc8h/inc/Test/Builder.pm line 917.
Class::MOP::load_class is deprecated at /home/sand/src/perl/repoperls/installed-perls/perl/v5.23.5/13e0/lib/site_perl/5.23.5/x86_64-linux-thread-multi/Class/MOP.pm line 69.
	Class::MOP::load_class("HTTP::Engine::Interface::Test") called at /tmp/loop_over_bdir-1973-kzQUVP/HTTP-Engine-0.03005-lBNc8h/blib/lib/HTTP/Engine/Types/Core.pm line 26
	HTTP::Engine::Types::Core::__ANON__(HASH(0xffaba8)) called at /home/sand/src/perl/repoperls/installed-perls/perl/v5.23.5/13e0/lib/site_perl/5.23.5/x86_64-linux-thread-multi/Moose/Meta/TypeCoercion.pm line 65
	Moose::Meta::TypeCoercion::__ANON__(HASH(0xffaba8)) called at constructor HTTP::Engine::new (defined at /tmp/loop_over_bdir-1973-kzQUVP/HTTP-Engine-0.03005-lBNc8h/blib/lib/HTTP/Engine.pm line 17) line 32
	HTTP::Engine::new("HTTP::Engine", "interface", HASH(0xffaba8)) called at t/Utils.pm line 141
	t::Utils::run_engine(CODE(0x10084e8), HTTP::Request=HASH(0xffaa88)) called at t/moose/010_core/response-cookie.t line 45
t/moose/010_core/response-cookie.t .......................... ok
Possible precedence issue with control flow operator at /tmp/loop_over_bdir-1973-kzQUVP/HTTP-Engine-0.03005-lBNc8h/inc/Test/Builder.pm line 917.
t/moose/010_core/response-new.t ............................. ok
Possible precedence issue with control flow operator at /tmp/loop_over_bdir-1973-kzQUVP/HTTP-Engine-0.03005-lBNc8h/inc/Test/Builder.pm line 917.
t/moose/010_core/response-set_http_response.t ............... ok
Possible precedence issue with control flow operator at /tmp/loop_over_bdir-1973-kzQUVP/HTTP-Engine-0.03005-lBNc8h/inc/Test/Builder.pm line 917.
Redundant argument in sprintf at /tmp/loop_over_bdir-1973-kzQUVP/HTTP-Engine-0.03005-lBNc8h/inc/Spiffy.pm line 225.
Redundant argument in sprintf at /tmp/loop_over_bdir-1973-kzQUVP/HTTP-Engine-0.03005-lBNc8h/inc/Spiffy.pm line 225.
Redundant argument in sprintf at /tmp/loop_over_bdir-1973-kzQUVP/HTTP-Engine-0.03005-lBNc8h/inc/Spiffy.pm line 225.
Redundant argument in sprintf at /tmp/loop_over_bdir-1973-kzQUVP/HTTP-Engine-0.03005-lBNc8h/inc/Spiffy.pm line 225.
t/moose/010_core/response-status.t .......................... ok
Possible precedence issue with control flow operator at /tmp/loop_over_bdir-1973-kzQUVP/HTTP-Engine-0.03005-lBNc8h/inc/Test/Builder.pm line 917.
t/moose/010_core/response.t ................................. ok
Possible precedence issue with control flow operator at /tmp/loop_over_bdir-1973-kzQUVP/HTTP-Engine-0.03005-lBNc8h/inc/Test/Builder.pm line 917.
Redundant argument in sprintf at /tmp/loop_over_bdir-1973-kzQUVP/HTTP-Engine-0.03005-lBNc8h/inc/Spiffy.pm line 225.
Redundant argument in sprintf at /tmp/loop_over_bdir-1973-kzQUVP/HTTP-Engine-0.03005-lBNc8h/inc/Spiffy.pm line 225.
Redundant argument in sprintf at /tmp/loop_over_bdir-1973-kzQUVP/HTTP-Engine-0.03005-lBNc8h/inc/Spiffy.pm line 225.
Redundant argument in sprintf at /tmp/loop_over_bdir-1973-kzQUVP/HTTP-Engine-0.03005-lBNc8h/inc/Spiffy.pm line 225.
t/moose/010_core/response_finalizer.t ....................... ok
Possible precedence issue with control flow operator at /tmp/loop_over_bdir-1973-kzQUVP/HTTP-Engine-0.03005-lBNc8h/inc/Test/Builder.pm line 917.
Class::MOP::load_class is deprecated at /home/sand/src/perl/repoperls/installed-perls/perl/v5.23.5/13e0/lib/site_perl/5.23.5/x86_64-linux-thread-multi/Class/MOP.pm line 69.
	Class::MOP::load_class("HTTP::Engine::RequestBuilder::CGI") called at /tmp/loop_over_bdir-1973-kzQUVP/HTTP-Engine-0.03005-lBNc8h/blib/lib/HTTP/Engine/Interface.pm line 65
	HTTP::Engine::Interface::_setup_builder("HTTP::Engine::Interface::CGI", "CGI") called at /tmp/loop_over_bdir-1973-kzQUVP/HTTP-Engine-0.03005-lBNc8h/blib/lib/HTTP/Engine/Interface.pm line 51
	HTTP::Engine::Interface::__INTERFACE__("HTTP::Engine::Interface::CGI") called at /tmp/loop_over_bdir-1973-kzQUVP/HTTP-Engine-0.03005-lBNc8h/blib/lib/HTTP/Engine/Interface.pm line 31
	HTTP::Engine::Interface::__ANON__() called at /tmp/loop_over_bdir-1973-kzQUVP/HTTP-Engine-0.03005-lBNc8h/blib/lib/HTTP/Engine/Interface/CGI.pm line 18
	require HTTP/Engine/Interface/CGI.pm called at t/moose/010_core/response_writer.t line 9
	main::BEGIN() called at /tmp/loop_over_bdir-1973-kzQUVP/HTTP-Engine-0.03005-lBNc8h/blib/lib/HTTP/Engine/Interface/CGI.pm line 0
	eval {...} called at /tmp/loop_over_bdir-1973-kzQUVP/HTTP-Engine-0.03005-lBNc8h/blib/lib/HTTP/Engine/Interface/CGI.pm line 0
t/moose/010_core/response_writer.t .......................... ok
Possible precedence issue with control flow operator at /tmp/loop_over_bdir-1973-kzQUVP/HTTP-Engine-0.03005-lBNc8h/inc/Test/Builder.pm line 917.
t/moose/010_core/responsewriter-broken_io.t ................. ok
Possible precedence issue with control flow operator at /tmp/loop_over_bdir-1973-kzQUVP/HTTP-Engine-0.03005-lBNc8h/inc/Test/Builder.pm line 917.
Redundant argument in sprintf at /tmp/loop_over_bdir-1973-kzQUVP/HTTP-Engine-0.03005-lBNc8h/inc/Spiffy.pm line 225.
Redundant argument in sprintf at /tmp/loop_over_bdir-1973-kzQUVP/HTTP-Engine-0.03005-lBNc8h/inc/Spiffy.pm line 225.
Redundant argument in sprintf at /tmp/loop_over_bdir-1973-kzQUVP/HTTP-Engine-0.03005-lBNc8h/inc/Spiffy.pm line 225.
Redundant argument in sprintf at /tmp/loop_over_bdir-1973-kzQUVP/HTTP-Engine-0.03005-lBNc8h/inc/Spiffy.pm line 225.
t/moose/010_core/responsewriter-with_io.t ................... ok
Class::MOP::load_class is deprecated at /home/sand/src/perl/repoperls/installed-perls/perl/v5.23.5/13e0/lib/site_perl/5.23.5/x86_64-linux-thread-multi/Class/MOP.pm line 69.
	Class::MOP::load_class("HTTP::Engine::RequestBuilder::CGI") called at /tmp/loop_over_bdir-1973-kzQUVP/HTTP-Engine-0.03005-lBNc8h/blib/lib/HTTP/Engine/Interface.pm line 65
	HTTP::Engine::Interface::_setup_builder("HTTP::Engine::Interface::CGI", "CGI") called at /tmp/loop_over_bdir-1973-kzQUVP/HTTP-Engine-0.03005-lBNc8h/blib/lib/HTTP/Engine/Interface.pm line 51
	HTTP::Engine::Interface::__INTERFACE__("HTTP::Engine::Interface::CGI") called at /tmp/loop_over_bdir-1973-kzQUVP/HTTP-Engine-0.03005-lBNc8h/blib/lib/HTTP/Engine/Interface.pm line 31
	HTTP::Engine::Interface::__ANON__() called at /tmp/loop_over_bdir-1973-kzQUVP/HTTP-Engine-0.03005-lBNc8h/blib/lib/HTTP/Engine/Interface/CGI.pm line 18
	require HTTP/Engine/Interface/CGI.pm called at t/moose/020_interface/cgi.t line 5
	main::BEGIN() called at /tmp/loop_over_bdir-1973-kzQUVP/HTTP-Engine-0.03005-lBNc8h/blib/lib/HTTP/Engine/Interface/CGI.pm line 0
	eval {...} called at /tmp/loop_over_bdir-1973-kzQUVP/HTTP-Engine-0.03005-lBNc8h/blib/lib/HTTP/Engine/Interface/CGI.pm line 0
Possible precedence issue with control flow operator at /tmp/loop_over_bdir-1973-kzQUVP/HTTP-Engine-0.03005-lBNc8h/inc/Test/Builder.pm line 917.
Redundant argument in sprintf at /tmp/loop_over_bdir-1973-kzQUVP/HTTP-Engine-0.03005-lBNc8h/inc/Spiffy.pm line 225.
Redundant argument in sprintf at /tmp/loop_over_bdir-1973-kzQUVP/HTTP-Engine-0.03005-lBNc8h/inc/Spiffy.pm line 225.
Redundant argument in sprintf at /tmp/loop_over_bdir-1973-kzQUVP/HTTP-Engine-0.03005-lBNc8h/inc/Spiffy.pm line 225.
Redundant argument in sprintf at /tmp/loop_over_bdir-1973-kzQUVP/HTTP-Engine-0.03005-lBNc8h/inc/Spiffy.pm line 225.
Class::MOP::load_class is deprecated at /home/sand/src/perl/repoperls/installed-perls/perl/v5.23.5/13e0/lib/site_perl/5.23.5/x86_64-linux-thread-multi/Class/MOP.pm line 69, <DATA> line 1.
	Class::MOP::load_class("HTTP::Engine::Interface::CGI") called at /tmp/loop_over_bdir-1973-kzQUVP/HTTP-Engine-0.03005-lBNc8h/blib/lib/HTTP/Engine/Types/Core.pm line 26
	HTTP::Engine::Types::Core::__ANON__(HASH(0x3375618)) called at /home/sand/src/perl/repoperls/installed-perls/perl/v5.23.5/13e0/lib/site_perl/5.23.5/x86_64-linux-thread-multi/Moose/Meta/TypeCoercion.pm line 65
	Moose::Meta::TypeCoercion::__ANON__(HASH(0x3375618)) called at constructor HTTP::Engine::new (defined at /tmp/loop_over_bdir-1973-kzQUVP/HTTP-Engine-0.03005-lBNc8h/blib/lib/HTTP/Engine.pm line 17) line 32
	HTTP::Engine::new("HTTP::Engine", "interface", HASH(0x3375618)) called at t/moose/020_interface/cgi.t line 36
	main::__ANON__(Test::Base::Block=HASH(0x3182428)) called at /tmp/loop_over_bdir-1973-kzQUVP/HTTP-Engine-0.03005-lBNc8h/inc/Test/Base.pm line 269
	Test::Base::run(undef) called at t/moose/020_interface/cgi.t line 39
t/moose/020_interface/cgi.t ................................. ok
Possible precedence issue with control flow operator at /tmp/loop_over_bdir-1973-kzQUVP/HTTP-Engine-0.03005-lBNc8h/inc/Test/Builder.pm line 917.
t/moose/020_interface/lighty-fcgi.t ......................... skipped: set TEST_LIGHTTPD to enable this test
Possible precedence issue with control flow operator at /tmp/loop_over_bdir-1973-kzQUVP/HTTP-Engine-0.03005-lBNc8h/inc/Test/Builder.pm line 917.
t/moose/020_interface/modperl_wildcard_hostname.t ........... skipped: this test requires mod_perl 2
Possible precedence issue with control flow operator at /tmp/loop_over_bdir-1973-kzQUVP/HTTP-Engine-0.03005-lBNc8h/inc/Test/Builder.pm line 917.
Class::MOP::load_class is deprecated at /home/sand/src/perl/repoperls/installed-perls/perl/v5.23.5/13e0/lib/site_perl/5.23.5/x86_64-linux-thread-multi/Class/MOP.pm line 69.
	Class::MOP::load_class("HTTP::Engine::RequestBuilder::NoEnv") called at /tmp/loop_over_bdir-1973-kzQUVP/HTTP-Engine-0.03005-lBNc8h/blib/lib/HTTP/Engine/Interface.pm line 65
	HTTP::Engine::Interface::_setup_builder("HTTP::Engine::Interface::POE", "NoEnv") called at /tmp/loop_over_bdir-1973-kzQUVP/HTTP-Engine-0.03005-lBNc8h/blib/lib/HTTP/Engine/Interface.pm line 51
	HTTP::Engine::Interface::__INTERFACE__("HTTP::Engine::Interface::POE") called at /tmp/loop_over_bdir-1973-kzQUVP/HTTP-Engine-0.03005-lBNc8h/blib/lib/HTTP/Engine/Interface.pm line 31
	HTTP::Engine::Interface::__ANON__() called at /tmp/loop_over_bdir-1973-kzQUVP/HTTP-Engine-0.03005-lBNc8h/blib/lib/HTTP/Engine/Interface/POE.pm line 132
	require HTTP/Engine/Interface/POE.pm called at (eval 341) line 2
	main::BEGIN() called at /tmp/loop_over_bdir-1973-kzQUVP/HTTP-Engine-0.03005-lBNc8h/blib/lib/HTTP/Engine/Interface/POE.pm line 0
	eval {...} called at /tmp/loop_over_bdir-1973-kzQUVP/HTTP-Engine-0.03005-lBNc8h/blib/lib/HTTP/Engine/Interface/POE.pm line 0
	eval 'package main;
use HTTP::Engine::Interface::POE @{$args[0]};
1;
' called at /tmp/loop_over_bdir-1973-kzQUVP/HTTP-Engine-0.03005-lBNc8h/inc/Test/More.pm line 884
	Test::More::_eval("package main;\x{a}use HTTP::Engine::Interface::POE \@{\$args[0]};\x{a}1;\x{a}", ARRAY(0x17d39f8)) called at /tmp/loop_over_bdir-1973-kzQUVP/HTTP-Engine-0.03005-lBNc8h/inc/Test/More.pm line 859
	Test::More::use_ok("HTTP::Engine::Interface::POE") called at t/moose/020_interface/poe-proxy.t line 15
=== 5245 === !!! Kernel has 1 child process(es).
=== 5245 === !!! Stopped child process (PID 5330) reaped when POE::Kernel->run() is ready to return.
=== 5245 === !!! Stopped child process (PID 5331) reaped when POE::Kernel->run() is ready to return.
=== 5245 === !!! Stopped child process (PID 5333) reaped when POE::Kernel->run() is ready to return.
=== 5245 === !!! Stopped child process (PID 5335) reaped when POE::Kernel->run() is ready to return.
=== 5245 === !!! Stopped child process (PID 5337) reaped when POE::Kernel->run() is ready to return.
=== 5245 === !!! Stopped child process (PID 5338) reaped when POE::Kernel->run() is ready to return.
=== 5245 === !!! Stopped child process (PID 5339) reaped when POE::Kernel->run() is ready to return.
=== 5245 === !!! Stopped child process (PID 5340) reaped when POE::Kernel->run() is ready to return.
=== 5245 === !!! Be sure to use sig_child() to reap child processes.
=== 5245 === !!! In extreme cases, failure to reap child processes has
=== 5245 === !!! resulted in a slow 'fork bomb' that has halted systems.
t/moose/020_interface/poe-proxy.t ........................... ok
Possible precedence issue with control flow operator at /tmp/loop_over_bdir-1973-kzQUVP/HTTP-Engine-0.03005-lBNc8h/inc/Test/Builder.pm line 917.
Class::MOP::load_class is deprecated at /home/sand/src/perl/repoperls/installed-perls/perl/v5.23.5/13e0/lib/site_perl/5.23.5/x86_64-linux-thread-multi/Class/MOP.pm line 69.
	Class::MOP::load_class("HTTP::Engine::RequestBuilder::NoEnv") called at /tmp/loop_over_bdir-1973-kzQUVP/HTTP-Engine-0.03005-lBNc8h/blib/lib/HTTP/Engine/Interface.pm line 65
	HTTP::Engine::Interface::_setup_builder("HTTP::Engine::Interface::POE", "NoEnv") called at /tmp/loop_over_bdir-1973-kzQUVP/HTTP-Engine-0.03005-lBNc8h/blib/lib/HTTP/Engine/Interface.pm line 51
	HTTP::Engine::Interface::__INTERFACE__("HTTP::Engine::Interface::POE") called at /tmp/loop_over_bdir-1973-kzQUVP/HTTP-Engine-0.03005-lBNc8h/blib/lib/HTTP/Engine/Interface.pm line 31
	HTTP::Engine::Interface::__ANON__() called at /tmp/loop_over_bdir-1973-kzQUVP/HTTP-Engine-0.03005-lBNc8h/blib/lib/HTTP/Engine/Interface/POE.pm line 132
	require HTTP/Engine/Interface/POE.pm called at (eval 341) line 2
	main::BEGIN() called at /tmp/loop_over_bdir-1973-kzQUVP/HTTP-Engine-0.03005-lBNc8h/blib/lib/HTTP/Engine/Interface/POE.pm line 0
	eval {...} called at /tmp/loop_over_bdir-1973-kzQUVP/HTTP-Engine-0.03005-lBNc8h/blib/lib/HTTP/Engine/Interface/POE.pm line 0
	eval 'package main;
use HTTP::Engine::Interface::POE @{$args[0]};
1;
' called at /tmp/loop_over_bdir-1973-kzQUVP/HTTP-Engine-0.03005-lBNc8h/inc/Test/More.pm line 884
	Test::More::_eval("package main;\x{a}use HTTP::Engine::Interface::POE \@{\$args[0]};\x{a}1;\x{a}", ARRAY(0x13f79f8)) called at /tmp/loop_over_bdir-1973-kzQUVP/HTTP-Engine-0.03005-lBNc8h/inc/Test/More.pm line 859
	Test::More::use_ok("HTTP::Engine::Interface::POE") called at t/moose/020_interface/poe-uri.t line 16
=== 5345 === !!! Kernel has 1 child process(es).
=== 5345 === !!! Stopped child process (PID 5391) reaped when POE::Kernel->run() is ready to return.
=== 5345 === !!! Stopped child process (PID 5392) reaped when POE::Kernel->run() is ready to return.
=== 5345 === !!! Stopped child process (PID 5394) reaped when POE::Kernel->run() is ready to return.
=== 5345 === !!! Stopped child process (PID 5395) reaped when POE::Kernel->run() is ready to return.
=== 5345 === !!! Stopped child process (PID 5397) reaped when POE::Kernel->run() is ready to return.
=== 5345 === !!! Stopped child process (PID 5398) reaped when POE::Kernel->run() is ready to return.
=== 5345 === !!! Stopped child process (PID 5399) reaped when POE::Kernel->run() is ready to return.
=== 5345 === !!! At least one child process is still running when POE::Kernel->run() is ready to return.
=== 5345 === !!! Be sure to use sig_child() to reap child processes.
=== 5345 === !!! In extreme cases, failure to reap child processes has
=== 5345 === !!! resulted in a slow 'fork bomb' that has halted systems.
t/moose/020_interface/poe-uri.t ............................. ok
Possible precedence issue with control flow operator at /tmp/loop_over_bdir-1973-kzQUVP/HTTP-Engine-0.03005-lBNc8h/inc/Test/Builder.pm line 917.
Class::MOP::load_class is deprecated at /home/sand/src/perl/repoperls/installed-perls/perl/v5.23.5/13e0/lib/site_perl/5.23.5/x86_64-linux-thread-multi/Class/MOP.pm line 69.
	Class::MOP::load_class("HTTP::Engine::RequestBuilder::NoEnv") called at /tmp/loop_over_bdir-1973-kzQUVP/HTTP-Engine-0.03005-lBNc8h/blib/lib/HTTP/Engine/Interface.pm line 65
	HTTP::Engine::Interface::_setup_builder("HTTP::Engine::Interface::POE", "NoEnv") called at /tmp/loop_over_bdir-1973-kzQUVP/HTTP-Engine-0.03005-lBNc8h/blib/lib/HTTP/Engine/Interface.pm line 51
	HTTP::Engine::Interface::__INTERFACE__("HTTP::Engine::Interface::POE") called at /tmp/loop_over_bdir-1973-kzQUVP/HTTP-Engine-0.03005-lBNc8h/blib/lib/HTTP/Engine/Interface.pm line 31
	HTTP::Engine::Interface::__ANON__() called at /tmp/loop_over_bdir-1973-kzQUVP/HTTP-Engine-0.03005-lBNc8h/blib/lib/HTTP/Engine/Interface/POE.pm line 132
	require HTTP/Engine/Interface/POE.pm called at (eval 341) line 2
	main::BEGIN() called at /tmp/loop_over_bdir-1973-kzQUVP/HTTP-Engine-0.03005-lBNc8h/blib/lib/HTTP/Engine/Interface/POE.pm line 0
	eval {...} called at /tmp/loop_over_bdir-1973-kzQUVP/HTTP-Engine-0.03005-lBNc8h/blib/lib/HTTP/Engine/Interface/POE.pm line 0
	eval 'package main;
use HTTP::Engine::Interface::POE @{$args[0]};
1;
' called at /tmp/loop_over_bdir-1973-kzQUVP/HTTP-Engine-0.03005-lBNc8h/inc/Test/More.pm line 884
	Test::More::_eval("package main;\x{a}use HTTP::Engine::Interface::POE \@{\$args[0]};\x{a}1;\x{a}", ARRAY(0x10c60a8)) called at /tmp/loop_over_bdir-1973-kzQUVP/HTTP-Engine-0.03005-lBNc8h/inc/Test/More.pm line 859
	Test::More::use_ok("HTTP::Engine::Interface::POE") called at t/moose/020_interface/poe.t line 15
=== 5401 === !!! Kernel has 1 child process(es).
=== 5401 === !!! Stopped child process (PID 5462) reaped when POE::Kernel->run() is ready to return.
=== 5401 === !!! At least one child process is still running when POE::Kernel->run() is ready to return.
=== 5401 === !!! Be sure to use sig_child() to reap child processes.
=== 5401 === !!! In extreme cases, failure to reap child processes has
=== 5401 === !!! resulted in a slow 'fork bomb' that has halted systems.
t/moose/020_interface/poe.t ................................. ok
Possible precedence issue with control flow operator at /tmp/loop_over_bdir-1973-kzQUVP/HTTP-Engine-0.03005-lBNc8h/inc/Test/Builder.pm line 917.
Class::MOP::load_class is deprecated at /home/sand/src/perl/repoperls/installed-perls/perl/v5.23.5/13e0/lib/site_perl/5.23.5/x86_64-linux-thread-multi/Class/MOP.pm line 69.
	Class::MOP::load_class("HTTP::Engine::Interface::PSGI") called at /tmp/loop_over_bdir-1973-kzQUVP/HTTP-Engine-0.03005-lBNc8h/blib/lib/HTTP/Engine/Types/Core.pm line 26
	HTTP::Engine::Types::Core::__ANON__(HASH(0x385b720)) called at /home/sand/src/perl/repoperls/installed-perls/perl/v5.23.5/13e0/lib/site_perl/5.23.5/x86_64-linux-thread-multi/Moose/Meta/TypeCoercion.pm line 65
	Moose::Meta::TypeCoercion::__ANON__(HASH(0x385b720)) called at constructor HTTP::Engine::new (defined at /tmp/loop_over_bdir-1973-kzQUVP/HTTP-Engine-0.03005-lBNc8h/blib/lib/HTTP/Engine.pm line 17) line 32
	HTTP::Engine::new("HTTP::Engine", "interface", HASH(0x385b720)) called at t/moose/020_interface/psgi-with_plack.t line 33
	main::__ANON__(50750) called at /tmp/loop_over_bdir-1973-kzQUVP/HTTP-Engine-0.03005-lBNc8h/inc/Test/TCP.pm line 118
	Test::TCP::start(Test::TCP=HASH(0x2188d68)) called at /tmp/loop_over_bdir-1973-kzQUVP/HTTP-Engine-0.03005-lBNc8h/inc/Test/TCP.pm line 102
	Test::TCP::new("Test::TCP", "code", CODE(0x3fe22d0), "port", 50750) called at /tmp/loop_over_bdir-1973-kzQUVP/HTTP-Engine-0.03005-lBNc8h/inc/Test/TCP.pm line 54
	Test::TCP::test_tcp("client", CODE(0x3f31708), "server", CODE(0x3fe22d0)) called at t/moose/020_interface/psgi-with_plack.t line 37
t/moose/020_interface/psgi-with_plack.t ..................... ok
Possible precedence issue with control flow operator at /tmp/loop_over_bdir-1973-kzQUVP/HTTP-Engine-0.03005-lBNc8h/inc/Test/Builder.pm line 917.
Class::MOP::load_class is deprecated at /home/sand/src/perl/repoperls/installed-perls/perl/v5.23.5/13e0/lib/site_perl/5.23.5/x86_64-linux-thread-multi/Class/MOP.pm line 69.
	Class::MOP::load_class("HTTP::Engine::Interface::PSGI") called at /tmp/loop_over_bdir-1973-kzQUVP/HTTP-Engine-0.03005-lBNc8h/blib/lib/HTTP/Engine/Types/Core.pm line 26
	HTTP::Engine::Types::Core::__ANON__(HASH(0x2257008)) called at /home/sand/src/perl/repoperls/installed-perls/perl/v5.23.5/13e0/lib/site_perl/5.23.5/x86_64-linux-thread-multi/Moose/Meta/TypeCoercion.pm line 65
	Moose::Meta::TypeCoercion::__ANON__(HASH(0x2257008)) called at constructor HTTP::Engine::new (defined at /tmp/loop_over_bdir-1973-kzQUVP/HTTP-Engine-0.03005-lBNc8h/blib/lib/HTTP/Engine.pm line 17) line 32
	HTTP::Engine::new("HTTP::Engine", "interface", HASH(0x2257008)) called at t/moose/020_interface/psgi.t line 24
t/moose/020_interface/psgi.t ................................ ok
Possible precedence issue with control flow operator at /tmp/loop_over_bdir-1973-kzQUVP/HTTP-Engine-0.03005-lBNc8h/inc/Test/Builder.pm line 917.
Class::MOP::load_class is deprecated at /home/sand/src/perl/repoperls/installed-perls/perl/v5.23.5/13e0/lib/site_perl/5.23.5/x86_64-linux-thread-multi/Class/MOP.pm line 69, <DATA> line 11.
	Class::MOP::load_class("HTTP::Engine::Interface::ServerSimple") called at /tmp/loop_over_bdir-1973-kzQUVP/HTTP-Engine-0.03005-lBNc8h/blib/lib/HTTP/Engine/Types/Core.pm line 26
	HTTP::Engine::Types::Core::__ANON__(HASH(0x3325040)) called at /home/sand/src/perl/repoperls/installed-perls/perl/v5.23.5/13e0/lib/site_perl/5.23.5/x86_64-linux-thread-multi/Moose/Meta/TypeCoercion.pm line 65
	Moose::Meta::TypeCoercion::__ANON__(HASH(0x3325040)) called at constructor HTTP::Engine::new (defined at /tmp/loop_over_bdir-1973-kzQUVP/HTTP-Engine-0.03005-lBNc8h/blib/lib/HTTP/Engine.pm line 17) line 32
	HTTP::Engine::new("HTTP::Engine", "interface", HASH(0x3325040)) called at t/moose/020_interface/server_simple-net_server_configure.t line 52
	main::__ANON__(50133) called at /tmp/loop_over_bdir-1973-kzQUVP/HTTP-Engine-0.03005-lBNc8h/inc/Test/TCP.pm line 118
	Test::TCP::start(Test::TCP=HASH(0x36e1af0)) called at /tmp/loop_over_bdir-1973-kzQUVP/HTTP-Engine-0.03005-lBNc8h/inc/Test/TCP.pm line 102
	Test::TCP::new("Test::TCP", "code", CODE(0x326b180), "port", 50133) called at /tmp/loop_over_bdir-1973-kzQUVP/HTTP-Engine-0.03005-lBNc8h/inc/Test/TCP.pm line 54
	Test::TCP::test_tcp("client", CODE(0x2ebf560), "server", CODE(0x326b180)) called at t/moose/020_interface/server_simple-net_server_configure.t line 54
t/moose/020_interface/server_simple-net_server_configure.t .. ok
Possible precedence issue with control flow operator at /tmp/loop_over_bdir-1973-kzQUVP/HTTP-Engine-0.03005-lBNc8h/inc/Test/Builder.pm line 917.
Class::MOP::load_class is deprecated at /home/sand/src/perl/repoperls/installed-perls/perl/v5.23.5/13e0/lib/site_perl/5.23.5/x86_64-linux-thread-multi/Class/MOP.pm line 69, <DATA> line 11.
	Class::MOP::load_class("HTTP::Engine::Interface::ServerSimple") called at /tmp/loop_over_bdir-1973-kzQUVP/HTTP-Engine-0.03005-lBNc8h/blib/lib/HTTP/Engine/Types/Core.pm line 26
	HTTP::Engine::Types::Core::__ANON__(HASH(0x39da8c8)) called at /home/sand/src/perl/repoperls/installed-perls/perl/v5.23.5/13e0/lib/site_perl/5.23.5/x86_64-linux-thread-multi/Moose/Meta/TypeCoercion.pm line 65
	Moose::Meta::TypeCoercion::__ANON__(HASH(0x39da8c8)) called at constructor HTTP::Engine::new (defined at /tmp/loop_over_bdir-1973-kzQUVP/HTTP-Engine-0.03005-lBNc8h/blib/lib/HTTP/Engine.pm line 17) line 32
	HTTP::Engine::new("HTTP::Engine", "interface", HASH(0x39da8c8)) called at t/moose/020_interface/server_simple-not-send-header-bug.t line 39
	main::__ANON__(50045) called at /tmp/loop_over_bdir-1973-kzQUVP/HTTP-Engine-0.03005-lBNc8h/inc/Test/TCP.pm line 118
	Test::TCP::start(Test::TCP=HASH(0x1f3f110)) called at /tmp/loop_over_bdir-1973-kzQUVP/HTTP-Engine-0.03005-lBNc8h/inc/Test/TCP.pm line 102
	Test::TCP::new("Test::TCP", "code", CODE(0x3268b48), "port", 50045) called at /tmp/loop_over_bdir-1973-kzQUVP/HTTP-Engine-0.03005-lBNc8h/inc/Test/TCP.pm line 54
	Test::TCP::test_tcp("client", CODE(0x20e23c0), "server", CODE(0x3268b48)) called at t/moose/020_interface/server_simple-not-send-header-bug.t line 41
Class::MOP::load_class is deprecated at /home/sand/src/perl/repoperls/installed-perls/perl/v5.23.5/13e0/lib/site_perl/5.23.5/x86_64-linux-thread-multi/Class/MOP.pm line 69, <DATA> line 16.
	Class::MOP::load_class("HTTP::Engine::RequestBuilder::NoEnv") called at /tmp/loop_over_bdir-1973-kzQUVP/HTTP-Engine-0.03005-lBNc8h/blib/lib/HTTP/Engine/Interface.pm line 65
	HTTP::Engine::Interface::_setup_builder("HTTP::Engine::Interface::ServerSimple", "NoEnv") called at /tmp/loop_over_bdir-1973-kzQUVP/HTTP-Engine-0.03005-lBNc8h/blib/lib/HTTP/Engine/Interface.pm line 51
	HTTP::Engine::Interface::__INTERFACE__("HTTP::Engine::Interface::ServerSimple") called at /tmp/loop_over_bdir-1973-kzQUVP/HTTP-Engine-0.03005-lBNc8h/blib/lib/HTTP/Engine/Interface.pm line 31
	HTTP::Engine::Interface::__ANON__() called at /tmp/loop_over_bdir-1973-kzQUVP/HTTP-Engine-0.03005-lBNc8h/blib/lib/HTTP/Engine/Interface/ServerSimple.pm line 111
	require HTTP/Engine/Interface/ServerSimple.pm called at /home/sand/src/perl/repoperls/installed-perls/perl/v5.23.5/13e0/lib/site_perl/5.23.5/Module/Runtime.pm line 317
	Module::Runtime::require_module("HTTP::Engine::Interface::ServerSimple") called at /home/sand/src/perl/repoperls/installed-perls/perl/v5.23.5/13e0/lib/site_perl/5.23.5/Class/Load.pm line 174
	Class::Load::try {...} () called at /home/sand/src/perl/repoperls/installed-perls/perl/v5.23.5/13e0/lib/site_perl/5.23.5/Try/Tiny.pm line 88
	eval {...} called at /home/sand/src/perl/repoperls/installed-perls/perl/v5.23.5/13e0/lib/site_perl/5.23.5/Try/Tiny.pm line 83
	Try::Tiny::try(CODE(0x3652f70), Try::Tiny::Catch=REF(0x36196e0)) called at /home/sand/src/perl/repoperls/installed-perls/perl/v5.23.5/13e0/lib/site_perl/5.23.5/Class/Load.pm line 180
	Class::Load::try_load_class("HTTP::Engine::Interface::ServerSimple", undef) called at /home/sand/src/perl/repoperls/installed-perls/perl/v5.23.5/13e0/lib/site_perl/5.23.5/Class/Load.pm line 35
	Class::Load::load_class("HTTP::Engine::Interface::ServerSimple") called at /tmp/loop_over_bdir-1973-kzQUVP/HTTP-Engine-0.03005-lBNc8h/blib/lib/HTTP/Engine/Types/Core.pm line 26
	HTTP::Engine::Types::Core::__ANON__(HASH(0x39da8c8)) called at /home/sand/src/perl/repoperls/installed-perls/perl/v5.23.5/13e0/lib/site_perl/5.23.5/x86_64-linux-thread-multi/Moose/Meta/TypeCoercion.pm line 65
	Moose::Meta::TypeCoercion::__ANON__(HASH(0x39da8c8)) called at constructor HTTP::Engine::new (defined at /tmp/loop_over_bdir-1973-kzQUVP/HTTP-Engine-0.03005-lBNc8h/blib/lib/HTTP/Engine.pm line 17) line 32
	HTTP::Engine::new("HTTP::Engine", "interface", HASH(0x39da8c8)) called at t/moose/020_interface/server_simple-not-send-header-bug.t line 39
	main::__ANON__(50045) called at /tmp/loop_over_bdir-1973-kzQUVP/HTTP-Engine-0.03005-lBNc8h/inc/Test/TCP.pm line 118
	Test::TCP::start(Test::TCP=HASH(0x1f3f110)) called at /tmp/loop_over_bdir-1973-kzQUVP/HTTP-Engine-0.03005-lBNc8h/inc/Test/TCP.pm line 102
	Test::TCP::new("Test::TCP", "code", CODE(0x3268b48), "port", 50045) called at /tmp/loop_over_bdir-1973-kzQUVP/HTTP-Engine-0.03005-lBNc8h/inc/Test/TCP.pm line 54
	Test::TCP::test_tcp("client", CODE(0x20e23c0), "server", CODE(0x3268b48)) called at t/moose/020_interface/server_simple-not-send-header-bug.t line 41
t/moose/020_interface/server_simple-not-send-header-bug.t ... ok
Possible precedence issue with control flow operator at /tmp/loop_over_bdir-1973-kzQUVP/HTTP-Engine-0.03005-lBNc8h/inc/Test/Builder.pm line 917.
Class::MOP::load_class is deprecated at /home/sand/src/perl/repoperls/installed-perls/perl/v5.23.5/13e0/lib/site_perl/5.23.5/x86_64-linux-thread-multi/Class/MOP.pm line 69, <DATA> line 11.
	Class::MOP::load_class("HTTP::Engine::Interface::ServerSimple") called at /tmp/loop_over_bdir-1973-kzQUVP/HTTP-Engine-0.03005-lBNc8h/blib/lib/HTTP/Engine/Types/Core.pm line 26
	HTTP::Engine::Types::Core::__ANON__(HASH(0x3c0bd00)) called at /home/sand/src/perl/repoperls/installed-perls/perl/v5.23.5/13e0/lib/site_perl/5.23.5/x86_64-linux-thread-multi/Moose/Meta/TypeCoercion.pm line 65
	Moose::Meta::TypeCoercion::__ANON__(HASH(0x3c0bd00)) called at constructor HTTP::Engine::new (defined at /tmp/loop_over_bdir-1973-kzQUVP/HTTP-Engine-0.03005-lBNc8h/blib/lib/HTTP/Engine.pm line 17) line 32
	HTTP::Engine::new("HTTP::Engine", "interface", HASH(0x3c0bd00)) called at t/moose/020_interface/server_simple-print_banner.t line 32
	main::__ANON__(50344) called at /tmp/loop_over_bdir-1973-kzQUVP/HTTP-Engine-0.03005-lBNc8h/inc/Test/TCP.pm line 118
	Test::TCP::start(Test::TCP=HASH(0x3c0aff8)) called at /tmp/loop_over_bdir-1973-kzQUVP/HTTP-Engine-0.03005-lBNc8h/inc/Test/TCP.pm line 102
	Test::TCP::new("Test::TCP", "code", CODE(0x1df1aa0), "port", 50344) called at /tmp/loop_over_bdir-1973-kzQUVP/HTTP-Engine-0.03005-lBNc8h/inc/Test/TCP.pm line 54
	Test::TCP::test_tcp("client", CODE(0x3b9a930), "server", CODE(0x1df1aa0)) called at t/moose/020_interface/server_simple-print_banner.t line 34
t/moose/020_interface/server_simple-print_banner.t .......... ok
Possible precedence issue with control flow operator at /tmp/loop_over_bdir-1973-kzQUVP/HTTP-Engine-0.03005-lBNc8h/inc/Test/Builder.pm line 917.
Class::MOP::load_class is deprecated at /home/sand/src/perl/repoperls/installed-perls/perl/v5.23.5/13e0/lib/site_perl/5.23.5/x86_64-linux-thread-multi/Class/MOP.pm line 69, <DATA> line 11.
	Class::MOP::load_class("HTTP::Engine::Interface::ServerSimple") called at /tmp/loop_over_bdir-1973-kzQUVP/HTTP-Engine-0.03005-lBNc8h/blib/lib/HTTP/Engine/Types/Core.pm line 26
	HTTP::Engine::Types::Core::__ANON__(HASH(0x38e5988)) called at /home/sand/src/perl/repoperls/installed-perls/perl/v5.23.5/13e0/lib/site_perl/5.23.5/x86_64-linux-thread-multi/Moose/Meta/TypeCoercion.pm line 65
	Moose::Meta::TypeCoercion::__ANON__(HASH(0x38e5988)) called at constructor HTTP::Engine::new (defined at /tmp/loop_over_bdir-1973-kzQUVP/HTTP-Engine-0.03005-lBNc8h/blib/lib/HTTP/Engine.pm line 17) line 32
	HTTP::Engine::new("HTTP::Engine", "interface", HASH(0x38e5988)) called at t/moose/020_interface/server_simple.t line 36
	main::__ANON__(50267) called at /tmp/loop_over_bdir-1973-kzQUVP/HTTP-Engine-0.03005-lBNc8h/inc/Test/TCP.pm line 118
	Test::TCP::start(Test::TCP=HASH(0x19a7aa0)) called at /tmp/loop_over_bdir-1973-kzQUVP/HTTP-Engine-0.03005-lBNc8h/inc/Test/TCP.pm line 102
	Test::TCP::new("Test::TCP", "code", CODE(0x38c6888), "port", 50267) called at /tmp/loop_over_bdir-1973-kzQUVP/HTTP-Engine-0.03005-lBNc8h/inc/Test/TCP.pm line 54
	Test::TCP::test_tcp("client", CODE(0x3823128), "server", CODE(0x38c6888)) called at t/moose/020_interface/server_simple.t line 38
t/moose/020_interface/server_simple.t ....................... ok
Possible precedence issue with control flow operator at /tmp/loop_over_bdir-1973-kzQUVP/HTTP-Engine-0.03005-lBNc8h/inc/Test/Builder.pm line 917.
t/moose/020_interface/standalone-keep_alive.t ............... skipped: Interface::Standalone will be removed
Possible precedence issue with control flow operator at /tmp/loop_over_bdir-1973-kzQUVP/HTTP-Engine-0.03005-lBNc8h/inc/Test/Builder.pm line 917.
t/moose/020_interface/standalone-restart.t .................. skipped: Interface::Standalone will be removed
Possible precedence issue with control flow operator at /tmp/loop_over_bdir-1973-kzQUVP/HTTP-Engine-0.03005-lBNc8h/inc/Test/Builder.pm line 917.
Class::MOP::load_class is deprecated at /home/sand/src/perl/repoperls/installed-perls/perl/v5.23.5/13e0/lib/site_perl/5.23.5/x86_64-linux-thread-multi/Class/MOP.pm line 69.
	Class::MOP::load_class("HTTP::Engine::Interface::Test") called at /tmp/loop_over_bdir-1973-kzQUVP/HTTP-Engine-0.03005-lBNc8h/blib/lib/HTTP/Engine/Types/Core.pm line 26
	HTTP::Engine::Types::Core::__ANON__(HASH(0x3cc5998)) called at /home/sand/src/perl/repoperls/installed-perls/perl/v5.23.5/13e0/lib/site_perl/5.23.5/x86_64-linux-thread-multi/Moose/Meta/TypeCoercion.pm line 65
	Moose::Meta::TypeCoercion::__ANON__(HASH(0x3cc5998)) called at constructor HTTP::Engine::new (defined at /tmp/loop_over_bdir-1973-kzQUVP/HTTP-Engine-0.03005-lBNc8h/blib/lib/HTTP/Engine.pm line 17) line 32
	HTTP::Engine::new("HTTP::Engine", "interface", HASH(0x3cc5998)) called at t/moose/020_interface/streaming_response.t line 30
	eval {...} called at t/moose/020_interface/streaming_response.t line 19
t/moose/020_interface/streaming_response.t .................. ok
Possible precedence issue with control flow operator at /tmp/loop_over_bdir-1973-kzQUVP/HTTP-Engine-0.03005-lBNc8h/inc/Test/Builder.pm line 917.

#   Failed test at t/moose/020_interface/test-validation.t line 23.
#          got: '1'
#     expected: '0'
# Looks like you failed 1 test of 10.
t/moose/020_interface/test-validation.t ..................... 
Dubious, test returned 1 (wstat 256, 0x100)
Failed 1/10 subtests 
Possible precedence issue with control flow operator at /tmp/loop_over_bdir-1973-kzQUVP/HTTP-Engine-0.03005-lBNc8h/inc/Test/Builder.pm line 917.
t/moose/020_interface/test-warn_at_utf8.t ................... ok
Possible precedence issue with control flow operator at /tmp/loop_over_bdir-1973-kzQUVP/HTTP-Engine-0.03005-lBNc8h/inc/Test/Builder.pm line 917.
Redundant argument in sprintf at /tmp/loop_over_bdir-1973-kzQUVP/HTTP-Engine-0.03005-lBNc8h/inc/Spiffy.pm line 225.
Redundant argument in sprintf at /tmp/loop_over_bdir-1973-kzQUVP/HTTP-Engine-0.03005-lBNc8h/inc/Spiffy.pm line 225.
Redundant argument in sprintf at /tmp/loop_over_bdir-1973-kzQUVP/HTTP-Engine-0.03005-lBNc8h/inc/Spiffy.pm line 225.
Redundant argument in sprintf at /tmp/loop_over_bdir-1973-kzQUVP/HTTP-Engine-0.03005-lBNc8h/inc/Spiffy.pm line 225.
Class::MOP::load_class is deprecated at /home/sand/src/perl/repoperls/installed-perls/perl/v5.23.5/13e0/lib/site_perl/5.23.5/x86_64-linux-thread-multi/Class/MOP.pm line 69, <DATA> line 1.
	Class::MOP::load_class("HTTP::Engine::Interface::Test") called at /tmp/loop_over_bdir-1973-kzQUVP/HTTP-Engine-0.03005-lBNc8h/blib/lib/HTTP/Engine/Types/Core.pm line 26
	HTTP::Engine::Types::Core::__ANON__(HASH(0x3d0ff90)) called at /home/sand/src/perl/repoperls/installed-perls/perl/v5.23.5/13e0/lib/site_perl/5.23.5/x86_64-linux-thread-multi/Moose/Meta/TypeCoercion.pm line 65
	Moose::Meta::TypeCoercion::__ANON__(HASH(0x3d0ff90)) called at constructor HTTP::Engine::new (defined at /tmp/loop_over_bdir-1973-kzQUVP/HTTP-Engine-0.03005-lBNc8h/blib/lib/HTTP/Engine.pm line 17) line 32
	HTTP::Engine::new("HTTP::Engine", "interface", HASH(0x3d0ff90)) called at t/moose/020_interface/test.t line 38
	main::__ANON__(Test::Base::Block=HASH(0x3ba16c8)) called at /tmp/loop_over_bdir-1973-kzQUVP/HTTP-Engine-0.03005-lBNc8h/inc/Test/Base.pm line 269
	Test::Base::run(undef) called at t/moose/020_interface/test.t line 43
t/moose/020_interface/test.t ................................ ok
Possible precedence issue with control flow operator at /tmp/loop_over_bdir-1973-kzQUVP/HTTP-Engine-0.03005-lBNc8h/inc/Test/Builder.pm line 917.
Class::MOP::load_class is deprecated at /home/sand/src/perl/repoperls/installed-perls/perl/v5.23.5/13e0/lib/site_perl/5.23.5/x86_64-linux-thread-multi/Class/MOP.pm line 69.
	Class::MOP::load_class("HTTP::Engine::Interface::Test") called at /tmp/loop_over_bdir-1973-kzQUVP/HTTP-Engine-0.03005-lBNc8h/blib/lib/HTTP/Engine/Types/Core.pm line 26
	HTTP::Engine::Types::Core::__ANON__(HASH(0x1629ef0)) called at /home/sand/src/perl/repoperls/installed-perls/perl/v5.23.5/13e0/lib/site_perl/5.23.5/x86_64-linux-thread-multi/Moose/Meta/TypeCoercion.pm line 65
	Moose::Meta::TypeCoercion::__ANON__(HASH(0x1629ef0)) called at constructor HTTP::Engine::new (defined at /tmp/loop_over_bdir-1973-kzQUVP/HTTP-Engine-0.03005-lBNc8h/blib/lib/HTTP/Engine.pm line 17) line 32
	HTTP::Engine::new("HTTP::Engine", "interface", HASH(0x1629ef0)) called at t/moose/020_interface/test_response-with_io.t line 26
t/moose/020_interface/test_response-with_io.t ............... ok
Possible precedence issue with control flow operator at /tmp/loop_over_bdir-1973-kzQUVP/HTTP-Engine-0.03005-lBNc8h/inc/Test/Builder.pm line 917.
Redundant argument in sprintf at /tmp/loop_over_bdir-1973-kzQUVP/HTTP-Engine-0.03005-lBNc8h/inc/Spiffy.pm line 225.
Redundant argument in sprintf at /tmp/loop_over_bdir-1973-kzQUVP/HTTP-Engine-0.03005-lBNc8h/inc/Spiffy.pm line 225.
Redundant argument in sprintf at /tmp/loop_over_bdir-1973-kzQUVP/HTTP-Engine-0.03005-lBNc8h/inc/Spiffy.pm line 225.
Redundant argument in sprintf at /tmp/loop_over_bdir-1973-kzQUVP/HTTP-Engine-0.03005-lBNc8h/inc/Spiffy.pm line 225.
Class::MOP::load_class is deprecated at /home/sand/src/perl/repoperls/installed-perls/perl/v5.23.5/13e0/lib/site_perl/5.23.5/x86_64-linux-thread-multi/Class/MOP.pm line 69, <DATA> line 1.
	Class::MOP::load_class("HTTP::Engine::Interface::Test") called at /tmp/loop_over_bdir-1973-kzQUVP/HTTP-Engine-0.03005-lBNc8h/blib/lib/HTTP/Engine/Types/Core.pm line 26
	HTTP::Engine::Types::Core::__ANON__(HASH(0x3d41740)) called at /home/sand/src/perl/repoperls/installed-perls/perl/v5.23.5/13e0/lib/site_perl/5.23.5/x86_64-linux-thread-multi/Moose/Meta/TypeCoercion.pm line 65
	Moose::Meta::TypeCoercion::__ANON__(HASH(0x3d41740)) called at constructor HTTP::Engine::new (defined at /tmp/loop_over_bdir-1973-kzQUVP/HTTP-Engine-0.03005-lBNc8h/blib/lib/HTTP/Engine.pm line 17) line 32
	HTTP::Engine::new("HTTP::Engine", "interface", HASH(0x3d41740)) called at t/moose/020_interface/test_upload.t line 55
	main::__ANON__(Test::Base::Block=HASH(0x16bdcf8)) called at /tmp/loop_over_bdir-1973-kzQUVP/HTTP-Engine-0.03005-lBNc8h/inc/Test/Base.pm line 269
	Test::Base::run(undef) called at t/moose/020_interface/test_upload.t line 91
t/moose/020_interface/test_upload.t ......................... ok
Possible precedence issue with control flow operator at /tmp/loop_over_bdir-1973-kzQUVP/HTTP-Engine-0.03005-lBNc8h/inc/Test/Builder.pm line 917.
Class::MOP::load_class is deprecated at /home/sand/src/perl/repoperls/installed-perls/perl/v5.23.5/13e0/lib/site_perl/5.23.5/x86_64-linux-thread-multi/Class/MOP.pm line 69.
	Class::MOP::load_class("HTTP::Engine::Interface::Standalone") called at /tmp/loop_over_bdir-1973-kzQUVP/HTTP-Engine-0.03005-lBNc8h/blib/lib/HTTP/Engine/Types/Core.pm line 26
	HTTP::Engine::Types::Core::__ANON__(HASH(0x406c658)) called at /home/sand/src/perl/repoperls/installed-perls/perl/v5.23.5/13e0/lib/site_perl/5.23.5/x86_64-linux-thread-multi/Moose/Meta/TypeCoercion.pm line 65
	Moose::Meta::TypeCoercion::__ANON__(HASH(0x406c658)) called at constructor HTTP::Engine::new (defined at /tmp/loop_over_bdir-1973-kzQUVP/HTTP-Engine-0.03005-lBNc8h/blib/lib/HTTP/Engine.pm line 17) line 32
	HTTP::Engine::new("HTTP::Engine", "interface", HASH(0x406c658)) called at t/Utils.pm line 129
	t::Utils::__ANON__(50265) called at /tmp/loop_over_bdir-1973-kzQUVP/HTTP-Engine-0.03005-lBNc8h/inc/Test/TCP.pm line 118
	Test::TCP::start(Test::TCP=HASH(0x4456cc8)) called at /tmp/loop_over_bdir-1973-kzQUVP/HTTP-Engine-0.03005-lBNc8h/inc/Test/TCP.pm line 102
	Test::TCP::new("Test::TCP", "code", CODE(0x4063678), "port", 50265) called at /tmp/loop_over_bdir-1973-kzQUVP/HTTP-Engine-0.03005-lBNc8h/inc/Test/TCP.pm line 54
	Test::TCP::test_tcp("client", CODE(0x437eda0), "server", CODE(0x4063678), "port", 50265) called at t/Utils.pm line 132
	t::Utils::daemonize_all(CODE(0x3e65b18), "    sub {\x{a}        my \$port = shift;\x{a}        return (\x{a}        "...) called at t/moose/030_daemonize/connection_info.t line 47
Class::MOP::load_class is deprecated at /home/sand/src/perl/repoperls/installed-perls/perl/v5.23.5/13e0/lib/site_perl/5.23.5/x86_64-linux-thread-multi/Class/MOP.pm line 69.
	Class::MOP::load_class("HTTP::Engine::Interface::ServerSimple") called at /tmp/loop_over_bdir-1973-kzQUVP/HTTP-Engine-0.03005-lBNc8h/blib/lib/HTTP/Engine/Types/Core.pm line 26
	HTTP::Engine::Types::Core::__ANON__(HASH(0x406c658)) called at /home/sand/src/perl/repoperls/installed-perls/perl/v5.23.5/13e0/lib/site_perl/5.23.5/x86_64-linux-thread-multi/Moose/Meta/TypeCoercion.pm line 65
	Moose::Meta::TypeCoercion::__ANON__(HASH(0x406c658)) called at constructor HTTP::Engine::new (defined at /tmp/loop_over_bdir-1973-kzQUVP/HTTP-Engine-0.03005-lBNc8h/blib/lib/HTTP/Engine.pm line 17) line 32
	HTTP::Engine::new("HTTP::Engine", "interface", HASH(0x406c658)) called at t/Utils.pm line 129
	t::Utils::__ANON__(50265) called at /tmp/loop_over_bdir-1973-kzQUVP/HTTP-Engine-0.03005-lBNc8h/inc/Test/TCP.pm line 118
	Test::TCP::start(Test::TCP=HASH(0x45189f0)) called at /tmp/loop_over_bdir-1973-kzQUVP/HTTP-Engine-0.03005-lBNc8h/inc/Test/TCP.pm line 102
	Test::TCP::new("Test::TCP", "code", CODE(0x4063678), "port", 50265) called at /tmp/loop_over_bdir-1973-kzQUVP/HTTP-Engine-0.03005-lBNc8h/inc/Test/TCP.pm line 54
	Test::TCP::test_tcp("client", CODE(0x437eda0), "server", CODE(0x4063678), "port", 50265) called at t/Utils.pm line 132
	t::Utils::daemonize_all(CODE(0x3e65b18), "    sub {\x{a}        my \$port = shift;\x{a}        return (\x{a}        "...) called at t/moose/030_daemonize/connection_info.t line 47
Class::MOP::load_class is deprecated at /home/sand/src/perl/repoperls/installed-perls/perl/v5.23.5/13e0/lib/site_perl/5.23.5/x86_64-linux-thread-multi/Class/MOP.pm line 69.
	Class::MOP::load_class("HTTP::Engine::Interface::POE") called at /tmp/loop_over_bdir-1973-kzQUVP/HTTP-Engine-0.03005-lBNc8h/blib/lib/HTTP/Engine/Types/Core.pm line 26
	HTTP::Engine::Types::Core::__ANON__(HASH(0x406c658)) called at /home/sand/src/perl/repoperls/installed-perls/perl/v5.23.5/13e0/lib/site_perl/5.23.5/x86_64-linux-thread-multi/Moose/Meta/TypeCoercion.pm line 65
	Moose::Meta::TypeCoercion::__ANON__(HASH(0x406c658)) called at constructor HTTP::Engine::new (defined at /tmp/loop_over_bdir-1973-kzQUVP/HTTP-Engine-0.03005-lBNc8h/blib/lib/HTTP/Engine.pm line 17) line 32
	HTTP::Engine::new("HTTP::Engine", "interface", HASH(0x406c658)) called at t/Utils.pm line 129
	t::Utils::__ANON__(50265) called at /tmp/loop_over_bdir-1973-kzQUVP/HTTP-Engine-0.03005-lBNc8h/inc/Test/TCP.pm line 118
	Test::TCP::start(Test::TCP=HASH(0x493c500)) called at /tmp/loop_over_bdir-1973-kzQUVP/HTTP-Engine-0.03005-lBNc8h/inc/Test/TCP.pm line 102
	Test::TCP::new("Test::TCP", "code", CODE(0x4063678), "port", 50265) called at /tmp/loop_over_bdir-1973-kzQUVP/HTTP-Engine-0.03005-lBNc8h/inc/Test/TCP.pm line 54
	Test::TCP::test_tcp("client", CODE(0x437eda0), "server", CODE(0x4063678), "port", 50265) called at t/Utils.pm line 132
	t::Utils::daemonize_all(CODE(0x3e65b18), "    sub {\x{a}        my \$port = shift;\x{a}        return (\x{a}        "...) called at t/moose/030_daemonize/connection_info.t line 47
t/moose/030_daemonize/connection_info.t ..................... ok
Possible precedence issue with control flow operator at /tmp/loop_over_bdir-1973-kzQUVP/HTTP-Engine-0.03005-lBNc8h/inc/Test/Builder.pm line 917.
Class::MOP::load_class is deprecated at /home/sand/src/perl/repoperls/installed-perls/perl/v5.23.5/13e0/lib/site_perl/5.23.5/x86_64-linux-thread-multi/Class/MOP.pm line 69.
	Class::MOP::load_class("HTTP::Engine::Interface::Standalone") called at /tmp/loop_over_bdir-1973-kzQUVP/HTTP-Engine-0.03005-lBNc8h/blib/lib/HTTP/Engine/Types/Core.pm line 26
	HTTP::Engine::Types::Core::__ANON__(HASH(0x3932f38)) called at /home/sand/src/perl/repoperls/installed-perls/perl/v5.23.5/13e0/lib/site_perl/5.23.5/x86_64-linux-thread-multi/Moose/Meta/TypeCoercion.pm line 65
	Moose::Meta::TypeCoercion::__ANON__(HASH(0x3932f38)) called at constructor HTTP::Engine::new (defined at /tmp/loop_over_bdir-1973-kzQUVP/HTTP-Engine-0.03005-lBNc8h/blib/lib/HTTP/Engine.pm line 17) line 32
	HTTP::Engine::new("HTTP::Engine", "interface", HASH(0x3932f38)) called at t/Utils.pm line 129
	t::Utils::__ANON__(50373) called at /tmp/loop_over_bdir-1973-kzQUVP/HTTP-Engine-0.03005-lBNc8h/inc/Test/TCP.pm line 118
	Test::TCP::start(Test::TCP=HASH(0x3cf2b60)) called at /tmp/loop_over_bdir-1973-kzQUVP/HTTP-Engine-0.03005-lBNc8h/inc/Test/TCP.pm line 102
	Test::TCP::new("Test::TCP", "code", CODE(0x3c84e20), "port", 50373) called at /tmp/loop_over_bdir-1973-kzQUVP/HTTP-Engine-0.03005-lBNc8h/inc/Test/TCP.pm line 54
	Test::TCP::test_tcp("client", CODE(0x3c84d90), "server", CODE(0x3c84e20), "port", 50373) called at t/Utils.pm line 132
	t::Utils::daemonize_all(CODE(0x372e888), "    sub {\x{a}        my \$port = shift;\x{a}        return (\x{a}        "...) called at t/moose/030_daemonize/headers.t line 40
Class::MOP::load_class is deprecated at /home/sand/src/perl/repoperls/installed-perls/perl/v5.23.5/13e0/lib/site_perl/5.23.5/x86_64-linux-thread-multi/Class/MOP.pm line 69.
	Class::MOP::load_class("HTTP::Engine::Interface::ServerSimple") called at /tmp/loop_over_bdir-1973-kzQUVP/HTTP-Engine-0.03005-lBNc8h/blib/lib/HTTP/Engine/Types/Core.pm line 26
	HTTP::Engine::Types::Core::__ANON__(HASH(0x3932f38)) called at /home/sand/src/perl/repoperls/installed-perls/perl/v5.23.5/13e0/lib/site_perl/5.23.5/x86_64-linux-thread-multi/Moose/Meta/TypeCoercion.pm line 65
	Moose::Meta::TypeCoercion::__ANON__(HASH(0x3932f38)) called at constructor HTTP::Engine::new (defined at /tmp/loop_over_bdir-1973-kzQUVP/HTTP-Engine-0.03005-lBNc8h/blib/lib/HTTP/Engine.pm line 17) line 32
	HTTP::Engine::new("HTTP::Engine", "interface", HASH(0x3932f38)) called at t/Utils.pm line 129
	t::Utils::__ANON__(50373) called at /tmp/loop_over_bdir-1973-kzQUVP/HTTP-Engine-0.03005-lBNc8h/inc/Test/TCP.pm line 118
	Test::TCP::start(Test::TCP=HASH(0x3cf2d10)) called at /tmp/loop_over_bdir-1973-kzQUVP/HTTP-Engine-0.03005-lBNc8h/inc/Test/TCP.pm line 102
	Test::TCP::new("Test::TCP", "code", CODE(0x3c84e20), "port", 50373) called at /tmp/loop_over_bdir-1973-kzQUVP/HTTP-Engine-0.03005-lBNc8h/inc/Test/TCP.pm line 54
	Test::TCP::test_tcp("client", CODE(0x3c84d90), "server", CODE(0x3c84e20), "port", 50373) called at t/Utils.pm line 132
	t::Utils::daemonize_all(CODE(0x372e888), "    sub {\x{a}        my \$port = shift;\x{a}        return (\x{a}        "...) called at t/moose/030_daemonize/headers.t line 40
Class::MOP::load_class is deprecated at /home/sand/src/perl/repoperls/installed-perls/perl/v5.23.5/13e0/lib/site_perl/5.23.5/x86_64-linux-thread-multi/Class/MOP.pm line 69.
	Class::MOP::load_class("HTTP::Engine::Interface::POE") called at /tmp/loop_over_bdir-1973-kzQUVP/HTTP-Engine-0.03005-lBNc8h/blib/lib/HTTP/Engine/Types/Core.pm line 26
	HTTP::Engine::Types::Core::__ANON__(HASH(0x3932f38)) called at /home/sand/src/perl/repoperls/installed-perls/perl/v5.23.5/13e0/lib/site_perl/5.23.5/x86_64-linux-thread-multi/Moose/Meta/TypeCoercion.pm line 65
	Moose::Meta::TypeCoercion::__ANON__(HASH(0x3932f38)) called at constructor HTTP::Engine::new (defined at /tmp/loop_over_bdir-1973-kzQUVP/HTTP-Engine-0.03005-lBNc8h/blib/lib/HTTP/Engine.pm line 17) line 32
	HTTP::Engine::new("HTTP::Engine", "interface", HASH(0x3932f38)) called at t/Utils.pm line 129
	t::Utils::__ANON__(50373) called at /tmp/loop_over_bdir-1973-kzQUVP/HTTP-Engine-0.03005-lBNc8h/inc/Test/TCP.pm line 118
	Test::TCP::start(Test::TCP=HASH(0x3cdfd20)) called at /tmp/loop_over_bdir-1973-kzQUVP/HTTP-Engine-0.03005-lBNc8h/inc/Test/TCP.pm line 102
	Test::TCP::new("Test::TCP", "code", CODE(0x3c84e20), "port", 50373) called at /tmp/loop_over_bdir-1973-kzQUVP/HTTP-Engine-0.03005-lBNc8h/inc/Test/TCP.pm line 54
	Test::TCP::test_tcp("client", CODE(0x3c84d90), "server", CODE(0x3c84e20), "port", 50373) called at t/Utils.pm line 132
	t::Utils::daemonize_all(CODE(0x372e888), "    sub {\x{a}        my \$port = shift;\x{a}        return (\x{a}        "...) called at t/moose/030_daemonize/headers.t line 40
t/moose/030_daemonize/headers.t ............................. ok
Possible precedence issue with control flow operator at /tmp/loop_over_bdir-1973-kzQUVP/HTTP-Engine-0.03005-lBNc8h/inc/Test/Builder.pm line 917.

#   Failed test at /tmp/loop_over_bdir-1973-kzQUVP/HTTP-Engine-0.03005-lBNc8h/inc/Test/More.pm line 376.
#          got: '/foo|'
#     expected: '/|http://example.com/foo?http=1'

#   Failed test at /tmp/loop_over_bdir-1973-kzQUVP/HTTP-Engine-0.03005-lBNc8h/inc/Test/More.pm line 376.
#          got: '/foo|'
#     expected: '/|http://example.com:8080/foo?http=1'
Class::MOP::load_class is deprecated at /home/sand/src/perl/repoperls/installed-perls/perl/v5.23.5/13e0/lib/site_perl/5.23.5/x86_64-linux-thread-multi/Class/MOP.pm line 69.
	Class::MOP::load_class("HTTP::Engine::Interface::Standalone") called at /tmp/loop_over_bdir-1973-kzQUVP/HTTP-Engine-0.03005-lBNc8h/blib/lib/HTTP/Engine/Types/Core.pm line 26
	HTTP::Engine::Types::Core::__ANON__(HASH(0x4107758)) called at /home/sand/src/perl/repoperls/installed-perls/perl/v5.23.5/13e0/lib/site_perl/5.23.5/x86_64-linux-thread-multi/Moose/Meta/TypeCoercion.pm line 65
	Moose::Meta::TypeCoercion::__ANON__(HASH(0x4107758)) called at constructor HTTP::Engine::new (defined at /tmp/loop_over_bdir-1973-kzQUVP/HTTP-Engine-0.03005-lBNc8h/blib/lib/HTTP/Engine.pm line 17) line 32
	HTTP::Engine::new("HTTP::Engine", "interface", HASH(0x4107758)) called at t/Utils.pm line 129
	t::Utils::__ANON__(50453) called at /tmp/loop_over_bdir-1973-kzQUVP/HTTP-Engine-0.03005-lBNc8h/inc/Test/TCP.pm line 118
	Test::TCP::start(Test::TCP=HASH(0x4518910)) called at /tmp/loop_over_bdir-1973-kzQUVP/HTTP-Engine-0.03005-lBNc8h/inc/Test/TCP.pm line 102
	Test::TCP::new("Test::TCP", "code", CODE(0x448cd20), "port", 50453) called at /tmp/loop_over_bdir-1973-kzQUVP/HTTP-Engine-0.03005-lBNc8h/inc/Test/TCP.pm line 54
	Test::TCP::test_tcp("client", CODE(0x448cc90), "server", CODE(0x448cd20), "port", 50453) called at t/Utils.pm line 132
	t::Utils::daemonize_all(CODE(0x3f7c798), "    sub {\x{a}        my \$port = shift;\x{a}        return (\x{a}        "...) called at t/moose/030_daemonize/proxy_path.t line 25
Class::MOP::load_class is deprecated at /home/sand/src/perl/repoperls/installed-perls/perl/v5.23.5/13e0/lib/site_perl/5.23.5/x86_64-linux-thread-multi/Class/MOP.pm line 69.
	Class::MOP::load_class("HTTP::Engine::Interface::ServerSimple") called at /tmp/loop_over_bdir-1973-kzQUVP/HTTP-Engine-0.03005-lBNc8h/blib/lib/HTTP/Engine/Types/Core.pm line 26
	HTTP::Engine::Types::Core::__ANON__(HASH(0x4107758)) called at /home/sand/src/perl/repoperls/installed-perls/perl/v5.23.5/13e0/lib/site_perl/5.23.5/x86_64-linux-thread-multi/Moose/Meta/TypeCoercion.pm line 65
	Moose::Meta::TypeCoercion::__ANON__(HASH(0x4107758)) called at constructor HTTP::Engine::new (defined at /tmp/loop_over_bdir-1973-kzQUVP/HTTP-Engine-0.03005-lBNc8h/blib/lib/HTTP/Engine.pm line 17) line 32
	HTTP::Engine::new("HTTP::Engine", "interface", HASH(0x4107758)) called at t/Utils.pm line 129
	t::Utils::__ANON__(50453) called at /tmp/loop_over_bdir-1973-kzQUVP/HTTP-Engine-0.03005-lBNc8h/inc/Test/TCP.pm line 118
	Test::TCP::start(Test::TCP=HASH(0x44f2010)) called at /tmp/loop_over_bdir-1973-kzQUVP/HTTP-Engine-0.03005-lBNc8h/inc/Test/TCP.pm line 102
	Test::TCP::new("Test::TCP", "code", CODE(0x448cd20), "port", 50453) called at /tmp/loop_over_bdir-1973-kzQUVP/HTTP-Engine-0.03005-lBNc8h/inc/Test/TCP.pm line 54
	Test::TCP::test_tcp("client", CODE(0x448cc90), "server", CODE(0x448cd20), "port", 50453) called at t/Utils.pm line 132
	t::Utils::daemonize_all(CODE(0x3f7c798), "    sub {\x{a}        my \$port = shift;\x{a}        return (\x{a}        "...) called at t/moose/030_daemonize/proxy_path.t line 25

#   Failed test at /tmp/loop_over_bdir-1973-kzQUVP/HTTP-Engine-0.03005-lBNc8h/inc/Test/More.pm line 376.
#          got: '/foo|'
#     expected: '/|http://example.com/foo?http=1'

#   Failed test at /tmp/loop_over_bdir-1973-kzQUVP/HTTP-Engine-0.03005-lBNc8h/inc/Test/More.pm line 376.
#          got: '/foo|'
#     expected: '/|http://example.com:8080/foo?http=1'
Class::MOP::load_class is deprecated at /home/sand/src/perl/repoperls/installed-perls/perl/v5.23.5/13e0/lib/site_perl/5.23.5/x86_64-linux-thread-multi/Class/MOP.pm line 69.
	Class::MOP::load_class("HTTP::Engine::Interface::POE") called at /tmp/loop_over_bdir-1973-kzQUVP/HTTP-Engine-0.03005-lBNc8h/blib/lib/HTTP/Engine/Types/Core.pm line 26
	HTTP::Engine::Types::Core::__ANON__(HASH(0x4107758)) called at /home/sand/src/perl/repoperls/installed-perls/perl/v5.23.5/13e0/lib/site_perl/5.23.5/x86_64-linux-thread-multi/Moose/Meta/TypeCoercion.pm line 65
	Moose::Meta::TypeCoercion::__ANON__(HASH(0x4107758)) called at constructor HTTP::Engine::new (defined at /tmp/loop_over_bdir-1973-kzQUVP/HTTP-Engine-0.03005-lBNc8h/blib/lib/HTTP/Engine.pm line 17) line 32
	HTTP::Engine::new("HTTP::Engine", "interface", HASH(0x4107758)) called at t/Utils.pm line 129
	t::Utils::__ANON__(50453) called at /tmp/loop_over_bdir-1973-kzQUVP/HTTP-Engine-0.03005-lBNc8h/inc/Test/TCP.pm line 118
	Test::TCP::start(Test::TCP=HASH(0x45188e0)) called at /tmp/loop_over_bdir-1973-kzQUVP/HTTP-Engine-0.03005-lBNc8h/inc/Test/TCP.pm line 102
	Test::TCP::new("Test::TCP", "code", CODE(0x448cd20), "port", 50453) called at /tmp/loop_over_bdir-1973-kzQUVP/HTTP-Engine-0.03005-lBNc8h/inc/Test/TCP.pm line 54
	Test::TCP::test_tcp("client", CODE(0x448cc90), "server", CODE(0x448cd20), "port", 50453) called at t/Utils.pm line 132
	t::Utils::daemonize_all(CODE(0x3f7c798), "    sub {\x{a}        my \$port = shift;\x{a}        return (\x{a}        "...) called at t/moose/030_daemonize/proxy_path.t line 25
# Looks like you failed 4 tests of 16.
t/moose/030_daemonize/proxy_path.t .......................... 
Dubious, test returned 4 (wstat 1024, 0x400)
Failed 4/16 subtests 
Possible precedence issue with control flow operator at /tmp/loop_over_bdir-1973-kzQUVP/HTTP-Engine-0.03005-lBNc8h/inc/Test/Builder.pm line 917.
Class::MOP::load_class is deprecated at /home/sand/src/perl/repoperls/installed-perls/perl/v5.23.5/13e0/lib/site_perl/5.23.5/x86_64-linux-thread-multi/Class/MOP.pm line 69.
	Class::MOP::load_class("HTTP::Engine::Interface::Standalone") called at /tmp/loop_over_bdir-1973-kzQUVP/HTTP-Engine-0.03005-lBNc8h/blib/lib/HTTP/Engine/Types/Core.pm line 26
	HTTP::Engine::Types::Core::__ANON__(HASH(0x309ff10)) called at /home/sand/src/perl/repoperls/installed-perls/perl/v5.23.5/13e0/lib/site_perl/5.23.5/x86_64-linux-thread-multi/Moose/Meta/TypeCoercion.pm line 65
	Moose::Meta::TypeCoercion::__ANON__(HASH(0x309ff10)) called at constructor HTTP::Engine::new (defined at /tmp/loop_over_bdir-1973-kzQUVP/HTTP-Engine-0.03005-lBNc8h/blib/lib/HTTP/Engine.pm line 17) line 32
	HTTP::Engine::new("HTTP::Engine", "interface", HASH(0x309ff10)) called at t/Utils.pm line 129
	t::Utils::__ANON__(50489) called at /tmp/loop_over_bdir-1973-kzQUVP/HTTP-Engine-0.03005-lBNc8h/inc/Test/TCP.pm line 118
	Test::TCP::start(Test::TCP=HASH(0x34490c0)) called at /tmp/loop_over_bdir-1973-kzQUVP/HTTP-Engine-0.03005-lBNc8h/inc/Test/TCP.pm line 102
	Test::TCP::new("Test::TCP", "code", CODE(0x33f1098), "port", 50489) called at /tmp/loop_over_bdir-1973-kzQUVP/HTTP-Engine-0.03005-lBNc8h/inc/Test/TCP.pm line 54
	Test::TCP::test_tcp("client", CODE(0x33f1008), "server", CODE(0x33f1098), "port", 50489) called at t/Utils.pm line 132
	t::Utils::daemonize_all(CODE(0x2e9b540), "    sub {\x{a}        my \$port = shift;\x{a}        return (\x{a}        "...) called at t/moose/030_daemonize/raw_body.t line 41
Class::MOP::load_class is deprecated at /home/sand/src/perl/repoperls/installed-perls/perl/v5.23.5/13e0/lib/site_perl/5.23.5/x86_64-linux-thread-multi/Class/MOP.pm line 69.
	Class::MOP::load_class("HTTP::Engine::Interface::ServerSimple") called at /tmp/loop_over_bdir-1973-kzQUVP/HTTP-Engine-0.03005-lBNc8h/blib/lib/HTTP/Engine/Types/Core.pm line 26
	HTTP::Engine::Types::Core::__ANON__(HASH(0x309ff10)) called at /home/sand/src/perl/repoperls/installed-perls/perl/v5.23.5/13e0/lib/site_perl/5.23.5/x86_64-linux-thread-multi/Moose/Meta/TypeCoercion.pm line 65
	Moose::Meta::TypeCoercion::__ANON__(HASH(0x309ff10)) called at constructor HTTP::Engine::new (defined at /tmp/loop_over_bdir-1973-kzQUVP/HTTP-Engine-0.03005-lBNc8h/blib/lib/HTTP/Engine.pm line 17) line 32
	HTTP::Engine::new("HTTP::Engine", "interface", HASH(0x309ff10)) called at t/Utils.pm line 129
	t::Utils::__ANON__(50489) called at /tmp/loop_over_bdir-1973-kzQUVP/HTTP-Engine-0.03005-lBNc8h/inc/Test/TCP.pm line 118
	Test::TCP::start(Test::TCP=HASH(0x1124bd8)) called at /tmp/loop_over_bdir-1973-kzQUVP/HTTP-Engine-0.03005-lBNc8h/inc/Test/TCP.pm line 102
	Test::TCP::new("Test::TCP", "code", CODE(0x33f1098), "port", 50489) called at /tmp/loop_over_bdir-1973-kzQUVP/HTTP-Engine-0.03005-lBNc8h/inc/Test/TCP.pm line 54
	Test::TCP::test_tcp("client", CODE(0x33f1008), "server", CODE(0x33f1098), "port", 50489) called at t/Utils.pm line 132
	t::Utils::daemonize_all(CODE(0x2e9b540), "    sub {\x{a}        my \$port = shift;\x{a}        return (\x{a}        "...) called at t/moose/030_daemonize/raw_body.t line 41
Class::MOP::load_class is deprecated at /home/sand/src/perl/repoperls/installed-perls/perl/v5.23.5/13e0/lib/site_perl/5.23.5/x86_64-linux-thread-multi/Class/MOP.pm line 69.
	Class::MOP::load_class("HTTP::Engine::Interface::POE") called at /tmp/loop_over_bdir-1973-kzQUVP/HTTP-Engine-0.03005-lBNc8h/blib/lib/HTTP/Engine/Types/Core.pm line 26
	HTTP::Engine::Types::Core::__ANON__(HASH(0x309ff10)) called at /home/sand/src/perl/repoperls/installed-perls/perl/v5.23.5/13e0/lib/site_perl/5.23.5/x86_64-linux-thread-multi/Moose/Meta/TypeCoercion.pm line 65
	Moose::Meta::TypeCoercion::__ANON__(HASH(0x309ff10)) called at constructor HTTP::Engine::new (defined at /tmp/loop_over_bdir-1973-kzQUVP/HTTP-Engine-0.03005-lBNc8h/blib/lib/HTTP/Engine.pm line 17) line 32
	HTTP::Engine::new("HTTP::Engine", "interface", HASH(0x309ff10)) called at t/Utils.pm line 129
	t::Utils::__ANON__(50489) called at /tmp/loop_over_bdir-1973-kzQUVP/HTTP-Engine-0.03005-lBNc8h/inc/Test/TCP.pm line 118
	Test::TCP::start(Test::TCP=HASH(0x3449528)) called at /tmp/loop_over_bdir-1973-kzQUVP/HTTP-Engine-0.03005-lBNc8h/inc/Test/TCP.pm line 102
	Test::TCP::new("Test::TCP", "code", CODE(0x33f1098), "port", 50489) called at /tmp/loop_over_bdir-1973-kzQUVP/HTTP-Engine-0.03005-lBNc8h/inc/Test/TCP.pm line 54
	Test::TCP::test_tcp("client", CODE(0x33f1008), "server", CODE(0x33f1098), "port", 50489) called at t/Utils.pm line 132
	t::Utils::daemonize_all(CODE(0x2e9b540), "    sub {\x{a}        my \$port = shift;\x{a}        return (\x{a}        "...) called at t/moose/030_daemonize/raw_body.t line 41
t/moose/030_daemonize/raw_body.t ............................ ok
Possible precedence issue with control flow operator at /tmp/loop_over_bdir-1973-kzQUVP/HTTP-Engine-0.03005-lBNc8h/inc/Test/Builder.pm line 917.
Class::MOP::load_class is deprecated at /home/sand/src/perl/repoperls/installed-perls/perl/v5.23.5/13e0/lib/site_perl/5.23.5/x86_64-linux-thread-multi/Class/MOP.pm line 69.
	Class::MOP::load_class("HTTP::Engine::Interface::Standalone") called at /tmp/loop_over_bdir-1973-kzQUVP/HTTP-Engine-0.03005-lBNc8h/blib/lib/HTTP/Engine/Types/Core.pm line 26
	HTTP::Engine::Types::Core::__ANON__(HASH(0x2c96fe8)) called at /home/sand/src/perl/repoperls/installed-perls/perl/v5.23.5/13e0/lib/site_perl/5.23.5/x86_64-linux-thread-multi/Moose/Meta/TypeCoercion.pm line 65
	Moose::Meta::TypeCoercion::__ANON__(HASH(0x2c96fe8)) called at constructor HTTP::Engine::new (defined at /tmp/loop_over_bdir-1973-kzQUVP/HTTP-Engine-0.03005-lBNc8h/blib/lib/HTTP/Engine.pm line 17) line 32
	HTTP::Engine::new("HTTP::Engine", "interface", HASH(0x2c96fe8)) called at t/Utils.pm line 129
	t::Utils::__ANON__(50875) called at /tmp/loop_over_bdir-1973-kzQUVP/HTTP-Engine-0.03005-lBNc8h/inc/Test/TCP.pm line 118
	Test::TCP::start(Test::TCP=HASH(0x3041cd0)) called at /tmp/loop_over_bdir-1973-kzQUVP/HTTP-Engine-0.03005-lBNc8h/inc/Test/TCP.pm line 102
	Test::TCP::new("Test::TCP", "code", CODE(0x2fe8c78), "port", 50875) called at /tmp/loop_over_bdir-1973-kzQUVP/HTTP-Engine-0.03005-lBNc8h/inc/Test/TCP.pm line 54
	Test::TCP::test_tcp("client", CODE(0x2fe8be8), "server", CODE(0x2fe8c78), "port", 50875) called at t/Utils.pm line 132
	t::Utils::daemonize_all(CODE(0x2a21de8), "    sub {\x{a}        my \$port = shift;\x{a}        return (\x{a}        "...) called at t/moose/030_daemonize/request_independence.t line 51
Class::MOP::load_class is deprecated at /home/sand/src/perl/repoperls/installed-perls/perl/v5.23.5/13e0/lib/site_perl/5.23.5/x86_64-linux-thread-multi/Class/MOP.pm line 69.
	Class::MOP::load_class("HTTP::Engine::Interface::ServerSimple") called at /tmp/loop_over_bdir-1973-kzQUVP/HTTP-Engine-0.03005-lBNc8h/blib/lib/HTTP/Engine/Types/Core.pm line 26
	HTTP::Engine::Types::Core::__ANON__(HASH(0x2c96fe8)) called at /home/sand/src/perl/repoperls/installed-perls/perl/v5.23.5/13e0/lib/site_perl/5.23.5/x86_64-linux-thread-multi/Moose/Meta/TypeCoercion.pm line 65
	Moose::Meta::TypeCoercion::__ANON__(HASH(0x2c96fe8)) called at constructor HTTP::Engine::new (defined at /tmp/loop_over_bdir-1973-kzQUVP/HTTP-Engine-0.03005-lBNc8h/blib/lib/HTTP/Engine.pm line 17) line 32
	HTTP::Engine::new("HTTP::Engine", "interface", HASH(0x2c96fe8)) called at t/Utils.pm line 129
	t::Utils::__ANON__(50875) called at /tmp/loop_over_bdir-1973-kzQUVP/HTTP-Engine-0.03005-lBNc8h/inc/Test/TCP.pm line 118
	Test::TCP::start(Test::TCP=HASH(0xe8fa48)) called at /tmp/loop_over_bdir-1973-kzQUVP/HTTP-Engine-0.03005-lBNc8h/inc/Test/TCP.pm line 102
	Test::TCP::new("Test::TCP", "code", CODE(0x2fe8c78), "port", 50875) called at /tmp/loop_over_bdir-1973-kzQUVP/HTTP-Engine-0.03005-lBNc8h/inc/Test/TCP.pm line 54
	Test::TCP::test_tcp("client", CODE(0x2fe8be8), "server", CODE(0x2fe8c78), "port", 50875) called at t/Utils.pm line 132
	t::Utils::daemonize_all(CODE(0x2a21de8), "    sub {\x{a}        my \$port = shift;\x{a}        return (\x{a}        "...) called at t/moose/030_daemonize/request_independence.t line 51
Class::MOP::load_class is deprecated at /home/sand/src/perl/repoperls/installed-perls/perl/v5.23.5/13e0/lib/site_perl/5.23.5/x86_64-linux-thread-multi/Class/MOP.pm line 69.
	Class::MOP::load_class("HTTP::Engine::Interface::POE") called at /tmp/loop_over_bdir-1973-kzQUVP/HTTP-Engine-0.03005-lBNc8h/blib/lib/HTTP/Engine/Types/Core.pm line 26
	HTTP::Engine::Types::Core::__ANON__(HASH(0x2c96fe8)) called at /home/sand/src/perl/repoperls/installed-perls/perl/v5.23.5/13e0/lib/site_perl/5.23.5/x86_64-linux-thread-multi/Moose/Meta/TypeCoercion.pm line 65
	Moose::Meta::TypeCoercion::__ANON__(HASH(0x2c96fe8)) called at constructor HTTP::Engine::new (defined at /tmp/loop_over_bdir-1973-kzQUVP/HTTP-Engine-0.03005-lBNc8h/blib/lib/HTTP/Engine.pm line 17) line 32
	HTTP::Engine::new("HTTP::Engine", "interface", HASH(0x2c96fe8)) called at t/Utils.pm line 129
	t::Utils::__ANON__(50875) called at /tmp/loop_over_bdir-1973-kzQUVP/HTTP-Engine-0.03005-lBNc8h/inc/Test/TCP.pm line 118
	Test::TCP::start(Test::TCP=HASH(0x318e588)) called at /tmp/loop_over_bdir-1973-kzQUVP/HTTP-Engine-0.03005-lBNc8h/inc/Test/TCP.pm line 102
	Test::TCP::new("Test::TCP", "code", CODE(0x2fe8c78), "port", 50875) called at /tmp/loop_over_bdir-1973-kzQUVP/HTTP-Engine-0.03005-lBNc8h/inc/Test/TCP.pm line 54
	Test::TCP::test_tcp("client", CODE(0x2fe8be8), "server", CODE(0x2fe8c78), "port", 50875) called at t/Utils.pm line 132
	t::Utils::daemonize_all(CODE(0x2a21de8), "    sub {\x{a}        my \$port = shift;\x{a}        return (\x{a}        "...) called at t/moose/030_daemonize/request_independence.t line 51
t/moose/030_daemonize/request_independence.t ................ ok
Possible precedence issue with control flow operator at /tmp/loop_over_bdir-1973-kzQUVP/HTTP-Engine-0.03005-lBNc8h/inc/Test/Builder.pm line 917.
Class::MOP::load_class is deprecated at /home/sand/src/perl/repoperls/installed-perls/perl/v5.23.5/13e0/lib/site_perl/5.23.5/x86_64-linux-thread-multi/Class/MOP.pm line 69.
	Class::MOP::load_class("HTTP::Engine::Interface::Standalone") called at /tmp/loop_over_bdir-1973-kzQUVP/HTTP-Engine-0.03005-lBNc8h/blib/lib/HTTP/Engine/Types/Core.pm line 26
	HTTP::Engine::Types::Core::__ANON__(HASH(0x107e460)) called at /home/sand/src/perl/repoperls/installed-perls/perl/v5.23.5/13e0/lib/site_perl/5.23.5/x86_64-linux-thread-multi/Moose/Meta/TypeCoercion.pm line 65
	Moose::Meta::TypeCoercion::__ANON__(HASH(0x107e460)) called at constructor HTTP::Engine::new (defined at /tmp/loop_over_bdir-1973-kzQUVP/HTTP-Engine-0.03005-lBNc8h/blib/lib/HTTP/Engine.pm line 17) line 32
	HTTP::Engine::new("HTTP::Engine", "interface", HASH(0x107e460)) called at t/Utils.pm line 129
	t::Utils::__ANON__(50520) called at /tmp/loop_over_bdir-1973-kzQUVP/HTTP-Engine-0.03005-lBNc8h/inc/Test/TCP.pm line 118
	Test::TCP::start(Test::TCP=HASH(0x33d8ca8)) called at /tmp/loop_over_bdir-1973-kzQUVP/HTTP-Engine-0.03005-lBNc8h/inc/Test/TCP.pm line 102
	Test::TCP::new("Test::TCP", "code", CODE(0x107e910), "port", 50520) called at /tmp/loop_over_bdir-1973-kzQUVP/HTTP-Engine-0.03005-lBNc8h/inc/Test/TCP.pm line 54
	Test::TCP::test_tcp("client", CODE(0x107e880), "server", CODE(0x107e910), "port", 50520) called at t/Utils.pm line 132
	t::Utils::daemonize_all(CODE(0x107e4a8), "    sub {\x{a}        require File::Temp;\x{a}        my \$port = shif"...) called at t/moose/030_daemonize/responsewriter_io.t line 50
Class::MOP::load_class is deprecated at /home/sand/src/perl/repoperls/installed-perls/perl/v5.23.5/13e0/lib/site_perl/5.23.5/x86_64-linux-thread-multi/Class/MOP.pm line 69.
	Class::MOP::load_class("HTTP::Engine::Interface::ServerSimple") called at /tmp/loop_over_bdir-1973-kzQUVP/HTTP-Engine-0.03005-lBNc8h/blib/lib/HTTP/Engine/Types/Core.pm line 26
	HTTP::Engine::Types::Core::__ANON__(HASH(0x107e460)) called at /home/sand/src/perl/repoperls/installed-perls/perl/v5.23.5/13e0/lib/site_perl/5.23.5/x86_64-linux-thread-multi/Moose/Meta/TypeCoercion.pm line 65
	Moose::Meta::TypeCoercion::__ANON__(HASH(0x107e460)) called at constructor HTTP::Engine::new (defined at /tmp/loop_over_bdir-1973-kzQUVP/HTTP-Engine-0.03005-lBNc8h/blib/lib/HTTP/Engine.pm line 17) line 32
	HTTP::Engine::new("HTTP::Engine", "interface", HASH(0x107e460)) called at t/Utils.pm line 129
	t::Utils::__ANON__(50520) called at /tmp/loop_over_bdir-1973-kzQUVP/HTTP-Engine-0.03005-lBNc8h/inc/Test/TCP.pm line 118
	Test::TCP::start(Test::TCP=HASH(0x33b31b8)) called at /tmp/loop_over_bdir-1973-kzQUVP/HTTP-Engine-0.03005-lBNc8h/inc/Test/TCP.pm line 102
	Test::TCP::new("Test::TCP", "code", CODE(0x107e910), "port", 50520) called at /tmp/loop_over_bdir-1973-kzQUVP/HTTP-Engine-0.03005-lBNc8h/inc/Test/TCP.pm line 54
	Test::TCP::test_tcp("client", CODE(0x107e880), "server", CODE(0x107e910), "port", 50520) called at t/Utils.pm line 132
	t::Utils::daemonize_all(CODE(0x107e4a8), "    sub {\x{a}        require File::Temp;\x{a}        my \$port = shif"...) called at t/moose/030_daemonize/responsewriter_io.t line 50
Class::MOP::load_class is deprecated at /home/sand/src/perl/repoperls/installed-perls/perl/v5.23.5/13e0/lib/site_perl/5.23.5/x86_64-linux-thread-multi/Class/MOP.pm line 69.
	Class::MOP::load_class("HTTP::Engine::Interface::POE") called at /tmp/loop_over_bdir-1973-kzQUVP/HTTP-Engine-0.03005-lBNc8h/blib/lib/HTTP/Engine/Types/Core.pm line 26
	HTTP::Engine::Types::Core::__ANON__(HASH(0x107e460)) called at /home/sand/src/perl/repoperls/installed-perls/perl/v5.23.5/13e0/lib/site_perl/5.23.5/x86_64-linux-thread-multi/Moose/Meta/TypeCoercion.pm line 65
	Moose::Meta::TypeCoercion::__ANON__(HASH(0x107e460)) called at constructor HTTP::Engine::new (defined at /tmp/loop_over_bdir-1973-kzQUVP/HTTP-Engine-0.03005-lBNc8h/blib/lib/HTTP/Engine.pm line 17) line 32
	HTTP::Engine::new("HTTP::Engine", "interface", HASH(0x107e460)) called at t/Utils.pm line 129
	t::Utils::__ANON__(50520) called at /tmp/loop_over_bdir-1973-kzQUVP/HTTP-Engine-0.03005-lBNc8h/inc/Test/TCP.pm line 118
	Test::TCP::start(Test::TCP=HASH(0x385d848)) called at /tmp/loop_over_bdir-1973-kzQUVP/HTTP-Engine-0.03005-lBNc8h/inc/Test/TCP.pm line 102
	Test::TCP::new("Test::TCP", "code", CODE(0x107e910), "port", 50520) called at /tmp/loop_over_bdir-1973-kzQUVP/HTTP-Engine-0.03005-lBNc8h/inc/Test/TCP.pm line 54
	Test::TCP::test_tcp("client", CODE(0x107e880), "server", CODE(0x107e910), "port", 50520) called at t/Utils.pm line 132
	t::Utils::daemonize_all(CODE(0x107e4a8), "    sub {\x{a}        require File::Temp;\x{a}        my \$port = shif"...) called at t/moose/030_daemonize/responsewriter_io.t line 50
t/moose/030_daemonize/responsewriter_io.t ................... ok
Possible precedence issue with control flow operator at /tmp/loop_over_bdir-1973-kzQUVP/HTTP-Engine-0.03005-lBNc8h/inc/Test/Builder.pm line 917.
Class::MOP::load_class is deprecated at /home/sand/src/perl/repoperls/installed-perls/perl/v5.23.5/13e0/lib/site_perl/5.23.5/x86_64-linux-thread-multi/Class/MOP.pm line 69.
	Class::MOP::load_class("HTTP::Engine::Interface::Standalone") called at /tmp/loop_over_bdir-1973-kzQUVP/HTTP-Engine-0.03005-lBNc8h/blib/lib/HTTP/Engine/Types/Core.pm line 26
	HTTP::Engine::Types::Core::__ANON__(HASH(0x31511d8)) called at /home/sand/src/perl/repoperls/installed-perls/perl/v5.23.5/13e0/lib/site_perl/5.23.5/x86_64-linux-thread-multi/Moose/Meta/TypeCoercion.pm line 65
	Moose::Meta::TypeCoercion::__ANON__(HASH(0x31511d8)) called at constructor HTTP::Engine::new (defined at /tmp/loop_over_bdir-1973-kzQUVP/HTTP-Engine-0.03005-lBNc8h/blib/lib/HTTP/Engine.pm line 17) line 32
	HTTP::Engine::new("HTTP::Engine", "interface", HASH(0x31511d8)) called at t/Utils.pm line 129
	t::Utils::__ANON__(50875) called at /tmp/loop_over_bdir-1973-kzQUVP/HTTP-Engine-0.03005-lBNc8h/inc/Test/TCP.pm line 118
	Test::TCP::start(Test::TCP=HASH(0x4278fa8)) called at /tmp/loop_over_bdir-1973-kzQUVP/HTTP-Engine-0.03005-lBNc8h/inc/Test/TCP.pm line 102
	Test::TCP::new("Test::TCP", "code", CODE(0x4221220), "port", 50875) called at /tmp/loop_over_bdir-1973-kzQUVP/HTTP-Engine-0.03005-lBNc8h/inc/Test/TCP.pm line 54
	Test::TCP::test_tcp("client", CODE(0x4221190), "server", CODE(0x4221220), "port", 50875) called at t/Utils.pm line 132
	t::Utils::daemonize_all(CODE(0x1f35f30), "    sub {\x{a}        my \$port = shift;\x{a}        return (\x{a}        "...) called at t/moose/030_daemonize/upload-methods.t line 42
Class::MOP::load_class is deprecated at /home/sand/src/perl/repoperls/installed-perls/perl/v5.23.5/13e0/lib/site_perl/5.23.5/x86_64-linux-thread-multi/Class/MOP.pm line 69.
	Class::MOP::load_class("HTTP::Engine::Interface::ServerSimple") called at /tmp/loop_over_bdir-1973-kzQUVP/HTTP-Engine-0.03005-lBNc8h/blib/lib/HTTP/Engine/Types/Core.pm line 26
	HTTP::Engine::Types::Core::__ANON__(HASH(0x31511d8)) called at /home/sand/src/perl/repoperls/installed-perls/perl/v5.23.5/13e0/lib/site_perl/5.23.5/x86_64-linux-thread-multi/Moose/Meta/TypeCoercion.pm line 65
	Moose::Meta::TypeCoercion::__ANON__(HASH(0x31511d8)) called at constructor HTTP::Engine::new (defined at /tmp/loop_over_bdir-1973-kzQUVP/HTTP-Engine-0.03005-lBNc8h/blib/lib/HTTP/Engine.pm line 17) line 32
	HTTP::Engine::new("HTTP::Engine", "interface", HASH(0x31511d8)) called at t/Utils.pm line 129
	t::Utils::__ANON__(50875) called at /tmp/loop_over_bdir-1973-kzQUVP/HTTP-Engine-0.03005-lBNc8h/inc/Test/TCP.pm line 118
	Test::TCP::start(Test::TCP=HASH(0x450dc78)) called at /tmp/loop_over_bdir-1973-kzQUVP/HTTP-Engine-0.03005-lBNc8h/inc/Test/TCP.pm line 102
	Test::TCP::new("Test::TCP", "code", CODE(0x4221220), "port", 50875) called at /tmp/loop_over_bdir-1973-kzQUVP/HTTP-Engine-0.03005-lBNc8h/inc/Test/TCP.pm line 54
	Test::TCP::test_tcp("client", CODE(0x4221190), "server", CODE(0x4221220), "port", 50875) called at t/Utils.pm line 132
	t::Utils::daemonize_all(CODE(0x1f35f30), "    sub {\x{a}        my \$port = shift;\x{a}        return (\x{a}        "...) called at t/moose/030_daemonize/upload-methods.t line 42
Class::MOP::load_class is deprecated at /home/sand/src/perl/repoperls/installed-perls/perl/v5.23.5/13e0/lib/site_perl/5.23.5/x86_64-linux-thread-multi/Class/MOP.pm line 69.
	Class::MOP::load_class("HTTP::Engine::Interface::POE") called at /tmp/loop_over_bdir-1973-kzQUVP/HTTP-Engine-0.03005-lBNc8h/blib/lib/HTTP/Engine/Types/Core.pm line 26
	HTTP::Engine::Types::Core::__ANON__(HASH(0x31511d8)) called at /home/sand/src/perl/repoperls/installed-perls/perl/v5.23.5/13e0/lib/site_perl/5.23.5/x86_64-linux-thread-multi/Moose/Meta/TypeCoercion.pm line 65
	Moose::Meta::TypeCoercion::__ANON__(HASH(0x31511d8)) called at constructor HTTP::Engine::new (defined at /tmp/loop_over_bdir-1973-kzQUVP/HTTP-Engine-0.03005-lBNc8h/blib/lib/HTTP/Engine.pm line 17) line 32
	HTTP::Engine::new("HTTP::Engine", "interface", HASH(0x31511d8)) called at t/Utils.pm line 129
	t::Utils::__ANON__(50875) called at /tmp/loop_over_bdir-1973-kzQUVP/HTTP-Engine-0.03005-lBNc8h/inc/Test/TCP.pm line 118
	Test::TCP::start(Test::TCP=HASH(0x4795b80)) called at /tmp/loop_over_bdir-1973-kzQUVP/HTTP-Engine-0.03005-lBNc8h/inc/Test/TCP.pm line 102
	Test::TCP::new("Test::TCP", "code", CODE(0x4221220), "port", 50875) called at /tmp/loop_over_bdir-1973-kzQUVP/HTTP-Engine-0.03005-lBNc8h/inc/Test/TCP.pm line 54
	Test::TCP::test_tcp("client", CODE(0x4221190), "server", CODE(0x4221220), "port", 50875) called at t/Utils.pm line 132
	t::Utils::daemonize_all(CODE(0x1f35f30), "    sub {\x{a}        my \$port = shift;\x{a}        return (\x{a}        "...) called at t/moose/030_daemonize/upload-methods.t line 42
t/moose/030_daemonize/upload-methods.t ...................... ok
Possible precedence issue with control flow operator at /tmp/loop_over_bdir-1973-kzQUVP/HTTP-Engine-0.03005-lBNc8h/inc/Test/Builder.pm line 917.
Class::MOP::load_class is deprecated at /home/sand/src/perl/repoperls/installed-perls/perl/v5.23.5/13e0/lib/site_perl/5.23.5/x86_64-linux-thread-multi/Class/MOP.pm line 69.
	Class::MOP::load_class("HTTP::Engine::Interface::Standalone") called at /tmp/loop_over_bdir-1973-kzQUVP/HTTP-Engine-0.03005-lBNc8h/blib/lib/HTTP/Engine/Types/Core.pm line 26
	HTTP::Engine::Types::Core::__ANON__(HASH(0x41b48a0)) called at /home/sand/src/perl/repoperls/installed-perls/perl/v5.23.5/13e0/lib/site_perl/5.23.5/x86_64-linux-thread-multi/Moose/Meta/TypeCoercion.pm line 65
	Moose::Meta::TypeCoercion::__ANON__(HASH(0x41b48a0)) called at constructor HTTP::Engine::new (defined at /tmp/loop_over_bdir-1973-kzQUVP/HTTP-Engine-0.03005-lBNc8h/blib/lib/HTTP/Engine.pm line 17) line 32
	HTTP::Engine::new("HTTP::Engine", "interface", HASH(0x41b48a0)) called at t/Utils.pm line 129
	t::Utils::__ANON__(50604) called at /tmp/loop_over_bdir-1973-kzQUVP/HTTP-Engine-0.03005-lBNc8h/inc/Test/TCP.pm line 118
	Test::TCP::start(Test::TCP=HASH(0x450ff80)) called at /tmp/loop_over_bdir-1973-kzQUVP/HTTP-Engine-0.03005-lBNc8h/inc/Test/TCP.pm line 102
	Test::TCP::new("Test::TCP", "code", CODE(0x4479640), "port", 50604) called at /tmp/loop_over_bdir-1973-kzQUVP/HTTP-Engine-0.03005-lBNc8h/inc/Test/TCP.pm line 54
	Test::TCP::test_tcp("client", CODE(0x44795b0), "server", CODE(0x4479640), "port", 50604) called at t/Utils.pm line 132
	t::Utils::daemonize_all(CODE(0x218df30), "    sub {\x{a}        my \$port = shift;\x{a}        return (\x{a}        "...) called at t/moose/030_daemonize/upload.t line 42
Class::MOP::load_class is deprecated at /home/sand/src/perl/repoperls/installed-perls/perl/v5.23.5/13e0/lib/site_perl/5.23.5/x86_64-linux-thread-multi/Class/MOP.pm line 69.
	Class::MOP::load_class("HTTP::Engine::Interface::ServerSimple") called at /tmp/loop_over_bdir-1973-kzQUVP/HTTP-Engine-0.03005-lBNc8h/blib/lib/HTTP/Engine/Types/Core.pm line 26
	HTTP::Engine::Types::Core::__ANON__(HASH(0x41b48a0)) called at /home/sand/src/perl/repoperls/installed-perls/perl/v5.23.5/13e0/lib/site_perl/5.23.5/x86_64-linux-thread-multi/Moose/Meta/TypeCoercion.pm line 65
	Moose::Meta::TypeCoercion::__ANON__(HASH(0x41b48a0)) called at constructor HTTP::Engine::new (defined at /tmp/loop_over_bdir-1973-kzQUVP/HTTP-Engine-0.03005-lBNc8h/blib/lib/HTTP/Engine.pm line 17) line 32
	HTTP::Engine::new("HTTP::Engine", "interface", HASH(0x41b48a0)) called at t/Utils.pm line 129
	t::Utils::__ANON__(50604) called at /tmp/loop_over_bdir-1973-kzQUVP/HTTP-Engine-0.03005-lBNc8h/inc/Test/TCP.pm line 118
	Test::TCP::start(Test::TCP=HASH(0x4510130)) called at /tmp/loop_over_bdir-1973-kzQUVP/HTTP-Engine-0.03005-lBNc8h/inc/Test/TCP.pm line 102
	Test::TCP::new("Test::TCP", "code", CODE(0x4479640), "port", 50604) called at /tmp/loop_over_bdir-1973-kzQUVP/HTTP-Engine-0.03005-lBNc8h/inc/Test/TCP.pm line 54
	Test::TCP::test_tcp("client", CODE(0x44795b0), "server", CODE(0x4479640), "port", 50604) called at t/Utils.pm line 132
	t::Utils::daemonize_all(CODE(0x218df30), "    sub {\x{a}        my \$port = shift;\x{a}        return (\x{a}        "...) called at t/moose/030_daemonize/upload.t line 42
Class::MOP::load_class is deprecated at /home/sand/src/perl/repoperls/installed-perls/perl/v5.23.5/13e0/lib/site_perl/5.23.5/x86_64-linux-thread-multi/Class/MOP.pm line 69.
	Class::MOP::load_class("HTTP::Engine::Interface::POE") called at /tmp/loop_over_bdir-1973-kzQUVP/HTTP-Engine-0.03005-lBNc8h/blib/lib/HTTP/Engine/Types/Core.pm line 26
	HTTP::Engine::Types::Core::__ANON__(HASH(0x41b48a0)) called at /home/sand/src/perl/repoperls/installed-perls/perl/v5.23.5/13e0/lib/site_perl/5.23.5/x86_64-linux-thread-multi/Moose/Meta/TypeCoercion.pm line 65
	Moose::Meta::TypeCoercion::__ANON__(HASH(0x41b48a0)) called at constructor HTTP::Engine::new (defined at /tmp/loop_over_bdir-1973-kzQUVP/HTTP-Engine-0.03005-lBNc8h/blib/lib/HTTP/Engine.pm line 17) line 32
	HTTP::Engine::new("HTTP::Engine", "interface", HASH(0x41b48a0)) called at t/Utils.pm line 129
	t::Utils::__ANON__(50604) called at /tmp/loop_over_bdir-1973-kzQUVP/HTTP-Engine-0.03005-lBNc8h/inc/Test/TCP.pm line 118
	Test::TCP::start(Test::TCP=HASH(0x477ede8)) called at /tmp/loop_over_bdir-1973-kzQUVP/HTTP-Engine-0.03005-lBNc8h/inc/Test/TCP.pm line 102
	Test::TCP::new("Test::TCP", "code", CODE(0x4479640), "port", 50604) called at /tmp/loop_over_bdir-1973-kzQUVP/HTTP-Engine-0.03005-lBNc8h/inc/Test/TCP.pm line 54
	Test::TCP::test_tcp("client", CODE(0x44795b0), "server", CODE(0x4479640), "port", 50604) called at t/Utils.pm line 132
	t::Utils::daemonize_all(CODE(0x218df30), "    sub {\x{a}        my \$port = shift;\x{a}        return (\x{a}        "...) called at t/moose/030_daemonize/upload.t line 42
t/moose/030_daemonize/upload.t .............................. ok
Possible precedence issue with control flow operator at /tmp/loop_over_bdir-1973-kzQUVP/HTTP-Engine-0.03005-lBNc8h/inc/Test/Builder.pm line 917.
Class::MOP::load_class is deprecated at /home/sand/src/perl/repoperls/installed-perls/perl/v5.23.5/13e0/lib/site_perl/5.23.5/x86_64-linux-thread-multi/Class/MOP.pm line 69.
	Class::MOP::load_class("HTTP::Engine::Interface::Standalone") called at /tmp/loop_over_bdir-1973-kzQUVP/HTTP-Engine-0.03005-lBNc8h/blib/lib/HTTP/Engine/Types/Core.pm line 26
	HTTP::Engine::Types::Core::__ANON__(HASH(0x4168838)) called at /home/sand/src/perl/repoperls/installed-perls/perl/v5.23.5/13e0/lib/site_perl/5.23.5/x86_64-linux-thread-multi/Moose/Meta/TypeCoercion.pm line 65
	Moose::Meta::TypeCoercion::__ANON__(HASH(0x4168838)) called at constructor HTTP::Engine::new (defined at /tmp/loop_over_bdir-1973-kzQUVP/HTTP-Engine-0.03005-lBNc8h/blib/lib/HTTP/Engine.pm line 17) line 32
	HTTP::Engine::new("HTTP::Engine", "interface", HASH(0x4168838)) called at t/Utils.pm line 129
	t::Utils::__ANON__(50899) called at /tmp/loop_over_bdir-1973-kzQUVP/HTTP-Engine-0.03005-lBNc8h/inc/Test/TCP.pm line 118
	Test::TCP::start(Test::TCP=HASH(0x45281d0)) called at /tmp/loop_over_bdir-1973-kzQUVP/HTTP-Engine-0.03005-lBNc8h/inc/Test/TCP.pm line 102
	Test::TCP::new("Test::TCP", "code", CODE(0x44ba650), "port", 50899) called at /tmp/loop_over_bdir-1973-kzQUVP/HTTP-Engine-0.03005-lBNc8h/inc/Test/TCP.pm line 54
	Test::TCP::test_tcp("client", CODE(0x44ba5c0), "server", CODE(0x44ba650), "port", 50899) called at t/Utils.pm line 132
	t::Utils::daemonize_all(CODE(0x3f63108), "    sub {\x{a}        my \$port = shift;\x{a}        return (\x{a}        "...) called at t/moose/030_daemonize/uri.t line 20
Class::MOP::load_class is deprecated at /home/sand/src/perl/repoperls/installed-perls/perl/v5.23.5/13e0/lib/site_perl/5.23.5/x86_64-linux-thread-multi/Class/MOP.pm line 69.
	Class::MOP::load_class("HTTP::Engine::Interface::ServerSimple") called at /tmp/loop_over_bdir-1973-kzQUVP/HTTP-Engine-0.03005-lBNc8h/blib/lib/HTTP/Engine/Types/Core.pm line 26
	HTTP::Engine::Types::Core::__ANON__(HASH(0x4168838)) called at /home/sand/src/perl/repoperls/installed-perls/perl/v5.23.5/13e0/lib/site_perl/5.23.5/x86_64-linux-thread-multi/Moose/Meta/TypeCoercion.pm line 65
	Moose::Meta::TypeCoercion::__ANON__(HASH(0x4168838)) called at constructor HTTP::Engine::new (defined at /tmp/loop_over_bdir-1973-kzQUVP/HTTP-Engine-0.03005-lBNc8h/blib/lib/HTTP/Engine.pm line 17) line 32
	HTTP::Engine::new("HTTP::Engine", "interface", HASH(0x4168838)) called at t/Utils.pm line 129
	t::Utils::__ANON__(50899) called at /tmp/loop_over_bdir-1973-kzQUVP/HTTP-Engine-0.03005-lBNc8h/inc/Test/TCP.pm line 118
	Test::TCP::start(Test::TCP=HASH(0x23608f8)) called at /tmp/loop_over_bdir-1973-kzQUVP/HTTP-Engine-0.03005-lBNc8h/inc/Test/TCP.pm line 102
	Test::TCP::new("Test::TCP", "code", CODE(0x44ba650), "port", 50899) called at /tmp/loop_over_bdir-1973-kzQUVP/HTTP-Engine-0.03005-lBNc8h/inc/Test/TCP.pm line 54
	Test::TCP::test_tcp("client", CODE(0x44ba5c0), "server", CODE(0x44ba650), "port", 50899) called at t/Utils.pm line 132
	t::Utils::daemonize_all(CODE(0x3f63108), "    sub {\x{a}        my \$port = shift;\x{a}        return (\x{a}        "...) called at t/moose/030_daemonize/uri.t line 20
Class::MOP::load_class is deprecated at /home/sand/src/perl/repoperls/installed-perls/perl/v5.23.5/13e0/lib/site_perl/5.23.5/x86_64-linux-thread-multi/Class/MOP.pm line 69.
	Class::MOP::load_class("HTTP::Engine::Interface::POE") called at /tmp/loop_over_bdir-1973-kzQUVP/HTTP-Engine-0.03005-lBNc8h/blib/lib/HTTP/Engine/Types/Core.pm line 26
	HTTP::Engine::Types::Core::__ANON__(HASH(0x4168838)) called at /home/sand/src/perl/repoperls/installed-perls/perl/v5.23.5/13e0/lib/site_perl/5.23.5/x86_64-linux-thread-multi/Moose/Meta/TypeCoercion.pm line 65
	Moose::Meta::TypeCoercion::__ANON__(HASH(0x4168838)) called at constructor HTTP::Engine::new (defined at /tmp/loop_over_bdir-1973-kzQUVP/HTTP-Engine-0.03005-lBNc8h/blib/lib/HTTP/Engine.pm line 17) line 32
	HTTP::Engine::new("HTTP::Engine", "interface", HASH(0x4168838)) called at t/Utils.pm line 129
	t::Utils::__ANON__(50899) called at /tmp/loop_over_bdir-1973-kzQUVP/HTTP-Engine-0.03005-lBNc8h/inc/Test/TCP.pm line 118
	Test::TCP::start(Test::TCP=HASH(0x49ce850)) called at /tmp/loop_over_bdir-1973-kzQUVP/HTTP-Engine-0.03005-lBNc8h/inc/Test/TCP.pm line 102
	Test::TCP::new("Test::TCP", "code", CODE(0x44ba650), "port", 50899) called at /tmp/loop_over_bdir-1973-kzQUVP/HTTP-Engine-0.03005-lBNc8h/inc/Test/TCP.pm line 54
	Test::TCP::test_tcp("client", CODE(0x44ba5c0), "server", CODE(0x44ba650), "port", 50899) called at t/Utils.pm line 132
	t::Utils::daemonize_all(CODE(0x3f63108), "    sub {\x{a}        my \$port = shift;\x{a}        return (\x{a}        "...) called at t/moose/030_daemonize/uri.t line 20
t/moose/030_daemonize/uri.t ................................. ok
Possible precedence issue with control flow operator at /tmp/loop_over_bdir-1973-kzQUVP/HTTP-Engine-0.03005-lBNc8h/inc/Test/Builder.pm line 917.
Class::MOP::load_class is deprecated at /home/sand/src/perl/repoperls/installed-perls/perl/v5.23.5/13e0/lib/site_perl/5.23.5/x86_64-linux-thread-multi/Class/MOP.pm line 69.
	Class::MOP::load_class("HTTP::Engine::Interface::Standalone") called at /tmp/loop_over_bdir-1973-kzQUVP/HTTP-Engine-0.03005-lBNc8h/blib/lib/HTTP/Engine/Types/Core.pm line 26
	HTTP::Engine::Types::Core::__ANON__(HASH(0x48ab598)) called at /home/sand/src/perl/repoperls/installed-perls/perl/v5.23.5/13e0/lib/site_perl/5.23.5/x86_64-linux-thread-multi/Moose/Meta/TypeCoercion.pm line 65
	Moose::Meta::TypeCoercion::__ANON__(HASH(0x48ab598)) called at constructor HTTP::Engine::new (defined at /tmp/loop_over_bdir-1973-kzQUVP/HTTP-Engine-0.03005-lBNc8h/blib/lib/HTTP/Engine.pm line 17) line 32
	HTTP::Engine::new("HTTP::Engine", "interface", HASH(0x48ab598)) called at t/Utils.pm line 129
	t::Utils::__ANON__(50444) called at /tmp/loop_over_bdir-1973-kzQUVP/HTTP-Engine-0.03005-lBNc8h/inc/Test/TCP.pm line 118
	Test::TCP::start(Test::TCP=HASH(0x49372a0)) called at /tmp/loop_over_bdir-1973-kzQUVP/HTTP-Engine-0.03005-lBNc8h/inc/Test/TCP.pm line 102
	Test::TCP::new("Test::TCP", "code", CODE(0x48ab748), "port", 50444) called at /tmp/loop_over_bdir-1973-kzQUVP/HTTP-Engine-0.03005-lBNc8h/inc/Test/TCP.pm line 54
	Test::TCP::test_tcp("client", CODE(0x48ab6b8), "server", CODE(0x48ab748), "port", 50444) called at t/Utils.pm line 132
	t::Utils::daemonize_all(CODE(0x4304d70), "    sub {\x{a}        my \$port = Encode::decode_utf8(shift);\x{a}    "...) called at t/moose/030_daemonize/utf8flagged-uri.t line 23
Class::MOP::load_class is deprecated at /home/sand/src/perl/repoperls/installed-perls/perl/v5.23.5/13e0/lib/site_perl/5.23.5/x86_64-linux-thread-multi/Class/MOP.pm line 69.
	Class::MOP::load_class("HTTP::Engine::Interface::ServerSimple") called at /tmp/loop_over_bdir-1973-kzQUVP/HTTP-Engine-0.03005-lBNc8h/blib/lib/HTTP/Engine/Types/Core.pm line 26
	HTTP::Engine::Types::Core::__ANON__(HASH(0x48ab598)) called at /home/sand/src/perl/repoperls/installed-perls/perl/v5.23.5/13e0/lib/site_perl/5.23.5/x86_64-linux-thread-multi/Moose/Meta/TypeCoercion.pm line 65
	Moose::Meta::TypeCoercion::__ANON__(HASH(0x48ab598)) called at constructor HTTP::Engine::new (defined at /tmp/loop_over_bdir-1973-kzQUVP/HTTP-Engine-0.03005-lBNc8h/blib/lib/HTTP/Engine.pm line 17) line 32
	HTTP::Engine::new("HTTP::Engine", "interface", HASH(0x48ab598)) called at t/Utils.pm line 129
	t::Utils::__ANON__(50444) called at /tmp/loop_over_bdir-1973-kzQUVP/HTTP-Engine-0.03005-lBNc8h/inc/Test/TCP.pm line 118
	Test::TCP::start(Test::TCP=HASH(0x49206d0)) called at /tmp/loop_over_bdir-1973-kzQUVP/HTTP-Engine-0.03005-lBNc8h/inc/Test/TCP.pm line 102
	Test::TCP::new("Test::TCP", "code", CODE(0x48ab748), "port", 50444) called at /tmp/loop_over_bdir-1973-kzQUVP/HTTP-Engine-0.03005-lBNc8h/inc/Test/TCP.pm line 54
	Test::TCP::test_tcp("client", CODE(0x48ab6b8), "server", CODE(0x48ab748), "port", 50444) called at t/Utils.pm line 132
	t::Utils::daemonize_all(CODE(0x4304d70), "    sub {\x{a}        my \$port = Encode::decode_utf8(shift);\x{a}    "...) called at t/moose/030_daemonize/utf8flagged-uri.t line 23
Class::MOP::load_class is deprecated at /home/sand/src/perl/repoperls/installed-perls/perl/v5.23.5/13e0/lib/site_perl/5.23.5/x86_64-linux-thread-multi/Class/MOP.pm line 69.
	Class::MOP::load_class("HTTP::Engine::Interface::POE") called at /tmp/loop_over_bdir-1973-kzQUVP/HTTP-Engine-0.03005-lBNc8h/blib/lib/HTTP/Engine/Types/Core.pm line 26
	HTTP::Engine::Types::Core::__ANON__(HASH(0x48ab598)) called at /home/sand/src/perl/repoperls/installed-perls/perl/v5.23.5/13e0/lib/site_perl/5.23.5/x86_64-linux-thread-multi/Moose/Meta/TypeCoercion.pm line 65
	Moose::Meta::TypeCoercion::__ANON__(HASH(0x48ab598)) called at constructor HTTP::Engine::new (defined at /tmp/loop_over_bdir-1973-kzQUVP/HTTP-Engine-0.03005-lBNc8h/blib/lib/HTTP/Engine.pm line 17) line 32
	HTTP::Engine::new("HTTP::Engine", "interface", HASH(0x48ab598)) called at t/Utils.pm line 129
	t::Utils::__ANON__(50444) called at /tmp/loop_over_bdir-1973-kzQUVP/HTTP-Engine-0.03005-lBNc8h/inc/Test/TCP.pm line 118
	Test::TCP::start(Test::TCP=HASH(0x4937468)) called at /tmp/loop_over_bdir-1973-kzQUVP/HTTP-Engine-0.03005-lBNc8h/inc/Test/TCP.pm line 102
	Test::TCP::new("Test::TCP", "code", CODE(0x48ab748), "port", 50444) called at /tmp/loop_over_bdir-1973-kzQUVP/HTTP-Engine-0.03005-lBNc8h/inc/Test/TCP.pm line 54
	Test::TCP::test_tcp("client", CODE(0x48ab6b8), "server", CODE(0x48ab748), "port", 50444) called at t/Utils.pm line 132
	t::Utils::daemonize_all(CODE(0x4304d70), "    sub {\x{a}        my \$port = Encode::decode_utf8(shift);\x{a}    "...) called at t/moose/030_daemonize/utf8flagged-uri.t line 23
t/moose/030_daemonize/utf8flagged-uri.t ..................... ok
Possible precedence issue with control flow operator at /tmp/loop_over_bdir-1973-kzQUVP/HTTP-Engine-0.03005-lBNc8h/inc/Test/Builder.pm line 917.
Redundant argument in sprintf at /tmp/loop_over_bdir-1973-kzQUVP/HTTP-Engine-0.03005-lBNc8h/inc/Spiffy.pm line 225.
Redundant argument in sprintf at /tmp/loop_over_bdir-1973-kzQUVP/HTTP-Engine-0.03005-lBNc8h/inc/Spiffy.pm line 225.
Redundant argument in sprintf at /tmp/loop_over_bdir-1973-kzQUVP/HTTP-Engine-0.03005-lBNc8h/inc/Spiffy.pm line 225.
Redundant argument in sprintf at /tmp/loop_over_bdir-1973-kzQUVP/HTTP-Engine-0.03005-lBNc8h/inc/Spiffy.pm line 225.
t/moose/040_minimal/001_simple.t ............................ ok
Possible precedence issue with control flow operator at /tmp/loop_over_bdir-1973-kzQUVP/HTTP-Engine-0.03005-lBNc8h/inc/Test/Builder.pm line 917.
t/moose/050_tests/request.t ................................. ok

Test Summary Report
-------------------
t/030_daemonize/proxy_path.t                              (Wstat: 1024 Tests: 16 Failed: 4)
  Failed tests:  2, 4, 10, 12
  Non-zero exit status: 4
t/moose/010_core/request_processor-catch_error.t          (Wstat: 256 Tests: 3 Failed: 1)
  Failed test:  3
  Non-zero exit status: 1
t/moose/020_interface/test-validation.t                   (Wstat: 256 Tests: 10 Failed: 1)
  Failed test:  2
  Non-zero exit status: 1
t/moose/030_daemonize/proxy_path.t                        (Wstat: 1024 Tests: 16 Failed: 4)
  Failed tests:  2, 4, 10, 12
  Non-zero exit status: 4
Files=144, Tests=1382, 106 wallclock secs ( 0.59 usr  0.74 sys + 58.27 cusr 11.74 csys = 71.34 CPU)
Result: FAIL
Failed 4/144 test programs. 10/1382 subtests failed.
Makefile:925: recipe for target 'test_dynamic' failed
make: *** [test_dynamic] Error 255

------------------------------
PREREQUISITES
------------------------------

Prerequisite modules loaded:

requires:

    Module               Need   Have        
    -------------------- ------ ------------
    Any::Moose           0.13   0.26        
    CGI::Simple::Cookie  1.103  1.114       
    File::Copy           0      2.30        
    File::Spec::Unix     3.2701 3.60        
    Filter::Util::Call   0      1.55        
    HTTP::Body           1.05   1.22        
    HTTP::Headers::Fast  0.11   0.20        
    HTTP::Server::Simple 0.35   0.51        
    Mouse                0.62   v2.4.5      
    MouseX::Types        0.05   0.06        
    perl                 5.008  5.023005    
    Scalar::Util         1.19   1.42_01     
    URI                  1.36   1.71        

build_requires:

    Module               Need   Have        
    -------------------- ------ ------------
    ExtUtils::MakeMaker  6.42   7.10        
    File::Temp           0.20   0.2304      
    HTTP::Request::AsCGI 0      1.2         
    IO::File             1.14   1.16        
    IO::Scalar           0      2.111       
    IO::Socket           1.3    1.38        
    IO::Socket::INET     0      1.35        
    Test::More           0      1.302013_011
    Test::SharedFork     0.11   0.35        
    Test::TCP            0.16   2.14        
    YAML                 0      1.15        

configure_requires:

    Module               Need   Have        
    -------------------- ------ ------------
    ExtUtils::MakeMaker  6.42   7.10        


------------------------------
ENVIRONMENT AND OTHER CONTEXT
------------------------------

Environment variables:

    AUTOMATED_TESTING = 1
    LANG = en_US.UTF-8
    LANGUAGE = en_US:en
    PATH = /home/sand/bin:/usr/local/bin:/usr/bin:/bin:/usr/games:/usr/local/perl/bin:/usr/X11/bin:/sbin:/usr/sbin
    PERL5LIB = 
    PERL5OPT = 
    PERL5_CPANPLUS_IS_RUNNING = 1991
    PERL5_CPAN_IS_RUNNING = 1991
    PERL_MM_USE_DEFAULT = 1
    SHELL = /usr/bin/zsh
    TERM = screen

Perl special variables (and OS-specific diagnostics, for MSWin32):

    $^X = /home/sand/src/perl/repoperls/installed-perls/perl/v5.23.5/13e0/bin/perl
    $UID/$EUID = 1005 / 1005
    $GID = 1005 1005
    $EGID = 1005 1005

Perl module toolchain versions installed:

    Module              Have        
    ------------------- ------------
    CPAN                2.11        
    CPAN::Meta          2.150005    
    Cwd                 3.60        
    ExtUtils::CBuilder  0.280224    
    ExtUtils::Command   7.10        
    ExtUtils::Install   2.04        
    ExtUtils::MakeMaker 7.10        
    ExtUtils::Manifest  1.70        
    ExtUtils::ParseXS   3.30        
    File::Spec          3.60        
    JSON                2.90        
    JSON::PP            2.27300     
    Module::Build       0.4216      
    Module::Signature   0.79        
    Parse::CPAN::Meta   1.4417      
    Test::Harness       3.36        
    Test::More          1.302013_011
    YAML                1.15        
    YAML::Syck          1.29        
    version             0.9912_03   


--

Summary of my perl5 (revision 5 version 23 subversion 5) configuration:
  Derived from: e1ad135da437c09f811d4667b8ae1c137ed192a2
  Platform:
    osname=linux, osvers=4.3.0-1-amd64, archname=x86_64-linux-thread-multi
    uname='linux k83 4.3.0-1-amd64 #1 smp debian 4.3.3-2 (2015-12-17) x86_64 gnulinux '
    config_args='-Dprefix=/home/sand/src/perl/repoperls/installed-perls/perl/v5.23.5/13e0 -Dmyhostname=k83 -Dinstallusrbinperl=n -Uversiononly -Dusedevel -des -Ui_db -Dlibswanted=cl pthread socket inet nsl gdbm dbm malloc dl ld sun m crypt sec util c cposix posix ucb BSD gdbm_compat -Duseithreads -Uuselongdouble'
    hint=recommended, useposix=true, d_sigaction=define
    useithreads=define, usemultiplicity=define
    use64bitint=define, use64bitall=define, uselongdouble=undef
    usemymalloc=n, bincompat5005=undef
  Compiler:
    cc='cc', ccflags ='-D_REENTRANT -D_GNU_SOURCE -fwrapv -fno-strict-aliasing -pipe -fstack-protector-strong -I/usr/local/include -D_LARGEFILE_SOURCE -D_FILE_OFFSET_BITS=64 -D_FORTIFY_SOURCE=2',
    optimize='-O2',
    cppflags='-D_REENTRANT -D_GNU_SOURCE -fwrapv -fno-strict-aliasing -pipe -fstack-protector-strong -I/usr/local/include'
    ccversion='', gccversion='5.3.1 20160101', gccosandvers=''
    intsize=4, longsize=8, ptrsize=8, doublesize=8, byteorder=12345678, doublekind=3
    d_longlong=define, longlongsize=8, d_longdbl=define, longdblsize=16, longdblkind=3
    ivtype='long', ivsize=8, nvtype='double', nvsize=8, Off_t='off_t', lseeksize=8
    alignbytes=8, prototype=define
  Linker and Libraries:
    ld='cc', ldflags =' -fstack-protector-strong -L/usr/local/lib'
    libpth=/usr/local/lib /usr/lib/gcc/x86_64-linux-gnu/5/include-fixed /usr/include/x86_64-linux-gnu /usr/lib /lib/x86_64-linux-gnu /lib/../lib /usr/lib/x86_64-linux-gnu /usr/lib/../lib /lib
    libs=-lpthread -lnsl -lgdbm -ldl -lm -lcrypt -lutil -lc -lgdbm_compat
    perllibs=-lpthread -lnsl -ldl -lm -lcrypt -lutil -lc
    libc=libc-2.21.so, so=so, useshrplib=false, libperl=libperl.a
    gnulibc_version='2.21'
  Dynamic Linking:
    dlsrc=dl_dlopen.xs, dlext=so, d_dlsymun=undef, ccdlflags='-Wl,-E'
    cccdlflags='-fPIC', lddlflags='-shared -O2 -L/usr/local/lib -fstack-protector-strong'


Characteristics of this binary (from libperl): 
  Compile-time options: HAS_TIMES MULTIPLICITY PERLIO_LAYERS
                        PERL_COPY_ON_WRITE PERL_DONT_CREATE_GVSV
                        PERL_HASH_FUNC_ONE_AT_A_TIME_HARD
                        PERL_IMPLICIT_CONTEXT PERL_MALLOC_WRAP
                        PERL_PRESERVE_IVUV PERL_USE_DEVEL USE_64_BIT_ALL
                        USE_64_BIT_INT USE_ITHREADS USE_LARGE_FILES
                        USE_LOCALE USE_LOCALE_COLLATE USE_LOCALE_CTYPE
                        USE_LOCALE_NUMERIC USE_LOCALE_TIME USE_PERLIO
                        USE_PERL_ATOF USE_REENTRANT_API
  Locally applied patches:
	uncommitted-changes
	Devel::PatchPerl 1.38
  Built under linux
  Compiled at Jan  3 2016 03:36:04
  %ENV:
    PERL5LIB=""
    PERL5OPT=""
    PERL5_CPANPLUS_IS_RUNNING="1991"
    PERL5_CPAN_IS_RUNNING="1991"
    PERL_MM_USE_DEFAULT="1"
  @INC:
    /home/sand/src/perl/repoperls/installed-perls/perl/v5.23.5/13e0/lib/site_perl/5.23.5/x86_64-linux-thread-multi
    /home/sand/src/perl/repoperls/installed-perls/perl/v5.23.5/13e0/lib/site_perl/5.23.5
    /home/sand/src/perl/repoperls/installed-perls/perl/v5.23.5/13e0/lib/5.23.5/x86_64-linux-thread-multi
    /home/sand/src/perl/repoperls/installed-perls/perl/v5.23.5/13e0/lib/5.23.5
    .