POE-Component-Client-DNS v1.054 Perl 5 v5.16.0 i86pc-solaris-64

Status
Fail
From
Chris Williams (BINGOS)
Dist
POE-Component-Client-DNS v1.054
Platform
Perl 5 v5.16.0 i86pc-solaris-64
Date
2023-11-28 18:35:48
ID
f2f72d5c-8e1c-11ee-98b0-b3c3213a625c
This distribution has been tested as part of the CPAN Testers
project, supporting the Perl programming language.  See
http://wiki.cpantesters.org/ for more information or email
questions to cpan-testers-discuss@perl.org


--

Dear Rocco Caputo,

This is a computer-generated error report created automatically by
CPANPLUS, version 0.9914. Testers personal comments may appear
at the end of this report.


Thank you for uploading your work to CPAN.  However, it appears that
there were some problems testing your distribution.

TEST RESULTS:

Below is the error stack from stage 'make test':

PERL_DL_NONLAZY=1 "/home/cpan/pit/bare/perl-5.16.0/bin/perl" "-MExtUtils::Command::MM" "-MTest::Harness" "-e" "undef *Test::Harness::Switches; test_harness(0, 'blib/lib', 'blib/arch')" t/*.t
# Testing with Perl 5.016000, /home/cpan/pit/bare/perl-5.16.0/bin/perl
#     ExtUtils::MakeMaker version is 7.70
#     Net::DNS version is 1.41
#     POE version is 1.370
#     Test::More version is 1.302195
#     Test::NoWarnings version is 1.06
t/000-report-versions.t .. ok

#   Failed test 'no warnings'
#   at /home/cpan/pit/bare/perl-5.16.0/lib/site_perl/5.16.0/Test/Builder.pm line 187.
# There were 1 warning(s)
#     Previous test 0 ''
#     deprecated method; prefer $rr->rdstring() at t/01_resolve.t line 107.
#  at /home/cpan/pit/jail/l9OkKG8HXr/lib/perl5/Net/DNS/RR.pm line 724.
# 	Net::DNS::RR::_deprecate(Net::DNS::RR::SOA=HASH(0x13ff710), "prefer \$rr->rdstring()") called at /home/cpan/pit/jail/l9OkKG8HXr/lib/perl5/Net/DNS/RR.pm line 529
# 	Net::DNS::RR::rdatastr(Net::DNS::RR::SOA=HASH(0x13ff710)) called at t/01_resolve.t line 107
# 	main::client_got_response(undef, POE::Session=ARRAY(0x13fedb0), POE::Kernel=ARRAY(0x17f82e8), HASH(0x13fd738), "response", POE::Session=ARRAY(0x13fd900), undef, "/home/cpan/pit/bare/conf/perl-5.16.0/.cpanplus/5.16.0/build/D"..., ...) called at /home/cpan/pit/jail/l9OkKG8HXr/lib/perl5/POE/Session.pm line 464
# 	POE::Session::_invoke_state(POE::Session=ARRAY(0x13fedb0), POE::Session=ARRAY(0x13fd900), "response", ARRAY(0x230c740), "/home/cpan/pit/bare/conf/perl-5.16.0/.cpanplus/5.16.0/build/D"..., 441, "got_dns_response") called at /home/cpan/pit/jail/l9OkKG8HXr/lib/perl5/POE/Kernel.pm line 1098
# 	eval {...} called at /home/cpan/pit/jail/l9OkKG8HXr/lib/perl5/POE/Kernel.pm line 1084
# 	POE::Kernel::_dispatch_event(POE::Kernel=ARRAY(0x17f82e8), POE::Session=ARRAY(0x13fedb0), POE::Session=ARRAY(0x13fd900), "response", 1, ARRAY(0x230c740), "/home/cpan/pit/bare/conf/perl-5.16.0/.cpanplus/5.16.0/build/D"..., 441, ...) called at /home/cpan/pit/jail/l9OkKG8HXr/lib/perl5/POE/Resource/Events.pm line 385
# 	POE::Kernel::_data_ev_dispatch_due(POE::Kernel=ARRAY(0x17f82e8)) called at /home/cpan/pit/jail/l9OkKG8HXr/lib/perl5/POE/Loop/Select.pm line 309
# 	POE::Kernel::loop_do_timeslice(POE::Kernel=ARRAY(0x17f82e8)) called at /home/cpan/pit/jail/l9OkKG8HXr/lib/perl5/POE/Loop/Select.pm line 317
# 	POE::Kernel::loop_run(POE::Kernel=ARRAY(0x17f82e8)) called at /home/cpan/pit/jail/l9OkKG8HXr/lib/perl5/POE/Kernel.pm line 1292
# 	POE::Kernel::run(POE::Kernel=ARRAY(0x17f82e8)) called at t/01_resolve.t line 187
# 
# Looks like you failed 1 test of 4.
t/01_resolve.t ........... 
Dubious, test returned 1 (wstat 256, 0x100)
Failed 1/4 subtests 
t/02_tag_args.t .......... ok
t/03_api_3.t ............. ok
t/04_errors.t ............ ok
t/05_api_4.t ............. ok

#   Failed test 'no warnings'
#   at /home/cpan/pit/bare/perl-5.16.0/lib/site_perl/5.16.0/Test/Builder.pm line 187.
# There were 1 warning(s)
#     Previous test 0 ''
#     deprecated method; prefer $rr->rdstring() at t/06_hosts.t line 142.
#  at /home/cpan/pit/jail/l9OkKG8HXr/lib/perl5/Net/DNS/RR.pm line 724.
# 	Net::DNS::RR::_deprecate(Net::DNS::RR::A=HASH(0x1415620), "prefer \$rr->rdstring()") called at /home/cpan/pit/jail/l9OkKG8HXr/lib/perl5/Net/DNS/RR.pm line 529
# 	Net::DNS::RR::rdatastr(Net::DNS::RR::A=HASH(0x1415620)) called at t/06_hosts.t line 142
# 	main::a_data(HASH(0x1417d68)) called at t/06_hosts.t line 58
# 	main::response_no_hosts(undef, POE::Session=ARRAY(0x140bf88), POE::Kernel=ARRAY(0x91f960), HASH(0x140e8a8), "response_no_hosts", POE::Session=ARRAY(0x140e950), undef, "/home/cpan/pit/bare/conf/perl-5.16.0/.cpanplus/5.16.0/build/D"..., ...) called at /home/cpan/pit/jail/l9OkKG8HXr/lib/perl5/POE/Session.pm line 464
# 	POE::Session::_invoke_state(POE::Session=ARRAY(0x140bf88), POE::Session=ARRAY(0x140e950), "response_no_hosts", ARRAY(0x8e0c08), "/home/cpan/pit/bare/conf/perl-5.16.0/.cpanplus/5.16.0/build/D"..., 449, "got_dns_response") called at /home/cpan/pit/jail/l9OkKG8HXr/lib/perl5/POE/Kernel.pm line 1098
# 	eval {...} called at /home/cpan/pit/jail/l9OkKG8HXr/lib/perl5/POE/Kernel.pm line 1084
# 	POE::Kernel::_dispatch_event(POE::Kernel=ARRAY(0x91f960), POE::Session=ARRAY(0x140bf88), POE::Session=ARRAY(0x140e950), "response_no_hosts", 1, ARRAY(0x8e0c08), "/home/cpan/pit/bare/conf/perl-5.16.0/.cpanplus/5.16.0/build/D"..., 449, ...) called at /home/cpan/pit/jail/l9OkKG8HXr/lib/perl5/POE/Resource/Events.pm line 385
# 	POE::Kernel::_data_ev_dispatch_due(POE::Kernel=ARRAY(0x91f960)) called at /home/cpan/pit/jail/l9OkKG8HXr/lib/perl5/POE/Loop/Select.pm line 309
# 	POE::Kernel::loop_do_timeslice(POE::Kernel=ARRAY(0x91f960)) called at /home/cpan/pit/jail/l9OkKG8HXr/lib/perl5/POE/Loop/Select.pm line 317
# 	POE::Kernel::loop_run(POE::Kernel=ARRAY(0x91f960)) called at /home/cpan/pit/jail/l9OkKG8HXr/lib/perl5/POE/Kernel.pm line 1292
# 	POE::Kernel::run("POE::Kernel") called at t/06_hosts.t line 42
# 
# Looks like you failed 1 test of 5.
t/06_hosts.t ............. 
Dubious, test returned 1 (wstat 256, 0x100)
Failed 1/5 subtests 
t/author-pod-coverage.t .. skipped: these tests are for testing by the author
t/author-pod-syntax.t .... skipped: these tests are for testing by the author

Test Summary Report
-------------------
t/01_resolve.t         (Wstat: 256 (exited 1) Tests: 4 Failed: 1)
  Failed test:  4
  Non-zero exit status: 1
t/06_hosts.t           (Wstat: 256 (exited 1) Tests: 5 Failed: 1)
  Failed test:  5
  Non-zero exit status: 1
Files=9, Tests=40,  4 wallclock secs ( 0.08 usr  0.04 sys +  2.54 cusr  0.60 csys =  3.26 CPU)
Result: FAIL
Failed 2/9 test programs. 2/40 subtests failed.
*** Error code 255
make: Fatal error: Command failed for target `test_dynamic'


PREREQUISITES:

Here is a list of prerequisites you specified and versions we
managed to load:

	  Module Name                        Have     Want
	  ExtUtils::MakeMaker                7.70        0
	  Net::DNS                           1.41     0.65
	  POE                               1.370    1.294
	  Test::More                     1.302195     0.96
	  Test::NoWarnings                   1.06     1.02

Perl module toolchain versions installed:
	Module Name                        Have
	CPANPLUS                         0.9914
	CPANPLUS::Dist::Build              0.90
	Cwd                                3.75
	ExtUtils::CBuilder             0.280236
	ExtUtils::Command                  7.70
	ExtUtils::Install                  2.22
	ExtUtils::MakeMaker                7.70
	ExtUtils::Manifest                 1.75
	ExtUtils::ParseXS                  3.44
	File::Spec                         3.75
	Module::Build                    0.4234
	Pod::Parser                        1.51
	Pod::Simple                        3.20
	Test2                          1.302195
	Test::Harness                      3.44
	Test::More                     1.302195
	version                          0.9929

******************************** NOTE ********************************
The comments above are created mechanically, possibly without manual
checking by the sender.  As there are many people performing automatic
tests on each upload to CPAN, it is likely that you will receive
identical messages about the same problem.

If you believe that the message is mistaken, please reply to the first
one with correction and/or additional informations, and do not take
it personally.  We appreciate your patience. :)
**********************************************************************

Additional comments:


This report was machine-generated by CPANPLUS::Dist::YACSmoke 1.08.
Powered by minismokebox version 0.68

CPANPLUS is prefering Build.PL

------------------------------
ENVIRONMENT AND OTHER CONTEXT
------------------------------

Environment variables:

    AUTOMATED_TESTING = 1
    LANG = en_GB.UTF-8
    NONINTERACTIVE_TESTING = 1
    PATH = /usr/bin:/usr/sbin:/sbin:/opt/ooce/bin:/usr/gnu/bin
    PERL5LIB = /home/cpan/pit/jail/l9OkKG8HXr/lib/perl5:/home/cpan/pit/bare/conf/perl-5.16.0/.cpanplus/5.16.0/build/Dd6gIK05ue/POE-Component-Client-DNS-1.054/blib/lib:/home/cpan/pit/bare/conf/perl-5.16.0/.cpanplus/5.16.0/build/Dd6gIK05ue/POE-Component-Client-DNS-1.054/blib/arch
    PERL5_CPANPLUS_IS_RUNNING = 20670
    PERL5_CPANPLUS_IS_VERSION = 0.9914
    PERL5_MINISMOKEBOX = 0.68
    PERL5_YACSMOKE_BASE = /home/cpan/pit/bare/conf/perl-5.16.0
    PERL_EXTUTILS_AUTOINSTALL = --defaultdeps
    PERL_LOCAL_LIB_ROOT = /home/cpan/pit/jail/l9OkKG8HXr
    PERL_MB_OPT = --install_base "/home/cpan/pit/jail/l9OkKG8HXr"
    PERL_MM_OPT = INSTALL_BASE=/home/cpan/pit/jail/l9OkKG8HXr
    PERL_MM_USE_DEFAULT = 1
    PERL_USE_UNSAFE_INC = 1
    SHELL = /bin/bash
    TERM = screen.xterm-256color

Perl special variables (and OS-specific diagnostics, for MSWin32):

    Perl: $^X = /home/cpan/pit/bare/perl-5.16.0/bin/perl
    UID:  $<  = 101
    EUID: $>  = 101
    GID:  $(  = 101 101
    EGID: $)  = 101 101


-------------------------------


--

Summary of my perl5 (revision 5 version 16 subversion 0) configuration:
   
  Platform:
    osname=solaris, osvers=2.11, archname=i86pc-solaris-64
    uname='sunos ouzel 5.11 omnios-r151034-0d278a0cc5 i86pc i386 i86pc '
    config_args='-des -Dprefix=/home/cpan/pit/bare/perl-5.16.0 -Duse64bitall -Dcc=gcc'
    hint=recommended, useposix=true, d_sigaction=define
    useithreads=undef, usemultiplicity=undef
    useperlio=define, d_sfio=undef, uselargefiles=define, usesocks=undef
    use64bitint=define, use64bitall=define, uselongdouble=undef
    usemymalloc=n, bincompat5005=undef
  Compiler:
    cc='gcc', ccflags ='-m64 -fwrapv -fno-strict-aliasing -pipe -fstack-protector -D_LARGEFILE_SOURCE -D_FILE_OFFSET_BITS=64 -DPERL_USE_SAFE_PUTENV',
    optimize='-O',
    cppflags='-m64 -fwrapv -fno-strict-aliasing -pipe -fstack-protector'
    ccversion='', gccversion='9.3.0', gccosandvers=''
    intsize=4, longsize=8, ptrsize=8, doublesize=8, byteorder=12345678
    d_longlong=define, longlongsize=8, d_longdbl=define, longdblsize=16
    ivtype='long', ivsize=8, nvtype='double', nvsize=8, Off_t='off_t', lseeksize=8
    alignbytes=8, prototype=define
  Linker and Libraries:
    ld='gcc', ldflags =' -m64 -fstack-protector -L/usr/gnu/lib '
    libpth=/usr/gnu/lib /usr/lib /usr/ccs/lib
    libs=-lsocket -lnsl -ldl -lm -lc
    perllibs=-lsocket -lnsl -ldl -lm -lc
    libc=/lib/libc.so, so=so, useshrplib=true, libperl=libperl.so
    gnulibc_version=''
  Dynamic Linking:
    dlsrc=dl_dlopen.xs, dlext=so, d_dlsymun=undef, ccdlflags='  -R /home/cpan/pit/bare/perl-5.16.0/lib/5.16.0/i86pc-solaris-64/CORE'
    cccdlflags='-fPIC', lddlflags=' -shared -m64 -L/usr/gnu/lib -fstack-protector'


Characteristics of this binary (from libperl): 
  Compile-time options: HAS_TIMES PERLIO_LAYERS PERL_DONT_CREATE_GVSV
                        PERL_MALLOC_WRAP PERL_PRESERVE_IVUV
                        PERL_USE_SAFE_PUTENV USE_64_BIT_ALL USE_64_BIT_INT
                        USE_LARGE_FILES USE_LOCALE USE_LOCALE_COLLATE
                        USE_LOCALE_CTYPE USE_LOCALE_NUMERIC USE_PERLIO
                        USE_PERL_ATOF
  Locally applied patches:
	Devel::PatchPerl 2.00
  Built under solaris
  Compiled at Aug 19 2020 06:23:37
  %ENV:
    PERL5LIB="/home/cpan/pit/jail/l9OkKG8HXr/lib/perl5:/home/cpan/pit/bare/conf/perl-5.16.0/.cpanplus/5.16.0/build/Dd6gIK05ue/POE-Component-Client-DNS-1.054/blib/lib:/home/cpan/pit/bare/conf/perl-5.16.0/.cpanplus/5.16.0/build/Dd6gIK05ue/POE-Component-Client-DNS-1.054/blib/arch"
    PERL5_CPANPLUS_IS_RUNNING="20670"
    PERL5_CPANPLUS_IS_VERSION="0.9914"
    PERL5_MINISMOKEBOX="0.68"
    PERL5_YACSMOKE_BASE="/home/cpan/pit/bare/conf/perl-5.16.0"
    PERL_EXTUTILS_AUTOINSTALL="--defaultdeps"
    PERL_LOCAL_LIB_ROOT="/home/cpan/pit/jail/l9OkKG8HXr"
    PERL_MB_OPT="--install_base "/home/cpan/pit/jail/l9OkKG8HXr""
    PERL_MM_OPT="INSTALL_BASE=/home/cpan/pit/jail/l9OkKG8HXr"
    PERL_MM_USE_DEFAULT="1"
    PERL_USE_UNSAFE_INC="1"
  @INC:
    /home/cpan/pit/jail/l9OkKG8HXr/lib/perl5/5.16.0/i86pc-solaris-64
    /home/cpan/pit/jail/l9OkKG8HXr/lib/perl5/5.16.0
    /home/cpan/pit/jail/l9OkKG8HXr/lib/perl5/i86pc-solaris-64
    /home/cpan/pit/jail/l9OkKG8HXr/lib/perl5
    /home/cpan/pit/bare/conf/perl-5.16.0/.cpanplus/5.16.0/build/Dd6gIK05ue/POE-Component-Client-DNS-1.054/blib/lib
    /home/cpan/pit/bare/conf/perl-5.16.0/.cpanplus/5.16.0/build/Dd6gIK05ue/POE-Component-Client-DNS-1.054/blib/arch
    /home/cpan/pit/bare/perl-5.16.0/lib/site_perl/5.16.0/i86pc-solaris-64
    /home/cpan/pit/bare/perl-5.16.0/lib/site_perl/5.16.0
    /home/cpan/pit/bare/perl-5.16.0/lib/5.16.0/i86pc-solaris-64
    /home/cpan/pit/bare/perl-5.16.0/lib/5.16.0
    .