Report for IronMan-Schema-0.03

Back
From: metabase:user:cba5269c-6e58-1014-92a6-0387276d408b
Subject: FAIL IronMan-Schema-0.03 v5.10.1 OpenBSD
Date: 2010-10-04T17:43:51Z

This distribution has been tested as part of the CPAN Testers
project, supporting the Perl programming language.  See
http://wiki.cpantesters.org/ for more information or email
questions to cpan-testers-discuss@perl.org


--
Dear Ian Norton,

This is a computer-generated report for IronMan-Schema-0.03
on perl 5.10.1, created by CPAN-Reporter-1.1711.

Thank you for uploading your work to CPAN.  However, there was a problem
testing your distribution.

If you think this report is invalid, please consult the CPAN Testers Wiki
for suggestions on how to avoid getting FAIL reports for missing library
or binary dependencies, unsupported operating systems, and so on:

http://wiki.cpantesters.org/wiki/CPANAuthorNotes

Sections of this report:

    * Tester comments
    * Program output
    * Prerequisites
    * Environment and other context

------------------------------
TESTER COMMENTS
------------------------------

Additional comments from tester:

this report is from an automated smoke testing program
and was not reviewed by a human for accuracy

------------------------------
PROGRAM OUTPUT
------------------------------

Output from '/usr/bin/make test':

PERL_DL_NONLAZY=1 /usr/bin/perl "-MExtUtils::Command::MM" "-e" "test_harness(0, 'inc', 'blib/lib', 'blib/arch')" t/*.t

#   Failed test 'use IronMan::Schema;'
#   at t/01_basic.t line 7.
#     Tried to use 'IronMan::Schema'.
#     Error:  DBIx::Class::Schema::throw_exception(): Can't locate DateTime.pm in @INC (@INC contains: /home/macgyver/.cpan/build/IronMan-Schema-0.03-3rN8rk/inc /home/macgyver/.cpan/build/IronMan-Schema-0.03-3rN8rk/blib/lib /home/macgyver/.cpan/build/IronMan-Schema-0.03-3rN8rk/blib/arch /home/macgyver/perl5/lib/perl5/amd64-openbsd /home/macgyver/perl5/lib/perl5/amd64-openbsd /home/macgyver/perl5/lib/perl5 /home/macgyver/perl5/lib/perl5/amd64-openbsd /home/macgyver/perl5/lib/perl5/amd64-openbsd /home/macgyver/perl5/lib/perl5 /usr/libdata/perl5/amd64-openbsd/5.10.1 /usr/local/libdata/perl5/amd64-openbsd/5.10.1 /usr/libdata/perl5 /usr/local/libdata/perl5 /usr/local/libdata/perl5/site_perl/amd64-openbsd /usr/libdata/perl5/site_perl/amd64-openbsd /usr/local/libdata/perl5/site_perl /usr/libdata/perl5/site_perl .) at /home/macgyver/.cpan/build/IronMan-Schema-0.03-3rN8rk/blib/lib/IronMan/Schema/ResultSet/Post.pm line 8.
# BEGIN failed--compilation aborted at /home/macgyver/.cpan/build/IronMan-Schema-0.03-3rN8rk/blib/lib/IronMan/Schema/ResultSet/Post.pm line 8.
# Compilation failed in require at /home/macgyver/perl5/lib/perl5/Class/C3/Componentised.pm line 135.
# Compilation failed in require at (eval 4) line 2.
# BEGIN failed--compilation aborted at (eval 4) line 2.
# Looks like you failed 1 test of 1.
t/01_basic.t ........... 
Dubious, test returned 1 (wstat 256, 0x100)
Failed 1/1 subtests 
DBIx::Class::Schema::throw_exception(): Can't locate DateTime.pm in @INC (@INC contains: /home/macgyver/.cpan/build/IronMan-Schema-0.03-3rN8rk/inc /home/macgyver/.cpan/build/IronMan-Schema-0.03-3rN8rk/blib/lib /home/macgyver/.cpan/build/IronMan-Schema-0.03-3rN8rk/blib/arch /home/macgyver/perl5/lib/perl5/amd64-openbsd /home/macgyver/perl5/lib/perl5/amd64-openbsd /home/macgyver/perl5/lib/perl5 /home/macgyver/perl5/lib/perl5/amd64-openbsd /home/macgyver/perl5/lib/perl5/amd64-openbsd /home/macgyver/perl5/lib/perl5 /usr/libdata/perl5/amd64-openbsd/5.10.1 /usr/local/libdata/perl5/amd64-openbsd/5.10.1 /usr/libdata/perl5 /usr/local/libdata/perl5 /usr/local/libdata/perl5/site_perl/amd64-openbsd /usr/libdata/perl5/site_perl/amd64-openbsd /usr/local/libdata/perl5/site_perl /usr/libdata/perl5/site_perl .) at /home/macgyver/.cpan/build/IronMan-Schema-0.03-3rN8rk/blib/lib/IronMan/Schema/ResultSet/Post.pm line 8.
BEGIN failed--compilation aborted at /home/macgyver/.cpan/build/IronMan-Schema-0.03-3rN8rk/blib/lib/IronMan/Schema/ResultSet/Post.pm line 8.
Compilation failed in require at /home/macgyver/perl5/lib/perl5/Class/C3/Componentised.pm line 135.
Compilation failed in require at t/02_testdb_deploy.t line 7.
BEGIN failed--compilation aborted at t/02_testdb_deploy.t line 7.
t/02_testdb_deploy.t ... 
Dubious, test returned 2 (wstat 512, 0x200)
No subtests run 
DBIx::Class::Schema::throw_exception(): Can't locate DateTime.pm in @INC (@INC contains: /home/macgyver/.cpan/build/IronMan-Schema-0.03-3rN8rk/inc /home/macgyver/.cpan/build/IronMan-Schema-0.03-3rN8rk/blib/lib /home/macgyver/.cpan/build/IronMan-Schema-0.03-3rN8rk/blib/arch /home/macgyver/perl5/lib/perl5/amd64-openbsd /home/macgyver/perl5/lib/perl5/amd64-openbsd /home/macgyver/perl5/lib/perl5 /home/macgyver/perl5/lib/perl5/amd64-openbsd /home/macgyver/perl5/lib/perl5/amd64-openbsd /home/macgyver/perl5/lib/perl5 /usr/libdata/perl5/amd64-openbsd/5.10.1 /usr/local/libdata/perl5/amd64-openbsd/5.10.1 /usr/libdata/perl5 /usr/local/libdata/perl5 /usr/local/libdata/perl5/site_perl/amd64-openbsd /usr/libdata/perl5/site_perl/amd64-openbsd /usr/local/libdata/perl5/site_perl /usr/libdata/perl5/site_perl .) at /home/macgyver/.cpan/build/IronMan-Schema-0.03-3rN8rk/blib/lib/IronMan/Schema/ResultSet/Post.pm line 8.
BEGIN failed--compilation aborted at /home/macgyver/.cpan/build/IronMan-Schema-0.03-3rN8rk/blib/lib/IronMan/Schema/ResultSet/Post.pm line 8.
Compilation failed in require at /home/macgyver/perl5/lib/perl5/Class/C3/Componentised.pm line 135.
Compilation failed in require at t/03_resultset_feed.t line 7.
BEGIN failed--compilation aborted at t/03_resultset_feed.t line 7.
# Looks like your test exited with 2 before it could output anything.
t/03_resultset_feed.t .. 
Dubious, test returned 2 (wstat 512, 0x200)
Failed 2/2 subtests 
DBIx::Class::Schema::throw_exception(): Can't locate DateTime.pm in @INC (@INC contains: /home/macgyver/.cpan/build/IronMan-Schema-0.03-3rN8rk/inc /home/macgyver/.cpan/build/IronMan-Schema-0.03-3rN8rk/blib/lib /home/macgyver/.cpan/build/IronMan-Schema-0.03-3rN8rk/blib/arch /home/macgyver/perl5/lib/perl5/amd64-openbsd /home/macgyver/perl5/lib/perl5/amd64-openbsd /home/macgyver/perl5/lib/perl5 /home/macgyver/perl5/lib/perl5/amd64-openbsd /home/macgyver/perl5/lib/perl5/amd64-openbsd /home/macgyver/perl5/lib/perl5 /usr/libdata/perl5/amd64-openbsd/5.10.1 /usr/local/libdata/perl5/amd64-openbsd/5.10.1 /usr/libdata/perl5 /usr/local/libdata/perl5 /usr/local/libdata/perl5/site_perl/amd64-openbsd /usr/libdata/perl5/site_perl/amd64-openbsd /usr/local/libdata/perl5/site_perl /usr/libdata/perl5/site_perl .) at /home/macgyver/.cpan/build/IronMan-Schema-0.03-3rN8rk/blib/lib/IronMan/Schema/ResultSet/Post.pm line 8.
BEGIN failed--compilation aborted at /home/macgyver/.cpan/build/IronMan-Schema-0.03-3rN8rk/blib/lib/IronMan/Schema/ResultSet/Post.pm line 8.
Compilation failed in require at /home/macgyver/perl5/lib/perl5/Class/C3/Componentised.pm line 135.
Compilation failed in require at t/04_resultset_post.t line 7.
BEGIN failed--compilation aborted at t/04_resultset_post.t line 7.
# Looks like your test exited with 2 before it could output anything.
t/04_resultset_post.t .. 
Dubious, test returned 2 (wstat 512, 0x200)
Failed 3/3 subtests 

#   Failed test 'Can't find the test database.'
#   at t/20_testdb_remove.t line 15.
# Looks like you planned 2 tests but ran 1.
# Looks like you failed 1 test of 1 run.
t/20_testdb_remove.t ... 
Dubious, test returned 1 (wstat 256, 0x100)
Failed 2/2 subtests 

Test Summary Report
-------------------
t/01_basic.t         (Wstat: 256 Tests: 1 Failed: 1)
  Failed test:  1
  Non-zero exit status: 1
t/02_testdb_deploy.t (Wstat: 512 Tests: 0 Failed: 0)
  Non-zero exit status: 2
  Parse errors: No plan found in TAP output
t/03_resultset_feed.t (Wstat: 512 Tests: 0 Failed: 0)
  Non-zero exit status: 2
  Parse errors: Bad plan.  You planned 2 tests but ran 0.
t/04_resultset_post.t (Wstat: 512 Tests: 0 Failed: 0)
  Non-zero exit status: 2
  Parse errors: Bad plan.  You planned 3 tests but ran 0.
t/20_testdb_remove.t (Wstat: 256 Tests: 1 Failed: 1)
  Failed test:  1
  Non-zero exit status: 1
  Parse errors: Bad plan.  You planned 2 tests but ran 1.
Files=5, Tests=2,  3 wallclock secs ( 0.00 usr +  0.00 sys =  0.00 CPU)
Result: FAIL
Failed 5/5 test programs. 2/2 subtests failed.
*** Error code 1

Stop in /home/macgyver/.cpan/build/IronMan-Schema-0.03-3rN8rk (line 776 of Makefile).

------------------------------
PREREQUISITES
------------------------------

Prerequisite modules loaded:

requires:

    Module              Need Have   
    ------------------- ---- -------
    DBIx::Class::Schema 0    0      
    ExtUtils::MakeMaker 6.42 6.55_02
    Test::More          0    0.96   

configure_requires:

    Module              Need Have   
    ------------------- ---- -------
    ExtUtils::MakeMaker 6.42 6.55_02


------------------------------
ENVIRONMENT AND OTHER CONTEXT
------------------------------

Environment variables:

    AUTOMATED_TESTING = 1
    PATH = /home/macgyver/perl5/bin:/home/macgyver/perl5/perlbrew/bin:/home/macgyver/perl5/perlbrew/perls/current/bin:/home/macgyver/bin:/bin:/sbin:/usr/bin:/usr/sbin:/usr/X11R6/bin:/usr/local/bin:/usr/local/sbin:/usr/games:.
    PERL5LIB = /home/macgyver/perl5/lib/perl5/amd64-openbsd:/home/macgyver/perl5/lib/perl5
    PERL5OPT = 
    PERL5_CPANPLUS_IS_RUNNING = 4684
    PERL5_CPAN_IS_RUNNING = 4684
    PERL5_CPAN_IS_RUNNING_IN_RECURSION = 5516,4684
    PERL_CR_SMOKER_CURRENT = IronMan-Schema-0.03
    PERL_EXTUTILS_AUTOINSTALL = --defaultdeps
    PERL_MM_OPT = INSTALL_BASE=/home/macgyver/perl5
    PERL_MM_USE_DEFAULT = 1
    SHELL = bash
    TERM = screen

Perl special variables (and OS-specific diagnostics, for MSWin32):

    $^X = /usr/bin/perl
    $UID/$EUID = 1000 / 1000
    $GID = 10 10 0
    $EGID = 10 10 0

Perl module toolchain versions installed:

    Module              Have   
    ------------------- -------
    CPAN                1.9402 
    Cwd                 3.31   
    ExtUtils::CBuilder  0.2703 
    ExtUtils::Command   1.16   
    ExtUtils::Install   1.54   
    ExtUtils::MakeMaker 6.55_02
    ExtUtils::Manifest  1.56   
    ExtUtils::ParseXS   2.2206 
    File::Spec          3.31   
    Module::Build       0.3607 
    Module::Signature   n/a    
    Test::Harness       3.17   
    Test::More          0.96   
    YAML                0.71   
    YAML::Syck          n/a    
    version             0.77   


--

Summary of my perl5 (revision 5 version 10 subversion 1) configuration:
   
  Platform:
    osname=openbsd, osvers=4.7, archname=amd64-openbsd
    uname='openbsd'
    config_args='-dsE -Dopenbsd_distribution=defined -Dmksymlinks'
    hint=recommended, useposix=true, d_sigaction=define
    useithreads=undef, usemultiplicity=undef
    useperlio=define, d_sfio=undef, uselargefiles=define, usesocks=undef
    use64bitint=define, use64bitall=define, uselongdouble=undef
    usemymalloc=n, bincompat5005=undef
  Compiler:
    cc='cc', ccflags ='-fno-strict-aliasing -fno-delete-null-pointer-checks -pipe -fstack-protector -I/usr/local/include',
    optimize='-O2',
    cppflags='-fno-strict-aliasing -fno-delete-null-pointer-checks -pipe -fstack-protector -I/usr/local/include'
    ccversion='', gccversion='3.3.5 (propolice)', gccosandvers='openbsd4.7'
    intsize=4, longsize=8, ptrsize=8, doublesize=8, byteorder=12345678
    d_longlong=define, longlongsize=8, d_longdbl=define, longdblsize=16
    ivtype='long', ivsize=8, nvtype='double', nvsize=8, Off_t='off_t', lseeksize=8
    alignbytes=8, prototype=define
  Linker and Libraries:
    ld='cc', ldflags ='-Wl,-E  -fstack-protector'
    libpth=/usr/lib
    libs=-lm -lutil -lc
    perllibs=-lm -lutil -lc
    libc=/usr/lib/libc.so.53.1, so=so, useshrplib=true, libperl=libperl.so.11.1
    gnulibc_version=''
  Dynamic Linking:
    dlsrc=dl_dlopen.xs, dlext=so, d_dlsymun=undef, ccdlflags='-Wl,-R/usr/libdata/perl5/amd64-openbsd/5.10.1/CORE'
    cccdlflags='-DPIC -fPIC ', lddlflags='-shared -fPIC  -fstack-protector'


Characteristics of this binary (from libperl): 
  Compile-time options: PERL_DONT_CREATE_GVSV PERL_MALLOC_WRAP USE_64_BIT_ALL
                        USE_64_BIT_INT USE_LARGE_FILES USE_PERLIO
  Built under OpenBSD
  %ENV:
    PERL5LIB="/home/macgyver/perl5/lib/perl5/amd64-openbsd:/home/macgyver/perl5/lib/perl5"
    PERL5OPT=""
    PERL5_CPANPLUS_IS_RUNNING="4684"
    PERL5_CPAN_IS_RUNNING="4684"
    PERL5_CPAN_IS_RUNNING_IN_RECURSION="5516,4684"
    PERL_CR_SMOKER_CURRENT="IronMan-Schema-0.03"
    PERL_EXTUTILS_AUTOINSTALL="--defaultdeps"
    PERL_MM_OPT="INSTALL_BASE=/home/macgyver/perl5"
    PERL_MM_USE_DEFAULT="1"
  @INC:
    /home/macgyver/perl5/lib/perl5/amd64-openbsd
    /home/macgyver/perl5/lib/perl5/amd64-openbsd
    /home/macgyver/perl5/lib/perl5
    /usr/libdata/perl5/amd64-openbsd/5.10.1
    /usr/local/libdata/perl5/amd64-openbsd/5.10.1
    /usr/libdata/perl5
    /usr/local/libdata/perl5
    /usr/local/libdata/perl5/site_perl/amd64-openbsd
    /usr/libdata/perl5/site_perl/amd64-openbsd
    /usr/local/libdata/perl5/site_perl
    /usr/libdata/perl5/site_perl
    .