Report for POE-Component-SSLify-1.012

Back
From: metabase:user:320bfe00-2aae-11df-837a-5e0a49663a4f
Subject: FAIL POE-Component-SSLify-1.012 v5.22.3 GNU/Linux
Date: 2017-01-18T04:02:36Z

This distribution has been tested as part of the CPAN Testers
project, supporting the Perl programming language.  See
http://wiki.cpantesters.org/ for more information or email
questions to cpan-testers-discuss@perl.org


--
Dear Apocalypse,

This is a computer-generated report for POE-Component-SSLify-1.012
on perl 5.22.3, created by CPAN-Reporter-1.2018.

Thank you for uploading your work to CPAN.  However, there was a problem
testing your distribution.

If you think this report is invalid, please consult the CPAN Testers Wiki
for suggestions on how to avoid getting FAIL reports for missing library
or binary dependencies, unsupported operating systems, and so on:

http://wiki.cpantesters.org/wiki/CPANAuthorNotes

Sections of this report:

    * Tester comments
    * Program output
    * Prerequisites
    * Environment and other context

------------------------------
TESTER COMMENTS
------------------------------

Additional comments from tester:

this report is from an automated smoke testing program
and was not reviewed by a human for accuracy

------------------------------
PROGRAM OUTPUT
------------------------------

Output from '/usr/bin/make test':

PERL_DL_NONLAZY=1 "/tmp/basesmoker-reloperl-fxG8/bin/perl" "-MExtUtils::Command::MM" "-MTest::Harness" "-e" "undef *Test::Harness::Switches; test_harness(0, 'blib/lib', 'blib/arch')" t/*.t
t/00-compile.t ................ ok
# 
# Versions for all modules listed in MYMETA.json (including optional ones):
# 
# === Configure Requires ===
# 
#     Module               Want  Have
#     ------------------- ----- -----
#     ExtUtils::MakeMaker   any  7.24
#     Module::Build::Tiny 0.039 0.039
# 
# === Build Requires ===
# 
#     Module              Want Have
#     ------------------- ---- ----
#     ExtUtils::MakeMaker  any 7.24
# 
# === Test Requires ===
# 
#     Module                          Want     Have
#     --------------------------- -------- --------
#     ExtUtils::MakeMaker              any     7.24
#     File::Spec                       any     3.62
#     File::Temp                       any   0.2304
#     IO::Handle                      1.28     1.35
#     IPC::Open3                       any     1.18
#     POE                            1.267    1.367
#     POE::Component::Client::TCP      any    1.367
#     POE::Component::Server::TCP      any    1.367
#     POE::Filter::Stream              any    1.367
#     Socket                           any    2.018
#     Test::FailWarnings               any    0.008
#     Test::More                  1.001002 1.302075
# 
# === Test Recommends ===
# 
#     Module         Want     Have
#     ---------- -------- --------
#     CPAN::Meta 2.120900 2.150010
# 
# === Runtime Requires ===
# 
#     Module        Want  Have
#     ------------ ----- -----
#     Exporter       any  5.72
#     IO::Handle    1.28  1.35
#     Net::SSLeay   1.36  1.80
#     POE          1.267 1.367
#     Scalar::Util   any  1.47
#     Symbol         any  1.07
#     Task::Weaken  1.03  1.04
#     parent         any 0.236
#     strict         any  1.09
#     warnings       any  1.34
# 
t/00-report-prereqs.t ......... ok
# 
# Net::SSLeay::ver_number is 0x1010003f
# 	OpenSSL 1.1.0c  10 Nov 2016
# 	built on: reproducible build, date unspecified
# 	platform: debian-amd64
# 	OPENSSLDIR: "/usr/lib/ssl"
# 	pogomips: 51800130
t/00-ssleay-info.t ............ ok
t/99_mire_test.t .............. skipped: AUTHOR TEST
t/apocalypse.t ................ skipped: Test::Apocalypse required for validating the distribution
t/connect_hook.t .............. ok
t/connect_hook_nodata.t ....... ok
t/connfail_client.t ........... ok
t/connfail_server.t ........... ok

#   Failed test 'SERVER: SSLify_Options Can't locate auto/Net/SSLeay/CTX_v3_new.al in @INC (@INC contains: /tmp/loop_over_bdir-13331-0NhcTa/POE-Component-SSLify-1.012-0/blib/lib /tmp/loop_over_bdir-13331-0NhcTa/POE-Component-SSLify-1.012-0/blib/arch /tmp/loop_over_bdir-13331-0NhcTa/Net-DNS-1.07-0/blib/arch /tmp/loop_over_bdir-13331-0NhcTa/Net-DNS-1.07-0/blib/lib /tmp/loop_over_bdir-13331-0NhcTa/Net-DNS-1.07-0/blib/arch /tmp/loop_over_bdir-13331-0NhcTa/Net-DNS-1.07-0/blib/lib /home/sand/src/perl/repoperls/installed-perls/host/k93x64sid/v5.22.3/29a8/lib/site_perl/5.22.3/x86_64-linux /home/sand/src/perl/repoperls/installed-perls/host/k93x64sid/v5.22.3/29a8/lib/site_perl/5.22.3 /home/sand/src/perl/repoperls/installed-perls/host/k93x64sid/v5.22.3/29a8/lib/5.22.3/x86_64-linux /home/sand/src/perl/repoperls/installed-perls/host/k93x64sid/v5.22.3/29a8/lib/5.22.3 .) at /tmp/loop_over_bdir-13331-0NhcTa/POE-Component-SSLify-1.012-0/blib/lib/POE/Component/SSLify.pm line 362.
# '
#   at t/renegotiate_client.t line 55.

#   Failed test 'SERVER: Server_SSLify Please do SSLify_Options() first ( or pass in a $ctx object ) at /tmp/loop_over_bdir-13331-0NhcTa/POE-Component-SSLify-1.012-0/blib/lib/POE/Component/SSLify.pm line 247.
# '
#   at t/renegotiate_client.t line 58.

#   Failed test 'CLIENT: SSLify_ContextCreate Can't locate auto/Net/SSLeay/CTX_v3_new.al in @INC (@INC contains: /tmp/loop_over_bdir-13331-0NhcTa/POE-Component-SSLify-1.012-0/blib/lib /tmp/loop_over_bdir-13331-0NhcTa/POE-Component-SSLify-1.012-0/blib/arch /tmp/loop_over_bdir-13331-0NhcTa/Net-DNS-1.07-0/blib/arch /tmp/loop_over_bdir-13331-0NhcTa/Net-DNS-1.07-0/blib/lib /tmp/loop_over_bdir-13331-0NhcTa/Net-DNS-1.07-0/blib/arch /tmp/loop_over_bdir-13331-0NhcTa/Net-DNS-1.07-0/blib/lib /home/sand/src/perl/repoperls/installed-perls/host/k93x64sid/v5.22.3/29a8/lib/site_perl/5.22.3/x86_64-linux /home/sand/src/perl/repoperls/installed-perls/host/k93x64sid/v5.22.3/29a8/lib/site_perl/5.22.3 /home/sand/src/perl/repoperls/installed-perls/host/k93x64sid/v5.22.3/29a8/lib/5.22.3/x86_64-linux /home/sand/src/perl/repoperls/installed-perls/host/k93x64sid/v5.22.3/29a8/lib/5.22.3 .) at /tmp/loop_over_bdir-13331-0NhcTa/POE-Component-SSLify-1.012-0/blib/lib/POE/Component/SSLify.pm line 362.
# '
#   at t/renegotiate_client.t line 117.
Can't use an undefined value as a symbol reference at /tmp/loop_over_bdir-13331-0NhcTa/POE-Component-SSLify-1.012-0/blib/lib/POE/Component/SSLify.pm line 446.
# Tests were run but no plan was declared and done_testing() was not seen.
# Looks like your test exited with 22 just after 7.
t/renegotiate_client.t ........ 
Dubious, test returned 22 (wstat 5632, 0x1600)
Failed 3/7 subtests 

#   Failed test 'SERVER: SSLify_Options Can't locate auto/Net/SSLeay/CTX_v3_new.al in @INC (@INC contains: /tmp/loop_over_bdir-13331-0NhcTa/POE-Component-SSLify-1.012-0/blib/lib /tmp/loop_over_bdir-13331-0NhcTa/POE-Component-SSLify-1.012-0/blib/arch /tmp/loop_over_bdir-13331-0NhcTa/Net-DNS-1.07-0/blib/arch /tmp/loop_over_bdir-13331-0NhcTa/Net-DNS-1.07-0/blib/lib /tmp/loop_over_bdir-13331-0NhcTa/Net-DNS-1.07-0/blib/arch /tmp/loop_over_bdir-13331-0NhcTa/Net-DNS-1.07-0/blib/lib /home/sand/src/perl/repoperls/installed-perls/host/k93x64sid/v5.22.3/29a8/lib/site_perl/5.22.3/x86_64-linux /home/sand/src/perl/repoperls/installed-perls/host/k93x64sid/v5.22.3/29a8/lib/site_perl/5.22.3 /home/sand/src/perl/repoperls/installed-perls/host/k93x64sid/v5.22.3/29a8/lib/5.22.3/x86_64-linux /home/sand/src/perl/repoperls/installed-perls/host/k93x64sid/v5.22.3/29a8/lib/5.22.3 .) at /tmp/loop_over_bdir-13331-0NhcTa/POE-Component-SSLify-1.012-0/blib/lib/POE/Component/SSLify.pm line 362.
# '
#   at t/renegotiate_client_pings.t line 57.

#   Failed test 'SERVER: Server_SSLify Please do SSLify_Options() first ( or pass in a $ctx object ) at /tmp/loop_over_bdir-13331-0NhcTa/POE-Component-SSLify-1.012-0/blib/lib/POE/Component/SSLify.pm line 247.
# '
#   at t/renegotiate_client_pings.t line 60.

#   Failed test 'CLIENT: SSLify_ContextCreate Can't locate auto/Net/SSLeay/CTX_v3_new.al in @INC (@INC contains: /tmp/loop_over_bdir-13331-0NhcTa/POE-Component-SSLify-1.012-0/blib/lib /tmp/loop_over_bdir-13331-0NhcTa/POE-Component-SSLify-1.012-0/blib/arch /tmp/loop_over_bdir-13331-0NhcTa/Net-DNS-1.07-0/blib/arch /tmp/loop_over_bdir-13331-0NhcTa/Net-DNS-1.07-0/blib/lib /tmp/loop_over_bdir-13331-0NhcTa/Net-DNS-1.07-0/blib/arch /tmp/loop_over_bdir-13331-0NhcTa/Net-DNS-1.07-0/blib/lib /home/sand/src/perl/repoperls/installed-perls/host/k93x64sid/v5.22.3/29a8/lib/site_perl/5.22.3/x86_64-linux /home/sand/src/perl/repoperls/installed-perls/host/k93x64sid/v5.22.3/29a8/lib/site_perl/5.22.3 /home/sand/src/perl/repoperls/installed-perls/host/k93x64sid/v5.22.3/29a8/lib/5.22.3/x86_64-linux /home/sand/src/perl/repoperls/installed-perls/host/k93x64sid/v5.22.3/29a8/lib/5.22.3 .) at /tmp/loop_over_bdir-13331-0NhcTa/POE-Component-SSLify-1.012-0/blib/lib/POE/Component/SSLify.pm line 362.
# '
#   at t/renegotiate_client_pings.t line 120.
Can't use an undefined value as a symbol reference at /tmp/loop_over_bdir-13331-0NhcTa/POE-Component-SSLify-1.012-0/blib/lib/POE/Component/SSLify.pm line 446.
# Tests were run but no plan was declared and done_testing() was not seen.
# Looks like your test exited with 22 just after 7.
t/renegotiate_client_pings.t .. 
Dubious, test returned 22 (wstat 5632, 0x1600)
Failed 3/7 subtests 

#   Failed test 'SERVER: SSLify_Options Can't locate auto/Net/SSLeay/CTX_v3_new.al in @INC (@INC contains: /tmp/loop_over_bdir-13331-0NhcTa/POE-Component-SSLify-1.012-0/blib/lib /tmp/loop_over_bdir-13331-0NhcTa/POE-Component-SSLify-1.012-0/blib/arch /tmp/loop_over_bdir-13331-0NhcTa/Net-DNS-1.07-0/blib/arch /tmp/loop_over_bdir-13331-0NhcTa/Net-DNS-1.07-0/blib/lib /tmp/loop_over_bdir-13331-0NhcTa/Net-DNS-1.07-0/blib/arch /tmp/loop_over_bdir-13331-0NhcTa/Net-DNS-1.07-0/blib/lib /home/sand/src/perl/repoperls/installed-perls/host/k93x64sid/v5.22.3/29a8/lib/site_perl/5.22.3/x86_64-linux /home/sand/src/perl/repoperls/installed-perls/host/k93x64sid/v5.22.3/29a8/lib/site_perl/5.22.3 /home/sand/src/perl/repoperls/installed-perls/host/k93x64sid/v5.22.3/29a8/lib/5.22.3/x86_64-linux /home/sand/src/perl/repoperls/installed-perls/host/k93x64sid/v5.22.3/29a8/lib/5.22.3 .) at /tmp/loop_over_bdir-13331-0NhcTa/POE-Component-SSLify-1.012-0/blib/lib/POE/Component/SSLify.pm line 362.
# '
#   at t/renegotiate_server.t line 55.

#   Failed test 'SERVER: Server_SSLify Please do SSLify_Options() first ( or pass in a $ctx object ) at /tmp/loop_over_bdir-13331-0NhcTa/POE-Component-SSLify-1.012-0/blib/lib/POE/Component/SSLify.pm line 247.
# '
#   at t/renegotiate_server.t line 58.

#   Failed test 'CLIENT: SSLify_ContextCreate Can't locate auto/Net/SSLeay/CTX_v3_new.al in @INC (@INC contains: /tmp/loop_over_bdir-13331-0NhcTa/POE-Component-SSLify-1.012-0/blib/lib /tmp/loop_over_bdir-13331-0NhcTa/POE-Component-SSLify-1.012-0/blib/arch /tmp/loop_over_bdir-13331-0NhcTa/Net-DNS-1.07-0/blib/arch /tmp/loop_over_bdir-13331-0NhcTa/Net-DNS-1.07-0/blib/lib /tmp/loop_over_bdir-13331-0NhcTa/Net-DNS-1.07-0/blib/arch /tmp/loop_over_bdir-13331-0NhcTa/Net-DNS-1.07-0/blib/lib /home/sand/src/perl/repoperls/installed-perls/host/k93x64sid/v5.22.3/29a8/lib/site_perl/5.22.3/x86_64-linux /home/sand/src/perl/repoperls/installed-perls/host/k93x64sid/v5.22.3/29a8/lib/site_perl/5.22.3 /home/sand/src/perl/repoperls/installed-perls/host/k93x64sid/v5.22.3/29a8/lib/5.22.3/x86_64-linux /home/sand/src/perl/repoperls/installed-perls/host/k93x64sid/v5.22.3/29a8/lib/5.22.3 .) at /tmp/loop_over_bdir-13331-0NhcTa/POE-Component-SSLify-1.012-0/blib/lib/POE/Component/SSLify.pm line 362.
# '
#   at t/renegotiate_server.t line 117.
Can't use an undefined value as a symbol reference at /tmp/loop_over_bdir-13331-0NhcTa/POE-Component-SSLify-1.012-0/blib/lib/POE/Component/SSLify.pm line 446.
# Tests were run but no plan was declared and done_testing() was not seen.
# Looks like your test exited with 22 just after 7.
t/renegotiate_server.t ........ 
Dubious, test returned 22 (wstat 5632, 0x1600)
Failed 3/7 subtests 

#   Failed test 'SERVER: SSLify_Options Can't locate auto/Net/SSLeay/CTX_v3_new.al in @INC (@INC contains: /tmp/loop_over_bdir-13331-0NhcTa/POE-Component-SSLify-1.012-0/blib/lib /tmp/loop_over_bdir-13331-0NhcTa/POE-Component-SSLify-1.012-0/blib/arch /tmp/loop_over_bdir-13331-0NhcTa/Net-DNS-1.07-0/blib/arch /tmp/loop_over_bdir-13331-0NhcTa/Net-DNS-1.07-0/blib/lib /tmp/loop_over_bdir-13331-0NhcTa/Net-DNS-1.07-0/blib/arch /tmp/loop_over_bdir-13331-0NhcTa/Net-DNS-1.07-0/blib/lib /home/sand/src/perl/repoperls/installed-perls/host/k93x64sid/v5.22.3/29a8/lib/site_perl/5.22.3/x86_64-linux /home/sand/src/perl/repoperls/installed-perls/host/k93x64sid/v5.22.3/29a8/lib/site_perl/5.22.3 /home/sand/src/perl/repoperls/installed-perls/host/k93x64sid/v5.22.3/29a8/lib/5.22.3/x86_64-linux /home/sand/src/perl/repoperls/installed-perls/host/k93x64sid/v5.22.3/29a8/lib/5.22.3 .) at /tmp/loop_over_bdir-13331-0NhcTa/POE-Component-SSLify-1.012-0/blib/lib/POE/Component/SSLify.pm line 362.
# '
#   at t/simple.t line 52.

#   Failed test 'SERVER: Server_SSLify Please do SSLify_Options() first ( or pass in a $ctx object ) at /tmp/loop_over_bdir-13331-0NhcTa/POE-Component-SSLify-1.012-0/blib/lib/POE/Component/SSLify.pm line 247.
# '
#   at t/simple.t line 55.

#   Failed test 'CLIENT: SSLify_ContextCreate Can't locate auto/Net/SSLeay/CTX_v3_new.al in @INC (@INC contains: /tmp/loop_over_bdir-13331-0NhcTa/POE-Component-SSLify-1.012-0/blib/lib /tmp/loop_over_bdir-13331-0NhcTa/POE-Component-SSLify-1.012-0/blib/arch /tmp/loop_over_bdir-13331-0NhcTa/Net-DNS-1.07-0/blib/arch /tmp/loop_over_bdir-13331-0NhcTa/Net-DNS-1.07-0/blib/lib /tmp/loop_over_bdir-13331-0NhcTa/Net-DNS-1.07-0/blib/arch /tmp/loop_over_bdir-13331-0NhcTa/Net-DNS-1.07-0/blib/lib /home/sand/src/perl/repoperls/installed-perls/host/k93x64sid/v5.22.3/29a8/lib/site_perl/5.22.3/x86_64-linux /home/sand/src/perl/repoperls/installed-perls/host/k93x64sid/v5.22.3/29a8/lib/site_perl/5.22.3 /home/sand/src/perl/repoperls/installed-perls/host/k93x64sid/v5.22.3/29a8/lib/5.22.3/x86_64-linux /home/sand/src/perl/repoperls/installed-perls/host/k93x64sid/v5.22.3/29a8/lib/5.22.3 .) at /tmp/loop_over_bdir-13331-0NhcTa/POE-Component-SSLify-1.012-0/blib/lib/POE/Component/SSLify.pm line 362.
# '
#   at t/simple.t line 111.
Can't use an undefined value as a symbol reference at /tmp/loop_over_bdir-13331-0NhcTa/POE-Component-SSLify-1.012-0/blib/lib/POE/Component/SSLify.pm line 446.
# Tests were run but no plan was declared and done_testing() was not seen.
# Looks like your test exited with 22 just after 7.
t/simple.t .................... 
Dubious, test returned 22 (wstat 5632, 0x1600)
Failed 3/7 subtests 

#   Failed test 'SERVER: SSLify_Options Can't locate auto/Net/SSLeay/CTX_v3_new.al in @INC (@INC contains: /tmp/loop_over_bdir-13331-0NhcTa/POE-Component-SSLify-1.012-0/blib/lib /tmp/loop_over_bdir-13331-0NhcTa/POE-Component-SSLify-1.012-0/blib/arch /tmp/loop_over_bdir-13331-0NhcTa/Net-DNS-1.07-0/blib/arch /tmp/loop_over_bdir-13331-0NhcTa/Net-DNS-1.07-0/blib/lib /tmp/loop_over_bdir-13331-0NhcTa/Net-DNS-1.07-0/blib/arch /tmp/loop_over_bdir-13331-0NhcTa/Net-DNS-1.07-0/blib/lib /home/sand/src/perl/repoperls/installed-perls/host/k93x64sid/v5.22.3/29a8/lib/site_perl/5.22.3/x86_64-linux /home/sand/src/perl/repoperls/installed-perls/host/k93x64sid/v5.22.3/29a8/lib/site_perl/5.22.3 /home/sand/src/perl/repoperls/installed-perls/host/k93x64sid/v5.22.3/29a8/lib/5.22.3/x86_64-linux /home/sand/src/perl/repoperls/installed-perls/host/k93x64sid/v5.22.3/29a8/lib/5.22.3 .) at /tmp/loop_over_bdir-13331-0NhcTa/POE-Component-SSLify-1.012-0/blib/lib/POE/Component/SSLify.pm line 362.
# '
#   at t/simple_large.t line 54.

#   Failed test 'SERVER: Server_SSLify Please do SSLify_Options() first ( or pass in a $ctx object ) at /tmp/loop_over_bdir-13331-0NhcTa/POE-Component-SSLify-1.012-0/blib/lib/POE/Component/SSLify.pm line 247.
# '
#   at t/simple_large.t line 57.

#   Failed test 'CLIENT: SSLify_ContextCreate Can't locate auto/Net/SSLeay/CTX_v3_new.al in @INC (@INC contains: /tmp/loop_over_bdir-13331-0NhcTa/POE-Component-SSLify-1.012-0/blib/lib /tmp/loop_over_bdir-13331-0NhcTa/POE-Component-SSLify-1.012-0/blib/arch /tmp/loop_over_bdir-13331-0NhcTa/Net-DNS-1.07-0/blib/arch /tmp/loop_over_bdir-13331-0NhcTa/Net-DNS-1.07-0/blib/lib /tmp/loop_over_bdir-13331-0NhcTa/Net-DNS-1.07-0/blib/arch /tmp/loop_over_bdir-13331-0NhcTa/Net-DNS-1.07-0/blib/lib /home/sand/src/perl/repoperls/installed-perls/host/k93x64sid/v5.22.3/29a8/lib/site_perl/5.22.3/x86_64-linux /home/sand/src/perl/repoperls/installed-perls/host/k93x64sid/v5.22.3/29a8/lib/site_perl/5.22.3 /home/sand/src/perl/repoperls/installed-perls/host/k93x64sid/v5.22.3/29a8/lib/5.22.3/x86_64-linux /home/sand/src/perl/repoperls/installed-perls/host/k93x64sid/v5.22.3/29a8/lib/5.22.3 .) at /tmp/loop_over_bdir-13331-0NhcTa/POE-Component-SSLify-1.012-0/blib/lib/POE/Component/SSLify.pm line 362.
# '
#   at t/simple_large.t line 113.
Can't use an undefined value as a symbol reference at /tmp/loop_over_bdir-13331-0NhcTa/POE-Component-SSLify-1.012-0/blib/lib/POE/Component/SSLify.pm line 446.
# Tests were run but no plan was declared and done_testing() was not seen.
# Looks like your test exited with 22 just after 6.
t/simple_large.t .............. 
Dubious, test returned 22 (wstat 5632, 0x1600)
Failed 3/6 subtests 

#   Failed test 'SERVER: SSLify_Options Can't locate auto/Net/SSLeay/CTX_v3_new.al in @INC (@INC contains: /tmp/loop_over_bdir-13331-0NhcTa/POE-Component-SSLify-1.012-0/blib/lib /tmp/loop_over_bdir-13331-0NhcTa/POE-Component-SSLify-1.012-0/blib/arch /tmp/loop_over_bdir-13331-0NhcTa/Net-DNS-1.07-0/blib/arch /tmp/loop_over_bdir-13331-0NhcTa/Net-DNS-1.07-0/blib/lib /tmp/loop_over_bdir-13331-0NhcTa/Net-DNS-1.07-0/blib/arch /tmp/loop_over_bdir-13331-0NhcTa/Net-DNS-1.07-0/blib/lib /home/sand/src/perl/repoperls/installed-perls/host/k93x64sid/v5.22.3/29a8/lib/site_perl/5.22.3/x86_64-linux /home/sand/src/perl/repoperls/installed-perls/host/k93x64sid/v5.22.3/29a8/lib/site_perl/5.22.3 /home/sand/src/perl/repoperls/installed-perls/host/k93x64sid/v5.22.3/29a8/lib/5.22.3/x86_64-linux /home/sand/src/perl/repoperls/installed-perls/host/k93x64sid/v5.22.3/29a8/lib/5.22.3 .) at /tmp/loop_over_bdir-13331-0NhcTa/POE-Component-SSLify-1.012-0/blib/lib/POE/Component/SSLify.pm line 362.
# '
#   at t/simple_parallel.t line 52.

#   Failed test 'SERVER: Server_SSLify Please do SSLify_Options() first ( or pass in a $ctx object ) at /tmp/loop_over_bdir-13331-0NhcTa/POE-Component-SSLify-1.012-0/blib/lib/POE/Component/SSLify.pm line 247.
# '
#   at t/simple_parallel.t line 55.

#   Failed test 'CLIENT: SSLify_ContextCreate Can't locate auto/Net/SSLeay/CTX_v3_new.al in @INC (@INC contains: /tmp/loop_over_bdir-13331-0NhcTa/POE-Component-SSLify-1.012-0/blib/lib /tmp/loop_over_bdir-13331-0NhcTa/POE-Component-SSLify-1.012-0/blib/arch /tmp/loop_over_bdir-13331-0NhcTa/Net-DNS-1.07-0/blib/arch /tmp/loop_over_bdir-13331-0NhcTa/Net-DNS-1.07-0/blib/lib /tmp/loop_over_bdir-13331-0NhcTa/Net-DNS-1.07-0/blib/arch /tmp/loop_over_bdir-13331-0NhcTa/Net-DNS-1.07-0/blib/lib /home/sand/src/perl/repoperls/installed-perls/host/k93x64sid/v5.22.3/29a8/lib/site_perl/5.22.3/x86_64-linux /home/sand/src/perl/repoperls/installed-perls/host/k93x64sid/v5.22.3/29a8/lib/site_perl/5.22.3 /home/sand/src/perl/repoperls/installed-perls/host/k93x64sid/v5.22.3/29a8/lib/5.22.3/x86_64-linux /home/sand/src/perl/repoperls/installed-perls/host/k93x64sid/v5.22.3/29a8/lib/5.22.3 .) at /tmp/loop_over_bdir-13331-0NhcTa/POE-Component-SSLify-1.012-0/blib/lib/POE/Component/SSLify.pm line 362.
# '
#   at t/simple_parallel.t line 111.

#   Failed test 'CLIENT: SSLify_ContextCreate Can't locate auto/Net/SSLeay/CTX_v3_new.al in @INC (@INC contains: /tmp/loop_over_bdir-13331-0NhcTa/POE-Component-SSLify-1.012-0/blib/lib /tmp/loop_over_bdir-13331-0NhcTa/POE-Component-SSLify-1.012-0/blib/arch /tmp/loop_over_bdir-13331-0NhcTa/Net-DNS-1.07-0/blib/arch /tmp/loop_over_bdir-13331-0NhcTa/Net-DNS-1.07-0/blib/lib /tmp/loop_over_bdir-13331-0NhcTa/Net-DNS-1.07-0/blib/arch /tmp/loop_over_bdir-13331-0NhcTa/Net-DNS-1.07-0/blib/lib /home/sand/src/perl/repoperls/installed-perls/host/k93x64sid/v5.22.3/29a8/lib/site_perl/5.22.3/x86_64-linux /home/sand/src/perl/repoperls/installed-perls/host/k93x64sid/v5.22.3/29a8/lib/site_perl/5.22.3 /home/sand/src/perl/repoperls/installed-perls/host/k93x64sid/v5.22.3/29a8/lib/5.22.3/x86_64-linux /home/sand/src/perl/repoperls/installed-perls/host/k93x64sid/v5.22.3/29a8/lib/5.22.3 .) at /tmp/loop_over_bdir-13331-0NhcTa/POE-Component-SSLify-1.012-0/blib/lib/POE/Component/SSLify.pm line 362.
# '
#   at t/simple_parallel.t line 111.

#   Failed test 'CLIENT: SSLify_ContextCreate Can't locate auto/Net/SSLeay/CTX_v3_new.al in @INC (@INC contains: /tmp/loop_over_bdir-13331-0NhcTa/POE-Component-SSLify-1.012-0/blib/lib /tmp/loop_over_bdir-13331-0NhcTa/POE-Component-SSLify-1.012-0/blib/arch /tmp/loop_over_bdir-13331-0NhcTa/Net-DNS-1.07-0/blib/arch /tmp/loop_over_bdir-13331-0NhcTa/Net-DNS-1.07-0/blib/lib /tmp/loop_over_bdir-13331-0NhcTa/Net-DNS-1.07-0/blib/arch /tmp/loop_over_bdir-13331-0NhcTa/Net-DNS-1.07-0/blib/lib /home/sand/src/perl/repoperls/installed-perls/host/k93x64sid/v5.22.3/29a8/lib/site_perl/5.22.3/x86_64-linux /home/sand/src/perl/repoperls/installed-perls/host/k93x64sid/v5.22.3/29a8/lib/site_perl/5.22.3 /home/sand/src/perl/repoperls/installed-perls/host/k93x64sid/v5.22.3/29a8/lib/5.22.3/x86_64-linux /home/sand/src/perl/repoperls/installed-perls/host/k93x64sid/v5.22.3/29a8/lib/5.22.3 .) at /tmp/loop_over_bdir-13331-0NhcTa/POE-Component-SSLify-1.012-0/blib/lib/POE/Component/SSLify.pm line 362.
# '
#   at t/simple_parallel.t line 111.

#   Failed test 'CLIENT: SSLify_ContextCreate Can't locate auto/Net/SSLeay/CTX_v3_new.al in @INC (@INC contains: /tmp/loop_over_bdir-13331-0NhcTa/POE-Component-SSLify-1.012-0/blib/lib /tmp/loop_over_bdir-13331-0NhcTa/POE-Component-SSLify-1.012-0/blib/arch /tmp/loop_over_bdir-13331-0NhcTa/Net-DNS-1.07-0/blib/arch /tmp/loop_over_bdir-13331-0NhcTa/Net-DNS-1.07-0/blib/lib /tmp/loop_over_bdir-13331-0NhcTa/Net-DNS-1.07-0/blib/arch /tmp/loop_over_bdir-13331-0NhcTa/Net-DNS-1.07-0/blib/lib /home/sand/src/perl/repoperls/installed-perls/host/k93x64sid/v5.22.3/29a8/lib/site_perl/5.22.3/x86_64-linux /home/sand/src/perl/repoperls/installed-perls/host/k93x64sid/v5.22.3/29a8/lib/site_perl/5.22.3 /home/sand/src/perl/repoperls/installed-perls/host/k93x64sid/v5.22.3/29a8/lib/5.22.3/x86_64-linux /home/sand/src/perl/repoperls/installed-perls/host/k93x64sid/v5.22.3/29a8/lib/5.22.3 .) at /tmp/loop_over_bdir-13331-0NhcTa/POE-Component-SSLify-1.012-0/blib/lib/POE/Component/SSLify.pm line 362.
# '
#   at t/simple_parallel.t line 111.

#   Failed test 'CLIENT: SSLify_ContextCreate Can't locate auto/Net/SSLeay/CTX_v3_new.al in @INC (@INC contains: /tmp/loop_over_bdir-13331-0NhcTa/POE-Component-SSLify-1.012-0/blib/lib /tmp/loop_over_bdir-13331-0NhcTa/POE-Component-SSLify-1.012-0/blib/arch /tmp/loop_over_bdir-13331-0NhcTa/Net-DNS-1.07-0/blib/arch /tmp/loop_over_bdir-13331-0NhcTa/Net-DNS-1.07-0/blib/lib /tmp/loop_over_bdir-13331-0NhcTa/Net-DNS-1.07-0/blib/arch /tmp/loop_over_bdir-13331-0NhcTa/Net-DNS-1.07-0/blib/lib /home/sand/src/perl/repoperls/installed-perls/host/k93x64sid/v5.22.3/29a8/lib/site_perl/5.22.3/x86_64-linux /home/sand/src/perl/repoperls/installed-perls/host/k93x64sid/v5.22.3/29a8/lib/site_perl/5.22.3 /home/sand/src/perl/repoperls/installed-perls/host/k93x64sid/v5.22.3/29a8/lib/5.22.3/x86_64-linux /home/sand/src/perl/repoperls/installed-perls/host/k93x64sid/v5.22.3/29a8/lib/5.22.3 .) at /tmp/loop_over_bdir-13331-0NhcTa/POE-Component-SSLify-1.012-0/blib/lib/POE/Component/SSLify.pm line 362.
# '
#   at t/simple_parallel.t line 111.

#   Failed test 'CLIENT: SSLify_ContextCreate Can't locate auto/Net/SSLeay/CTX_v3_new.al in @INC (@INC contains: /tmp/loop_over_bdir-13331-0NhcTa/POE-Component-SSLify-1.012-0/blib/lib /tmp/loop_over_bdir-13331-0NhcTa/POE-Component-SSLify-1.012-0/blib/arch /tmp/loop_over_bdir-13331-0NhcTa/Net-DNS-1.07-0/blib/arch /tmp/loop_over_bdir-13331-0NhcTa/Net-DNS-1.07-0/blib/lib /tmp/loop_over_bdir-13331-0NhcTa/Net-DNS-1.07-0/blib/arch /tmp/loop_over_bdir-13331-0NhcTa/Net-DNS-1.07-0/blib/lib /home/sand/src/perl/repoperls/installed-perls/host/k93x64sid/v5.22.3/29a8/lib/site_perl/5.22.3/x86_64-linux /home/sand/src/perl/repoperls/installed-perls/host/k93x64sid/v5.22.3/29a8/lib/site_perl/5.22.3 /home/sand/src/perl/repoperls/installed-perls/host/k93x64sid/v5.22.3/29a8/lib/5.22.3/x86_64-linux /home/sand/src/perl/repoperls/installed-perls/host/k93x64sid/v5.22.3/29a8/lib/5.22.3 .) at /tmp/loop_over_bdir-13331-0NhcTa/POE-Component-SSLify-1.012-0/blib/lib/POE/Component/SSLify.pm line 362.
# '
#   at t/simple_parallel.t line 111.

#   Failed test 'CLIENT: SSLify_ContextCreate Can't locate auto/Net/SSLeay/CTX_v3_new.al in @INC (@INC contains: /tmp/loop_over_bdir-13331-0NhcTa/POE-Component-SSLify-1.012-0/blib/lib /tmp/loop_over_bdir-13331-0NhcTa/POE-Component-SSLify-1.012-0/blib/arch /tmp/loop_over_bdir-13331-0NhcTa/Net-DNS-1.07-0/blib/arch /tmp/loop_over_bdir-13331-0NhcTa/Net-DNS-1.07-0/blib/lib /tmp/loop_over_bdir-13331-0NhcTa/Net-DNS-1.07-0/blib/arch /tmp/loop_over_bdir-13331-0NhcTa/Net-DNS-1.07-0/blib/lib /home/sand/src/perl/repoperls/installed-perls/host/k93x64sid/v5.22.3/29a8/lib/site_perl/5.22.3/x86_64-linux /home/sand/src/perl/repoperls/installed-perls/host/k93x64sid/v5.22.3/29a8/lib/site_perl/5.22.3 /home/sand/src/perl/repoperls/installed-perls/host/k93x64sid/v5.22.3/29a8/lib/5.22.3/x86_64-linux /home/sand/src/perl/repoperls/installed-perls/host/k93x64sid/v5.22.3/29a8/lib/5.22.3 .) at /tmp/loop_over_bdir-13331-0NhcTa/POE-Component-SSLify-1.012-0/blib/lib/POE/Component/SSLify.pm line 362.
# '
#   at t/simple_parallel.t line 111.

#   Failed test 'CLIENT: SSLify_ContextCreate Can't locate auto/Net/SSLeay/CTX_v3_new.al in @INC (@INC contains: /tmp/loop_over_bdir-13331-0NhcTa/POE-Component-SSLify-1.012-0/blib/lib /tmp/loop_over_bdir-13331-0NhcTa/POE-Component-SSLify-1.012-0/blib/arch /tmp/loop_over_bdir-13331-0NhcTa/Net-DNS-1.07-0/blib/arch /tmp/loop_over_bdir-13331-0NhcTa/Net-DNS-1.07-0/blib/lib /tmp/loop_over_bdir-13331-0NhcTa/Net-DNS-1.07-0/blib/arch /tmp/loop_over_bdir-13331-0NhcTa/Net-DNS-1.07-0/blib/lib /home/sand/src/perl/repoperls/installed-perls/host/k93x64sid/v5.22.3/29a8/lib/site_perl/5.22.3/x86_64-linux /home/sand/src/perl/repoperls/installed-perls/host/k93x64sid/v5.22.3/29a8/lib/site_perl/5.22.3 /home/sand/src/perl/repoperls/installed-perls/host/k93x64sid/v5.22.3/29a8/lib/5.22.3/x86_64-linux /home/sand/src/perl/repoperls/installed-perls/host/k93x64sid/v5.22.3/29a8/lib/5.22.3 .) at /tmp/loop_over_bdir-13331-0NhcTa/POE-Component-SSLify-1.012-0/blib/lib/POE/Component/SSLify.pm line 362.
# '
#   at t/simple_parallel.t line 111.

#   Failed test 'CLIENT: SSLify_ContextCreate Can't locate auto/Net/SSLeay/CTX_v3_new.al in @INC (@INC contains: /tmp/loop_over_bdir-13331-0NhcTa/POE-Component-SSLify-1.012-0/blib/lib /tmp/loop_over_bdir-13331-0NhcTa/POE-Component-SSLify-1.012-0/blib/arch /tmp/loop_over_bdir-13331-0NhcTa/Net-DNS-1.07-0/blib/arch /tmp/loop_over_bdir-13331-0NhcTa/Net-DNS-1.07-0/blib/lib /tmp/loop_over_bdir-13331-0NhcTa/Net-DNS-1.07-0/blib/arch /tmp/loop_over_bdir-13331-0NhcTa/Net-DNS-1.07-0/blib/lib /home/sand/src/perl/repoperls/installed-perls/host/k93x64sid/v5.22.3/29a8/lib/site_perl/5.22.3/x86_64-linux /home/sand/src/perl/repoperls/installed-perls/host/k93x64sid/v5.22.3/29a8/lib/site_perl/5.22.3 /home/sand/src/perl/repoperls/installed-perls/host/k93x64sid/v5.22.3/29a8/lib/5.22.3/x86_64-linux /home/sand/src/perl/repoperls/installed-perls/host/k93x64sid/v5.22.3/29a8/lib/5.22.3 .) at /tmp/loop_over_bdir-13331-0NhcTa/POE-Component-SSLify-1.012-0/blib/lib/POE/Component/SSLify.pm line 362.
# '
#   at t/simple_parallel.t line 111.

#   Failed test 'CLIENT: SSLify_ContextCreate Can't locate auto/Net/SSLeay/CTX_v3_new.al in @INC (@INC contains: /tmp/loop_over_bdir-13331-0NhcTa/POE-Component-SSLify-1.012-0/blib/lib /tmp/loop_over_bdir-13331-0NhcTa/POE-Component-SSLify-1.012-0/blib/arch /tmp/loop_over_bdir-13331-0NhcTa/Net-DNS-1.07-0/blib/arch /tmp/loop_over_bdir-13331-0NhcTa/Net-DNS-1.07-0/blib/lib /tmp/loop_over_bdir-13331-0NhcTa/Net-DNS-1.07-0/blib/arch /tmp/loop_over_bdir-13331-0NhcTa/Net-DNS-1.07-0/blib/lib /home/sand/src/perl/repoperls/installed-perls/host/k93x64sid/v5.22.3/29a8/lib/site_perl/5.22.3/x86_64-linux /home/sand/src/perl/repoperls/installed-perls/host/k93x64sid/v5.22.3/29a8/lib/site_perl/5.22.3 /home/sand/src/perl/repoperls/installed-perls/host/k93x64sid/v5.22.3/29a8/lib/5.22.3/x86_64-linux /home/sand/src/perl/repoperls/installed-perls/host/k93x64sid/v5.22.3/29a8/lib/5.22.3 .) at /tmp/loop_over_bdir-13331-0NhcTa/POE-Component-SSLify-1.012-0/blib/lib/POE/Component/SSLify.pm line 362.
# '
#   at t/simple_parallel.t line 111.
Can't use an undefined value as a symbol reference at /tmp/loop_over_bdir-13331-0NhcTa/POE-Component-SSLify-1.012-0/blib/lib/POE/Component/SSLify.pm line 446.
# Tests were run but no plan was declared and done_testing() was not seen.
# Looks like your test exited with 22 just after 52.
t/simple_parallel.t ........... 
Dubious, test returned 22 (wstat 5632, 0x1600)
Failed 12/52 subtests 

#   Failed test 'SERVER: SSLify_Options Can't locate auto/Net/SSLeay/CTX_v3_new.al in @INC (@INC contains: /tmp/loop_over_bdir-13331-0NhcTa/POE-Component-SSLify-1.012-0/blib/lib /tmp/loop_over_bdir-13331-0NhcTa/POE-Component-SSLify-1.012-0/blib/arch /tmp/loop_over_bdir-13331-0NhcTa/Net-DNS-1.07-0/blib/arch /tmp/loop_over_bdir-13331-0NhcTa/Net-DNS-1.07-0/blib/lib /tmp/loop_over_bdir-13331-0NhcTa/Net-DNS-1.07-0/blib/arch /tmp/loop_over_bdir-13331-0NhcTa/Net-DNS-1.07-0/blib/lib /home/sand/src/perl/repoperls/installed-perls/host/k93x64sid/v5.22.3/29a8/lib/site_perl/5.22.3/x86_64-linux /home/sand/src/perl/repoperls/installed-perls/host/k93x64sid/v5.22.3/29a8/lib/site_perl/5.22.3 /home/sand/src/perl/repoperls/installed-perls/host/k93x64sid/v5.22.3/29a8/lib/5.22.3/x86_64-linux /home/sand/src/perl/repoperls/installed-perls/host/k93x64sid/v5.22.3/29a8/lib/5.22.3 .) at /tmp/loop_over_bdir-13331-0NhcTa/POE-Component-SSLify-1.012-0/blib/lib/POE/Component/SSLify.pm line 362.
# '
#   at t/simple_parallel_large.t line 54.

#   Failed test 'SERVER: Server_SSLify Please do SSLify_Options() first ( or pass in a $ctx object ) at /tmp/loop_over_bdir-13331-0NhcTa/POE-Component-SSLify-1.012-0/blib/lib/POE/Component/SSLify.pm line 247.
# '
#   at t/simple_parallel_large.t line 57.

#   Failed test 'CLIENT: SSLify_ContextCreate Can't locate auto/Net/SSLeay/CTX_v3_new.al in @INC (@INC contains: /tmp/loop_over_bdir-13331-0NhcTa/POE-Component-SSLify-1.012-0/blib/lib /tmp/loop_over_bdir-13331-0NhcTa/POE-Component-SSLify-1.012-0/blib/arch /tmp/loop_over_bdir-13331-0NhcTa/Net-DNS-1.07-0/blib/arch /tmp/loop_over_bdir-13331-0NhcTa/Net-DNS-1.07-0/blib/lib /tmp/loop_over_bdir-13331-0NhcTa/Net-DNS-1.07-0/blib/arch /tmp/loop_over_bdir-13331-0NhcTa/Net-DNS-1.07-0/blib/lib /home/sand/src/perl/repoperls/installed-perls/host/k93x64sid/v5.22.3/29a8/lib/site_perl/5.22.3/x86_64-linux /home/sand/src/perl/repoperls/installed-perls/host/k93x64sid/v5.22.3/29a8/lib/site_perl/5.22.3 /home/sand/src/perl/repoperls/installed-perls/host/k93x64sid/v5.22.3/29a8/lib/5.22.3/x86_64-linux /home/sand/src/perl/repoperls/installed-perls/host/k93x64sid/v5.22.3/29a8/lib/5.22.3 .) at /tmp/loop_over_bdir-13331-0NhcTa/POE-Component-SSLify-1.012-0/blib/lib/POE/Component/SSLify.pm line 362.
# '
#   at t/simple_parallel_large.t line 111.

#   Failed test 'CLIENT: SSLify_ContextCreate Can't locate auto/Net/SSLeay/CTX_v3_new.al in @INC (@INC contains: /tmp/loop_over_bdir-13331-0NhcTa/POE-Component-SSLify-1.012-0/blib/lib /tmp/loop_over_bdir-13331-0NhcTa/POE-Component-SSLify-1.012-0/blib/arch /tmp/loop_over_bdir-13331-0NhcTa/Net-DNS-1.07-0/blib/arch /tmp/loop_over_bdir-13331-0NhcTa/Net-DNS-1.07-0/blib/lib /tmp/loop_over_bdir-13331-0NhcTa/Net-DNS-1.07-0/blib/arch /tmp/loop_over_bdir-13331-0NhcTa/Net-DNS-1.07-0/blib/lib /home/sand/src/perl/repoperls/installed-perls/host/k93x64sid/v5.22.3/29a8/lib/site_perl/5.22.3/x86_64-linux /home/sand/src/perl/repoperls/installed-perls/host/k93x64sid/v5.22.3/29a8/lib/site_perl/5.22.3 /home/sand/src/perl/repoperls/installed-perls/host/k93x64sid/v5.22.3/29a8/lib/5.22.3/x86_64-linux /home/sand/src/perl/repoperls/installed-perls/host/k93x64sid/v5.22.3/29a8/lib/5.22.3 .) at /tmp/loop_over_bdir-13331-0NhcTa/POE-Component-SSLify-1.012-0/blib/lib/POE/Component/SSLify.pm line 362.
# '
#   at t/simple_parallel_large.t line 111.

#   Failed test 'CLIENT: SSLify_ContextCreate Can't locate auto/Net/SSLeay/CTX_v3_new.al in @INC (@INC contains: /tmp/loop_over_bdir-13331-0NhcTa/POE-Component-SSLify-1.012-0/blib/lib /tmp/loop_over_bdir-13331-0NhcTa/POE-Component-SSLify-1.012-0/blib/arch /tmp/loop_over_bdir-13331-0NhcTa/Net-DNS-1.07-0/blib/arch /tmp/loop_over_bdir-13331-0NhcTa/Net-DNS-1.07-0/blib/lib /tmp/loop_over_bdir-13331-0NhcTa/Net-DNS-1.07-0/blib/arch /tmp/loop_over_bdir-13331-0NhcTa/Net-DNS-1.07-0/blib/lib /home/sand/src/perl/repoperls/installed-perls/host/k93x64sid/v5.22.3/29a8/lib/site_perl/5.22.3/x86_64-linux /home/sand/src/perl/repoperls/installed-perls/host/k93x64sid/v5.22.3/29a8/lib/site_perl/5.22.3 /home/sand/src/perl/repoperls/installed-perls/host/k93x64sid/v5.22.3/29a8/lib/5.22.3/x86_64-linux /home/sand/src/perl/repoperls/installed-perls/host/k93x64sid/v5.22.3/29a8/lib/5.22.3 .) at /tmp/loop_over_bdir-13331-0NhcTa/POE-Component-SSLify-1.012-0/blib/lib/POE/Component/SSLify.pm line 362.
# '
#   at t/simple_parallel_large.t line 111.

#   Failed test 'CLIENT: SSLify_ContextCreate Can't locate auto/Net/SSLeay/CTX_v3_new.al in @INC (@INC contains: /tmp/loop_over_bdir-13331-0NhcTa/POE-Component-SSLify-1.012-0/blib/lib /tmp/loop_over_bdir-13331-0NhcTa/POE-Component-SSLify-1.012-0/blib/arch /tmp/loop_over_bdir-13331-0NhcTa/Net-DNS-1.07-0/blib/arch /tmp/loop_over_bdir-13331-0NhcTa/Net-DNS-1.07-0/blib/lib /tmp/loop_over_bdir-13331-0NhcTa/Net-DNS-1.07-0/blib/arch /tmp/loop_over_bdir-13331-0NhcTa/Net-DNS-1.07-0/blib/lib /home/sand/src/perl/repoperls/installed-perls/host/k93x64sid/v5.22.3/29a8/lib/site_perl/5.22.3/x86_64-linux /home/sand/src/perl/repoperls/installed-perls/host/k93x64sid/v5.22.3/29a8/lib/site_perl/5.22.3 /home/sand/src/perl/repoperls/installed-perls/host/k93x64sid/v5.22.3/29a8/lib/5.22.3/x86_64-linux /home/sand/src/perl/repoperls/installed-perls/host/k93x64sid/v5.22.3/29a8/lib/5.22.3 .) at /tmp/loop_over_bdir-13331-0NhcTa/POE-Component-SSLify-1.012-0/blib/lib/POE/Component/SSLify.pm line 362.
# '
#   at t/simple_parallel_large.t line 111.

#   Failed test 'CLIENT: SSLify_ContextCreate Can't locate auto/Net/SSLeay/CTX_v3_new.al in @INC (@INC contains: /tmp/loop_over_bdir-13331-0NhcTa/POE-Component-SSLify-1.012-0/blib/lib /tmp/loop_over_bdir-13331-0NhcTa/POE-Component-SSLify-1.012-0/blib/arch /tmp/loop_over_bdir-13331-0NhcTa/Net-DNS-1.07-0/blib/arch /tmp/loop_over_bdir-13331-0NhcTa/Net-DNS-1.07-0/blib/lib /tmp/loop_over_bdir-13331-0NhcTa/Net-DNS-1.07-0/blib/arch /tmp/loop_over_bdir-13331-0NhcTa/Net-DNS-1.07-0/blib/lib /home/sand/src/perl/repoperls/installed-perls/host/k93x64sid/v5.22.3/29a8/lib/site_perl/5.22.3/x86_64-linux /home/sand/src/perl/repoperls/installed-perls/host/k93x64sid/v5.22.3/29a8/lib/site_perl/5.22.3 /home/sand/src/perl/repoperls/installed-perls/host/k93x64sid/v5.22.3/29a8/lib/5.22.3/x86_64-linux /home/sand/src/perl/repoperls/installed-perls/host/k93x64sid/v5.22.3/29a8/lib/5.22.3 .) at /tmp/loop_over_bdir-13331-0NhcTa/POE-Component-SSLify-1.012-0/blib/lib/POE/Component/SSLify.pm line 362.
# '
#   at t/simple_parallel_large.t line 111.

#   Failed test 'CLIENT: SSLify_ContextCreate Can't locate auto/Net/SSLeay/CTX_v3_new.al in @INC (@INC contains: /tmp/loop_over_bdir-13331-0NhcTa/POE-Component-SSLify-1.012-0/blib/lib /tmp/loop_over_bdir-13331-0NhcTa/POE-Component-SSLify-1.012-0/blib/arch /tmp/loop_over_bdir-13331-0NhcTa/Net-DNS-1.07-0/blib/arch /tmp/loop_over_bdir-13331-0NhcTa/Net-DNS-1.07-0/blib/lib /tmp/loop_over_bdir-13331-0NhcTa/Net-DNS-1.07-0/blib/arch /tmp/loop_over_bdir-13331-0NhcTa/Net-DNS-1.07-0/blib/lib /home/sand/src/perl/repoperls/installed-perls/host/k93x64sid/v5.22.3/29a8/lib/site_perl/5.22.3/x86_64-linux /home/sand/src/perl/repoperls/installed-perls/host/k93x64sid/v5.22.3/29a8/lib/site_perl/5.22.3 /home/sand/src/perl/repoperls/installed-perls/host/k93x64sid/v5.22.3/29a8/lib/5.22.3/x86_64-linux /home/sand/src/perl/repoperls/installed-perls/host/k93x64sid/v5.22.3/29a8/lib/5.22.3 .) at /tmp/loop_over_bdir-13331-0NhcTa/POE-Component-SSLify-1.012-0/blib/lib/POE/Component/SSLify.pm line 362.
# '
#   at t/simple_parallel_large.t line 111.

#   Failed test 'CLIENT: SSLify_ContextCreate Can't locate auto/Net/SSLeay/CTX_v3_new.al in @INC (@INC contains: /tmp/loop_over_bdir-13331-0NhcTa/POE-Component-SSLify-1.012-0/blib/lib /tmp/loop_over_bdir-13331-0NhcTa/POE-Component-SSLify-1.012-0/blib/arch /tmp/loop_over_bdir-13331-0NhcTa/Net-DNS-1.07-0/blib/arch /tmp/loop_over_bdir-13331-0NhcTa/Net-DNS-1.07-0/blib/lib /tmp/loop_over_bdir-13331-0NhcTa/Net-DNS-1.07-0/blib/arch /tmp/loop_over_bdir-13331-0NhcTa/Net-DNS-1.07-0/blib/lib /home/sand/src/perl/repoperls/installed-perls/host/k93x64sid/v5.22.3/29a8/lib/site_perl/5.22.3/x86_64-linux /home/sand/src/perl/repoperls/installed-perls/host/k93x64sid/v5.22.3/29a8/lib/site_perl/5.22.3 /home/sand/src/perl/repoperls/installed-perls/host/k93x64sid/v5.22.3/29a8/lib/5.22.3/x86_64-linux /home/sand/src/perl/repoperls/installed-perls/host/k93x64sid/v5.22.3/29a8/lib/5.22.3 .) at /tmp/loop_over_bdir-13331-0NhcTa/POE-Component-SSLify-1.012-0/blib/lib/POE/Component/SSLify.pm line 362.
# '
#   at t/simple_parallel_large.t line 111.

#   Failed test 'CLIENT: SSLify_ContextCreate Can't locate auto/Net/SSLeay/CTX_v3_new.al in @INC (@INC contains: /tmp/loop_over_bdir-13331-0NhcTa/POE-Component-SSLify-1.012-0/blib/lib /tmp/loop_over_bdir-13331-0NhcTa/POE-Component-SSLify-1.012-0/blib/arch /tmp/loop_over_bdir-13331-0NhcTa/Net-DNS-1.07-0/blib/arch /tmp/loop_over_bdir-13331-0NhcTa/Net-DNS-1.07-0/blib/lib /tmp/loop_over_bdir-13331-0NhcTa/Net-DNS-1.07-0/blib/arch /tmp/loop_over_bdir-13331-0NhcTa/Net-DNS-1.07-0/blib/lib /home/sand/src/perl/repoperls/installed-perls/host/k93x64sid/v5.22.3/29a8/lib/site_perl/5.22.3/x86_64-linux /home/sand/src/perl/repoperls/installed-perls/host/k93x64sid/v5.22.3/29a8/lib/site_perl/5.22.3 /home/sand/src/perl/repoperls/installed-perls/host/k93x64sid/v5.22.3/29a8/lib/5.22.3/x86_64-linux /home/sand/src/perl/repoperls/installed-perls/host/k93x64sid/v5.22.3/29a8/lib/5.22.3 .) at /tmp/loop_over_bdir-13331-0NhcTa/POE-Component-SSLify-1.012-0/blib/lib/POE/Component/SSLify.pm line 362.
# '
#   at t/simple_parallel_large.t line 111.

#   Failed test 'CLIENT: SSLify_ContextCreate Can't locate auto/Net/SSLeay/CTX_v3_new.al in @INC (@INC contains: /tmp/loop_over_bdir-13331-0NhcTa/POE-Component-SSLify-1.012-0/blib/lib /tmp/loop_over_bdir-13331-0NhcTa/POE-Component-SSLify-1.012-0/blib/arch /tmp/loop_over_bdir-13331-0NhcTa/Net-DNS-1.07-0/blib/arch /tmp/loop_over_bdir-13331-0NhcTa/Net-DNS-1.07-0/blib/lib /tmp/loop_over_bdir-13331-0NhcTa/Net-DNS-1.07-0/blib/arch /tmp/loop_over_bdir-13331-0NhcTa/Net-DNS-1.07-0/blib/lib /home/sand/src/perl/repoperls/installed-perls/host/k93x64sid/v5.22.3/29a8/lib/site_perl/5.22.3/x86_64-linux /home/sand/src/perl/repoperls/installed-perls/host/k93x64sid/v5.22.3/29a8/lib/site_perl/5.22.3 /home/sand/src/perl/repoperls/installed-perls/host/k93x64sid/v5.22.3/29a8/lib/5.22.3/x86_64-linux /home/sand/src/perl/repoperls/installed-perls/host/k93x64sid/v5.22.3/29a8/lib/5.22.3 .) at /tmp/loop_over_bdir-13331-0NhcTa/POE-Component-SSLify-1.012-0/blib/lib/POE/Component/SSLify.pm line 362.
# '
#   at t/simple_parallel_large.t line 111.

#   Failed test 'CLIENT: SSLify_ContextCreate Can't locate auto/Net/SSLeay/CTX_v3_new.al in @INC (@INC contains: /tmp/loop_over_bdir-13331-0NhcTa/POE-Component-SSLify-1.012-0/blib/lib /tmp/loop_over_bdir-13331-0NhcTa/POE-Component-SSLify-1.012-0/blib/arch /tmp/loop_over_bdir-13331-0NhcTa/Net-DNS-1.07-0/blib/arch /tmp/loop_over_bdir-13331-0NhcTa/Net-DNS-1.07-0/blib/lib /tmp/loop_over_bdir-13331-0NhcTa/Net-DNS-1.07-0/blib/arch /tmp/loop_over_bdir-13331-0NhcTa/Net-DNS-1.07-0/blib/lib /home/sand/src/perl/repoperls/installed-perls/host/k93x64sid/v5.22.3/29a8/lib/site_perl/5.22.3/x86_64-linux /home/sand/src/perl/repoperls/installed-perls/host/k93x64sid/v5.22.3/29a8/lib/site_perl/5.22.3 /home/sand/src/perl/repoperls/installed-perls/host/k93x64sid/v5.22.3/29a8/lib/5.22.3/x86_64-linux /home/sand/src/perl/repoperls/installed-perls/host/k93x64sid/v5.22.3/29a8/lib/5.22.3 .) at /tmp/loop_over_bdir-13331-0NhcTa/POE-Component-SSLify-1.012-0/blib/lib/POE/Component/SSLify.pm line 362.
# '
#   at t/simple_parallel_large.t line 111.
Can't use an undefined value as a symbol reference at /tmp/loop_over_bdir-13331-0NhcTa/POE-Component-SSLify-1.012-0/blib/lib/POE/Component/SSLify.pm line 446.
# Tests were run but no plan was declared and done_testing() was not seen.
# Looks like your test exited with 22 just after 42.
t/simple_parallel_large.t ..... 
Dubious, test returned 22 (wstat 5632, 0x1600)
Failed 12/42 subtests 

#   Failed test 'SERVER: SSLify_Options Can't locate auto/Net/SSLeay/CTX_v3_new.al in @INC (@INC contains: /tmp/loop_over_bdir-13331-0NhcTa/POE-Component-SSLify-1.012-0/blib/lib /tmp/loop_over_bdir-13331-0NhcTa/POE-Component-SSLify-1.012-0/blib/arch /tmp/loop_over_bdir-13331-0NhcTa/Net-DNS-1.07-0/blib/arch /tmp/loop_over_bdir-13331-0NhcTa/Net-DNS-1.07-0/blib/lib /tmp/loop_over_bdir-13331-0NhcTa/Net-DNS-1.07-0/blib/arch /tmp/loop_over_bdir-13331-0NhcTa/Net-DNS-1.07-0/blib/lib /home/sand/src/perl/repoperls/installed-perls/host/k93x64sid/v5.22.3/29a8/lib/site_perl/5.22.3/x86_64-linux /home/sand/src/perl/repoperls/installed-perls/host/k93x64sid/v5.22.3/29a8/lib/site_perl/5.22.3 /home/sand/src/perl/repoperls/installed-perls/host/k93x64sid/v5.22.3/29a8/lib/5.22.3/x86_64-linux /home/sand/src/perl/repoperls/installed-perls/host/k93x64sid/v5.22.3/29a8/lib/5.22.3 .) at /tmp/loop_over_bdir-13331-0NhcTa/POE-Component-SSLify-1.012-0/blib/lib/POE/Component/SSLify.pm line 362.
# '
#   at t/simple_parallel_superbig.t line 63.

#   Failed test 'SERVER: Server_SSLify Please do SSLify_Options() first ( or pass in a $ctx object ) at /tmp/loop_over_bdir-13331-0NhcTa/POE-Component-SSLify-1.012-0/blib/lib/POE/Component/SSLify.pm line 247.
# '
#   at t/simple_parallel_superbig.t line 66.

#   Failed test 'CLIENT: SSLify_ContextCreate Can't locate auto/Net/SSLeay/CTX_v3_new.al in @INC (@INC contains: /tmp/loop_over_bdir-13331-0NhcTa/POE-Component-SSLify-1.012-0/blib/lib /tmp/loop_over_bdir-13331-0NhcTa/POE-Component-SSLify-1.012-0/blib/arch /tmp/loop_over_bdir-13331-0NhcTa/Net-DNS-1.07-0/blib/arch /tmp/loop_over_bdir-13331-0NhcTa/Net-DNS-1.07-0/blib/lib /tmp/loop_over_bdir-13331-0NhcTa/Net-DNS-1.07-0/blib/arch /tmp/loop_over_bdir-13331-0NhcTa/Net-DNS-1.07-0/blib/lib /home/sand/src/perl/repoperls/installed-perls/host/k93x64sid/v5.22.3/29a8/lib/site_perl/5.22.3/x86_64-linux /home/sand/src/perl/repoperls/installed-perls/host/k93x64sid/v5.22.3/29a8/lib/site_perl/5.22.3 /home/sand/src/perl/repoperls/installed-perls/host/k93x64sid/v5.22.3/29a8/lib/5.22.3/x86_64-linux /home/sand/src/perl/repoperls/installed-perls/host/k93x64sid/v5.22.3/29a8/lib/5.22.3 .) at /tmp/loop_over_bdir-13331-0NhcTa/POE-Component-SSLify-1.012-0/blib/lib/POE/Component/SSLify.pm line 362.
# '
#   at t/simple_parallel_superbig.t line 120.

#   Failed test 'CLIENT: SSLify_ContextCreate Can't locate auto/Net/SSLeay/CTX_v3_new.al in @INC (@INC contains: /tmp/loop_over_bdir-13331-0NhcTa/POE-Component-SSLify-1.012-0/blib/lib /tmp/loop_over_bdir-13331-0NhcTa/POE-Component-SSLify-1.012-0/blib/arch /tmp/loop_over_bdir-13331-0NhcTa/Net-DNS-1.07-0/blib/arch /tmp/loop_over_bdir-13331-0NhcTa/Net-DNS-1.07-0/blib/lib /tmp/loop_over_bdir-13331-0NhcTa/Net-DNS-1.07-0/blib/arch /tmp/loop_over_bdir-13331-0NhcTa/Net-DNS-1.07-0/blib/lib /home/sand/src/perl/repoperls/installed-perls/host/k93x64sid/v5.22.3/29a8/lib/site_perl/5.22.3/x86_64-linux /home/sand/src/perl/repoperls/installed-perls/host/k93x64sid/v5.22.3/29a8/lib/site_perl/5.22.3 /home/sand/src/perl/repoperls/installed-perls/host/k93x64sid/v5.22.3/29a8/lib/5.22.3/x86_64-linux /home/sand/src/perl/repoperls/installed-perls/host/k93x64sid/v5.22.3/29a8/lib/5.22.3 .) at /tmp/loop_over_bdir-13331-0NhcTa/POE-Component-SSLify-1.012-0/blib/lib/POE/Component/SSLify.pm line 362.
# '
#   at t/simple_parallel_superbig.t line 120.

#   Failed test 'CLIENT: SSLify_ContextCreate Can't locate auto/Net/SSLeay/CTX_v3_new.al in @INC (@INC contains: /tmp/loop_over_bdir-13331-0NhcTa/POE-Component-SSLify-1.012-0/blib/lib /tmp/loop_over_bdir-13331-0NhcTa/POE-Component-SSLify-1.012-0/blib/arch /tmp/loop_over_bdir-13331-0NhcTa/Net-DNS-1.07-0/blib/arch /tmp/loop_over_bdir-13331-0NhcTa/Net-DNS-1.07-0/blib/lib /tmp/loop_over_bdir-13331-0NhcTa/Net-DNS-1.07-0/blib/arch /tmp/loop_over_bdir-13331-0NhcTa/Net-DNS-1.07-0/blib/lib /home/sand/src/perl/repoperls/installed-perls/host/k93x64sid/v5.22.3/29a8/lib/site_perl/5.22.3/x86_64-linux /home/sand/src/perl/repoperls/installed-perls/host/k93x64sid/v5.22.3/29a8/lib/site_perl/5.22.3 /home/sand/src/perl/repoperls/installed-perls/host/k93x64sid/v5.22.3/29a8/lib/5.22.3/x86_64-linux /home/sand/src/perl/repoperls/installed-perls/host/k93x64sid/v5.22.3/29a8/lib/5.22.3 .) at /tmp/loop_over_bdir-13331-0NhcTa/POE-Component-SSLify-1.012-0/blib/lib/POE/Component/SSLify.pm line 362.
# '
#   at t/simple_parallel_superbig.t line 120.

#   Failed test 'CLIENT: SSLify_ContextCreate Can't locate auto/Net/SSLeay/CTX_v3_new.al in @INC (@INC contains: /tmp/loop_over_bdir-13331-0NhcTa/POE-Component-SSLify-1.012-0/blib/lib /tmp/loop_over_bdir-13331-0NhcTa/POE-Component-SSLify-1.012-0/blib/arch /tmp/loop_over_bdir-13331-0NhcTa/Net-DNS-1.07-0/blib/arch /tmp/loop_over_bdir-13331-0NhcTa/Net-DNS-1.07-0/blib/lib /tmp/loop_over_bdir-13331-0NhcTa/Net-DNS-1.07-0/blib/arch /tmp/loop_over_bdir-13331-0NhcTa/Net-DNS-1.07-0/blib/lib /home/sand/src/perl/repoperls/installed-perls/host/k93x64sid/v5.22.3/29a8/lib/site_perl/5.22.3/x86_64-linux /home/sand/src/perl/repoperls/installed-perls/host/k93x64sid/v5.22.3/29a8/lib/site_perl/5.22.3 /home/sand/src/perl/repoperls/installed-perls/host/k93x64sid/v5.22.3/29a8/lib/5.22.3/x86_64-linux /home/sand/src/perl/repoperls/installed-perls/host/k93x64sid/v5.22.3/29a8/lib/5.22.3 .) at /tmp/loop_over_bdir-13331-0NhcTa/POE-Component-SSLify-1.012-0/blib/lib/POE/Component/SSLify.pm line 362.
# '
#   at t/simple_parallel_superbig.t line 120.

#   Failed test 'CLIENT: SSLify_ContextCreate Can't locate auto/Net/SSLeay/CTX_v3_new.al in @INC (@INC contains: /tmp/loop_over_bdir-13331-0NhcTa/POE-Component-SSLify-1.012-0/blib/lib /tmp/loop_over_bdir-13331-0NhcTa/POE-Component-SSLify-1.012-0/blib/arch /tmp/loop_over_bdir-13331-0NhcTa/Net-DNS-1.07-0/blib/arch /tmp/loop_over_bdir-13331-0NhcTa/Net-DNS-1.07-0/blib/lib /tmp/loop_over_bdir-13331-0NhcTa/Net-DNS-1.07-0/blib/arch /tmp/loop_over_bdir-13331-0NhcTa/Net-DNS-1.07-0/blib/lib /home/sand/src/perl/repoperls/installed-perls/host/k93x64sid/v5.22.3/29a8/lib/site_perl/5.22.3/x86_64-linux /home/sand/src/perl/repoperls/installed-perls/host/k93x64sid/v5.22.3/29a8/lib/site_perl/5.22.3 /home/sand/src/perl/repoperls/installed-perls/host/k93x64sid/v5.22.3/29a8/lib/5.22.3/x86_64-linux /home/sand/src/perl/repoperls/installed-perls/host/k93x64sid/v5.22.3/29a8/lib/5.22.3 .) at /tmp/loop_over_bdir-13331-0NhcTa/POE-Component-SSLify-1.012-0/blib/lib/POE/Component/SSLify.pm line 362.
# '
#   at t/simple_parallel_superbig.t line 120.

#   Failed test 'CLIENT: SSLify_ContextCreate Can't locate auto/Net/SSLeay/CTX_v3_new.al in @INC (@INC contains: /tmp/loop_over_bdir-13331-0NhcTa/POE-Component-SSLify-1.012-0/blib/lib /tmp/loop_over_bdir-13331-0NhcTa/POE-Component-SSLify-1.012-0/blib/arch /tmp/loop_over_bdir-13331-0NhcTa/Net-DNS-1.07-0/blib/arch /tmp/loop_over_bdir-13331-0NhcTa/Net-DNS-1.07-0/blib/lib /tmp/loop_over_bdir-13331-0NhcTa/Net-DNS-1.07-0/blib/arch /tmp/loop_over_bdir-13331-0NhcTa/Net-DNS-1.07-0/blib/lib /home/sand/src/perl/repoperls/installed-perls/host/k93x64sid/v5.22.3/29a8/lib/site_perl/5.22.3/x86_64-linux /home/sand/src/perl/repoperls/installed-perls/host/k93x64sid/v5.22.3/29a8/lib/site_perl/5.22.3 /home/sand/src/perl/repoperls/installed-perls/host/k93x64sid/v5.22.3/29a8/lib/5.22.3/x86_64-linux /home/sand/src/perl/repoperls/installed-perls/host/k93x64sid/v5.22.3/29a8/lib/5.22.3 .) at /tmp/loop_over_bdir-13331-0NhcTa/POE-Component-SSLify-1.012-0/blib/lib/POE/Component/SSLify.pm line 362.
# '
#   at t/simple_parallel_superbig.t line 120.

#   Failed test 'CLIENT: SSLify_ContextCreate Can't locate auto/Net/SSLeay/CTX_v3_new.al in @INC (@INC contains: /tmp/loop_over_bdir-13331-0NhcTa/POE-Component-SSLify-1.012-0/blib/lib /tmp/loop_over_bdir-13331-0NhcTa/POE-Component-SSLify-1.012-0/blib/arch /tmp/loop_over_bdir-13331-0NhcTa/Net-DNS-1.07-0/blib/arch /tmp/loop_over_bdir-13331-0NhcTa/Net-DNS-1.07-0/blib/lib /tmp/loop_over_bdir-13331-0NhcTa/Net-DNS-1.07-0/blib/arch /tmp/loop_over_bdir-13331-0NhcTa/Net-DNS-1.07-0/blib/lib /home/sand/src/perl/repoperls/installed-perls/host/k93x64sid/v5.22.3/29a8/lib/site_perl/5.22.3/x86_64-linux /home/sand/src/perl/repoperls/installed-perls/host/k93x64sid/v5.22.3/29a8/lib/site_perl/5.22.3 /home/sand/src/perl/repoperls/installed-perls/host/k93x64sid/v5.22.3/29a8/lib/5.22.3/x86_64-linux /home/sand/src/perl/repoperls/installed-perls/host/k93x64sid/v5.22.3/29a8/lib/5.22.3 .) at /tmp/loop_over_bdir-13331-0NhcTa/POE-Component-SSLify-1.012-0/blib/lib/POE/Component/SSLify.pm line 362.
# '
#   at t/simple_parallel_superbig.t line 120.

#   Failed test 'CLIENT: SSLify_ContextCreate Can't locate auto/Net/SSLeay/CTX_v3_new.al in @INC (@INC contains: /tmp/loop_over_bdir-13331-0NhcTa/POE-Component-SSLify-1.012-0/blib/lib /tmp/loop_over_bdir-13331-0NhcTa/POE-Component-SSLify-1.012-0/blib/arch /tmp/loop_over_bdir-13331-0NhcTa/Net-DNS-1.07-0/blib/arch /tmp/loop_over_bdir-13331-0NhcTa/Net-DNS-1.07-0/blib/lib /tmp/loop_over_bdir-13331-0NhcTa/Net-DNS-1.07-0/blib/arch /tmp/loop_over_bdir-13331-0NhcTa/Net-DNS-1.07-0/blib/lib /home/sand/src/perl/repoperls/installed-perls/host/k93x64sid/v5.22.3/29a8/lib/site_perl/5.22.3/x86_64-linux /home/sand/src/perl/repoperls/installed-perls/host/k93x64sid/v5.22.3/29a8/lib/site_perl/5.22.3 /home/sand/src/perl/repoperls/installed-perls/host/k93x64sid/v5.22.3/29a8/lib/5.22.3/x86_64-linux /home/sand/src/perl/repoperls/installed-perls/host/k93x64sid/v5.22.3/29a8/lib/5.22.3 .) at /tmp/loop_over_bdir-13331-0NhcTa/POE-Component-SSLify-1.012-0/blib/lib/POE/Component/SSLify.pm line 362.
# '
#   at t/simple_parallel_superbig.t line 120.

#   Failed test 'CLIENT: SSLify_ContextCreate Can't locate auto/Net/SSLeay/CTX_v3_new.al in @INC (@INC contains: /tmp/loop_over_bdir-13331-0NhcTa/POE-Component-SSLify-1.012-0/blib/lib /tmp/loop_over_bdir-13331-0NhcTa/POE-Component-SSLify-1.012-0/blib/arch /tmp/loop_over_bdir-13331-0NhcTa/Net-DNS-1.07-0/blib/arch /tmp/loop_over_bdir-13331-0NhcTa/Net-DNS-1.07-0/blib/lib /tmp/loop_over_bdir-13331-0NhcTa/Net-DNS-1.07-0/blib/arch /tmp/loop_over_bdir-13331-0NhcTa/Net-DNS-1.07-0/blib/lib /home/sand/src/perl/repoperls/installed-perls/host/k93x64sid/v5.22.3/29a8/lib/site_perl/5.22.3/x86_64-linux /home/sand/src/perl/repoperls/installed-perls/host/k93x64sid/v5.22.3/29a8/lib/site_perl/5.22.3 /home/sand/src/perl/repoperls/installed-perls/host/k93x64sid/v5.22.3/29a8/lib/5.22.3/x86_64-linux /home/sand/src/perl/repoperls/installed-perls/host/k93x64sid/v5.22.3/29a8/lib/5.22.3 .) at /tmp/loop_over_bdir-13331-0NhcTa/POE-Component-SSLify-1.012-0/blib/lib/POE/Component/SSLify.pm line 362.
# '
#   at t/simple_parallel_superbig.t line 120.

#   Failed test 'CLIENT: SSLify_ContextCreate Can't locate auto/Net/SSLeay/CTX_v3_new.al in @INC (@INC contains: /tmp/loop_over_bdir-13331-0NhcTa/POE-Component-SSLify-1.012-0/blib/lib /tmp/loop_over_bdir-13331-0NhcTa/POE-Component-SSLify-1.012-0/blib/arch /tmp/loop_over_bdir-13331-0NhcTa/Net-DNS-1.07-0/blib/arch /tmp/loop_over_bdir-13331-0NhcTa/Net-DNS-1.07-0/blib/lib /tmp/loop_over_bdir-13331-0NhcTa/Net-DNS-1.07-0/blib/arch /tmp/loop_over_bdir-13331-0NhcTa/Net-DNS-1.07-0/blib/lib /home/sand/src/perl/repoperls/installed-perls/host/k93x64sid/v5.22.3/29a8/lib/site_perl/5.22.3/x86_64-linux /home/sand/src/perl/repoperls/installed-perls/host/k93x64sid/v5.22.3/29a8/lib/site_perl/5.22.3 /home/sand/src/perl/repoperls/installed-perls/host/k93x64sid/v5.22.3/29a8/lib/5.22.3/x86_64-linux /home/sand/src/perl/repoperls/installed-perls/host/k93x64sid/v5.22.3/29a8/lib/5.22.3 .) at /tmp/loop_over_bdir-13331-0NhcTa/POE-Component-SSLify-1.012-0/blib/lib/POE/Component/SSLify.pm line 362.
# '
#   at t/simple_parallel_superbig.t line 120.
Can't use an undefined value as a symbol reference at /tmp/loop_over_bdir-13331-0NhcTa/POE-Component-SSLify-1.012-0/blib/lib/POE/Component/SSLify.pm line 446.
# Tests were run but no plan was declared and done_testing() was not seen.
# Looks like your test exited with 22 just after 42.
t/simple_parallel_superbig.t .. 
Dubious, test returned 22 (wstat 5632, 0x1600)
Failed 12/42 subtests 

#   Failed test 'SERVER: SSLify_Options Can't locate auto/Net/SSLeay/CTX_v3_new.al in @INC (@INC contains: /tmp/loop_over_bdir-13331-0NhcTa/POE-Component-SSLify-1.012-0/blib/lib /tmp/loop_over_bdir-13331-0NhcTa/POE-Component-SSLify-1.012-0/blib/arch /tmp/loop_over_bdir-13331-0NhcTa/Net-DNS-1.07-0/blib/arch /tmp/loop_over_bdir-13331-0NhcTa/Net-DNS-1.07-0/blib/lib /tmp/loop_over_bdir-13331-0NhcTa/Net-DNS-1.07-0/blib/arch /tmp/loop_over_bdir-13331-0NhcTa/Net-DNS-1.07-0/blib/lib /home/sand/src/perl/repoperls/installed-perls/host/k93x64sid/v5.22.3/29a8/lib/site_perl/5.22.3/x86_64-linux /home/sand/src/perl/repoperls/installed-perls/host/k93x64sid/v5.22.3/29a8/lib/site_perl/5.22.3 /home/sand/src/perl/repoperls/installed-perls/host/k93x64sid/v5.22.3/29a8/lib/5.22.3/x86_64-linux /home/sand/src/perl/repoperls/installed-perls/host/k93x64sid/v5.22.3/29a8/lib/5.22.3 .) at /tmp/loop_over_bdir-13331-0NhcTa/POE-Component-SSLify-1.012-0/blib/lib/POE/Component/SSLify.pm line 362.
# '
#   at t/simple_superbig.t line 62.

#   Failed test 'SERVER: Server_SSLify Please do SSLify_Options() first ( or pass in a $ctx object ) at /tmp/loop_over_bdir-13331-0NhcTa/POE-Component-SSLify-1.012-0/blib/lib/POE/Component/SSLify.pm line 247.
# '
#   at t/simple_superbig.t line 65.

#   Failed test 'CLIENT: SSLify_ContextCreate Can't locate auto/Net/SSLeay/CTX_v3_new.al in @INC (@INC contains: /tmp/loop_over_bdir-13331-0NhcTa/POE-Component-SSLify-1.012-0/blib/lib /tmp/loop_over_bdir-13331-0NhcTa/POE-Component-SSLify-1.012-0/blib/arch /tmp/loop_over_bdir-13331-0NhcTa/Net-DNS-1.07-0/blib/arch /tmp/loop_over_bdir-13331-0NhcTa/Net-DNS-1.07-0/blib/lib /tmp/loop_over_bdir-13331-0NhcTa/Net-DNS-1.07-0/blib/arch /tmp/loop_over_bdir-13331-0NhcTa/Net-DNS-1.07-0/blib/lib /home/sand/src/perl/repoperls/installed-perls/host/k93x64sid/v5.22.3/29a8/lib/site_perl/5.22.3/x86_64-linux /home/sand/src/perl/repoperls/installed-perls/host/k93x64sid/v5.22.3/29a8/lib/site_perl/5.22.3 /home/sand/src/perl/repoperls/installed-perls/host/k93x64sid/v5.22.3/29a8/lib/5.22.3/x86_64-linux /home/sand/src/perl/repoperls/installed-perls/host/k93x64sid/v5.22.3/29a8/lib/5.22.3 .) at /tmp/loop_over_bdir-13331-0NhcTa/POE-Component-SSLify-1.012-0/blib/lib/POE/Component/SSLify.pm line 362.
# '
#   at t/simple_superbig.t line 123.
Can't use an undefined value as a symbol reference at /tmp/loop_over_bdir-13331-0NhcTa/POE-Component-SSLify-1.012-0/blib/lib/POE/Component/SSLify.pm line 446.
# Tests were run but no plan was declared and done_testing() was not seen.
# Looks like your test exited with 22 just after 6.
t/simple_superbig.t ........... 
Dubious, test returned 22 (wstat 5632, 0x1600)
Failed 3/6 subtests 

#   Failed test 'SERVER: SSLify_Options Can't locate auto/Net/SSLeay/CTX_v3_new.al in @INC (@INC contains: /tmp/loop_over_bdir-13331-0NhcTa/POE-Component-SSLify-1.012-0/blib/lib /tmp/loop_over_bdir-13331-0NhcTa/POE-Component-SSLify-1.012-0/blib/arch /tmp/loop_over_bdir-13331-0NhcTa/Net-DNS-1.07-0/blib/arch /tmp/loop_over_bdir-13331-0NhcTa/Net-DNS-1.07-0/blib/lib /tmp/loop_over_bdir-13331-0NhcTa/Net-DNS-1.07-0/blib/arch /tmp/loop_over_bdir-13331-0NhcTa/Net-DNS-1.07-0/blib/lib /home/sand/src/perl/repoperls/installed-perls/host/k93x64sid/v5.22.3/29a8/lib/site_perl/5.22.3/x86_64-linux /home/sand/src/perl/repoperls/installed-perls/host/k93x64sid/v5.22.3/29a8/lib/site_perl/5.22.3 /home/sand/src/perl/repoperls/installed-perls/host/k93x64sid/v5.22.3/29a8/lib/5.22.3/x86_64-linux /home/sand/src/perl/repoperls/installed-perls/host/k93x64sid/v5.22.3/29a8/lib/5.22.3 .) at /tmp/loop_over_bdir-13331-0NhcTa/POE-Component-SSLify-1.012-0/blib/lib/POE/Component/SSLify.pm line 362.
# '
#   at t/upgrade.t line 59.

#   Failed test 'SERVER: Server_SSLify Please do SSLify_Options() first ( or pass in a $ctx object ) at /tmp/loop_over_bdir-13331-0NhcTa/POE-Component-SSLify-1.012-0/blib/lib/POE/Component/SSLify.pm line 247.
# '
#   at t/upgrade.t line 61.
Can't use an undefined value as a symbol reference at /tmp/loop_over_bdir-13331-0NhcTa/POE-Component-SSLify-1.012-0/blib/lib/POE/Component/SSLify.pm line 446.
# Tests were run but no plan was declared and done_testing() was not seen.
# Looks like your test exited with 22 just after 5.
t/upgrade.t ................... 
Dubious, test returned 22 (wstat 5632, 0x1600)
Failed 2/5 subtests 

Test Summary Report
-------------------
t/renegotiate_client.t      (Wstat: 5632 Tests: 7 Failed: 3)
  Failed tests:  1-3
  Non-zero exit status: 22
  Parse errors: No plan found in TAP output
t/renegotiate_client_pings.t (Wstat: 5632 Tests: 7 Failed: 3)
  Failed tests:  1-3
  Non-zero exit status: 22
  Parse errors: No plan found in TAP output
t/renegotiate_server.t      (Wstat: 5632 Tests: 7 Failed: 3)
  Failed tests:  1-3
  Non-zero exit status: 22
  Parse errors: No plan found in TAP output
t/simple.t                  (Wstat: 5632 Tests: 7 Failed: 3)
  Failed tests:  1-3
  Non-zero exit status: 22
  Parse errors: No plan found in TAP output
t/simple_large.t            (Wstat: 5632 Tests: 6 Failed: 3)
  Failed tests:  1-3
  Non-zero exit status: 22
  Parse errors: No plan found in TAP output
t/simple_parallel.t         (Wstat: 5632 Tests: 52 Failed: 12)
  Failed tests:  1-3, 8, 13, 18, 23, 28, 33, 38, 43, 48
  Non-zero exit status: 22
  Parse errors: No plan found in TAP output
t/simple_parallel_large.t   (Wstat: 5632 Tests: 42 Failed: 12)
  Failed tests:  1-3, 7, 11, 15, 19, 23, 27, 31, 35, 39
  Non-zero exit status: 22
  Parse errors: No plan found in TAP output
t/simple_parallel_superbig.t (Wstat: 5632 Tests: 42 Failed: 12)
  Failed tests:  1-3, 7, 11, 15, 19, 23, 27, 31, 35, 39
  Non-zero exit status: 22
  Parse errors: No plan found in TAP output
t/simple_superbig.t         (Wstat: 5632 Tests: 6 Failed: 3)
  Failed tests:  1-3
  Non-zero exit status: 22
  Parse errors: No plan found in TAP output
t/upgrade.t                 (Wstat: 5632 Tests: 5 Failed: 2)
  Failed tests:  4-5
  Non-zero exit status: 22
  Parse errors: No plan found in TAP output
Files=19, Tests=235,  3 wallclock secs ( 0.04 usr  0.10 sys +  2.75 cusr  0.34 csys =  3.23 CPU)
Result: FAIL
Failed 10/19 test programs. 56/235 subtests failed.
Makefile:902: recipe for target 'test_dynamic' failed
make: *** [test_dynamic] Error 22

------------------------------
PREREQUISITES
------------------------------

Prerequisite modules loaded:

requires:

    Module                      Need     Have    
    --------------------------- -------- --------
    Exporter                    0        5.72    
    IO::Handle                  1.28     1.35    
    Net::SSLeay                 1.36     1.80    
    parent                      0        0.236   
    perl                        5.006    5.022003
    POE                         1.267    1.367   
    Scalar::Util                0        1.47    
    strict                      0        1.09    
    Symbol                      0        1.07    
    Task::Weaken                1.03     1.04    
    warnings                    0        1.34    

build_requires:

    Module                      Need     Have    
    --------------------------- -------- --------
    ExtUtils::MakeMaker         0        7.24    
    File::Spec                  0        3.62    
    File::Temp                  0        0.2304  
    IO::Handle                  1.28     1.35    
    IPC::Open3                  0        1.18    
    POE                         1.267    1.367   
    POE::Component::Client::TCP 0        1.367   
    POE::Component::Server::TCP 0        1.367   
    POE::Filter::Stream         0        1.367   
    Socket                      0        2.018   
    Test::FailWarnings          0        0.008   
    Test::More                  1.001002 1.302075

configure_requires:

    Module                      Need     Have    
    --------------------------- -------- --------
    ExtUtils::MakeMaker         0        7.24    
    Module::Build::Tiny         0.039    0.039   
    perl                        5.006    5.022003


------------------------------
ENVIRONMENT AND OTHER CONTEXT
------------------------------

Environment variables:

    AUTOMATED_TESTING = 1
    LANG = C
    PATH = /home/sand/bin:/usr/local/bin:/usr/bin:/bin:/usr/games:/usr/local/perl/bin:/usr/X11/bin:/sbin:/usr/sbin
    PERL5LIB = /tmp/loop_over_bdir-13331-0NhcTa/Net-DNS-1.07-0/blib/arch:/tmp/loop_over_bdir-13331-0NhcTa/Net-DNS-1.07-0/blib/lib
    PERL5OPT = 
    PERL5_CPANPLUS_IS_RUNNING = 1022
    PERL5_CPAN_IS_RUNNING = 1022
    PERL_CANARY_STABILITY_NOPROMPT = 1
    PERL_MM_USE_DEFAULT = 1
    SHELL = /usr/bin/zsh
    TERM = screen

Perl special variables (and OS-specific diagnostics, for MSWin32):

    $^X = /tmp/basesmoker-reloperl-fxG8/bin/perl
    $UID/$EUID = 1005 / 1005
    $GID = 1005 1005
    $EGID = 1005 1005

Perl module toolchain versions installed:

    Module              Have      
    ------------------- ----------
    CPAN                2.16      
    CPAN::Meta          2.150010  
    Cwd                 3.62      
    ExtUtils::CBuilder  0.280224  
    ExtUtils::Command   7.24      
    ExtUtils::Install   2.04      
    ExtUtils::MakeMaker 7.24      
    ExtUtils::Manifest  1.70      
    ExtUtils::ParseXS   3.28      
    File::Spec          3.62      
    JSON                2.90      
    JSON::PP            2.27300_01
    Module::Build       0.4220    
    Module::Signature   0.81      
    Parse::CPAN::Meta   2.150010  
    Test::Harness       3.36      
    Test::More          1.302075  
    YAML                1.21      
    YAML::Syck          1.29      
    version             0.9917    


--

Summary of my perl5 (revision 5 version 22 subversion 3) configuration:
  Derived from: 16b638b0a20de774856b3a21a75a5e373af5262c
  Platform:
    osname=linux, osvers=4.9.0-1-amd64, archname=x86_64-linux
    uname='linux k93x64sid 4.9.0-1-amd64 #1 smp debian 4.9.2-2 (2017-01-12) x86_64 gnulinux '
    config_args='-Dprefix=/home/sand/src/perl/repoperls/installed-perls/host/k93x64sid/v5.22.3/29a8 -Dmyhostname=k93x64sid -Dinstallusrbinperl=n -Uversiononly -Dusedevel -des -Ui_db -Dlibswanted=cl pthread socket inet nsl gdbm dbm malloc dl ld sun m crypt sec util c cposix posix ucb BSD gdbm_compat -Uuseithreads -Uuselongdouble -DDEBUGGING=-g'
    hint=recommended, useposix=true, d_sigaction=define
    useithreads=undef, usemultiplicity=undef
    use64bitint=define, use64bitall=define, uselongdouble=undef
    usemymalloc=n, bincompat5005=undef
  Compiler:
    cc='cc', ccflags ='-fwrapv -fno-strict-aliasing -pipe -fstack-protector-strong -I/usr/local/include -D_LARGEFILE_SOURCE -D_FILE_OFFSET_BITS=64',
    optimize='-O2 -g',
    cppflags='-fwrapv -fno-strict-aliasing -pipe -fstack-protector-strong -I/usr/local/include'
    ccversion='', gccversion='6.3.0 20161229', gccosandvers=''
    intsize=4, longsize=8, ptrsize=8, doublesize=8, byteorder=12345678, doublekind=3
    d_longlong=define, longlongsize=8, d_longdbl=define, longdblsize=16, longdblkind=3
    ivtype='long', ivsize=8, nvtype='double', nvsize=8, Off_t='off_t', lseeksize=8
    alignbytes=8, prototype=define
  Linker and Libraries:
    ld='cc', ldflags =' -fstack-protector-strong -L/usr/local/lib'
    libpth=/usr/local/lib /usr/lib/gcc/x86_64-linux-gnu/6/include-fixed /usr/include/x86_64-linux-gnu /usr/lib /lib/x86_64-linux-gnu /lib/../lib /usr/lib/x86_64-linux-gnu /usr/lib/../lib /lib
    libs=-lpthread -lnsl -ldl -lm -lcrypt -lutil -lc
    perllibs=-lpthread -lnsl -ldl -lm -lcrypt -lutil -lc
    libc=libc-2.24.so, so=so, useshrplib=false, libperl=libperl.a
    gnulibc_version='2.24'
  Dynamic Linking:
    dlsrc=dl_dlopen.xs, dlext=so, d_dlsymun=undef, ccdlflags='-Wl,-E'
    cccdlflags='-fPIC', lddlflags='-shared -O2 -g -L/usr/local/lib -fstack-protector-strong'


Characteristics of this binary (from libperl): 
  Compile-time options: HAS_TIMES PERLIO_LAYERS PERL_DONT_CREATE_GVSV
                        PERL_HASH_FUNC_ONE_AT_A_TIME_HARD PERL_MALLOC_WRAP
                        PERL_NEW_COPY_ON_WRITE PERL_PRESERVE_IVUV
                        PERL_USE_DEVEL USE_64_BIT_ALL USE_64_BIT_INT
                        USE_LARGE_FILES USE_LOCALE USE_LOCALE_COLLATE
                        USE_LOCALE_CTYPE USE_LOCALE_NUMERIC USE_LOCALE_TIME
                        USE_PERLIO USE_PERL_ATOF
  Locally applied patches:
	uncommitted-changes
  Built under linux
  Compiled at Jan 17 2017 06:15:15
  %ENV:
    PERL5LIB="/tmp/loop_over_bdir-13331-0NhcTa/Net-DNS-1.07-0/blib/arch:/tmp/loop_over_bdir-13331-0NhcTa/Net-DNS-1.07-0/blib/lib"
    PERL5OPT=""
    PERL5_CPANPLUS_IS_RUNNING="1022"
    PERL5_CPAN_IS_RUNNING="1022"
    PERL_CANARY_STABILITY_NOPROMPT="1"
    PERL_MM_USE_DEFAULT="1"
  @INC:
    /tmp/loop_over_bdir-13331-0NhcTa/Net-DNS-1.07-0/blib/arch
    /tmp/loop_over_bdir-13331-0NhcTa/Net-DNS-1.07-0/blib/lib
    /home/sand/src/perl/repoperls/installed-perls/host/k93x64sid/v5.22.3/29a8/lib/site_perl/5.22.3/x86_64-linux
    /home/sand/src/perl/repoperls/installed-perls/host/k93x64sid/v5.22.3/29a8/lib/site_perl/5.22.3
    /home/sand/src/perl/repoperls/installed-perls/host/k93x64sid/v5.22.3/29a8/lib/5.22.3/x86_64-linux
    /home/sand/src/perl/repoperls/installed-perls/host/k93x64sid/v5.22.3/29a8/lib/5.22.3
    .