Report for Regexp-CharClasses-Helper-0.003

Back
From: metabase:user:322078bc-2aae-11df-837a-5e0a49663a4f
Subject: FAIL Regexp-CharClasses-Helper-0.003 v5.12.5 GNU/Linux
Date: 2016-10-01T08:27:53Z

This distribution has been tested as part of the CPAN Testers
project, supporting the Perl programming language.  See
http://wiki.cpantesters.org/ for more information or email
questions to cpan-testers-discuss@perl.org


--

Dear Ahmad Fatoum,

This is a computer-generated error report created automatically by
CPANPLUS, version 0.9160. Testers personal comments may appear
at the end of this report.


Thank you for uploading your work to CPAN.  However, it appears that
there were some problems testing your distribution.

TEST RESULTS:

Below is the error stack from stage 'make test':

PERL_DL_NONLAZY=1 "/home/cpan/pit/bare/perl-5.12.5/bin/perl" "-MExtUtils::Command::MM" "-MTest::Harness" "-e" "undef *Test::Harness::Switches; test_harness(0, 'blib/lib', 'blib/arch')" t/*.t
# 
# Versions for all modules listed in MYMETA.json (including optional ones):
# 
# === Configure Requires ===
# 
#     Module              Want Have
#     ------------------- ---- ----
#     ExtUtils::MakeMaker  any 7.18
# 
# === Build Requires ===
# 
#     Module              Want Have
#     ------------------- ---- ----
#     ExtUtils::MakeMaker  any 7.18
# 
# === Test Requires ===
# 
#     Module              Want     Have
#     ------------------- ---- --------
#     ExtUtils::MakeMaker  any     7.18
#     File::Spec           any     3.62
#     Test::Exception      any     0.43
#     Test::FailWarnings   any    0.008
#     Test::More          0.88 1.302047
# 
# === Test Recommends ===
# 
#     Module         Want     Have
#     ---------- -------- --------
#     CPAN::Meta 2.120900 2.150005
# 
# === Runtime Requires ===
# 
#     Module    Want    Have
#     --------- ---- -------
#     Carp       any    1.17
#     charnames  any 1.07_01
#     strict     any    1.04
#     utf8       any    1.08
#     warnings   any    1.09
# 
t/00-report-prereqs.t .. ok

#   Failed test 'Test::FailWarnings should catch no warnings'
#   at /home/cpan/pit/bare/conf/perl-5.12.5/.cpanplus/5.12.5/build/A2M0RkRgkf/Regexp-CharClasses-Helper-0.003/blib/lib/Regexp/CharClasses/Helper.pm line 70.
# Warning was 'Bareword found where operator expected at /home/cpan/pit/bare/conf/perl-5.12.5/.cpanplus/5.12.5/build/A2M0RkRgkf/Regexp-CharClasses-Helper-0.003/blib/lib/Regexp/CharClasses/Helper.pm line 70, near "s/^([-+!&])//r"'

#   Failed test 'use Regexp::CharClasses::Helper;'
#   at t/fmt.t line 5.
#     Tried to use 'Regexp::CharClasses::Helper'.
#     Error:  syntax error at /home/cpan/pit/bare/conf/perl-5.12.5/.cpanplus/5.12.5/build/A2M0RkRgkf/Regexp-CharClasses-Helper-0.003/blib/lib/Regexp/CharClasses/Helper.pm line 70, near "s/^([-+!&])//r"
# Compilation failed in require at t/fmt.t line 5.
# BEGIN failed--compilation aborted at t/fmt.t line 5.
Undefined subroutine &Regexp::CharClasses::Helper::fmt called at t/fmt.t line 26.
# Tests were run but no plan was declared and done_testing() was not seen.
# Looks like your test exited with 255 just after 2.
t/fmt.t ................ 
Dubious, test returned 255 (wstat 65280, 0xff00)
Failed 2/2 subtests 

#   Failed test 'Test::FailWarnings should catch no warnings'
#   at /home/cpan/pit/bare/conf/perl-5.12.5/.cpanplus/5.12.5/build/A2M0RkRgkf/Regexp-CharClasses-Helper-0.003/blib/lib/Regexp/CharClasses/Helper.pm line 70.
# Warning was 'Bareword found where operator expected at /home/cpan/pit/bare/conf/perl-5.12.5/.cpanplus/5.12.5/build/A2M0RkRgkf/Regexp-CharClasses-Helper-0.003/blib/lib/Regexp/CharClasses/Helper.pm line 70, near "s/^([-+!&])//r"'

#   Failed test 'use Regexp::CharClasses::Helper;'
#   at t/malformed.t line 9.
#     Tried to use 'Regexp::CharClasses::Helper'.
#     Error:  syntax error at /home/cpan/pit/bare/conf/perl-5.12.5/.cpanplus/5.12.5/build/A2M0RkRgkf/Regexp-CharClasses-Helper-0.003/blib/lib/Regexp/CharClasses/Helper.pm line 70, near "s/^([-+!&])//r"
# Compilation failed in require at t/malformed.t line 9.
# BEGIN failed--compilation aborted at t/malformed.t line 9.

#   Failed test 'malformed TSVs'
#   at t/malformed.t line 16.
# expecting: Regexp ((?-xism:Unknown charname))
# found: Undefined subroutine &Regexp::CharClasses::Helper::fmt called at t/malformed.t line 16.

#   Failed test 'malformed TSVs'
#   at t/malformed.t line 16.
# expecting: Regexp ((?-xism:Unknown charname))
# found: Undefined subroutine &Regexp::CharClasses::Helper::fmt called at t/malformed.t line 16.

#   Failed test 'malformed unicode name '\x41''
#   at t/malformed.t line 41.
# expecting: Regexp ((?-xism:Unknown charname))
# found: Undefined subroutine &Regexp::CharClasses::Helper::fmt called at t/malformed.t line 41.

#   Failed test 'malformed unicode name 'U+41''
#   at t/malformed.t line 41.
# expecting: Regexp ((?-xism:Unknown charname))
# found: Undefined subroutine &Regexp::CharClasses::Helper::fmt called at t/malformed.t line 41.

#   Failed test 'malformed unicode name 'a!''
#   at t/malformed.t line 41.
# expecting: Regexp ((?-xism:Unknown charname))
# found: Undefined subroutine &Regexp::CharClasses::Helper::fmt called at t/malformed.t line 41.

#   Failed test 'malformed unicode name '+U41''
#   at t/malformed.t line 41.
# expecting: Regexp ((?-xism:Unknown charname))
# found: Undefined subroutine &Regexp::CharClasses::Helper::fmt called at t/malformed.t line 41.

#   Failed test 'malformed unicode name '!aa''
#   at t/malformed.t line 41.
# expecting: Regexp ((?-xism:Unknown charname))
# found: Undefined subroutine &Regexp::CharClasses::Helper::fmt called at t/malformed.t line 41.

#   Failed test 'malformed unicode name '!a b''
#   at t/malformed.t line 41.
# expecting: Regexp ((?-xism:Unknown charname))
# found: Undefined subroutine &Regexp::CharClasses::Helper::fmt called at t/malformed.t line 41.

#   Failed test 'malformed unicode name '!a\tb''
#   at t/malformed.t line 41.
# expecting: Regexp ((?-xism:Unknown charname))
# found: Undefined subroutine &Regexp::CharClasses::Helper::fmt called at t/malformed.t line 41.

#   Failed test 'malformed unicode name '!a	beep''
#   at t/malformed.t line 41.
# expecting: Regexp ((?-xism:Unknown charname))
# found: Undefined subroutine &Regexp::CharClasses::Helper::fmt called at t/malformed.t line 41.

#   Failed test 'malformed unicode name '!beep	a''
#   at t/malformed.t line 41.
# expecting: Regexp ((?-xism:Unknown charname))
# found: Undefined subroutine &Regexp::CharClasses::Helper::fmt called at t/malformed.t line 41.

#   Failed test 'malformed unicode name '!a	beep''
#   at t/malformed.t line 41.
# expecting: Regexp ((?-xism:Unknown charname))
# found: Undefined subroutine &Regexp::CharClasses::Helper::fmt called at t/malformed.t line 41.

#   Failed test 'malformed unicode name 'LATIN X''
#   at t/malformed.t line 41.
# expecting: Regexp ((?-xism:Unknown charname))
# found: Undefined subroutine &Regexp::CharClasses::Helper::fmt called at t/malformed.t line 41.

#   Failed test 'malformed unicode name 'beep beep''
#   at t/malformed.t line 41.
# expecting: Regexp ((?-xism:Unknown charname))
# found: Undefined subroutine &Regexp::CharClasses::Helper::fmt called at t/malformed.t line 41.

#   Failed test 'malformed unicode name 'beep a''
#   at t/malformed.t line 41.
# expecting: Regexp ((?-xism:Unknown charname))
# found: Undefined subroutine &Regexp::CharClasses::Helper::fmt called at t/malformed.t line 41.

#   Failed test 'malformed unicode name 'a beep''
#   at t/malformed.t line 41.
# expecting: Regexp ((?-xism:Unknown charname))
# found: Undefined subroutine &Regexp::CharClasses::Helper::fmt called at t/malformed.t line 41.

#   Failed test 'malformed unicode name 'aa''
#   at t/malformed.t line 41.
# expecting: Regexp ((?-xism:Unknown charname))
# found: Undefined subroutine &Regexp::CharClasses::Helper::fmt called at t/malformed.t line 41.

#   Failed test 'malformed unicode name 'a
# beep''
#   at t/malformed.t line 41.
# expecting: Regexp ((?-xism:Unknown charname))
# found: Undefined subroutine &Regexp::CharClasses::Helper::fmt called at t/malformed.t line 41.

#   Failed test 'malformed unicode name 'a q	a''
#   at t/malformed.t line 41.
# expecting: Regexp ((?-xism:Unknown charname))
# found: Undefined subroutine &Regexp::CharClasses::Helper::fmt called at t/malformed.t line 41.

#   Failed test 'malformed unicode name 'a	a q''
#   at t/malformed.t line 41.
# expecting: Regexp ((?-xism:Unknown charname))
# found: Undefined subroutine &Regexp::CharClasses::Helper::fmt called at t/malformed.t line 41.

#   Failed test 'malformed unicode name 'a q	a q''
#   at t/malformed.t line 41.
# expecting: Regexp ((?-xism:Unknown charname))
# found: Undefined subroutine &Regexp::CharClasses::Helper::fmt called at t/malformed.t line 41.

#   Failed test 'malformed unicode name '''
#   at t/malformed.t line 41.
# expecting: Regexp ((?-xism:Unknown charname))
# found: Undefined subroutine &Regexp::CharClasses::Helper::fmt called at t/malformed.t line 41.

#   Failed test 'malformed unicode name in multiline string'
#   at t/malformed.t line 43.
# expecting: Regexp ((?-xism:Unknown charname))
# found: Undefined subroutine &Regexp::CharClasses::Helper::fmt called at t/malformed.t line 43.
# Looks like you failed 25 tests of 27.
t/malformed.t .......... 
Dubious, test returned 25 (wstat 6400, 0x1900)
Failed 25/27 subtests 

#   Failed test 'Test::FailWarnings should catch no warnings'
#   at /home/cpan/pit/bare/conf/perl-5.12.5/.cpanplus/5.12.5/build/A2M0RkRgkf/Regexp-CharClasses-Helper-0.003/blib/lib/Regexp/CharClasses/Helper.pm line 70.
# Warning was 'Bareword found where operator expected at /home/cpan/pit/bare/conf/perl-5.12.5/.cpanplus/5.12.5/build/A2M0RkRgkf/Regexp-CharClasses-Helper-0.003/blib/lib/Regexp/CharClasses/Helper.pm line 70, near "s/^([-+!&])//r"'
syntax error at /home/cpan/pit/bare/conf/perl-5.12.5/.cpanplus/5.12.5/build/A2M0RkRgkf/Regexp-CharClasses-Helper-0.003/blib/lib/Regexp/CharClasses/Helper.pm line 70, near "s/^([-+!&])//r"
Compilation failed in require at t/usage.t line 5.
BEGIN failed--compilation aborted at t/usage.t line 5.
# Tests were run but no plan was declared and done_testing() was not seen.
# Looks like your test exited with 255 just after 1.
t/usage.t .............. 
Dubious, test returned 255 (wstat 65280, 0xff00)
Failed 1/1 subtests 

Test Summary Report
-------------------
t/fmt.t              (Wstat: 65280 Tests: 2 Failed: 2)
  Failed tests:  1-2
  Non-zero exit status: 255
  Parse errors: No plan found in TAP output
t/malformed.t        (Wstat: 6400 Tests: 27 Failed: 25)
  Failed tests:  1-25
  Non-zero exit status: 25
t/usage.t            (Wstat: 65280 Tests: 1 Failed: 1)
  Failed test:  1
  Non-zero exit status: 255
  Parse errors: No plan found in TAP output
Files=4, Tests=31,  0 wallclock secs ( 0.02 usr  0.00 sys +  0.18 cusr  0.00 csys =  0.20 CPU)
Result: FAIL
Failed 3/4 test programs. 28/31 subtests failed.
make: *** [test_dynamic] Error 255
Makefile:864: recipe for target 'test_dynamic' failed


PREREQUISITES:

Here is a list of prerequisites you specified and versions we
managed to load:

	  Module Name                        Have     Want
	  Carp                               1.17        0
	  ExtUtils::MakeMaker                7.18        0
	  File::Spec                         3.62        0
	  Test::Exception                    0.43        0
	  Test::FailWarnings                0.008        0
	  Test::More                     1.302047     0.88
	  charnames                       1.07_01        0
	  strict                             1.04        0
	  utf8                               1.08        0
	  warnings                           1.09        0

Perl module toolchain versions installed:
	Module Name                        Have
	CPANPLUS                         0.9160
	CPANPLUS::Dist::Build              0.80
	Cwd                                3.62
	ExtUtils::CBuilder             0.280224
	ExtUtils::Command                  7.18
	ExtUtils::Install                  2.04
	ExtUtils::MakeMaker                7.18
	ExtUtils::Manifest                 1.70
	ExtUtils::ParseXS                  3.30
	File::Spec                         3.62
	Module::Build                    0.4218
	Pod::Parser                        1.37
	Pod::Simple                        3.14
	Test2                          1.302047
	Test::Harness                      3.36
	Test::More                     1.302047
	version                          0.9917

******************************** NOTE ********************************
The comments above are created mechanically, possibly without manual
checking by the sender.  As there are many people performing automatic
tests on each upload to CPAN, it is likely that you will receive
identical messages about the same problem.

If you believe that the message is mistaken, please reply to the first
one with correction and/or additional informations, and do not take
it personally.  We appreciate your patience. :)
**********************************************************************

Additional comments:


This report was machine-generated by CPANPLUS::Dist::YACSmoke 0.98.
Powered by minismokebox version 0.58

------------------------------
ENVIRONMENT AND OTHER CONTEXT
------------------------------

Environment variables:

    AUTOMATED_TESTING = 1
    LANG = en_GB.UTF-8
    LANGUAGE = en_GB:en
    NONINTERACTIVE_TESTING = 1
    PATH = /usr/local/sbin:/usr/local/bin:/usr/sbin:/usr/bin:/sbin:/bin:/usr/games:/usr/local/games:/snap/bin
    PERL5LIB = :/home/cpan/pit/bare/conf/perl-5.12.5/.cpanplus/5.12.5/build/lDS0wr5RKP/Sub-Uplevel-0.2600/blib/lib:/home/cpan/pit/bare/conf/perl-5.12.5/.cpanplus/5.12.5/build/lDS0wr5RKP/Sub-Uplevel-0.2600/blib/arch:/home/cpan/pit/bare/conf/perl-5.12.5/.cpanplus/5.12.5/build/7QM1Udkq4v/Test-Exception-0.43/blib/lib:/home/cpan/pit/bare/conf/perl-5.12.5/.cpanplus/5.12.5/build/7QM1Udkq4v/Test-Exception-0.43/blib/arch:/home/cpan/pit/bare/conf/perl-5.12.5/.cpanplus/5.12.5/build/SX_QLCFs4S/Capture-Tiny-0.44/blib/lib:/home/cpan/pit/bare/conf/perl-5.12.5/.cpanplus/5.12.5/build/SX_QLCFs4S/Capture-Tiny-0.44/blib/arch:/home/cpan/pit/bare/conf/perl-5.12.5/.cpanplus/5.12.5/build/3emrqDYVya/Test-FailWarnings-0.008/blib/lib:/home/cpan/pit/bare/conf/perl-5.12.5/.cpanplus/5.12.5/build/3emrqDYVya/Test-FailWarnings-0.008/blib/arch:/home/cpan/pit/bare/conf/perl-5.12.5/.cpanplus/5.12.5/build/A2M0RkRgkf/Regexp-CharClasses-Helper-0.003/blib/lib:/home/cpan/pit/bare/conf/perl-5.12.5/.cpanplus/5.12.5/build/A2M0RkRgkf/Regexp-CharClasses-Helper-0.003/blib/arch
    PERL5_CPANPLUS_IS_RUNNING = 26661
    PERL5_CPANPLUS_IS_VERSION = 0.9160
    PERL5_MINISMOKEBOX = 0.58
    PERL5_YACSMOKE_BASE = /home/cpan/pit/bare/conf/perl-5.12.5
    PERL_EXTUTILS_AUTOINSTALL = --defaultdeps
    PERL_MM_USE_DEFAULT = 1
    SHELL = /bin/bash
    TERM = screen

Perl special variables (and OS-specific diagnostics, for MSWin32):

    Perl: $^X = /home/cpan/pit/bare/perl-5.12.5/bin/perl
    UID:  $<  = 1001
    EUID: $>  = 1001
    GID:  $(  = 1001 1001
    EGID: $)  = 1001 1001


-------------------------------


--

Summary of my perl5 (revision 5 version 12 subversion 5) configuration:
   
  Platform:
    osname=linux, osvers=4.4.0-21-generic, archname=x86_64-linux
    uname='linux uchder 4.4.0-21-generic #37-ubuntu smp mon apr 18 18:33:37 utc 2016 x86_64 x86_64 x86_64 gnulinux '
    config_args='-des -Dprefix=/home/cpan/pit/bare/perl-5.12.5'
    hint=recommended, useposix=true, d_sigaction=define
    useithreads=undef, usemultiplicity=undef
    useperlio=define, d_sfio=undef, uselargefiles=define, usesocks=undef
    use64bitint=define, use64bitall=define, uselongdouble=undef
    usemymalloc=n, bincompat5005=undef
  Compiler:
    cc='cc', ccflags ='-fno-strict-aliasing -pipe -fstack-protector -I/usr/local/include -D_LARGEFILE_SOURCE -D_FILE_OFFSET_BITS=64',
    optimize='-O2',
    cppflags='-fno-strict-aliasing -pipe -fstack-protector -I/usr/local/include'
    ccversion='', gccversion='5.3.1 20160413', gccosandvers=''
    intsize=4, longsize=8, ptrsize=8, doublesize=8, byteorder=12345678
    d_longlong=define, longlongsize=8, d_longdbl=define, longdblsize=16
    ivtype='long', ivsize=8, nvtype='double', nvsize=8, Off_t='off_t', lseeksize=8
    alignbytes=8, prototype=define
  Linker and Libraries:
    ld='cc', ldflags =' -fstack-protector -L/usr/local/lib'
    libpth=/usr/local/lib /lib/x86_64-linux-gnu /lib/../lib /usr/lib/x86_64-linux-gnu /usr/lib/../lib /lib /usr/lib
    libs=-lnsl -lgdbm -ldl -lm -lcrypt -lutil -lc -lgdbm_compat
    perllibs=-lnsl -ldl -lm -lcrypt -lutil -lc
    libc=libc-2.23.so, so=so, useshrplib=false, libperl=libperl.a
    gnulibc_version='2.23'
  Dynamic Linking:
    dlsrc=dl_dlopen.xs, dlext=so, d_dlsymun=undef, ccdlflags='-Wl,-E'
    cccdlflags='-fPIC', lddlflags='-shared -O2 -L/usr/local/lib -fstack-protector'


Characteristics of this binary (from libperl): 
  Compile-time options: PERL_DONT_CREATE_GVSV PERL_MALLOC_WRAP USE_64_BIT_ALL
                        USE_64_BIT_INT USE_LARGE_FILES USE_PERLIO
                        USE_PERL_ATOF
  Locally applied patches:
	Devel::PatchPerl 1.42
  Built under linux
  Compiled at May  1 2016 22:36:55
  %ENV:
    PERL5LIB=":/home/cpan/pit/bare/conf/perl-5.12.5/.cpanplus/5.12.5/build/lDS0wr5RKP/Sub-Uplevel-0.2600/blib/lib:/home/cpan/pit/bare/conf/perl-5.12.5/.cpanplus/5.12.5/build/lDS0wr5RKP/Sub-Uplevel-0.2600/blib/arch:/home/cpan/pit/bare/conf/perl-5.12.5/.cpanplus/5.12.5/build/7QM1Udkq4v/Test-Exception-0.43/blib/lib:/home/cpan/pit/bare/conf/perl-5.12.5/.cpanplus/5.12.5/build/7QM1Udkq4v/Test-Exception-0.43/blib/arch:/home/cpan/pit/bare/conf/perl-5.12.5/.cpanplus/5.12.5/build/SX_QLCFs4S/Capture-Tiny-0.44/blib/lib:/home/cpan/pit/bare/conf/perl-5.12.5/.cpanplus/5.12.5/build/SX_QLCFs4S/Capture-Tiny-0.44/blib/arch:/home/cpan/pit/bare/conf/perl-5.12.5/.cpanplus/5.12.5/build/3emrqDYVya/Test-FailWarnings-0.008/blib/lib:/home/cpan/pit/bare/conf/perl-5.12.5/.cpanplus/5.12.5/build/3emrqDYVya/Test-FailWarnings-0.008/blib/arch:/home/cpan/pit/bare/conf/perl-5.12.5/.cpanplus/5.12.5/build/A2M0RkRgkf/Regexp-CharClasses-Helper-0.003/blib/lib:/home/cpan/pit/bare/conf/perl-5.12.5/.cpanplus/5.12.5/build/A2M0RkRgkf/Regexp-CharClasses-Helper-0.003/blib/arch"
    PERL5_CPANPLUS_IS_RUNNING="26661"
    PERL5_CPANPLUS_IS_VERSION="0.9160"
    PERL5_MINISMOKEBOX="0.58"
    PERL5_YACSMOKE_BASE="/home/cpan/pit/bare/conf/perl-5.12.5"
    PERL_EXTUTILS_AUTOINSTALL="--defaultdeps"
    PERL_MM_USE_DEFAULT="1"
  @INC:
    /home/cpan/pit/bare/conf/perl-5.12.5/.cpanplus/5.12.5/build/lDS0wr5RKP/Sub-Uplevel-0.2600/blib/lib
    /home/cpan/pit/bare/conf/perl-5.12.5/.cpanplus/5.12.5/build/lDS0wr5RKP/Sub-Uplevel-0.2600/blib/arch
    /home/cpan/pit/bare/conf/perl-5.12.5/.cpanplus/5.12.5/build/7QM1Udkq4v/Test-Exception-0.43/blib/lib
    /home/cpan/pit/bare/conf/perl-5.12.5/.cpanplus/5.12.5/build/7QM1Udkq4v/Test-Exception-0.43/blib/arch
    /home/cpan/pit/bare/conf/perl-5.12.5/.cpanplus/5.12.5/build/SX_QLCFs4S/Capture-Tiny-0.44/blib/lib
    /home/cpan/pit/bare/conf/perl-5.12.5/.cpanplus/5.12.5/build/SX_QLCFs4S/Capture-Tiny-0.44/blib/arch
    /home/cpan/pit/bare/conf/perl-5.12.5/.cpanplus/5.12.5/build/3emrqDYVya/Test-FailWarnings-0.008/blib/lib
    /home/cpan/pit/bare/conf/perl-5.12.5/.cpanplus/5.12.5/build/3emrqDYVya/Test-FailWarnings-0.008/blib/arch
    /home/cpan/pit/bare/conf/perl-5.12.5/.cpanplus/5.12.5/build/A2M0RkRgkf/Regexp-CharClasses-Helper-0.003/blib/lib
    /home/cpan/pit/bare/conf/perl-5.12.5/.cpanplus/5.12.5/build/A2M0RkRgkf/Regexp-CharClasses-Helper-0.003/blib/arch
    /home/cpan/pit/bare/perl-5.12.5/lib/site_perl/5.12.5/x86_64-linux
    /home/cpan/pit/bare/perl-5.12.5/lib/site_perl/5.12.5
    /home/cpan/pit/bare/perl-5.12.5/lib/5.12.5/x86_64-linux
    /home/cpan/pit/bare/perl-5.12.5/lib/5.12.5
    .