Back
From: metabase:user:322078bc-2aae-11df-837a-5e0a49663a4f
Subject: FAIL Compress-PPMd-0.11 v5.12.4 OpenBSD
Date: 2011-10-27T03:29:58Z
This distribution has been tested as part of the CPAN Testers
project, supporting the Perl programming language. See
http://wiki.cpantesters.org/ for more information or email
questions to cpan-testers-discuss@perl.org
--
Dear SALVA,
This is a computer-generated error report created automatically by
CPANPLUS, version 0.9111. Testers personal comments may appear
at the end of this report.
Thank you for uploading your work to CPAN. However, it appears that
there were some problems testing your distribution.
TEST RESULTS:
Below is the error stack from stage 'make test':
[MSG] [Thu Oct 27 04:29:47 2011] cp PPMd.pm blib/lib/Compress/PPMd.pm
/home/cpan/pit/thr/perl-5.12.4/bin/perl "-Iblib/arch" "-Iblib/lib" Constants.h.PL Constants.h
/home/cpan/pit/thr/perl-5.12.4/bin/perl /home/cpan/pit/thr/perl-5.12.4/lib/site_perl/5.12.4/ExtUtils/xsubpp -typemap /home/cpan/pit/thr/perl-5.12.4/lib/5.12.4/ExtUtils/typemap -typemap typemap PPMd.xs > PPMd.xsc && mv PPMd.xsc PPMd.c
g++ -c -pthread -fno-strict-aliasing -pipe -fstack-protector -I/usr/local/include -O2 -DVERSION=\"0.11\" -DXS_VERSION=\"0.11\" -DPIC -fPIC "-I/home/cpan/pit/thr/perl-5.12.4/lib/5.12.4/OpenBSD.amd64-openbsd-thread-multi/CORE" PPMd.c
In file included from Types.hpp:57,
from PPMd.xs:7:
Buffer.hpp: In member function 'int PPMD_In::GetC()':
Buffer.hpp:26: warning: deprecated conversion from string constant to 'char*'
In file included from PPMd.xs:9:
Wrapper.hpp: In constructor 'PPMD_Encoder_Perl::PPMD_Encoder_Perl(unsigned int, unsigned int, int, int)':
Wrapper.hpp:8: warning: deprecated conversion from string constant to 'char*'
Wrapper.hpp:10: warning: deprecated conversion from string constant to 'char*'
Wrapper.hpp:13: warning: deprecated conversion from string constant to 'char*'
Wrapper.hpp: In constructor 'PPMD_Decoder_Perl::PPMD_Decoder_Perl(unsigned int, unsigned int, int, int)':
Wrapper.hpp:46: warning: deprecated conversion from string constant to 'char*'
Wrapper.hpp:48: warning: deprecated conversion from string constant to 'char*'
Wrapper.hpp:51: warning: deprecated conversion from string constant to 'char*'
g++ -c -pthread -fno-strict-aliasing -pipe -fstack-protector -I/usr/local/include -O2 -DVERSION=\"0.11\" -DXS_VERSION=\"0.11\" -DPIC -fPIC "-I/home/cpan/pit/thr/perl-5.12.4/lib/5.12.4/OpenBSD.amd64-openbsd-thread-multi/CORE" Model.cpp
In file included from Types.hpp:57,
from Model.cpp:15:
Buffer.hpp: In member function 'int PPMD_In::GetC()':
Buffer.hpp:26: warning: deprecated conversion from string constant to 'char*'
Running Mkbootstrap for Compress::PPMd ()
chmod 644 PPMd.bs
rm -f blib/arch/auto/Compress/PPMd/PPMd.so
g++ -shared -fPIC -L/usr/local/lib -fstack-protector PPMd.o Model.o -o blib/arch/auto/Compress/PPMd/PPMd.so
chmod 755 blib/arch/auto/Compress/PPMd/PPMd.so
cp PPMd.bs blib/arch/auto/Compress/PPMd/PPMd.bs
chmod 644 blib/arch/auto/Compress/PPMd/PPMd.bs
Manifying blib/man3/Compress::PPMd.3
[ERROR] [Thu Oct 27 04:29:58 2011] MAKE TEST failed: PERL_DL_NONLAZY=1 /home/cpan/pit/thr/perl-5.12.4/bin/perl "-MExtUtils::Command::MM" "-e" "test_harness(0, 'blib/lib', 'blib/arch')" t/*.t
t/0_use.t ...... ok
t/1_quijote.t ..
Failed 30/31 subtests
t/2_die.t ......
Failed 1/4 subtests
t/3_rubbish.t .. ok
t/4_pods.t ..... skipped: Test::Pod 1.00 required for testing POD
Test Summary Report
-------------------
t/1_quijote.t (Wstat: 139 Tests: 1 Failed: 0)
Non-zero wait status: 139
Parse errors: Bad plan. You planned 31 tests but ran 1.
t/2_die.t (Wstat: 139 Tests: 3 Failed: 0)
Non-zero wait status: 139
Parse errors: Bad plan. You planned 4 tests but ran 3.
Files=5, Tests=33, 10 wallclock secs ( 0.08 usr 0.02 sys + 0.81 cusr 0.10 csys = 1.01 CPU)
Result: FAIL
Failed 2/5 test programs. 0/33 subtests failed.
*** Error code 255
Stop in /home/cpan/pit/thr/conf/perl-5.12.4/.cpanplus/5.12.4/build/Compress-PPMd-0.11 (line 976 of Makefile).
[MSG] [Thu Oct 27 04:29:58 2011] DEFAULT 'proceed_on_test_failure' HANDLER RETURNING 'sub return value'
PREREQUISITES:
Here is a list of prerequisites you specified and versions we
managed to load:
Module Name Have Want
ExtUtils::MakeMaker 6.59 6.05
Test::More 0.98 0
Perl module toolchain versions installed:
Module Name Have
CPANPLUS 0.9111
CPANPLUS::Dist::Build 0.58
Cwd 3.33
ExtUtils::CBuilder 0.280202
ExtUtils::Command 1.16
ExtUtils::Install 1.55
ExtUtils::MakeMaker 6.59
ExtUtils::Manifest 1.60
ExtUtils::ParseXS 3.05
File::Spec 3.33
Module::Build 0.3800
Test::Harness 3.23
Test::More 0.98
version 0.94
******************************** NOTE ********************************
The comments above are created mechanically, possibly without manual
checking by the sender. As there are many people performing automatic
tests on each upload to CPAN, it is likely that you will receive
identical messages about the same problem.
If you believe that the message is mistaken, please reply to the first
one with correction and/or additional informations, and do not take
it personally. We appreciate your patience. :)
**********************************************************************
Additional comments:
This report was machine-generated by CPANPLUS::Dist::YACSmoke 0.64.
Powered by minismokebox version 0.54
------------------------------
ENVIRONMENT AND OTHER CONTEXT
------------------------------
Environment variables:
AUTOMATED_TESTING = 1
PATH = /home/cpan/bin:/bin:/sbin:/usr/bin:/usr/sbin:/usr/X11R6/bin:/usr/local/bin:/usr/local/sbin:/usr/games:.
PERL5LIB = :/home/cpan/pit/thr/conf/perl-5.12.4/.cpanplus/5.12.4/build/Compress-PPMd-0.11/blib/lib:/home/cpan/pit/thr/conf/perl-5.12.4/.cpanplus/5.12.4/build/Compress-PPMd-0.11/blib/arch
PERL5_CPANPLUS_IS_RUNNING = 3648
PERL5_CPANPLUS_IS_VERSION = 0.9111
PERL5_MINISMOKEBOX = 0.54
PERL5_YACSMOKE_BASE = /home/cpan/pit/thr/conf/perl-5.12.4
PERL_EXTUTILS_AUTOINSTALL = --defaultdeps
PERL_MM_USE_DEFAULT = 1
SHELL = /usr/local/bin/bash
TERM = screen
Perl special variables (and OS-specific diagnostics, for MSWin32):
Perl: $^X = /home/cpan/pit/thr/perl-5.12.4/bin/perl
UID: $< = 1001
EUID: $> = 1001
GID: $( = 1001 1001
EGID: $) = 1001 1001
-------------------------------
--
Summary of my perl5 (revision 5 version 12 subversion 4) configuration:
Platform:
osname=openbsd, osvers=4.9, archname=OpenBSD.amd64-openbsd-thread-multi
uname='openbsd ostrich.bingosnet.co.uk 4.9 generic#477 amd64 '
config_args='-des -Dprefix=/home/cpan/pit/thr/perl-5.12.4 -Dusethreads'
hint=recommended, useposix=true, d_sigaction=define
useithreads=define, usemultiplicity=define
useperlio=define, d_sfio=undef, uselargefiles=define, usesocks=undef
use64bitint=define, use64bitall=define, uselongdouble=undef
usemymalloc=y, bincompat5005=undef
Compiler:
cc='cc', ccflags ='-pthread -fno-strict-aliasing -pipe -fstack-protector -I/usr/local/include',
optimize='-O2',
cppflags='-pthread -fno-strict-aliasing -pipe -fstack-protector -I/usr/local/include'
ccversion='', gccversion='4.2.1 20070719 ', gccosandvers='openbsd4.9'
intsize=4, longsize=8, ptrsize=8, doublesize=8, byteorder=12345678
d_longlong=define, longlongsize=8, d_longdbl=define, longdblsize=16
ivtype='long', ivsize=8, nvtype='double', nvsize=8, Off_t='off_t', lseeksize=8
alignbytes=8, prototype=define
Linker and Libraries:
ld='cc', ldflags ='-pthread -Wl,-E -fstack-protector -L/usr/local/lib'
libpth=/usr/local/lib /usr/lib
libs=-lgdbm -lm -lutil -lc
perllibs=-lm -lutil -lc
libc=/usr/lib/libc.so.58.0, so=so, useshrplib=false, libperl=libperl.a
gnulibc_version=''
Dynamic Linking:
dlsrc=dl_dlopen.xs, dlext=so, d_dlsymun=undef, ccdlflags=' '
cccdlflags='-DPIC -fPIC ', lddlflags='-shared -fPIC -L/usr/local/lib -fstack-protector'
Characteristics of this binary (from libperl):
Compile-time options: MULTIPLICITY MYMALLOC PERL_DONT_CREATE_GVSV
PERL_IMPLICIT_CONTEXT PERL_MALLOC_WRAP USE_64_BIT_ALL
USE_64_BIT_INT USE_ITHREADS USE_LARGE_FILES
USE_PERLIO USE_PERL_ATOF USE_REENTRANT_API
Built under openbsd
Compiled at Jun 23 2011 20:36:28
%ENV:
PERL5LIB=":/home/cpan/pit/thr/conf/perl-5.12.4/.cpanplus/5.12.4/build/Compress-PPMd-0.11/blib/lib:/home/cpan/pit/thr/conf/perl-5.12.4/.cpanplus/5.12.4/build/Compress-PPMd-0.11/blib/arch"
PERL5_CPANPLUS_IS_RUNNING="3648"
PERL5_CPANPLUS_IS_VERSION="0.9111"
PERL5_MINISMOKEBOX="0.54"
PERL5_YACSMOKE_BASE="/home/cpan/pit/thr/conf/perl-5.12.4"
PERL_EXTUTILS_AUTOINSTALL="--defaultdeps"
PERL_MM_USE_DEFAULT="1"
@INC:
/home/cpan/pit/thr/conf/perl-5.12.4/.cpanplus/5.12.4/build/Compress-PPMd-0.11/blib/lib
/home/cpan/pit/thr/conf/perl-5.12.4/.cpanplus/5.12.4/build/Compress-PPMd-0.11/blib/arch
/home/cpan/pit/thr/perl-5.12.4/lib/site_perl/5.12.4/OpenBSD.amd64-openbsd-thread-multi
/home/cpan/pit/thr/perl-5.12.4/lib/site_perl/5.12.4
/home/cpan/pit/thr/perl-5.12.4/lib/5.12.4/OpenBSD.amd64-openbsd-thread-multi
/home/cpan/pit/thr/perl-5.12.4/lib/5.12.4
.