Report for Data-Pipeline-0.01

Back
From: metabase:user:9820532a-708b-1014-9a05-b18a96298da1
Subject: FAIL Data-Pipeline-0.01 v5.15.4 GNU/Linux
Date: 2011-11-08T20:26:31Z

This distribution has been tested as part of the CPAN Testers
project, supporting the Perl programming language.  See
http://wiki.cpantesters.org/ for more information or email
questions to cpan-testers-discuss@perl.org


--
Dear James G Smith,

This is a computer-generated report for Data-Pipeline-0.01
on perl 5.15.4, created by CPAN-Reporter-1.2002.

Thank you for uploading your work to CPAN.  However, there was a problem
testing your distribution.

If you think this report is invalid, please consult the CPAN Testers Wiki
for suggestions on how to avoid getting FAIL reports for missing library
or binary dependencies, unsupported operating systems, and so on:

http://wiki.cpantesters.org/wiki/CPANAuthorNotes

Sections of this report:

    * Tester comments
    * Program output
    * Prerequisites
    * Environment and other context

------------------------------
TESTER COMMENTS
------------------------------

Additional comments from tester:

this report is from an automated smoke testing program
and was not reviewed by a human for accuracy

------------------------------
PROGRAM OUTPUT
------------------------------

Output from '/usr/bin/make test':

PERL_DL_NONLAZY=1 /home/bri/perl5/perlbrew/perls/perl-5.15.4-th/bin/perl5.15.4 "-MExtUtils::Command::MM" "-e" "test_harness(0, 'inc', 'blib/lib', 'blib/arch')" t/*.t
Odd number of elements in hash assignment at /home/bri/perl5/perlbrew/perls/perl-5.15.4-th/lib/site_perl/5.15.4/i686-linux-thread-multi/Moose.pm line 144.

#   Failed test 'use Data::Pipeline::Adapter;'
#   at t/00-compile.t line 16.
#     Tried to use 'Data::Pipeline::Adapter'.
#     Error:  Cannot call init_meta without specifying a for_class at /home/bri/perl5/perlbrew/perls/perl-5.15.4-th/lib/site_perl/5.15.4/i686-linux-thread-multi/Moose.pm line 146
# 	Moose::init_meta('Data::Pipeline::Iterator::Output', 'Data::Pipeline::Machine') called at /home/bri/.cpan/build/Data-Pipeline-0.01-3lUpNP/blib/lib/Data/Pipeline/Machine.pm line 127
# 	Data::Pipeline::Machine::import('Data::Pipeline::Machine') called at /home/bri/.cpan/build/Data-Pipeline-0.01-3lUpNP/blib/lib/Data/Pipeline/Iterator/Output.pm line 6
# 	Data::Pipeline::Iterator::Output::BEGIN() called at /home/bri/.cpan/build/Data-Pipeline-0.01-3lUpNP/blib/lib/Data/Pipeline/Iterator/Output.pm line 6
# 	eval {...} called at /home/bri/.cpan/build/Data-Pipeline-0.01-3lUpNP/blib/lib/Data/Pipeline/Iterator/Output.pm line 6
# 	require Data/Pipeline/Iterator/Output.pm called at /home/bri/.cpan/build/Data-Pipeline-0.01-3lUpNP/blib/lib/Data/Pipeline/Adapter.pm line 10
# 	Data::Pipeline::Adapter::BEGIN() called at /home/bri/.cpan/build/Data-Pipeline-0.01-3lUpNP/blib/lib/Data/Pipeline/Iterator/Output.pm line 6
# 	eval {...} called at /home/bri/.cpan/build/Data-Pipeline-0.01-3lUpNP/blib/lib/Data/Pipeline/Iterator/Output.pm line 6
# 	require Data/Pipeline/Adapter.pm called at (eval 1160) line 2
# 	main::BEGIN() called at /home/bri/.cpan/build/Data-Pipeline-0.01-3lUpNP/blib/lib/Data/Pipeline/Iterator/Output.pm line 6
# 	eval {...} called at /home/bri/.cpan/build/Data-Pipeline-0.01-3lUpNP/blib/lib/Data/Pipeline/Iterator/Output.pm line 6
# 	eval 'package main;
# use Data::Pipeline::Adapter @{$args[0]};
# 1;
# 
# ;' called at /home/bri/perl5/perlbrew/perls/perl-5.15.4-th/lib/5.15.4/Test/More.pm line 885
# 	Test::More::_eval('package main;\x{a}use Data::Pipeline::Adapter @{$args[0]};\x{a}1;\x{a}', 'ARRAY(0x8acc380)') called at /home/bri/perl5/perlbrew/perls/perl-5.15.4-th/lib/5.15.4/Test/More.pm line 860
# 	Test::More::use_ok('Data::Pipeline::Adapter') called at t/00-compile.t line 16
# 	main::BEGIN() called at /home/bri/.cpan/build/Data-Pipeline-0.01-3lUpNP/blib/lib/Data/Pipeline/Iterator/Output.pm line 6
# 	eval {...} called at /home/bri/.cpan/build/Data-Pipeline-0.01-3lUpNP/blib/lib/Data/Pipeline/Iterator/Output.pm line 6
# BEGIN failed--compilation aborted at /home/bri/.cpan/build/Data-Pipeline-0.01-3lUpNP/blib/lib/Data/Pipeline/Iterator/Output.pm line 6.
# Compilation failed in require at /home/bri/.cpan/build/Data-Pipeline-0.01-3lUpNP/blib/lib/Data/Pipeline/Adapter.pm line 10.
# BEGIN failed--compilation aborted at /home/bri/.cpan/build/Data-Pipeline-0.01-3lUpNP/blib/lib/Data/Pipeline/Adapter.pm line 10.
# Compilation failed in require at (eval 1160) line 2.
# BEGIN failed--compilation aborted at (eval 1160) line 2.

#   Failed test 'use Data::Pipeline::Iterator::Output;'
#   at t/00-compile.t line 19.
#     Tried to use 'Data::Pipeline::Iterator::Output'.
#     Error:  Attempt to reload Data/Pipeline/Iterator/Output.pm aborted.
# Compilation failed in require at (eval 1190) line 2.
# BEGIN failed--compilation aborted at (eval 1190) line 2.

#   Failed test 'use Data::Pipeline::Adapter::Array;'
#   at t/00-compile.t line 22.
#     Tried to use 'Data::Pipeline::Adapter::Array'.
#     Error:  Could not find an attribute by the name of 'source' to inherit from in Data::Pipeline::Adapter::Array at /home/bri/perl5/perlbrew/perls/perl-5.15.4-th/lib/site_perl/5.15.4/i686-linux-thread-multi/Moose/Meta/Class.pm line 711
# 	Moose::Meta::Class::_process_inherited_attribute('Moose::Meta::Class=HASH(0xb021990)', 'source', 'coerce', 1, 'default', 'CODE(0xb039a10)', 'definition_context', 'HASH(0xb039c90)', 'lazy', 1) called at /home/bri/perl5/perlbrew/perls/perl-5.15.4-th/lib/site_perl/5.15.4/i686-linux-thread-multi/Moose/Meta/Class.pm line 694
# 	Moose::Meta::Class::_process_attribute('Moose::Meta::Class=HASH(0xb021990)', '+source', 'coerce', 1, 'default', 'CODE(0xb039a10)', 'definition_context', 'HASH(0xb039c90)', 'lazy', 1) called at /home/bri/perl5/perlbrew/perls/perl-5.15.4-th/lib/site_perl/5.15.4/i686-linux-thread-multi/Moose/Meta/Class.pm line 566
# 	Moose::Meta::Class::add_attribute('Moose::Meta::Class=HASH(0xb021990)', '+source', 'coerce', 1, 'default', 'CODE(0xb039a10)', 'definition_context', 'HASH(0xb039c90)', 'lazy', 1) called at /home/bri/perl5/perlbrew/perls/perl-5.15.4-th/lib/site_perl/5.15.4/i686-linux-thread-multi/Moose.pm line 79
# 	Moose::has('Moose::Meta::Class=HASH(0xb021990)', '+source', 'lazy', 1, 'coerce', 1, 'default', 'CODE(0xb039a10)') called at /home/bri/perl5/perlbrew/perls/perl-5.15.4-th/lib/site_perl/5.15.4/i686-linux-thread-multi/Moose/Exporter.pm line 370
# 	Moose::has('+source', 'lazy', 1, 'coerce', 1, 'default', 'CODE(0xb039a10)') called at /home/bri/.cpan/build/Data-Pipeline-0.01-3lUpNP/blib/lib/Data/Pipeline/Adapter/Array.pm line 45
# 	require Data/Pipeline/Adapter/Array.pm called at (eval 1196) line 2
# 	main::BEGIN() called at /home/bri/.cpan/build/Data-Pipeline-0.01-3lUpNP/blib/lib/Data/Pipeline/Adapter/Array.pm line 0
# 	eval {...} called at /home/bri/.cpan/build/Data-Pipeline-0.01-3lUpNP/blib/lib/Data/Pipeline/Adapter/Array.pm line 0
# 	eval 'package main;
# use Data::Pipeline::Adapter::Array @{$args[0]};
# 1;
# 
# ;' called at /home/bri/perl5/perlbrew/perls/perl-5.15.4-th/lib/5.15.4/Test/More.pm line 885
# 	Test::More::_eval('package main;\x{a}use Data::Pipeline::Adapter::Array @{$args[0]};...', 'ARRAY(0x8acc380)') called at /home/bri/perl5/perlbrew/perls/perl-5.15.4-th/lib/5.15.4/Test/More.pm line 860
# 	Test::More::use_ok('Data::Pipeline::Adapter::Array') called at t/00-compile.t line 22
# 	main::BEGIN() called at /home/bri/.cpan/build/Data-Pipeline-0.01-3lUpNP/blib/lib/Data/Pipeline/Adapter/Array.pm line 0
# 	eval {...} called at /home/bri/.cpan/build/Data-Pipeline-0.01-3lUpNP/blib/lib/Data/Pipeline/Adapter/Array.pm line 0
# Compilation failed in require at (eval 1196) line 2.
# BEGIN failed--compilation aborted at (eval 1196) line 2.

#   Failed test 'use Data::Pipeline::Adapter::CSV;'
#   at t/00-compile.t line 23.
#     Tried to use 'Data::Pipeline::Adapter::CSV'.
#     Error:  Could not find an attribute by the name of 'source' to inherit from in Data::Pipeline::Adapter::CSV at /home/bri/perl5/perlbrew/perls/perl-5.15.4-th/lib/site_perl/5.15.4/i686-linux-thread-multi/Moose/Meta/Class.pm line 711
# 	Moose::Meta::Class::_process_inherited_attribute('Moose::Meta::Class=HASH(0xb03bb28)', 'source', 'default', 'CODE(0xb03d8a0)', 'definition_context', 'HASH(0xb050548)') called at /home/bri/perl5/perlbrew/perls/perl-5.15.4-th/lib/site_perl/5.15.4/i686-linux-thread-multi/Moose/Meta/Class.pm line 694
# 	Moose::Meta::Class::_process_attribute('Moose::Meta::Class=HASH(0xb03bb28)', '+source', 'default', 'CODE(0xb03d8a0)', 'definition_context', 'HASH(0xb050548)') called at /home/bri/perl5/perlbrew/perls/perl-5.15.4-th/lib/site_perl/5.15.4/i686-linux-thread-multi/Moose/Meta/Class.pm line 566
# 	Moose::Meta::Class::add_attribute('Moose::Meta::Class=HASH(0xb03bb28)', '+source', 'default', 'CODE(0xb03d8a0)', 'definition_context', 'HASH(0xb050548)') called at /home/bri/perl5/perlbrew/perls/perl-5.15.4-th/lib/site_perl/5.15.4/i686-linux-thread-multi/Moose.pm line 79
# 	Moose::has('Moose::Meta::Class=HASH(0xb03bb28)', '+source', 'default', 'CODE(0xb03d8a0)') called at /home/bri/perl5/perlbrew/perls/perl-5.15.4-th/lib/site_perl/5.15.4/i686-linux-thread-multi/Moose/Exporter.pm line 370
# 	Moose::has('+source', 'default', 'CODE(0xb03d8a0)') called at /home/bri/.cpan/build/Data-Pipeline-0.01-3lUpNP/blib/lib/Data/Pipeline/Adapter/CSV.pm line 147
# 	require Data/Pipeline/Adapter/CSV.pm called at (eval 1199) line 2
# 	main::BEGIN() called at /home/bri/.cpan/build/Data-Pipeline-0.01-3lUpNP/blib/lib/Data/Pipeline/Adapter/CSV.pm line 0
# 	eval {...} called at /home/bri/.cpan/build/Data-Pipeline-0.01-3lUpNP/blib/lib/Data/Pipeline/Adapter/CSV.pm line 0
# 	eval 'package main;
# use Data::Pipeline::Adapter::CSV @{$args[0]};
# 1;
# 
# ;' called at /home/bri/perl5/perlbrew/perls/perl-5.15.4-th/lib/5.15.4/Test/More.pm line 885
# 	Test::More::_eval('package main;\x{a}use Data::Pipeline::Adapter::CSV @{$args[0]};\x{a}1;\x{a}', 'ARRAY(0x8acc380)') called at /home/bri/perl5/perlbrew/perls/perl-5.15.4-th/lib/5.15.4/Test/More.pm line 860
# 	Test::More::use_ok('Data::Pipeline::Adapter::CSV') called at t/00-compile.t line 23
# 	main::BEGIN() called at /home/bri/.cpan/build/Data-Pipeline-0.01-3lUpNP/blib/lib/Data/Pipeline/Adapter/CSV.pm line 0
# 	eval {...} called at /home/bri/.cpan/build/Data-Pipeline-0.01-3lUpNP/blib/lib/Data/Pipeline/Adapter/CSV.pm line 0
# Compilation failed in require at (eval 1199) line 2.
# BEGIN failed--compilation aborted at (eval 1199) line 2.

#   Failed test 'use Data::Pipeline::Adapter::FetchPage;'
#   at t/00-compile.t line 24.
#     Tried to use 'Data::Pipeline::Adapter::FetchPage'.
#     Error:  Could not find an attribute by the name of 'source' to inherit from in Data::Pipeline::Adapter::FetchPage at /home/bri/perl5/perlbrew/perls/perl-5.15.4-th/lib/site_perl/5.15.4/i686-linux-thread-multi/Moose/Meta/Class.pm line 711
# 	Moose::Meta::Class::_process_inherited_attribute('Moose::Meta::Class=HASH(0xb0526a0)', 'source', 'default', 'CODE(0xb052970)', 'definition_context', 'HASH(0xb071c78)') called at /home/bri/perl5/perlbrew/perls/perl-5.15.4-th/lib/site_perl/5.15.4/i686-linux-thread-multi/Moose/Meta/Class.pm line 694
# 	Moose::Meta::Class::_process_attribute('Moose::Meta::Class=HASH(0xb0526a0)', '+source', 'default', 'CODE(0xb052970)', 'definition_context', 'HASH(0xb071c78)') called at /home/bri/perl5/perlbrew/perls/perl-5.15.4-th/lib/site_perl/5.15.4/i686-linux-thread-multi/Moose/Meta/Class.pm line 566
# 	Moose::Meta::Class::add_attribute('Moose::Meta::Class=HASH(0xb0526a0)', '+source', 'default', 'CODE(0xb052970)', 'definition_context', 'HASH(0xb071c78)') called at /home/bri/perl5/perlbrew/perls/perl-5.15.4-th/lib/site_perl/5.15.4/i686-linux-thread-multi/Moose.pm line 79
# 	Moose::has('Moose::Meta::Class=HASH(0xb0526a0)', '+source', 'default', 'CODE(0xb052970)') called at /home/bri/perl5/perlbrew/perls/perl-5.15.4-th/lib/site_perl/5.15.4/i686-linux-thread-multi/Moose/Exporter.pm line 370
# 	Moose::has('+source', 'default', 'CODE(0xb052970)') called at /home/bri/.cpan/build/Data-Pipeline-0.01-3lUpNP/blib/lib/Data/Pipeline/Adapter/FetchPage.pm line 67
# 	require Data/Pipeline/Adapter/FetchPage.pm called at (eval 1215) line 2
# 	main::BEGIN() called at /home/bri/.cpan/build/Data-Pipeline-0.01-3lUpNP/blib/lib/Data/Pipeline/Adapter/FetchPage.pm line 0
# 	eval {...} called at /home/bri/.cpan/build/Data-Pipeline-0.01-3lUpNP/blib/lib/Data/Pipeline/Adapter/FetchPage.pm line 0
# 	eval 'package main;
# use Data::Pipeline::Adapter::FetchPage @{$args[0]};
# 1;
# 
# ;' called at /home/bri/perl5/perlbrew/perls/perl-5.15.4-th/lib/5.15.4/Test/More.pm line 885
# 	Test::More::_eval('package main;\x{a}use Data::Pipeline::Adapter::FetchPage @{$args[...', 'ARRAY(0x8acc380)') called at /home/bri/perl5/perlbrew/perls/perl-5.15.4-th/lib/5.15.4/Test/More.pm line 860
# 	Test::More::use_ok('Data::Pipeline::Adapter::FetchPage') called at t/00-compile.t line 24
# 	main::BEGIN() called at /home/bri/.cpan/build/Data-Pipeline-0.01-3lUpNP/blib/lib/Data/Pipeline/Adapter/FetchPage.pm line 0
# 	eval {...} called at /home/bri/.cpan/build/Data-Pipeline-0.01-3lUpNP/blib/lib/Data/Pipeline/Adapter/FetchPage.pm line 0
# Compilation failed in require at (eval 1215) line 2.
# BEGIN failed--compilation aborted at (eval 1215) line 2.

#   Failed test 'use Data::Pipeline::Adapter::JSON;'
#   at t/00-compile.t line 25.
#     Tried to use 'Data::Pipeline::Adapter::JSON'.
#     Error:  Attempt to reload Data/Pipeline/Adapter/Array.pm aborted.
# Compilation failed in require at /home/bri/.cpan/build/Data-Pipeline-0.01-3lUpNP/blib/lib/Data/Pipeline/Adapter/JSON.pm line 7.
# BEGIN failed--compilation aborted at /home/bri/.cpan/build/Data-Pipeline-0.01-3lUpNP/blib/lib/Data/Pipeline/Adapter/JSON.pm line 7.
# Compilation failed in require at (eval 1221) line 2.
# BEGIN failed--compilation aborted at (eval 1221) line 2.

#   Failed test 'use Data::Pipeline::Adapter::RSS;'
#   at t/00-compile.t line 26.
#     Tried to use 'Data::Pipeline::Adapter::RSS'.
#     Error:  Could not find an attribute by the name of 'source' to inherit from in Data::Pipeline::Adapter::RSS at /home/bri/perl5/perlbrew/perls/perl-5.15.4-th/lib/site_perl/5.15.4/i686-linux-thread-multi/Moose/Meta/Class.pm line 711
# 	Moose::Meta::Class::_process_inherited_attribute('Moose::Meta::Class=HASH(0xb03d4b0)', 'source', 'default', 'CODE(0xb0950e8)', 'definition_context', 'HASH(0xb0959d8)') called at /home/bri/perl5/perlbrew/perls/perl-5.15.4-th/lib/site_perl/5.15.4/i686-linux-thread-multi/Moose/Meta/Class.pm line 694
# 	Moose::Meta::Class::_process_attribute('Moose::Meta::Class=HASH(0xb03d4b0)', '+source', 'default', 'CODE(0xb0950e8)', 'definition_context', 'HASH(0xb0959d8)') called at /home/bri/perl5/perlbrew/perls/perl-5.15.4-th/lib/site_perl/5.15.4/i686-linux-thread-multi/Moose/Meta/Class.pm line 566
# 	Moose::Meta::Class::add_attribute('Moose::Meta::Class=HASH(0xb03d4b0)', '+source', 'default', 'CODE(0xb0950e8)', 'definition_context', 'HASH(0xb0959d8)') called at /home/bri/perl5/perlbrew/perls/perl-5.15.4-th/lib/site_perl/5.15.4/i686-linux-thread-multi/Moose.pm line 79
# 	Moose::has('Moose::Meta::Class=HASH(0xb03d4b0)', '+source', 'default', 'CODE(0xb0950e8)') called at /home/bri/perl5/perlbrew/perls/perl-5.15.4-th/lib/site_perl/5.15.4/i686-linux-thread-multi/Moose/Exporter.pm line 370
# 	Moose::has('+source', 'default', 'CODE(0xb0950e8)') called at /home/bri/.cpan/build/Data-Pipeline-0.01-3lUpNP/blib/lib/Data/Pipeline/Adapter/RSS.pm line 43
# 	require Data/Pipeline/Adapter/RSS.pm called at (eval 1223) line 2
# 	main::BEGIN() called at /home/bri/.cpan/build/Data-Pipeline-0.01-3lUpNP/blib/lib/Data/Pipeline/Adapter/RSS.pm line 0
# 	eval {...} called at /home/bri/.cpan/build/Data-Pipeline-0.01-3lUpNP/blib/lib/Data/Pipeline/Adapter/RSS.pm line 0
# 	eval 'package main;
# use Data::Pipeline::Adapter::RSS @{$args[0]};
# 1;
# 
# ;' called at /home/bri/perl5/perlbrew/perls/perl-5.15.4-th/lib/5.15.4/Test/More.pm line 885
# 	Test::More::_eval('package main;\x{a}use Data::Pipeline::Adapter::RSS @{$args[0]};\x{a}1;\x{a}', 'ARRAY(0x8acc380)') called at /home/bri/perl5/perlbrew/perls/perl-5.15.4-th/lib/5.15.4/Test/More.pm line 860
# 	Test::More::use_ok('Data::Pipeline::Adapter::RSS') called at t/00-compile.t line 26
# 	main::BEGIN() called at /home/bri/.cpan/build/Data-Pipeline-0.01-3lUpNP/blib/lib/Data/Pipeline/Adapter/RSS.pm line 0
# 	eval {...} called at /home/bri/.cpan/build/Data-Pipeline-0.01-3lUpNP/blib/lib/Data/Pipeline/Adapter/RSS.pm line 0
# Compilation failed in require at (eval 1223) line 2.
# BEGIN failed--compilation aborted at (eval 1223) line 2.

#   Failed test 'use Data::Pipeline::Adapter::SPARQL;'
#   at t/00-compile.t line 27.
#     Tried to use 'Data::Pipeline::Adapter::SPARQL'.
#     Error:  Could not find an attribute by the name of 'source' to inherit from in Data::Pipeline::Adapter::SPARQL at /home/bri/perl5/perlbrew/perls/perl-5.15.4-th/lib/site_perl/5.15.4/i686-linux-thread-multi/Moose/Meta/Class.pm line 711
# 	Moose::Meta::Class::_process_inherited_attribute('Moose::Meta::Class=HASH(0xb0955f8)', 'source', 'default', 'CODE(0xb09aa18)', 'definition_context', 'HASH(0xb098ae0)') called at /home/bri/perl5/perlbrew/perls/perl-5.15.4-th/lib/site_perl/5.15.4/i686-linux-thread-multi/Moose/Meta/Class.pm line 694
# 	Moose::Meta::Class::_process_attribute('Moose::Meta::Class=HASH(0xb0955f8)', '+source', 'default', 'CODE(0xb09aa18)', 'definition_context', 'HASH(0xb098ae0)') called at /home/bri/perl5/perlbrew/perls/perl-5.15.4-th/lib/site_perl/5.15.4/i686-linux-thread-multi/Moose/Meta/Class.pm line 566
# 	Moose::Meta::Class::add_attribute('Moose::Meta::Class=HASH(0xb0955f8)', '+source', 'default', 'CODE(0xb09aa18)', 'definition_context', 'HASH(0xb098ae0)') called at /home/bri/perl5/perlbrew/perls/perl-5.15.4-th/lib/site_perl/5.15.4/i686-linux-thread-multi/Moose.pm line 79
# 	Moose::has('Moose::Meta::Class=HASH(0xb0955f8)', '+source', 'default', 'CODE(0xb09aa18)') called at /home/bri/perl5/perlbrew/perls/perl-5.15.4-th/lib/site_perl/5.15.4/i686-linux-thread-multi/Moose/Exporter.pm line 370
# 	Moose::has('+source', 'default', 'CODE(0xb09aa18)') called at /home/bri/.cpan/build/Data-Pipeline-0.01-3lUpNP/blib/lib/Data/Pipeline/Adapter/SPARQL.pm line 69
# 	require Data/Pipeline/Adapter/SPARQL.pm called at (eval 1226) line 2
# 	main::BEGIN() called at /home/bri/.cpan/build/Data-Pipeline-0.01-3lUpNP/blib/lib/Data/Pipeline/Adapter/SPARQL.pm line 0
# 	eval {...} called at /home/bri/.cpan/build/Data-Pipeline-0.01-3lUpNP/blib/lib/Data/Pipeline/Adapter/SPARQL.pm line 0
# 	eval 'package main;
# use Data::Pipeline::Adapter::SPARQL @{$args[0]};
# 1;
# 
# ;' called at /home/bri/perl5/perlbrew/perls/perl-5.15.4-th/lib/5.15.4/Test/More.pm line 885
# 	Test::More::_eval('package main;\x{a}use Data::Pipeline::Adapter::SPARQL @{$args[0]}...', 'ARRAY(0x8acc380)') called at /home/bri/perl5/perlbrew/perls/perl-5.15.4-th/lib/5.15.4/Test/More.pm line 860
# 	Test::More::use_ok('Data::Pipeline::Adapter::SPARQL') called at t/00-compile.t line 27
# 	main::BEGIN() called at /home/bri/.cpan/build/Data-Pipeline-0.01-3lUpNP/blib/lib/Data/Pipeline/Adapter/SPARQL.pm line 0
# 	eval {...} called at /home/bri/.cpan/build/Data-Pipeline-0.01-3lUpNP/blib/lib/Data/Pipeline/Adapter/SPARQL.pm line 0
# Compilation failed in require at (eval 1226) line 2.
# BEGIN failed--compilation aborted at (eval 1226) line 2.

#   Failed test 'use Data::Pipeline::Adapter::StringBuilder;'
#   at t/00-compile.t line 28.
#     Tried to use 'Data::Pipeline::Adapter::StringBuilder'.
#     Error:  Could not find an attribute by the name of 'source' to inherit from in Data::Pipeline::Adapter::StringBuilder at /home/bri/perl5/perlbrew/perls/perl-5.15.4-th/lib/site_perl/5.15.4/i686-linux-thread-multi/Moose/Meta/Class.pm line 711
# 	Moose::Meta::Class::_process_inherited_attribute('Moose::Meta::Class=HASH(0xb09b468)', 'source', 'default', 'CODE(0xb0952a8)', 'definition_context', 'HASH(0xb0b8160)') called at /home/bri/perl5/perlbrew/perls/perl-5.15.4-th/lib/site_perl/5.15.4/i686-linux-thread-multi/Moose/Meta/Class.pm line 694
# 	Moose::Meta::Class::_process_attribute('Moose::Meta::Class=HASH(0xb09b468)', '+source', 'default', 'CODE(0xb0952a8)', 'definition_context', 'HASH(0xb0b8160)') called at /home/bri/perl5/perlbrew/perls/perl-5.15.4-th/lib/site_perl/5.15.4/i686-linux-thread-multi/Moose/Meta/Class.pm line 566
# 	Moose::Meta::Class::add_attribute('Moose::Meta::Class=HASH(0xb09b468)', '+source', 'default', 'CODE(0xb0952a8)', 'definition_context', 'HASH(0xb0b8160)') called at /home/bri/perl5/perlbrew/perls/perl-5.15.4-th/lib/site_perl/5.15.4/i686-linux-thread-multi/Moose.pm line 79
# 	Moose::has('Moose::Meta::Class=HASH(0xb09b468)', '+source', 'default', 'CODE(0xb0952a8)') called at /home/bri/perl5/perlbrew/perls/perl-5.15.4-th/lib/site_perl/5.15.4/i686-linux-thread-multi/Moose/Exporter.pm line 370
# 	Moose::has('+source', 'default', 'CODE(0xb0952a8)') called at /home/bri/.cpan/build/Data-Pipeline-0.01-3lUpNP/blib/lib/Data/Pipeline/Adapter/StringBuilder.pm line 23
# 	require Data/Pipeline/Adapter/StringBuilder.pm called at (eval 1232) line 2
# 	main::BEGIN() called at /home/bri/.cpan/build/Data-Pipeline-0.01-3lUpNP/blib/lib/Data/Pipeline/Adapter/StringBuilder.pm line 0
# 	eval {...} called at /home/bri/.cpan/build/Data-Pipeline-0.01-3lUpNP/blib/lib/Data/Pipeline/Adapter/StringBuilder.pm line 0
# 	eval 'package main;
# use Data::Pipeline::Adapter::StringBuilder @{$args[0]};
# 1;
# 
# ;' called at /home/bri/perl5/perlbrew/perls/perl-5.15.4-th/lib/5.15.4/Test/More.pm line 885
# 	Test::More::_eval('package main;\x{a}use Data::Pipeline::Adapter::StringBuilder @{$a...', 'ARRAY(0x8acc380)') called at /home/bri/perl5/perlbrew/perls/perl-5.15.4-th/lib/5.15.4/Test/More.pm line 860
# 	Test::More::use_ok('Data::Pipeline::Adapter::StringBuilder') called at t/00-compile.t line 28
# 	main::BEGIN() called at /home/bri/.cpan/build/Data-Pipeline-0.01-3lUpNP/blib/lib/Data/Pipeline/Adapter/StringBuilder.pm line 0
# 	eval {...} called at /home/bri/.cpan/build/Data-Pipeline-0.01-3lUpNP/blib/lib/Data/Pipeline/Adapter/StringBuilder.pm line 0
# Compilation failed in require at (eval 1232) line 2.
# BEGIN failed--compilation aborted at (eval 1232) line 2.

#   Failed test 'use Data::Pipeline::Adapter::UrlBuilder;'
#   at t/00-compile.t line 29.
#     Tried to use 'Data::Pipeline::Adapter::UrlBuilder'.
#     Error:  Could not find an attribute by the name of 'source' to inherit from in Data::Pipeline::Adapter::UrlBuilder at /home/bri/perl5/perlbrew/perls/perl-5.15.4-th/lib/site_perl/5.15.4/i686-linux-thread-multi/Moose/Meta/Class.pm line 711
# 	Moose::Meta::Class::_process_inherited_attribute('Moose::Meta::Class=HASH(0xb0ade68)', 'source', 'default', 'CODE(0xb0dd8d8)', 'definition_context', 'HASH(0xb0d1100)') called at /home/bri/perl5/perlbrew/perls/perl-5.15.4-th/lib/site_perl/5.15.4/i686-linux-thread-multi/Moose/Meta/Class.pm line 694
# 	Moose::Meta::Class::_process_attribute('Moose::Meta::Class=HASH(0xb0ade68)', '+source', 'default', 'CODE(0xb0dd8d8)', 'definition_context', 'HASH(0xb0d1100)') called at /home/bri/perl5/perlbrew/perls/perl-5.15.4-th/lib/site_perl/5.15.4/i686-linux-thread-multi/Moose/Meta/Class.pm line 566
# 	Moose::Meta::Class::add_attribute('Moose::Meta::Class=HASH(0xb0ade68)', '+source', 'default', 'CODE(0xb0dd8d8)', 'definition_context', 'HASH(0xb0d1100)') called at /home/bri/perl5/perlbrew/perls/perl-5.15.4-th/lib/site_perl/5.15.4/i686-linux-thread-multi/Moose.pm line 79
# 	Moose::has('Moose::Meta::Class=HASH(0xb0ade68)', '+source', 'default', 'CODE(0xb0dd8d8)') called at /home/bri/perl5/perlbrew/perls/perl-5.15.4-th/lib/site_perl/5.15.4/i686-linux-thread-multi/Moose/Exporter.pm line 370
# 	Moose::has('+source', 'default', 'CODE(0xb0dd8d8)') called at /home/bri/.cpan/build/Data-Pipeline-0.01-3lUpNP/blib/lib/Data/Pipeline/Adapter/UrlBuilder.pm line 50
# 	require Data/Pipeline/Adapter/UrlBuilder.pm called at (eval 1240) line 2
# 	main::BEGIN() called at /home/bri/.cpan/build/Data-Pipeline-0.01-3lUpNP/blib/lib/Data/Pipeline/Adapter/UrlBuilder.pm line 0
# 	eval {...} called at /home/bri/.cpan/build/Data-Pipeline-0.01-3lUpNP/blib/lib/Data/Pipeline/Adapter/UrlBuilder.pm line 0
# 	eval 'package main;
# use Data::Pipeline::Adapter::UrlBuilder @{$args[0]};
# 1;
# 
# ;' called at /home/bri/perl5/perlbrew/perls/perl-5.15.4-th/lib/5.15.4/Test/More.pm line 885
# 	Test::More::_eval('package main;\x{a}use Data::Pipeline::Adapter::UrlBuilder @{$args...', 'ARRAY(0x8acc380)') called at /home/bri/perl5/perlbrew/perls/perl-5.15.4-th/lib/5.15.4/Test/More.pm line 860
# 	Test::More::use_ok('Data::Pipeline::Adapter::UrlBuilder') called at t/00-compile.t line 29
# 	main::BEGIN() called at /home/bri/.cpan/build/Data-Pipeline-0.01-3lUpNP/blib/lib/Data/Pipeline/Adapter/UrlBuilder.pm line 0
# 	eval {...} called at /home/bri/.cpan/build/Data-Pipeline-0.01-3lUpNP/blib/lib/Data/Pipeline/Adapter/UrlBuilder.pm line 0
# Compilation failed in require at (eval 1240) line 2.
# BEGIN failed--compilation aborted at (eval 1240) line 2.
Odd number of elements in hash assignment at /home/bri/perl5/perlbrew/perls/perl-5.15.4-th/lib/site_perl/5.15.4/i686-linux-thread-multi/Moose.pm line 144.

#   Failed test 'use Data::Pipeline::Action::ForEach;'
#   at t/00-compile.t line 33.
#     Tried to use 'Data::Pipeline::Action::ForEach'.
#     Error:  Cannot call init_meta without specifying a for_class at /home/bri/perl5/perlbrew/perls/perl-5.15.4-th/lib/site_perl/5.15.4/i686-linux-thread-multi/Moose.pm line 146
# 	Moose::init_meta('Data::Pipeline::Action::ForEach', 'Data::Pipeline::Machine') called at /home/bri/.cpan/build/Data-Pipeline-0.01-3lUpNP/blib/lib/Data/Pipeline/Machine.pm line 127
# 	Data::Pipeline::Machine::import('Data::Pipeline::Machine') called at /home/bri/.cpan/build/Data-Pipeline-0.01-3lUpNP/blib/lib/Data/Pipeline/Action/ForEach.pm line 9
# 	Data::Pipeline::Action::ForEach::BEGIN() called at /home/bri/.cpan/build/Data-Pipeline-0.01-3lUpNP/blib/lib/Data/Pipeline/Action/ForEach.pm line 9
# 	eval {...} called at /home/bri/.cpan/build/Data-Pipeline-0.01-3lUpNP/blib/lib/Data/Pipeline/Action/ForEach.pm line 9
# 	require Data/Pipeline/Action/ForEach.pm called at (eval 1260) line 2
# 	main::BEGIN() called at /home/bri/.cpan/build/Data-Pipeline-0.01-3lUpNP/blib/lib/Data/Pipeline/Action/ForEach.pm line 9
# 	eval {...} called at /home/bri/.cpan/build/Data-Pipeline-0.01-3lUpNP/blib/lib/Data/Pipeline/Action/ForEach.pm line 9
# 	eval 'package main;
# use Data::Pipeline::Action::ForEach @{$args[0]};
# 1;
# 
# ;' called at /home/bri/perl5/perlbrew/perls/perl-5.15.4-th/lib/5.15.4/Test/More.pm line 885
# 	Test::More::_eval('package main;\x{a}use Data::Pipeline::Action::ForEach @{$args[0]}...', 'ARRAY(0x8acc380)') called at /home/bri/perl5/perlbrew/perls/perl-5.15.4-th/lib/5.15.4/Test/More.pm line 860
# 	Test::More::use_ok('Data::Pipeline::Action::ForEach') called at t/00-compile.t line 33
# 	main::BEGIN() called at /home/bri/.cpan/build/Data-Pipeline-0.01-3lUpNP/blib/lib/Data/Pipeline/Action/ForEach.pm line 9
# 	eval {...} called at /home/bri/.cpan/build/Data-Pipeline-0.01-3lUpNP/blib/lib/Data/Pipeline/Action/ForEach.pm line 9
# BEGIN failed--compilation aborted at /home/bri/.cpan/build/Data-Pipeline-0.01-3lUpNP/blib/lib/Data/Pipeline/Action/ForEach.pm line 9.
# Compilation failed in require at (eval 1260) line 2.
# BEGIN failed--compilation aborted at (eval 1260) line 2.
# Looks like you failed 11 tests of 28.
t/00-compile.t ......... 
Dubious, test returned 11 (wstat 2816, 0xb00)
Failed 11/28 subtests 
t/01-iteratorsource.t .. ok
t/02-iterator.t ........ ok
Odd number of elements in hash assignment at /home/bri/perl5/perlbrew/perls/perl-5.15.4-th/lib/site_perl/5.15.4/i686-linux-thread-multi/Moose.pm line 144.
Cannot call init_meta without specifying a for_class at /home/bri/perl5/perlbrew/perls/perl-5.15.4-th/lib/site_perl/5.15.4/i686-linux-thread-multi/Moose.pm line 146
	Moose::init_meta('Data::Pipeline::Iterator::Output', 'Data::Pipeline::Machine') called at /home/bri/.cpan/build/Data-Pipeline-0.01-3lUpNP/blib/lib/Data/Pipeline/Machine.pm line 127
	Data::Pipeline::Machine::import('Data::Pipeline::Machine') called at /home/bri/.cpan/build/Data-Pipeline-0.01-3lUpNP/blib/lib/Data/Pipeline/Iterator/Output.pm line 6
	Data::Pipeline::Iterator::Output::BEGIN() called at /home/bri/.cpan/build/Data-Pipeline-0.01-3lUpNP/blib/lib/Data/Pipeline/Iterator/Output.pm line 6
	eval {...} called at /home/bri/.cpan/build/Data-Pipeline-0.01-3lUpNP/blib/lib/Data/Pipeline/Iterator/Output.pm line 6
	require Data/Pipeline/Iterator/Output.pm called at /home/bri/.cpan/build/Data-Pipeline-0.01-3lUpNP/blib/lib/Data/Pipeline/Adapter.pm line 10
	Data::Pipeline::Adapter::BEGIN() called at /home/bri/.cpan/build/Data-Pipeline-0.01-3lUpNP/blib/lib/Data/Pipeline/Iterator/Output.pm line 6
	eval {...} called at /home/bri/.cpan/build/Data-Pipeline-0.01-3lUpNP/blib/lib/Data/Pipeline/Iterator/Output.pm line 6
	require Data/Pipeline/Adapter.pm called at /home/bri/perl5/perlbrew/perls/perl-5.15.4-th/lib/site_perl/5.15.4/Module/Runtime.pm line 205
	Module::Runtime::require_module('Data::Pipeline::Adapter') called at /home/bri/perl5/perlbrew/perls/perl-5.15.4-th/lib/site_perl/5.15.4/Class/Load.pm line 199
	Class::Load::__ANON__() called at /home/bri/perl5/perlbrew/perls/perl-5.15.4-th/lib/site_perl/5.15.4/Try/Tiny.pm line 71
	eval {...} called at /home/bri/perl5/perlbrew/perls/perl-5.15.4-th/lib/site_perl/5.15.4/Try/Tiny.pm line 67
	Try::Tiny::try('CODE(0xa4d4528)', 'Try::Tiny::Catch=REF(0xa432fc8)') called at /home/bri/perl5/perlbrew/perls/perl-5.15.4-th/lib/site_perl/5.15.4/Class/Load.pm line 205
	Class::Load::try_load_class('Data::Pipeline::Adapter', undef) called at /home/bri/perl5/perlbrew/perls/perl-5.15.4-th/lib/site_perl/5.15.4/Class/Load.pm line 64
	Class::Load::load_class('Data::Pipeline::Adapter', undef) called at /home/bri/perl5/perlbrew/perls/perl-5.15.4-th/lib/site_perl/5.15.4/i686-linux-thread-multi/Moose/Meta/Class.pm line 554
	Moose::Meta::Class::superclasses(undef, 'Data::Pipeline::Adapter') called at /home/bri/perl5/perlbrew/perls/perl-5.15.4-th/lib/site_perl/5.15.4/i686-linux-thread-multi/Moose.pm line 63
	Moose::extends('Moose::Meta::Class=HASH(0xa3338c8)', 'Data::Pipeline::Adapter') called at /home/bri/perl5/perlbrew/perls/perl-5.15.4-th/lib/site_perl/5.15.4/i686-linux-thread-multi/Moose/Exporter.pm line 370
	Moose::extends('Data::Pipeline::Adapter') called at /home/bri/.cpan/build/Data-Pipeline-0.01-3lUpNP/blib/lib/Data/Pipeline/Adapter/Array.pm line 4
	require Data/Pipeline/Adapter/Array.pm called at t/03-arraysource.t line 3
	main::BEGIN() called at /home/bri/.cpan/build/Data-Pipeline-0.01-3lUpNP/blib/lib/Data/Pipeline/Iterator/Output.pm line 6
	eval {...} called at /home/bri/.cpan/build/Data-Pipeline-0.01-3lUpNP/blib/lib/Data/Pipeline/Iterator/Output.pm line 6
BEGIN failed--compilation aborted at /home/bri/.cpan/build/Data-Pipeline-0.01-3lUpNP/blib/lib/Data/Pipeline/Iterator/Output.pm line 6.
Compilation failed in require at /home/bri/.cpan/build/Data-Pipeline-0.01-3lUpNP/blib/lib/Data/Pipeline/Adapter.pm line 10.
BEGIN failed--compilation aborted at /home/bri/.cpan/build/Data-Pipeline-0.01-3lUpNP/blib/lib/Data/Pipeline/Adapter.pm line 10.
Compilation failed in require at /home/bri/perl5/perlbrew/perls/perl-5.15.4-th/lib/site_perl/5.15.4/Module/Runtime.pm line 205.
 at /home/bri/perl5/perlbrew/perls/perl-5.15.4-th/lib/site_perl/5.15.4/i686-linux-thread-multi/Moose.pm line 63
Compilation failed in require at t/03-arraysource.t line 3.
BEGIN failed--compilation aborted at t/03-arraysource.t line 3.
# Looks like your test exited with 255 before it could output anything.
t/03-arraysource.t ..... 
Dubious, test returned 255 (wstat 65280, 0xff00)
Failed 21/21 subtests 
Odd number of elements in hash assignment at /home/bri/perl5/perlbrew/perls/perl-5.15.4-th/lib/site_perl/5.15.4/i686-linux-thread-multi/Moose.pm line 144.
Cannot call init_meta without specifying a for_class at /home/bri/perl5/perlbrew/perls/perl-5.15.4-th/lib/site_perl/5.15.4/i686-linux-thread-multi/Moose.pm line 146
	Moose::init_meta('Data::Pipeline::Iterator::Output', 'Data::Pipeline::Machine') called at /home/bri/.cpan/build/Data-Pipeline-0.01-3lUpNP/blib/lib/Data/Pipeline/Machine.pm line 127
	Data::Pipeline::Machine::import('Data::Pipeline::Machine') called at /home/bri/.cpan/build/Data-Pipeline-0.01-3lUpNP/blib/lib/Data/Pipeline/Iterator/Output.pm line 6
	Data::Pipeline::Iterator::Output::BEGIN() called at /home/bri/.cpan/build/Data-Pipeline-0.01-3lUpNP/blib/lib/Data/Pipeline/Iterator/Output.pm line 6
	eval {...} called at /home/bri/.cpan/build/Data-Pipeline-0.01-3lUpNP/blib/lib/Data/Pipeline/Iterator/Output.pm line 6
	require Data/Pipeline/Iterator/Output.pm called at /home/bri/.cpan/build/Data-Pipeline-0.01-3lUpNP/blib/lib/Data/Pipeline/Adapter.pm line 10
	Data::Pipeline::Adapter::BEGIN() called at /home/bri/.cpan/build/Data-Pipeline-0.01-3lUpNP/blib/lib/Data/Pipeline/Iterator/Output.pm line 6
	eval {...} called at /home/bri/.cpan/build/Data-Pipeline-0.01-3lUpNP/blib/lib/Data/Pipeline/Iterator/Output.pm line 6
	require Data/Pipeline/Adapter.pm called at /home/bri/perl5/perlbrew/perls/perl-5.15.4-th/lib/site_perl/5.15.4/Module/Runtime.pm line 205
	Module::Runtime::require_module('Data::Pipeline::Adapter') called at /home/bri/perl5/perlbrew/perls/perl-5.15.4-th/lib/site_perl/5.15.4/Class/Load.pm line 199
	Class::Load::__ANON__() called at /home/bri/perl5/perlbrew/perls/perl-5.15.4-th/lib/site_perl/5.15.4/Try/Tiny.pm line 71
	eval {...} called at /home/bri/perl5/perlbrew/perls/perl-5.15.4-th/lib/site_perl/5.15.4/Try/Tiny.pm line 67
	Try::Tiny::try('CODE(0xa8e4c80)', 'Try::Tiny::Catch=REF(0xa8cddb0)') called at /home/bri/perl5/perlbrew/perls/perl-5.15.4-th/lib/site_perl/5.15.4/Class/Load.pm line 205
	Class::Load::try_load_class('Data::Pipeline::Adapter', undef) called at /home/bri/perl5/perlbrew/perls/perl-5.15.4-th/lib/site_perl/5.15.4/Class/Load.pm line 64
	Class::Load::load_class('Data::Pipeline::Adapter', undef) called at /home/bri/perl5/perlbrew/perls/perl-5.15.4-th/lib/site_perl/5.15.4/i686-linux-thread-multi/Moose/Meta/Class.pm line 554
	Moose::Meta::Class::superclasses(undef, 'Data::Pipeline::Adapter') called at /home/bri/perl5/perlbrew/perls/perl-5.15.4-th/lib/site_perl/5.15.4/i686-linux-thread-multi/Moose.pm line 63
	Moose::extends('Moose::Meta::Class=HASH(0xa8ade70)', 'Data::Pipeline::Adapter') called at /home/bri/perl5/perlbrew/perls/perl-5.15.4-th/lib/site_perl/5.15.4/i686-linux-thread-multi/Moose/Exporter.pm line 370
	Moose::extends('Data::Pipeline::Adapter') called at /home/bri/.cpan/build/Data-Pipeline-0.01-3lUpNP/blib/lib/Data/Pipeline/Adapter/Array.pm line 4
	require Data/Pipeline/Adapter/Array.pm called at t/04-count.t line 4
	main::BEGIN() called at /home/bri/.cpan/build/Data-Pipeline-0.01-3lUpNP/blib/lib/Data/Pipeline/Iterator/Output.pm line 6
	eval {...} called at /home/bri/.cpan/build/Data-Pipeline-0.01-3lUpNP/blib/lib/Data/Pipeline/Iterator/Output.pm line 6
BEGIN failed--compilation aborted at /home/bri/.cpan/build/Data-Pipeline-0.01-3lUpNP/blib/lib/Data/Pipeline/Iterator/Output.pm line 6.
Compilation failed in require at /home/bri/.cpan/build/Data-Pipeline-0.01-3lUpNP/blib/lib/Data/Pipeline/Adapter.pm line 10.
BEGIN failed--compilation aborted at /home/bri/.cpan/build/Data-Pipeline-0.01-3lUpNP/blib/lib/Data/Pipeline/Adapter.pm line 10.
Compilation failed in require at /home/bri/perl5/perlbrew/perls/perl-5.15.4-th/lib/site_perl/5.15.4/Module/Runtime.pm line 205.
 at /home/bri/perl5/perlbrew/perls/perl-5.15.4-th/lib/site_perl/5.15.4/i686-linux-thread-multi/Moose.pm line 63
Compilation failed in require at t/04-count.t line 4.
BEGIN failed--compilation aborted at t/04-count.t line 4.
# Looks like your test exited with 255 before it could output anything.
t/04-count.t ........... 
Dubious, test returned 255 (wstat 65280, 0xff00)
Failed 3/3 subtests 
Odd number of elements in hash assignment at /home/bri/perl5/perlbrew/perls/perl-5.15.4-th/lib/site_perl/5.15.4/i686-linux-thread-multi/Moose.pm line 144.
Cannot call init_meta without specifying a for_class at /home/bri/perl5/perlbrew/perls/perl-5.15.4-th/lib/site_perl/5.15.4/i686-linux-thread-multi/Moose.pm line 146
	Moose::init_meta('Data::Pipeline::Iterator::Output', 'Data::Pipeline::Machine') called at /home/bri/.cpan/build/Data-Pipeline-0.01-3lUpNP/blib/lib/Data/Pipeline/Machine.pm line 127
	Data::Pipeline::Machine::import('Data::Pipeline::Machine') called at /home/bri/.cpan/build/Data-Pipeline-0.01-3lUpNP/blib/lib/Data/Pipeline/Iterator/Output.pm line 6
	Data::Pipeline::Iterator::Output::BEGIN() called at /home/bri/.cpan/build/Data-Pipeline-0.01-3lUpNP/blib/lib/Data/Pipeline/Iterator/Output.pm line 6
	eval {...} called at /home/bri/.cpan/build/Data-Pipeline-0.01-3lUpNP/blib/lib/Data/Pipeline/Iterator/Output.pm line 6
	require Data/Pipeline/Iterator/Output.pm called at /home/bri/.cpan/build/Data-Pipeline-0.01-3lUpNP/blib/lib/Data/Pipeline/Adapter.pm line 10
	Data::Pipeline::Adapter::BEGIN() called at /home/bri/.cpan/build/Data-Pipeline-0.01-3lUpNP/blib/lib/Data/Pipeline/Iterator/Output.pm line 6
	eval {...} called at /home/bri/.cpan/build/Data-Pipeline-0.01-3lUpNP/blib/lib/Data/Pipeline/Iterator/Output.pm line 6
	require Data/Pipeline/Adapter.pm called at /home/bri/perl5/perlbrew/perls/perl-5.15.4-th/lib/site_perl/5.15.4/Module/Runtime.pm line 205
	Module::Runtime::require_module('Data::Pipeline::Adapter') called at /home/bri/perl5/perlbrew/perls/perl-5.15.4-th/lib/site_perl/5.15.4/Class/Load.pm line 199
	Class::Load::__ANON__() called at /home/bri/perl5/perlbrew/perls/perl-5.15.4-th/lib/site_perl/5.15.4/Try/Tiny.pm line 71
	eval {...} called at /home/bri/perl5/perlbrew/perls/perl-5.15.4-th/lib/site_perl/5.15.4/Try/Tiny.pm line 67
	Try::Tiny::try('CODE(0x938cc18)', 'Try::Tiny::Catch=REF(0x9375d28)') called at /home/bri/perl5/perlbrew/perls/perl-5.15.4-th/lib/site_perl/5.15.4/Class/Load.pm line 205
	Class::Load::try_load_class('Data::Pipeline::Adapter', undef) called at /home/bri/perl5/perlbrew/perls/perl-5.15.4-th/lib/site_perl/5.15.4/Class/Load.pm line 64
	Class::Load::load_class('Data::Pipeline::Adapter', undef) called at /home/bri/perl5/perlbrew/perls/perl-5.15.4-th/lib/site_perl/5.15.4/i686-linux-thread-multi/Moose/Meta/Class.pm line 554
	Moose::Meta::Class::superclasses(undef, 'Data::Pipeline::Adapter') called at /home/bri/perl5/perlbrew/perls/perl-5.15.4-th/lib/site_perl/5.15.4/i686-linux-thread-multi/Moose.pm line 63
	Moose::extends('Moose::Meta::Class=HASH(0x9355e40)', 'Data::Pipeline::Adapter') called at /home/bri/perl5/perlbrew/perls/perl-5.15.4-th/lib/site_perl/5.15.4/i686-linux-thread-multi/Moose/Exporter.pm line 370
	Moose::extends('Data::Pipeline::Adapter') called at /home/bri/.cpan/build/Data-Pipeline-0.01-3lUpNP/blib/lib/Data/Pipeline/Adapter/Array.pm line 4
	require Data/Pipeline/Adapter/Array.pm called at t/05-truncate.t line 4
	main::BEGIN() called at /home/bri/.cpan/build/Data-Pipeline-0.01-3lUpNP/blib/lib/Data/Pipeline/Iterator/Output.pm line 6
	eval {...} called at /home/bri/.cpan/build/Data-Pipeline-0.01-3lUpNP/blib/lib/Data/Pipeline/Iterator/Output.pm line 6
BEGIN failed--compilation aborted at /home/bri/.cpan/build/Data-Pipeline-0.01-3lUpNP/blib/lib/Data/Pipeline/Iterator/Output.pm line 6.
Compilation failed in require at /home/bri/.cpan/build/Data-Pipeline-0.01-3lUpNP/blib/lib/Data/Pipeline/Adapter.pm line 10.
BEGIN failed--compilation aborted at /home/bri/.cpan/build/Data-Pipeline-0.01-3lUpNP/blib/lib/Data/Pipeline/Adapter.pm line 10.
Compilation failed in require at /home/bri/perl5/perlbrew/perls/perl-5.15.4-th/lib/site_perl/5.15.4/Module/Runtime.pm line 205.
 at /home/bri/perl5/perlbrew/perls/perl-5.15.4-th/lib/site_perl/5.15.4/i686-linux-thread-multi/Moose.pm line 63
Compilation failed in require at t/05-truncate.t line 4.
BEGIN failed--compilation aborted at t/05-truncate.t line 4.
# Looks like your test exited with 255 before it could output anything.
t/05-truncate.t ........ 
Dubious, test returned 255 (wstat 65280, 0xff00)
Failed 3/3 subtests 
Odd number of elements in hash assignment at /home/bri/perl5/perlbrew/perls/perl-5.15.4-th/lib/site_perl/5.15.4/i686-linux-thread-multi/Moose.pm line 144.
Unable to find an implementation for Array at t/06-pipeline.t line 4
BEGIN failed--compilation aborted at t/06-pipeline.t line 4.
# Looks like your test exited with 2 before it could output anything.
t/06-pipeline.t ........ 
Dubious, test returned 2 (wstat 512, 0x200)
Failed 12/12 subtests 
Odd number of elements in hash assignment at /home/bri/perl5/perlbrew/perls/perl-5.15.4-th/lib/site_perl/5.15.4/i686-linux-thread-multi/Moose.pm line 144.
Unable to find an implementation for CSV at t/07-csvsource.t line 23
BEGIN failed--compilation aborted at t/07-csvsource.t line 23.
t/07-csvsource.t ....... 
Dubious, test returned 2 (wstat 512, 0x200)
No subtests run 
Odd number of elements in hash assignment at /home/bri/perl5/perlbrew/perls/perl-5.15.4-th/lib/site_perl/5.15.4/i686-linux-thread-multi/Moose.pm line 144.
Cannot call init_meta without specifying a for_class at /home/bri/perl5/perlbrew/perls/perl-5.15.4-th/lib/site_perl/5.15.4/i686-linux-thread-multi/Moose.pm line 146
	Moose::init_meta('Data::Pipeline::Iterator::Output', 'Data::Pipeline::Machine') called at /home/bri/.cpan/build/Data-Pipeline-0.01-3lUpNP/blib/lib/Data/Pipeline/Machine.pm line 127
	Data::Pipeline::Machine::import('Data::Pipeline::Machine') called at /home/bri/.cpan/build/Data-Pipeline-0.01-3lUpNP/blib/lib/Data/Pipeline/Iterator/Output.pm line 6
	Data::Pipeline::Iterator::Output::BEGIN() called at /home/bri/.cpan/build/Data-Pipeline-0.01-3lUpNP/blib/lib/Data/Pipeline/Iterator/Output.pm line 6
	eval {...} called at /home/bri/.cpan/build/Data-Pipeline-0.01-3lUpNP/blib/lib/Data/Pipeline/Iterator/Output.pm line 6
	require Data/Pipeline/Iterator/Output.pm called at /home/bri/.cpan/build/Data-Pipeline-0.01-3lUpNP/blib/lib/Data/Pipeline/Adapter.pm line 10
	Data::Pipeline::Adapter::BEGIN() called at /home/bri/.cpan/build/Data-Pipeline-0.01-3lUpNP/blib/lib/Data/Pipeline/Iterator/Output.pm line 6
	eval {...} called at /home/bri/.cpan/build/Data-Pipeline-0.01-3lUpNP/blib/lib/Data/Pipeline/Iterator/Output.pm line 6
	require Data/Pipeline/Adapter.pm called at /home/bri/perl5/perlbrew/perls/perl-5.15.4-th/lib/site_perl/5.15.4/Module/Runtime.pm line 205
	Module::Runtime::require_module('Data::Pipeline::Adapter') called at /home/bri/perl5/perlbrew/perls/perl-5.15.4-th/lib/site_perl/5.15.4/Class/Load.pm line 199
	Class::Load::__ANON__() called at /home/bri/perl5/perlbrew/perls/perl-5.15.4-th/lib/site_perl/5.15.4/Try/Tiny.pm line 71
	eval {...} called at /home/bri/perl5/perlbrew/perls/perl-5.15.4-th/lib/site_perl/5.15.4/Try/Tiny.pm line 67
	Try::Tiny::try('CODE(0x8b83438)', 'Try::Tiny::Catch=REF(0x8b62938)') called at /home/bri/perl5/perlbrew/perls/perl-5.15.4-th/lib/site_perl/5.15.4/Class/Load.pm line 205
	Class::Load::try_load_class('Data::Pipeline::Adapter', undef) called at /home/bri/perl5/perlbrew/perls/perl-5.15.4-th/lib/site_perl/5.15.4/Class/Load.pm line 64
	Class::Load::load_class('Data::Pipeline::Adapter', undef) called at /home/bri/perl5/perlbrew/perls/perl-5.15.4-th/lib/site_perl/5.15.4/i686-linux-thread-multi/Moose/Meta/Class.pm line 554
	Moose::Meta::Class::superclasses(undef, 'Data::Pipeline::Adapter') called at /home/bri/perl5/perlbrew/perls/perl-5.15.4-th/lib/site_perl/5.15.4/i686-linux-thread-multi/Moose.pm line 63
	Moose::extends('Moose::Meta::Class=HASH(0x8b6ea90)', 'Data::Pipeline::Adapter') called at /home/bri/perl5/perlbrew/perls/perl-5.15.4-th/lib/site_perl/5.15.4/i686-linux-thread-multi/Moose/Exporter.pm line 370
	Moose::extends('Data::Pipeline::Adapter') called at /home/bri/.cpan/build/Data-Pipeline-0.01-3lUpNP/blib/lib/Data/Pipeline/Adapter/Array.pm line 4
	require Data/Pipeline/Adapter/Array.pm called at /home/bri/perl5/perlbrew/perls/perl-5.15.4-th/lib/site_perl/5.15.4/Module/Runtime.pm line 205
	Module::Runtime::require_module('Data::Pipeline::Adapter::Array') called at /home/bri/perl5/perlbrew/perls/perl-5.15.4-th/lib/site_perl/5.15.4/Class/Load.pm line 199
	Class::Load::__ANON__() called at /home/bri/perl5/perlbrew/perls/perl-5.15.4-th/lib/site_perl/5.15.4/Try/Tiny.pm line 71
	eval {...} called at /home/bri/perl5/perlbrew/perls/perl-5.15.4-th/lib/site_perl/5.15.4/Try/Tiny.pm line 67
	Try::Tiny::try('CODE(0x8b6df40)', 'Try::Tiny::Catch=REF(0x8b62d98)') called at /home/bri/perl5/perlbrew/perls/perl-5.15.4-th/lib/site_perl/5.15.4/Class/Load.pm line 205
	Class::Load::try_load_class('Data::Pipeline::Adapter::Array', undef) called at /home/bri/perl5/perlbrew/perls/perl-5.15.4-th/lib/site_perl/5.15.4/Class/Load.pm line 64
	Class::Load::load_class('Data::Pipeline::Adapter::Array') called at /home/bri/.cpan/build/Data-Pipeline-0.01-3lUpNP/blib/lib/Data/Pipeline/Types.pm line 78
	Data::Pipeline::Types::__ANON__('ARRAY(0x8255748)') called at /home/bri/perl5/perlbrew/perls/perl-5.15.4-th/lib/site_perl/5.15.4/i686-linux-thread-multi/Moose/Meta/TypeCoercion.pm line 68
	Moose::Meta::TypeCoercion::__ANON__('ARRAY(0x8255748)') called at /home/bri/perl5/perlbrew/perls/perl-5.15.4-th/lib/site_perl/5.15.4/i686-linux-thread-multi/Moose/Meta/TypeCoercion.pm line 102
	Moose::Meta::TypeCoercion::coerce('Moose::Meta::TypeCoercion=HASH(0x865a3b8)', 'ARRAY(0x8255748)') called at /home/bri/perl5/perlbrew/perls/perl-5.15.4-th/lib/site_perl/5.15.4/i686-linux-thread-multi/Moose/Meta/TypeConstraint.pm line 165
	Moose::Meta::TypeConstraint::coerce('Moose::Meta::TypeConstraint=HASH(0x8b30a28)', 'ARRAY(0x8255748)') called at /home/bri/perl5/perlbrew/perls/perl-5.15.4-th/lib/site_perl/5.15.4/MooseX/Types.pm line 145
	MooseX::Types::__ANON__('ARRAY(0x8255748)') called at t/08-types.t line 28
BEGIN failed--compilation aborted at /home/bri/.cpan/build/Data-Pipeline-0.01-3lUpNP/blib/lib/Data/Pipeline/Iterator/Output.pm line 6.
Compilation failed in require at /home/bri/.cpan/build/Data-Pipeline-0.01-3lUpNP/blib/lib/Data/Pipeline/Adapter.pm line 10.
BEGIN failed--compilation aborted at /home/bri/.cpan/build/Data-Pipeline-0.01-3lUpNP/blib/lib/Data/Pipeline/Adapter.pm line 10.
Compilation failed in require at /home/bri/perl5/perlbrew/perls/perl-5.15.4-th/lib/site_perl/5.15.4/Module/Runtime.pm line 205.
 at /home/bri/perl5/perlbrew/perls/perl-5.15.4-th/lib/site_perl/5.15.4/i686-linux-thread-multi/Moose.pm line 63
Compilation failed in require at /home/bri/perl5/perlbrew/perls/perl-5.15.4-th/lib/site_perl/5.15.4/Module/Runtime.pm line 205.
 at /home/bri/perl5/perlbrew/perls/perl-5.15.4-th/lib/site_perl/5.15.4/i686-linux-thread-multi/Moose/Meta/TypeCoercion.pm line 68
# Looks like you planned 6 tests but ran 2.
# Looks like your test exited with 255 just after 2.
t/08-types.t ........... 
Dubious, test returned 255 (wstat 65280, 0xff00)
Failed 4/6 subtests 
t/09-rename.t .......... ok
Odd number of elements in hash assignment at /home/bri/perl5/perlbrew/perls/perl-5.15.4-th/lib/site_perl/5.15.4/i686-linux-thread-multi/Moose.pm line 144.
Cannot call init_meta without specifying a for_class at /home/bri/perl5/perlbrew/perls/perl-5.15.4-th/lib/site_perl/5.15.4/i686-linux-thread-multi/Moose.pm line 146
	Moose::init_meta('My::Machine', 'Data::Pipeline::Machine') called at /home/bri/.cpan/build/Data-Pipeline-0.01-3lUpNP/blib/lib/Data/Pipeline/Machine.pm line 127
	Data::Pipeline::Machine::import('Data::Pipeline::Machine') called at t/11-machine.t line 5
	My::Machine::BEGIN() called at t/11-machine.t line 5
	eval {...} called at t/11-machine.t line 5
BEGIN failed--compilation aborted at t/11-machine.t line 5.
# Looks like your test exited with 255 before it could output anything.
t/11-machine.t ......... 
Dubious, test returned 255 (wstat 65280, 0xff00)
Failed 6/6 subtests 
Odd number of elements in hash assignment at /home/bri/perl5/perlbrew/perls/perl-5.15.4-th/lib/site_perl/5.15.4/i686-linux-thread-multi/Moose.pm line 144.
Unable to find an implementation for Array at t/12-options.t line 3
BEGIN failed--compilation aborted at t/12-options.t line 3.
# Looks like your test exited with 2 before it could output anything.
t/12-options.t ......... 
Dubious, test returned 2 (wstat 512, 0x200)
Failed 11/11 subtests 
Odd number of elements in hash assignment at /home/bri/perl5/perlbrew/perls/perl-5.15.4-th/lib/site_perl/5.15.4/i686-linux-thread-multi/Moose.pm line 144.
Unable to find an implementation for UrlBuilder at t/13-uribuilder.t line 3
BEGIN failed--compilation aborted at t/13-uribuilder.t line 3.
# Looks like your test exited with 2 before it could output anything.
t/13-uribuilder.t ...... 
Dubious, test returned 2 (wstat 512, 0x200)
Failed 2/2 subtests 
Use of uninitialized value in string eq at unkown line 735.
Use of uninitialized value in string eq at unkown line 735.
Odd number of elements in hash assignment at /home/bri/perl5/perlbrew/perls/perl-5.15.4-th/lib/site_perl/5.15.4/i686-linux-thread-multi/Moose.pm line 144.
Unable to load 'Array'
Pipeline doesn't have a source from which to get data at /home/bri/.cpan/build/Data-Pipeline-0.01-3lUpNP/blib/lib/Data/Pipeline/Aggregator/Machine.pm line 124
# Looks like your test exited with 255 before it could output anything.
t/20-script.t .......... 
Dubious, test returned 255 (wstat 65280, 0xff00)
Failed 3/3 subtests 

Test Summary Report
-------------------
t/00-compile.t       (Wstat: 2816 Tests: 28 Failed: 11)
  Failed tests:  4, 7, 10-17, 21
  Non-zero exit status: 11
t/03-arraysource.t   (Wstat: 65280 Tests: 0 Failed: 0)
  Non-zero exit status: 255
  Parse errors: Bad plan.  You planned 21 tests but ran 0.
t/04-count.t         (Wstat: 65280 Tests: 0 Failed: 0)
  Non-zero exit status: 255
  Parse errors: Bad plan.  You planned 3 tests but ran 0.
t/05-truncate.t      (Wstat: 65280 Tests: 0 Failed: 0)
  Non-zero exit status: 255
  Parse errors: Bad plan.  You planned 3 tests but ran 0.
t/06-pipeline.t      (Wstat: 512 Tests: 0 Failed: 0)
  Non-zero exit status: 2
  Parse errors: Bad plan.  You planned 12 tests but ran 0.
t/07-csvsource.t     (Wstat: 512 Tests: 0 Failed: 0)
  Non-zero exit status: 2
  Parse errors: No plan found in TAP output
t/08-types.t         (Wstat: 65280 Tests: 2 Failed: 0)
  Non-zero exit status: 255
  Parse errors: Bad plan.  You planned 6 tests but ran 2.
t/11-machine.t       (Wstat: 65280 Tests: 0 Failed: 0)
  Non-zero exit status: 255
  Parse errors: Bad plan.  You planned 6 tests but ran 0.
t/12-options.t       (Wstat: 512 Tests: 0 Failed: 0)
  Non-zero exit status: 2
  Parse errors: Bad plan.  You planned 11 tests but ran 0.
t/13-uribuilder.t    (Wstat: 512 Tests: 0 Failed: 0)
  Non-zero exit status: 2
  Parse errors: Bad plan.  You planned 2 tests but ran 0.
t/20-script.t        (Wstat: 65280 Tests: 0 Failed: 0)
  Non-zero exit status: 255
  Parse errors: Bad plan.  You planned 3 tests but ran 0.
Files=14, Tests=68,  8 wallclock secs ( 0.08 usr  0.01 sys +  7.50 cusr  0.31 csys =  7.90 CPU)
Result: FAIL
Failed 11/14 test programs. 11/68 subtests failed.
make: *** [test_dynamic] Error 255

------------------------------
PREREQUISITES
------------------------------

Prerequisite modules loaded:

requires:

    Module              Need Have  
    ------------------- ---- ------
    ExtUtils::MakeMaker 6.62 6.62  
    Moose               0.43 2.0302
    Test::More          0    0.98  

build_requires:

    Module              Need Have  
    ------------------- ---- ------
    ExtUtils::MakeMaker 0    6.62  


------------------------------
ENVIRONMENT AND OTHER CONTEXT
------------------------------

Environment variables:

    AUTOMATED_TESTING = 1
    LANG = C
    LANGUAGE = en_GB:en
    LC_ALL = C
    PATH = /home/bri/bin:/home/bri/perl5/perlbrew/bin:/home/bri/perl5/perlbrew/perls/perl-5.15.4-th/bin:~/bin:/usr/local/sbin:/usr/local/bin:/usr/sbin:/usr/bin:/sbin:/bin:/usr/games
    PATH_WITHOUT_PERLBREW = ~/bin:/usr/local/sbin:/usr/local/bin:/usr/sbin:/usr/bin:/sbin:/bin:/usr/games
    PERL5LIB = 
    PERL5OPT = 
    PERL5_CPANPLUS_IS_RUNNING = 8233
    PERL5_CPAN_IS_RUNNING = 8233
    PERL5_CPAN_IS_RUNNING_IN_RECURSION = 2134,8233
    PERLBREW_BASHRC_VERSION = 0.31
    PERLBREW_HOME = /home/bri/.perlbrew
    PERLBREW_PATH = /home/bri/perl5/perlbrew/bin:/home/bri/perl5/perlbrew/perls/perl-5.15.4-th/bin
    PERLBREW_PERL = perl-5.15.4-th
    PERLBREW_ROOT = /home/bri/perl5/perlbrew
    PERLBREW_VERSION = 0.31
    PERL_CPANM_OPT = --prompt --mirror http://172.16.1.3/cpan/
    PERL_CR_SMOKER_CURRENT = Data-Pipeline-0.01
    PERL_EXTUTILS_AUTOINSTALL = --defaultdeps
    PERL_MM_USE_DEFAULT = 1
    SHELL = /bin/bash
    TERM = linux

Perl special variables (and OS-specific diagnostics, for MSWin32):

    $^X = /home/bri/perl5/perlbrew/perls/perl-5.15.4-th/bin/perl5.15.4
    $UID/$EUID = 1000 / 1000
    $GID = 1000 4 20 24 46 112 120 122 1000
    $EGID = 1000 4 20 24 46 112 120 122 1000

Perl module toolchain versions installed:

    Module              Have    
    ------------------- --------
    CPAN                1.9800  
    CPAN::Meta          2.112621
    Cwd                 3.33    
    ExtUtils::CBuilder  0.280202
    ExtUtils::Command   1.17    
    ExtUtils::Install   1.54    
    ExtUtils::MakeMaker 6.62    
    ExtUtils::Manifest  1.60    
    ExtUtils::ParseXS   3.05    
    File::Spec          3.33    
    JSON                2.53    
    JSON::PP            2.27008 
    Module::Build       0.3800  
    Module::Signature   n/a     
    Parse::CPAN::Meta   1.4401  
    Test::Harness       3.23    
    Test::More          0.98    
    YAML                0.73    
    YAML::Syck          1.19    
    version             0.94    


--

Summary of my perl5 (revision 5 version 15 subversion 4) configuration:
   
  Platform:
    osname=linux, osvers=2.6.38-11-generic, archname=i686-linux-thread-multi
    uname='linux lappy 2.6.38-11-generic #48-ubuntu smp fri jul 29 19:05:14 utc 2011 i686 i686 i386 gnulinux '
    config_args='-de -Dprefix=/home/bri/perl5/perlbrew/perls/perl-5.15.4-th -Dusethreads -Dusedevel'
    hint=recommended, useposix=true, d_sigaction=define
    useithreads=define, usemultiplicity=define
    useperlio=define, d_sfio=undef, uselargefiles=define, usesocks=undef
    use64bitint=undef, use64bitall=undef, uselongdouble=undef
    usemymalloc=n, bincompat5005=undef
  Compiler:
    cc='cc', ccflags ='-D_REENTRANT -D_GNU_SOURCE -fno-strict-aliasing -pipe -fstack-protector -I/usr/local/include -D_LARGEFILE_SOURCE -D_FILE_OFFSET_BITS=64',
    optimize='-O2',
    cppflags='-D_REENTRANT -D_GNU_SOURCE -fno-strict-aliasing -pipe -fstack-protector -I/usr/local/include'
    ccversion='', gccversion='4.5.2', gccosandvers=''
    intsize=4, longsize=4, ptrsize=4, doublesize=8, byteorder=1234
    d_longlong=define, longlongsize=8, d_longdbl=define, longdblsize=12
    ivtype='long', ivsize=4, nvtype='double', nvsize=8, Off_t='off_t', lseeksize=8
    alignbytes=4, prototype=define
  Linker and Libraries:
    ld='cc', ldflags =' -fstack-protector -L/usr/local/lib'
    libpth=/usr/local/lib /lib /usr/lib /usr/lib/i386-linux-gnu /usr/lib64
    libs=-lnsl -ldl -lm -lcrypt -lutil -lpthread -lc
    perllibs=-lnsl -ldl -lm -lcrypt -lutil -lpthread -lc
    libc=, so=so, useshrplib=false, libperl=libperl.a
    gnulibc_version='2.13'
  Dynamic Linking:
    dlsrc=dl_dlopen.xs, dlext=so, d_dlsymun=undef, ccdlflags='-Wl,-E'
    cccdlflags='-fPIC', lddlflags='-shared -O2 -L/usr/local/lib -fstack-protector'


Characteristics of this binary (from libperl): 
  Compile-time options: HAS_TIMES MULTIPLICITY PERLIO_LAYERS
                        PERL_DONT_CREATE_GVSV PERL_IMPLICIT_CONTEXT
                        PERL_MALLOC_WRAP PERL_PRESERVE_IVUV PERL_USE_DEVEL
                        USE_ITHREADS USE_LARGE_FILES USE_LOCALE
                        USE_LOCALE_COLLATE USE_LOCALE_CTYPE
                        USE_LOCALE_NUMERIC USE_PERLIO USE_PERL_ATOF
                        USE_REENTRANT_API
  Built under linux
  Compiled at Nov  3 2011 17:34:50
  %ENV:
    PERL5LIB=""
    PERL5OPT=""
    PERL5_CPANPLUS_IS_RUNNING="8233"
    PERL5_CPAN_IS_RUNNING="8233"
    PERL5_CPAN_IS_RUNNING_IN_RECURSION="2134,8233"
    PERLBREW_BASHRC_VERSION="0.31"
    PERLBREW_HOME="/home/bri/.perlbrew"
    PERLBREW_PATH="/home/bri/perl5/perlbrew/bin:/home/bri/perl5/perlbrew/perls/perl-5.15.4-th/bin"
    PERLBREW_PERL="perl-5.15.4-th"
    PERLBREW_ROOT="/home/bri/perl5/perlbrew"
    PERLBREW_VERSION="0.31"
    PERL_CPANM_OPT="--prompt --mirror http://172.16.1.3/cpan/"
    PERL_CR_SMOKER_CURRENT="Data-Pipeline-0.01"
    PERL_EXTUTILS_AUTOINSTALL="--defaultdeps"
    PERL_MM_USE_DEFAULT="1"
  @INC:
    /home/bri/perl5/perlbrew/perls/perl-5.15.4-th/lib/site_perl/5.15.4/i686-linux-thread-multi
    /home/bri/perl5/perlbrew/perls/perl-5.15.4-th/lib/site_perl/5.15.4
    /home/bri/perl5/perlbrew/perls/perl-5.15.4-th/lib/5.15.4/i686-linux-thread-multi
    /home/bri/perl5/perlbrew/perls/perl-5.15.4-th/lib/5.15.4
    .