Catalyst-Plugin-Cache v0.12 Perl 5 v5.22.4 x86_64-linux-gnu

Status
Fail
From
Dist
Catalyst-Plugin-Cache v0.12
Platform
Perl 5 v5.22.4 x86_64-linux-gnu
Date
2019-06-02 11:09:52
ID
f1bbe62a-8526-11e9-bfac-a6816302e3a6
This distribution has been tested as part of the CPAN Testers
project, supporting the Perl programming language.  See
http://wiki.cpantesters.org/ for more information or email
questions to cpan-testers-discuss@perl.org


--
Dear BOBTFISH,

This is a computer-generated report for Catalyst-Plugin-Cache-0.12
on perl 5.22.4, created by App::cpanminus::reporter 0.17 (1.7044).

Thank you for uploading your work to CPAN.  However, there was a problem
testing your distribution.

If you think this report is invalid, please consult the CPAN Testers Wiki
for suggestions on how to avoid getting FAIL reports for missing library
or binary dependencies, unsupported operating systems, and so on:

http://wiki.cpantesters.org/wiki/CPANAuthorNotes

Sections of this report:

    * Tester comments
    * Program output
    * Prerequisites
    * Environment and other context

------------------------------
TESTER COMMENTS
------------------------------

Additional comments from tester:

none provided

------------------------------
PROGRAM OUTPUT
------------------------------

Output from '':

Building and testing Catalyst-Plugin-Cache-0.12
cp lib/Catalyst/Plugin/Cache/Choose/KeyRegexes.pm blib/lib/Catalyst/Plugin/Cache/Choose/KeyRegexes.pm
cp lib/Catalyst/Plugin/Cache/Store.pod blib/lib/Catalyst/Plugin/Cache/Store.pod
cp lib/Catalyst/Plugin/Cache/Backend/Memory.pm blib/lib/Catalyst/Plugin/Cache/Backend/Memory.pm
cp lib/Catalyst/Plugin/Cache/Curried.pm blib/lib/Catalyst/Plugin/Cache/Curried.pm
cp lib/Catalyst/Plugin/Cache/Backend.pm blib/lib/Catalyst/Plugin/Cache/Backend.pm
cp lib/Catalyst/Plugin/Cache.pm blib/lib/Catalyst/Plugin/Cache.pm
cp lib/Catalyst/Plugin/Cache/Store/Memory.pm blib/lib/Catalyst/Plugin/Cache/Store/Memory.pm
PERL_DL_NONLAZY=1 "/usr/local/bin/perl" "-MExtUtils::Command::MM" "-MTest::Harness" "-e" "undef *Test::Harness::Switches; test_harness(0, 'inc', 'blib/lib', 'blib/arch')" t/*.t
Base class package "Class::Accessor::Fast" is empty.
    (Perhaps you need to 'use' the module which defines that package first,
    or make that module available in @INC (@INC contains: CODE(0x564233a3a970) /root/.cpanm/work/1559471656.6/Catalyst-Plugin-Cache-0.12/inc /root/.cpanm/work/1559471656.6/Catalyst-Plugin-Cache-0.12/blib/lib /root/.cpanm/work/1559471656.6/Catalyst-Plugin-Cache-0.12/blib/arch /usr/local/lib/perl5/site_perl/5.22.4/x86_64-linux-gnu /usr/local/lib/perl5/site_perl/5.22.4 /usr/local/lib/perl5/vendor_perl/5.22.4/x86_64-linux-gnu /usr/local/lib/perl5/vendor_perl/5.22.4 /usr/local/lib/perl5/5.22.4/x86_64-linux-gnu /usr/local/lib/perl5/5.22.4 CODE(0x564233a3a4c0) .).
 at /root/.cpanm/work/1559471656.6/Catalyst-Plugin-Cache-0.12/blib/lib/Catalyst/Plugin/Cache/Curried.pm line 8.
BEGIN failed--compilation aborted at /root/.cpanm/work/1559471656.6/Catalyst-Plugin-Cache-0.12/blib/lib/Catalyst/Plugin/Cache/Curried.pm line 8.
Compilation failed in require at /root/.cpanm/work/1559471656.6/Catalyst-Plugin-Cache-0.12/blib/lib/Catalyst/Plugin/Cache.pm line 15.
BEGIN failed--compilation aborted at /root/.cpanm/work/1559471656.6/Catalyst-Plugin-Cache-0.12/blib/lib/Catalyst/Plugin/Cache.pm line 15.
Compilation failed in require at /usr/local/lib/perl5/5.22.4/base.pm line 137.
	...propagated at /usr/local/lib/perl5/5.22.4/base.pm line 159.
BEGIN failed--compilation aborted at t/basic.t line 15.
# Looks like your test exited with 2 before it could output anything.
t/basic.t ................. 
Dubious, test returned 2 (wstat 512, 0x200)
No subtests run 
Base class package "Class::Accessor::Fast" is empty.
    (Perhaps you need to 'use' the module which defines that package first,
    or make that module available in @INC (@INC contains: /root/.cpanm/work/1559471656.6/Catalyst-Plugin-Cache-0.12/inc /root/.cpanm/work/1559471656.6/Catalyst-Plugin-Cache-0.12/blib/lib /root/.cpanm/work/1559471656.6/Catalyst-Plugin-Cache-0.12/blib/arch /usr/local/lib/perl5/site_perl/5.22.4/x86_64-linux-gnu /usr/local/lib/perl5/site_perl/5.22.4 /usr/local/lib/perl5/vendor_perl/5.22.4/x86_64-linux-gnu /usr/local/lib/perl5/vendor_perl/5.22.4 /usr/local/lib/perl5/5.22.4/x86_64-linux-gnu /usr/local/lib/perl5/5.22.4 .).
 at /root/.cpanm/work/1559471656.6/Catalyst-Plugin-Cache-0.12/blib/lib/Catalyst/Plugin/Cache/Curried.pm line 8.
BEGIN failed--compilation aborted at /root/.cpanm/work/1559471656.6/Catalyst-Plugin-Cache-0.12/blib/lib/Catalyst/Plugin/Cache/Curried.pm line 8.
Compilation failed in require at /root/.cpanm/work/1559471656.6/Catalyst-Plugin-Cache-0.12/blib/lib/Catalyst/Plugin/Cache.pm line 15.
BEGIN failed--compilation aborted at /root/.cpanm/work/1559471656.6/Catalyst-Plugin-Cache-0.12/blib/lib/Catalyst/Plugin/Cache.pm line 15.
Compilation failed in require at /usr/local/lib/perl5/5.22.4/base.pm line 137.
	...propagated at /usr/local/lib/perl5/5.22.4/base.pm line 159.
BEGIN failed--compilation aborted at t/config_backend_class.t line 12.
t/config_backend_class.t .. 
Dubious, test returned 2 (wstat 512, 0x200)
No subtests run 
Base class package "Class::Accessor::Fast" is empty.
    (Perhaps you need to 'use' the module which defines that package first,
    or make that module available in @INC (@INC contains: /root/.cpanm/work/1559471656.6/Catalyst-Plugin-Cache-0.12/inc /root/.cpanm/work/1559471656.6/Catalyst-Plugin-Cache-0.12/blib/lib /root/.cpanm/work/1559471656.6/Catalyst-Plugin-Cache-0.12/blib/arch /usr/local/lib/perl5/site_perl/5.22.4/x86_64-linux-gnu /usr/local/lib/perl5/site_perl/5.22.4 /usr/local/lib/perl5/vendor_perl/5.22.4/x86_64-linux-gnu /usr/local/lib/perl5/vendor_perl/5.22.4 /usr/local/lib/perl5/5.22.4/x86_64-linux-gnu /usr/local/lib/perl5/5.22.4 .).
 at /root/.cpanm/work/1559471656.6/Catalyst-Plugin-Cache-0.12/blib/lib/Catalyst/Plugin/Cache/Curried.pm line 8.
BEGIN failed--compilation aborted at /root/.cpanm/work/1559471656.6/Catalyst-Plugin-Cache-0.12/blib/lib/Catalyst/Plugin/Cache/Curried.pm line 8.
Compilation failed in require at /root/.cpanm/work/1559471656.6/Catalyst-Plugin-Cache-0.12/blib/lib/Catalyst/Plugin/Cache.pm line 15.
BEGIN failed--compilation aborted at /root/.cpanm/work/1559471656.6/Catalyst-Plugin-Cache-0.12/blib/lib/Catalyst/Plugin/Cache.pm line 15.
Compilation failed in require at /usr/local/lib/perl5/5.22.4/base.pm line 137.
	...propagated at /usr/local/lib/perl5/5.22.4/base.pm line 159.
BEGIN failed--compilation aborted at t/config_guess_backend.t line 11.
# Looks like your test exited with 2 before it could output anything.
t/config_guess_backend.t .. 
Dubious, test returned 2 (wstat 512, 0x200)
No subtests run 
Base class package "Class::Accessor::Fast" is empty.
    (Perhaps you need to 'use' the module which defines that package first,
    or make that module available in @INC (@INC contains: /root/.cpanm/work/1559471656.6/Catalyst-Plugin-Cache-0.12/inc /root/.cpanm/work/1559471656.6/Catalyst-Plugin-Cache-0.12/blib/lib /root/.cpanm/work/1559471656.6/Catalyst-Plugin-Cache-0.12/blib/arch /usr/local/lib/perl5/site_perl/5.22.4/x86_64-linux-gnu /usr/local/lib/perl5/site_perl/5.22.4 /usr/local/lib/perl5/vendor_perl/5.22.4/x86_64-linux-gnu /usr/local/lib/perl5/vendor_perl/5.22.4 /usr/local/lib/perl5/5.22.4/x86_64-linux-gnu /usr/local/lib/perl5/5.22.4 .).
 at /root/.cpanm/work/1559471656.6/Catalyst-Plugin-Cache-0.12/blib/lib/Catalyst/Plugin/Cache/Curried.pm line 8.
BEGIN failed--compilation aborted at /root/.cpanm/work/1559471656.6/Catalyst-Plugin-Cache-0.12/blib/lib/Catalyst/Plugin/Cache/Curried.pm line 8.
Compilation failed in require at /root/.cpanm/work/1559471656.6/Catalyst-Plugin-Cache-0.12/blib/lib/Catalyst/Plugin/Cache.pm line 15.
BEGIN failed--compilation aborted at /root/.cpanm/work/1559471656.6/Catalyst-Plugin-Cache-0.12/blib/lib/Catalyst/Plugin/Cache.pm line 15.
Compilation failed in require at /usr/local/lib/perl5/5.22.4/base.pm line 137.
	...propagated at /usr/local/lib/perl5/5.22.4/base.pm line 159.
BEGIN failed--compilation aborted at t/currying_conf.t line 15.
t/currying_conf.t ......... 
Dubious, test returned 2 (wstat 512, 0x200)
No subtests run 
Base class package "Class::Accessor::Fast" is empty.
    (Perhaps you need to 'use' the module which defines that package first,
    or make that module available in @INC (@INC contains: CODE(0x5564d462fe48) /root/.cpanm/work/1559471656.6/Catalyst-Plugin-Cache-0.12/inc /root/.cpanm/work/1559471656.6/Catalyst-Plugin-Cache-0.12/blib/lib /root/.cpanm/work/1559471656.6/Catalyst-Plugin-Cache-0.12/blib/arch /usr/local/lib/perl5/site_perl/5.22.4/x86_64-linux-gnu /usr/local/lib/perl5/site_perl/5.22.4 /usr/local/lib/perl5/vendor_perl/5.22.4/x86_64-linux-gnu /usr/local/lib/perl5/vendor_perl/5.22.4 /usr/local/lib/perl5/5.22.4/x86_64-linux-gnu /usr/local/lib/perl5/5.22.4 CODE(0x5564d461f8e0) .).
 at /root/.cpanm/work/1559471656.6/Catalyst-Plugin-Cache-0.12/blib/lib/Catalyst/Plugin/Cache/Curried.pm line 8.
BEGIN failed--compilation aborted at /root/.cpanm/work/1559471656.6/Catalyst-Plugin-Cache-0.12/blib/lib/Catalyst/Plugin/Cache/Curried.pm line 8.
Compilation failed in require at /root/.cpanm/work/1559471656.6/Catalyst-Plugin-Cache-0.12/blib/lib/Catalyst/Plugin/Cache.pm line 15.
BEGIN failed--compilation aborted at /root/.cpanm/work/1559471656.6/Catalyst-Plugin-Cache-0.12/blib/lib/Catalyst/Plugin/Cache.pm line 15.
Compilation failed in require at /usr/local/lib/perl5/5.22.4/base.pm line 137.
	...propagated at /usr/local/lib/perl5/5.22.4/base.pm line 159.
BEGIN failed--compilation aborted at t/key_regexes.t line 15.
t/key_regexes.t ........... 
Dubious, test returned 2 (wstat 512, 0x200)
No subtests run 
t/live_app.t .............. skipped: Test::WWW::Mechanize::Catalyst is required for this test

Test Summary Report
-------------------
t/basic.t               (Wstat: 512 Tests: 0 Failed: 0)
  Non-zero exit status: 2
  Parse errors: No plan found in TAP output
t/config_backend_class.t (Wstat: 512 Tests: 0 Failed: 0)
  Non-zero exit status: 2
  Parse errors: No plan found in TAP output
t/config_guess_backend.t (Wstat: 512 Tests: 0 Failed: 0)
  Non-zero exit status: 2
  Parse errors: No plan found in TAP output
t/currying_conf.t       (Wstat: 512 Tests: 0 Failed: 0)
  Non-zero exit status: 2
  Parse errors: No plan found in TAP output
t/key_regexes.t         (Wstat: 512 Tests: 0 Failed: 0)
  Non-zero exit status: 2
  Parse errors: No plan found in TAP output
Files=6, Tests=0,  2 wallclock secs ( 0.05 usr  0.01 sys +  1.94 cusr  0.11 csys =  2.11 CPU)
Result: FAIL

------------------------------
PREREQUISITES
------------------------------

Prerequisite modules loaded:

    No requirements found

------------------------------
ENVIRONMENT AND OTHER CONTEXT
------------------------------

Environment variables:

    PATH = /usr/local/sbin:/usr/local/bin:/usr/sbin:/usr/bin:/sbin:/bin
    PERL_CPAN_REPORTER_DIR = /etc/cpanm-reporter
    TERM = xterm

Perl special variables (and OS-specific diagnostics, for MSWin32):

    EGID = 0
    EUID = 0
    EXECUTABLE_NAME = /usr/local/bin/perl
    GID = 0
    UID = 0

Perl module toolchain versions installed:

    Module              Have      
    ------------------- ----------
    CPAN                2.11_01   
    CPAN::Meta          2.150001  
    Cwd                 3.56_02   
    ExtUtils::CBuilder  0.280221  
    ExtUtils::Command   1.20_01   
    ExtUtils::Install   2.04      
    ExtUtils::MakeMaker 7.04_02   
    ExtUtils::Manifest  1.70      
    ExtUtils::ParseXS   3.35      
    File::Spec          3.56_02   
    JSON                n/a       
    JSON::PP            2.27300_01
    Module::Build       0.4229    
    Module::Signature   n/a       
    Parse::CPAN::Meta   1.4414_001
    Test::Harness       3.35_01   
    Test::More          1.302164  
    YAML                1.29      
    YAML::Syck          n/a       
    version             0.9909    


--

Summary of my perl5 (revision 5 version 22 subversion 4) configuration:
   
  Platform:
    osname=linux, osvers=4.4.0-127-generic, archname=x86_64-linux-gnu
    uname='linux 0c5eeb810b90 4.4.0-127-generic #153-ubuntu smp sat may 19 10:58:46 utc 2018 x86_64 gnulinux '
    config_args='-Darchname=x86_64-linux-gnu -Duse64bitall -Duseshrplib -Dvendorprefix=/usr/local -des'
    hint=recommended, useposix=true, d_sigaction=define
    useithreads=undef, usemultiplicity=undef
    use64bitint=define, use64bitall=define, uselongdouble=undef
    usemymalloc=n, bincompat5005=undef
  Compiler:
    cc='cc', ccflags ='-fwrapv -fno-strict-aliasing -pipe -fstack-protector-strong -I/usr/local/include -D_LARGEFILE_SOURCE -D_FILE_OFFSET_BITS=64',
    optimize='-O2',
    cppflags='-fwrapv -fno-strict-aliasing -pipe -fstack-protector-strong -I/usr/local/include'
    ccversion='', gccversion='6.3.0 20170516', gccosandvers=''
    intsize=4, longsize=8, ptrsize=8, doublesize=8, byteorder=12345678, doublekind=3
    d_longlong=define, longlongsize=8, d_longdbl=define, longdblsize=16, longdblkind=3
    ivtype='long', ivsize=8, nvtype='double', nvsize=8, Off_t='off_t', lseeksize=8
    alignbytes=8, prototype=define
  Linker and Libraries:
    ld='cc', ldflags =' -fstack-protector-strong -L/usr/local/lib'
    libpth=/usr/local/lib /usr/lib/gcc/x86_64-linux-gnu/6/include-fixed /usr/include/x86_64-linux-gnu /usr/lib /lib/x86_64-linux-gnu /lib/../lib /usr/lib/x86_64-linux-gnu /usr/lib/../lib /lib
    libs=-lpthread -lnsl -lgdbm -ldb -ldl -lm -lcrypt -lutil -lc -lgdbm_compat
    perllibs=-lpthread -lnsl -ldl -lm -lcrypt -lutil -lc
    libc=libc-2.24.so, so=so, useshrplib=true, libperl=libperl.so
    gnulibc_version='2.24'
  Dynamic Linking:
    dlsrc=dl_dlopen.xs, dlext=so, d_dlsymun=undef, ccdlflags='-Wl,-E -Wl,-rpath,/usr/local/lib/perl5/5.22.4/x86_64-linux-gnu/CORE'
    cccdlflags='-fPIC', lddlflags='-shared -O2 -L/usr/local/lib -fstack-protector-strong'


Characteristics of this binary (from libperl): 
  Compile-time options: HAS_TIMES PERLIO_LAYERS PERL_DONT_CREATE_GVSV
                        PERL_HASH_FUNC_ONE_AT_A_TIME_HARD PERL_MALLOC_WRAP
                        PERL_NEW_COPY_ON_WRITE PERL_PRESERVE_IVUV
                        USE_64_BIT_ALL USE_64_BIT_INT USE_LARGE_FILES
                        USE_LOCALE USE_LOCALE_COLLATE USE_LOCALE_CTYPE
                        USE_LOCALE_NUMERIC USE_LOCALE_TIME USE_PERLIO
                        USE_PERL_ATOF
  Built under linux
  Compiled at Jun  6 2018 02:52:14
  %ENV:
    PERL_CPAN_REPORTER_DIR="/etc/cpanm-reporter"
  @INC:
    /usr/local/lib/perl5/site_perl/5.22.4/x86_64-linux-gnu
    /usr/local/lib/perl5/site_perl/5.22.4
    /usr/local/lib/perl5/vendor_perl/5.22.4/x86_64-linux-gnu
    /usr/local/lib/perl5/vendor_perl/5.22.4
    /usr/local/lib/perl5/5.22.4/x86_64-linux-gnu
    /usr/local/lib/perl5/5.22.4
    .