Back
From: metabase:user:9820532a-708b-1014-9a05-b18a96298da1
Subject: FAIL CGI-Wiki-Formatter-UseMod-0.18 v5.15.2 FreeBSD
Date: 2011-08-31T17:16:19Z
This distribution has been tested as part of the CPAN Testers
project, supporting the Perl programming language. See
http://wiki.cpantesters.org/ for more information or email
questions to cpan-testers-discuss@perl.org
--
Dear Kake L Pugh,
This is a computer-generated report for CGI-Wiki-Formatter-UseMod-0.18
on perl 5.15.2, created by CPAN-Reporter-1.2002.
Thank you for uploading your work to CPAN. However, there was a problem
testing your distribution.
If you think this report is invalid, please consult the CPAN Testers Wiki
for suggestions on how to avoid getting FAIL reports for missing library
or binary dependencies, unsupported operating systems, and so on:
http://wiki.cpantesters.org/wiki/CPANAuthorNotes
Sections of this report:
* Tester comments
* Program output
* Prerequisites
* Environment and other context
------------------------------
TESTER COMMENTS
------------------------------
Additional comments from tester:
this report is from an automated smoke testing program
and was not reviewed by a human for accuracy
------------------------------
PROGRAM OUTPUT
------------------------------
Output from '/usr/bin/make test':
PERL_DL_NONLAZY=1 /home/test/perl5/perlbrew/perls/perl-5.15.2/bin/perl5.15.2 "-MExtUtils::Command::MM" "-e" "test_harness(0, 'blib/lib', 'blib/arch')" t/*.t
t/default_links.t ............ ok
t/encode-node-names.t ........ ok
t/linebreaks.t ............... ok
t/links.t .................... ok
t/lists.t .................... ok
t/macros.t ................... ok
Can't locate CGI/Wiki.pm in @INC (@INC contains: /usr/home/test/.cpan/build/CGI-Wiki-Formatter-UseMod-0.18-4gJpC8/blib/lib /usr/home/test/.cpan/build/CGI-Wiki-Formatter-UseMod-0.18-4gJpC8/blib/arch /home/test/perl5/perlbrew/perls/perl-5.15.2/lib/site_perl/5.15.2/amd64-freebsd /home/test/perl5/perlbrew/perls/perl-5.15.2/lib/site_perl/5.15.2 /home/test/perl5/perlbrew/perls/perl-5.15.2/lib/5.15.2/amd64-freebsd /home/test/perl5/perlbrew/perls/perl-5.15.2/lib/5.15.2 .) at t/macros_with_wiki_passed.t line 2.
BEGIN failed--compilation aborted at t/macros_with_wiki_passed.t line 2.
t/macros_with_wiki_passed.t ..
Dubious, test returned 2 (wstat 512, 0x200)
No subtests run
t/munge_node_name.t .......... ok
t/node-suffix.t .............. ok
t/paragraphs.t ............... ok
t/tables.t ................... ok
t/twf-bug.t .................. ok
# Failed test 'extended links work'
# at t/usemod.t line 107.
# '<p>This is an <a href="wiki.pl?[Extended_Link]<a href="wiki.pl?action=edit;id=Extended_Link">?</a>">Extended Link</a>.</p>
# <p>This is a lower-case <a href="wiki.pl?[Extended_Link]<a href="wiki.pl?action=edit;id=Extended_Link">?</a>">extended link</a>.</p>
# <p>This is a <a href="wiki.pl?[Extended_Link]<a href="wiki.pl?action=edit;id=Extended_Link">?</a>">titled extended link</a>.</p>
# <p>This is a <a href="wiki.pl?[Extended_Link_Two]<a href="wiki.pl?action=edit;id=Extended_Link_Two">?</a>">title with leading whitespace</a>.</p>
# <p>This is <a href="wiki.pl?[Another_Link]<a href="wiki.pl?action=edit;id=Another_Link">?</a>">another titled link</a>.</p>
# '
# doesn't match '(?^:<a href="wiki.pl\?Extended_Link">Extended Link</a>)'
# Failed test '...and are forced ucfirst'
# at t/usemod.t line 109.
# '<p>This is an <a href="wiki.pl?[Extended_Link]<a href="wiki.pl?action=edit;id=Extended_Link">?</a>">Extended Link</a>.</p>
# <p>This is a lower-case <a href="wiki.pl?[Extended_Link]<a href="wiki.pl?action=edit;id=Extended_Link">?</a>">extended link</a>.</p>
# <p>This is a <a href="wiki.pl?[Extended_Link]<a href="wiki.pl?action=edit;id=Extended_Link">?</a>">titled extended link</a>.</p>
# <p>This is a <a href="wiki.pl?[Extended_Link_Two]<a href="wiki.pl?action=edit;id=Extended_Link_Two">?</a>">title with leading whitespace</a>.</p>
# <p>This is <a href="wiki.pl?[Another_Link]<a href="wiki.pl?action=edit;id=Another_Link">?</a>">another titled link</a>.</p>
# '
# doesn't match '(?^:<a href="wiki.pl\?Extended_Link">extended link</a>)'
# Failed test '...and titles work'
# at t/usemod.t line 111.
# '<p>This is an <a href="wiki.pl?[Extended_Link]<a href="wiki.pl?action=edit;id=Extended_Link">?</a>">Extended Link</a>.</p>
# <p>This is a lower-case <a href="wiki.pl?[Extended_Link]<a href="wiki.pl?action=edit;id=Extended_Link">?</a>">extended link</a>.</p>
# <p>This is a <a href="wiki.pl?[Extended_Link]<a href="wiki.pl?action=edit;id=Extended_Link">?</a>">titled extended link</a>.</p>
# <p>This is a <a href="wiki.pl?[Extended_Link_Two]<a href="wiki.pl?action=edit;id=Extended_Link_Two">?</a>">title with leading whitespace</a>.</p>
# <p>This is <a href="wiki.pl?[Another_Link]<a href="wiki.pl?action=edit;id=Another_Link">?</a>">another titled link</a>.</p>
# '
# doesn't match '(?^:<a href="wiki.pl\?Extended_Link">titled extended link</a>)'
# Failed test '...and titled nodes with trailing whitespace are munged correctly before formatting'
# at t/usemod.t line 115.
# '<p>This is an <a href="wiki.pl?[Extended_Link]<a href="wiki.pl?action=edit;id=Extended_Link">?</a>">Extended Link</a>.</p>
# <p>This is a lower-case <a href="wiki.pl?[Extended_Link]<a href="wiki.pl?action=edit;id=Extended_Link">?</a>">extended link</a>.</p>
# <p>This is a <a href="wiki.pl?[Extended_Link]<a href="wiki.pl?action=edit;id=Extended_Link">?</a>">titled extended link</a>.</p>
# <p>This is a <a href="wiki.pl?[Extended_Link_Two]<a href="wiki.pl?action=edit;id=Extended_Link_Two">?</a>">title with leading whitespace</a>.</p>
# <p>This is <a href="wiki.pl?[Another_Link]<a href="wiki.pl?action=edit;id=Another_Link">?</a>">another titled link</a>.</p>
# '
# doesn't match '(?^:<a href="wiki.pl\?Extended_Link_Two">)'
# Looks like you failed 4 tests of 25.
t/usemod.t ...................
Dubious, test returned 4 (wstat 1024, 0x400)
Failed 4/25 subtests
Test Summary Report
-------------------
t/macros_with_wiki_passed.t (Wstat: 512 Tests: 0 Failed: 0)
Non-zero exit status: 2
Parse errors: No plan found in TAP output
t/usemod.t (Wstat: 1024 Tests: 25 Failed: 4)
Failed tests: 15-17, 19
Non-zero exit status: 4
Files=13, Tests=65, 2 wallclock secs ( 0.11 usr 0.25 sys + 0.58 cusr 0.26 csys = 1.20 CPU)
Result: FAIL
Failed 2/13 test programs. 4/65 subtests failed.
*** Error code 4
Stop in /usr/home/test/.cpan/build/CGI-Wiki-Formatter-UseMod-0.18-4gJpC8.
------------------------------
PREREQUISITES
------------------------------
Prerequisite modules loaded:
requires:
Module Need Have
-------------------- ---- ----------
HTML::PullParser 0 3.57
Test::MockObject 0.07 1.20110612
Test::More 0 0.98
Text::WikiFormat 0.71 0.79
URI::Escape 0 3.31
URI::Find::Delimited 0.02 0.02
build_requires:
Module Need Have
-------------------- ---- ----------
ExtUtils::MakeMaker 0 6.59
------------------------------
ENVIRONMENT AND OTHER CONTEXT
------------------------------
Environment variables:
AUTOMATED_TESTING = 1
LANG = C
LC_ALL = C
PATH = /home/test/perl5/perlbrew/bin:/home/test/perl5/perlbrew/perls/perl-5.15.2/bin:~/bin:/sbin:/bin:/usr/sbin:/usr/bin:/usr/games:/usr/local/sbin:/usr/local/bin:/home/test/bin
PATH_WITHOUT_PERLBREW = ~/bin:/sbin:/bin:/usr/sbin:/usr/bin:/usr/games:/usr/local/sbin:/usr/local/bin:/home/test/bin
PERL5LIB =
PERL5OPT =
PERL5_CPANPLUS_IS_RUNNING = 75556
PERL5_CPAN_IS_RUNNING = 75556
PERL5_CPAN_IS_RUNNING_IN_RECURSION = 18120,75556
PERLBREW_HOME = /home/test/.perlbrew
PERLBREW_PATH = /home/test/perl5/perlbrew/bin:/home/test/perl5/perlbrew/perls/perl-5.15.2/bin
PERLBREW_PERL = perl-5.15.2
PERLBREW_ROOT = /home/test/perl5/perlbrew
PERLBREW_VERSION = 0.28
PERL_CPANM_OPT = --prompt --mirror http://172.16.1.3/cpan/
PERL_CR_SMOKER_CURRENT = CGI-Wiki-Formatter-UseMod-0.18
PERL_EXTUTILS_AUTOINSTALL = --defaultdeps
PERL_MM_USE_DEFAULT = 1
SHELL = /usr/local/bin/bash
TERM = linux
Perl special variables (and OS-specific diagnostics, for MSWin32):
$^X = /home/test/perl5/perlbrew/perls/perl-5.15.2/bin/perl5.15.2
$UID/$EUID = 1002 / 1002
$GID = 1002 1002
$EGID = 1002 1002
Perl module toolchain versions installed:
Module Have
------------------- --------
CPAN 1.9800
CPAN::Meta 2.112150
Cwd 3.37
ExtUtils::CBuilder 0.280204
ExtUtils::Command 1.17
ExtUtils::Install 1.57
ExtUtils::MakeMaker 6.59
ExtUtils::Manifest 1.60
ExtUtils::ParseXS 3.04
File::Spec 3.34
JSON 2.53
JSON::PP 2.27200
Module::Build 0.39_01
Module::Signature 0.68
Parse::CPAN::Meta 1.4401
Test::Harness 3.23
Test::More 0.98
YAML 0.73
YAML::Syck n/a
version 0.94
--
Summary of my perl5 (revision 5 version 15 subversion 2) configuration:
Platform:
osname=freebsd, osvers=8.1-release, archname=amd64-freebsd
uname='freebsd fbsd.local 8.1-release freebsd 8.1-release #0: mon jul 19 02:36:49 utc 2010 root@mason.cse.buffalo.edu:usrobjusrsrcsysgeneric amd64 '
config_args='-de -Dprefix=/home/test/perl5/perlbrew/perls/perl-5.15.2 -Dusedevel'
hint=recommended, useposix=true, d_sigaction=define
useithreads=undef, usemultiplicity=undef
useperlio=define, d_sfio=undef, uselargefiles=define, usesocks=undef
use64bitint=define, use64bitall=define, uselongdouble=undef
usemymalloc=n, bincompat5005=undef
Compiler:
cc='cc', ccflags ='-DHAS_FPSETMASK -DHAS_FLOATINGPOINT_H -fno-strict-aliasing -pipe -fstack-protector -I/usr/local/include',
optimize='-O',
cppflags='-DHAS_FPSETMASK -DHAS_FLOATINGPOINT_H -fno-strict-aliasing -pipe -fstack-protector -I/usr/local/include'
ccversion='', gccversion='4.2.1 20070719 [FreeBSD]', gccosandvers=''
intsize=4, longsize=8, ptrsize=8, doublesize=8, byteorder=12345678
d_longlong=define, longlongsize=8, d_longdbl=define, longdblsize=16
ivtype='long', ivsize=8, nvtype='double', nvsize=8, Off_t='off_t', lseeksize=8
alignbytes=8, prototype=define
Linker and Libraries:
ld='cc', ldflags ='-Wl,-E -fstack-protector -L/usr/local/lib'
libpth=/usr/lib /usr/local/lib
libs=-lm -lcrypt -lutil -lc
perllibs=-lm -lcrypt -lutil -lc
libc=, so=so, useshrplib=false, libperl=libperl.a
gnulibc_version=''
Dynamic Linking:
dlsrc=dl_dlopen.xs, dlext=so, d_dlsymun=undef, ccdlflags=' '
cccdlflags='-DPIC -fPIC', lddlflags='-shared -L/usr/local/lib -fstack-protector'
Characteristics of this binary (from libperl):
Compile-time options: HAS_TIMES PERLIO_LAYERS PERL_DONT_CREATE_GVSV
PERL_MALLOC_WRAP PERL_PRESERVE_IVUV PERL_USE_DEVEL
USE_64_BIT_ALL USE_64_BIT_INT USE_LARGE_FILES
USE_LOCALE USE_LOCALE_COLLATE USE_LOCALE_CTYPE
USE_LOCALE_NUMERIC USE_PERLIO USE_PERL_ATOF
Built under freebsd
Compiled at Aug 25 2011 14:21:18
%ENV:
PERL5LIB=""
PERL5OPT=""
PERL5_CPANPLUS_IS_RUNNING="75556"
PERL5_CPAN_IS_RUNNING="75556"
PERL5_CPAN_IS_RUNNING_IN_RECURSION="18120,75556"
PERLBREW_HOME="/home/test/.perlbrew"
PERLBREW_PATH="/home/test/perl5/perlbrew/bin:/home/test/perl5/perlbrew/perls/perl-5.15.2/bin"
PERLBREW_PERL="perl-5.15.2"
PERLBREW_ROOT="/home/test/perl5/perlbrew"
PERLBREW_VERSION="0.28"
PERL_CPANM_OPT="--prompt --mirror http://172.16.1.3/cpan/"
PERL_CR_SMOKER_CURRENT="CGI-Wiki-Formatter-UseMod-0.18"
PERL_EXTUTILS_AUTOINSTALL="--defaultdeps"
PERL_MM_USE_DEFAULT="1"
@INC:
/home/test/perl5/perlbrew/perls/perl-5.15.2/lib/site_perl/5.15.2/amd64-freebsd
/home/test/perl5/perlbrew/perls/perl-5.15.2/lib/site_perl/5.15.2
/home/test/perl5/perlbrew/perls/perl-5.15.2/lib/5.15.2/amd64-freebsd
/home/test/perl5/perlbrew/perls/perl-5.15.2/lib/5.15.2
.