App-perlmv v0.604 Perl 5 v5.35.1 x86_64-linux-thread-multi

Status
Fail
From
Andreas J. König (ANDK)
Dist
App-perlmv v0.604
Platform
Perl 5 v5.35.1 x86_64-linux-thread-multi
Date
2021-06-14 07:27:15
ID
f12f1c0e-cce1-11eb-9f80-cac608c057d4
This distribution has been tested as part of the CPAN Testers
project, supporting the Perl programming language.  See
http://wiki.cpantesters.org/ for more information or email
questions to cpan-testers-discuss@perl.org


--
Dear perlancar,

This is a computer-generated report for App-perlmv-0.604
on perl 5.35.1, created by CPAN-Reporter-1.2018.

Thank you for uploading your work to CPAN.  However, there was a problem
testing your distribution.

If you think this report is invalid, please consult the CPAN Testers Wiki
for suggestions on how to avoid getting FAIL reports for missing library
or binary dependencies, unsupported operating systems, and so on:

http://wiki.cpantesters.org/wiki/CPANAuthorNotes

Sections of this report:

    * Tester comments
    * Program output
    * Prerequisites
    * Environment and other context

------------------------------
TESTER COMMENTS
------------------------------

Additional comments from tester:

this report is from an automated smoke testing program
and was not reviewed by a human for accuracy

------------------------------
PROGRAM OUTPUT
------------------------------

Output from '/usr/bin/make test':

PERL_DL_NONLAZY=1 "/tmp/basesmoker-reloperl-bqbr/bin/perl" "-MExtUtils::Command::MM" "-MTest::Harness" "-e" "undef *Test::Harness::Switches; test_harness(0, 'blib/lib', 'blib/arch')" t/*.t
t/00-compile.t ........................... ok
t/author-critic.t ........................ skipped: these tests are for testing by the author
t/author-pod-coverage.t .................. skipped: these tests are for testing by the author
t/author-pod-syntax.t .................... skipped: these tests are for testing by the author
Can't locate App/perlmv.pm in @INC (you may need to install the App::perlmv module) (@INC contains: /home/sand/src/perl/repoperls/installed-perls/host/k93msid/v5.35.0-128-g7db2b62c4f/1e0c/lib/site_perl/5.35.1/x86_64-linux-thread-multi /home/sand/src/perl/repoperls/installed-perls/host/k93msid/v5.35.0-128-g7db2b62c4f/1e0c/lib/site_perl/5.35.1 /home/sand/src/perl/repoperls/installed-perls/host/k93msid/v5.35.0-128-g7db2b62c4f/1e0c/lib/5.35.1/x86_64-linux-thread-multi /home/sand/src/perl/repoperls/installed-perls/host/k93msid/v5.35.0-128-g7db2b62c4f/1e0c/lib/5.35.1 .) at /tmp/loop_over_bdir-1133986-YP52xG/App-perlmv-0.604-0/t/../script/perlcp line 8.
BEGIN failed--compilation aborted at /tmp/loop_over_bdir-1133986-YP52xG/App-perlmv-0.604-0/t/../script/perlcp line 8.
Can't system(/tmp/basesmoker-reloperl-bqbr/bin/perl /tmp/loop_over_bdir-1133986-YP52xG/App-perlmv-0.604-0/t/../script/perlcp -e $_++ 1 2 3): 512 at /tmp/loop_over_bdir-1133986-YP52xG/App-perlmv-0.604-0/t/testlib.pl line 117.
cannot remove path when cwd is /tmp/jTYkS5Ud3y/rand21643580 for /tmp/jTYkS5Ud3y:  at /home/sand/src/perl/repoperls/installed-perls/host/k93msid/v5.35.0-128-g7db2b62c4f/1e0c/lib/5.35.1/File/Temp.pm line 921.
# Looks like your test exited with 25 just after 1.
t/cp.t ................................... 
Dubious, test returned 25 (wstat 6400, 0x1900)
Failed 1/2 subtests 
Can't locate App/perlmv.pm in @INC (you may need to install the App::perlmv module) (@INC contains: /home/sand/src/perl/repoperls/installed-perls/host/k93msid/v5.35.0-128-g7db2b62c4f/1e0c/lib/site_perl/5.35.1/x86_64-linux-thread-multi /home/sand/src/perl/repoperls/installed-perls/host/k93msid/v5.35.0-128-g7db2b62c4f/1e0c/lib/site_perl/5.35.1 /home/sand/src/perl/repoperls/installed-perls/host/k93msid/v5.35.0-128-g7db2b62c4f/1e0c/lib/5.35.1/x86_64-linux-thread-multi /home/sand/src/perl/repoperls/installed-perls/host/k93msid/v5.35.0-128-g7db2b62c4f/1e0c/lib/5.35.1 .) at /tmp/loop_over_bdir-1133986-YP52xG/App-perlmv-0.604-0/t/../script/perlln line 8.
BEGIN failed--compilation aborted at /tmp/loop_over_bdir-1133986-YP52xG/App-perlmv-0.604-0/t/../script/perlln line 8.
Can't system(/tmp/basesmoker-reloperl-bqbr/bin/perl /tmp/loop_over_bdir-1133986-YP52xG/App-perlmv-0.604-0/t/../script/perlln -e $_++ 1 2 3): 512 at /tmp/loop_over_bdir-1133986-YP52xG/App-perlmv-0.604-0/t/testlib.pl line 117.
cannot remove path when cwd is /tmp/VPaXeRtpbZ/rand17768945 for /tmp/VPaXeRtpbZ:  at /home/sand/src/perl/repoperls/installed-perls/host/k93msid/v5.35.0-128-g7db2b62c4f/1e0c/lib/5.35.1/File/Temp.pm line 921.
# Looks like your test exited with 25 just after 1.
t/ln.t ................................... 
Dubious, test returned 25 (wstat 6400, 0x1900)
Failed 1/2 subtests 
Can't locate App/perlmv.pm in @INC (you may need to install the App::perlmv module) (@INC contains: /home/sand/src/perl/repoperls/installed-perls/host/k93msid/v5.35.0-128-g7db2b62c4f/1e0c/lib/site_perl/5.35.1/x86_64-linux-thread-multi /home/sand/src/perl/repoperls/installed-perls/host/k93msid/v5.35.0-128-g7db2b62c4f/1e0c/lib/site_perl/5.35.1 /home/sand/src/perl/repoperls/installed-perls/host/k93msid/v5.35.0-128-g7db2b62c4f/1e0c/lib/5.35.1/x86_64-linux-thread-multi /home/sand/src/perl/repoperls/installed-perls/host/k93msid/v5.35.0-128-g7db2b62c4f/1e0c/lib/5.35.1 .) at /tmp/loop_over_bdir-1133986-YP52xG/App-perlmv-0.604-0/t/../script/perlln_s line 8.
BEGIN failed--compilation aborted at /tmp/loop_over_bdir-1133986-YP52xG/App-perlmv-0.604-0/t/../script/perlln_s line 8.
Can't system(/tmp/basesmoker-reloperl-bqbr/bin/perl /tmp/loop_over_bdir-1133986-YP52xG/App-perlmv-0.604-0/t/../script/perlln_s -e $_++ 1 2 3): 512 at /tmp/loop_over_bdir-1133986-YP52xG/App-perlmv-0.604-0/t/testlib.pl line 117.
cannot remove path when cwd is /tmp/HF55FeoLNE/rand27918408 for /tmp/HF55FeoLNE:  at /home/sand/src/perl/repoperls/installed-perls/host/k93msid/v5.35.0-128-g7db2b62c4f/1e0c/lib/5.35.1/File/Temp.pm line 921.
# Looks like your test exited with 25 just after 4.
t/ln_s.t ................................. 
Dubious, test returned 25 (wstat 6400, 0x1900)
Failed 4/8 subtests 
t/mv.t ................................... ok
t/recursive.t ............................ skipped: TODO
t/release-rinci.t ........................ skipped: these tests are for release candidate testing
Can't locate App/perlmv.pm in @INC (you may need to install the App::perlmv module) (@INC contains: /home/sand/src/perl/repoperls/installed-perls/host/k93msid/v5.35.0-128-g7db2b62c4f/1e0c/lib/site_perl/5.35.1/x86_64-linux-thread-multi /home/sand/src/perl/repoperls/installed-perls/host/k93msid/v5.35.0-128-g7db2b62c4f/1e0c/lib/site_perl/5.35.1 /home/sand/src/perl/repoperls/installed-perls/host/k93msid/v5.35.0-128-g7db2b62c4f/1e0c/lib/5.35.1/x86_64-linux-thread-multi /home/sand/src/perl/repoperls/installed-perls/host/k93msid/v5.35.0-128-g7db2b62c4f/1e0c/lib/5.35.1 .) at /tmp/loop_over_bdir-1133986-YP52xG/App-perlmv-0.604-0/t/../script/perlrename line 8.
BEGIN failed--compilation aborted at /tmp/loop_over_bdir-1133986-YP52xG/App-perlmv-0.604-0/t/../script/perlrename line 8.
Can't system(/tmp/basesmoker-reloperl-bqbr/bin/perl /tmp/loop_over_bdir-1133986-YP52xG/App-perlmv-0.604-0/t/../script/perlrename -e $_*4 1 2 3): 512 at /tmp/loop_over_bdir-1133986-YP52xG/App-perlmv-0.604-0/t/testlib.pl line 117.
cannot remove path when cwd is /tmp/JKLN9gxNvt/rand87834812 for /tmp/JKLN9gxNvt:  at /home/sand/src/perl/repoperls/installed-perls/host/k93msid/v5.35.0-128-g7db2b62c4f/1e0c/lib/5.35.1/File/Temp.pm line 921.
# Looks like your test exited with 25 just after 1.
t/rename.t ............................... 
Dubious, test returned 25 (wstat 6400, 0x1900)
Failed 26/27 subtests 
Can't locate App/perlmv.pm in @INC (you may need to install the App::perlmv module) (@INC contains: /home/sand/src/perl/repoperls/installed-perls/host/k93msid/v5.35.0-128-g7db2b62c4f/1e0c/lib/site_perl/5.35.1/x86_64-linux-thread-multi /home/sand/src/perl/repoperls/installed-perls/host/k93msid/v5.35.0-128-g7db2b62c4f/1e0c/lib/site_perl/5.35.1 /home/sand/src/perl/repoperls/installed-perls/host/k93msid/v5.35.0-128-g7db2b62c4f/1e0c/lib/5.35.1/x86_64-linux-thread-multi /home/sand/src/perl/repoperls/installed-perls/host/k93msid/v5.35.0-128-g7db2b62c4f/1e0c/lib/5.35.1 .) at /tmp/loop_over_bdir-1133986-YP52xG/App-perlmv-0.604-0/t/../script/perlrename line 8.
BEGIN failed--compilation aborted at /tmp/loop_over_bdir-1133986-YP52xG/App-perlmv-0.604-0/t/../script/perlrename line 8.
Can't system(/tmp/basesmoker-reloperl-bqbr/bin/perl /tmp/loop_over_bdir-1133986-YP52xG/App-perlmv-0.604-0/t/../script/perlrename -v to-number-ext a.txt b): 512 at /tmp/loop_over_bdir-1133986-YP52xG/App-perlmv-0.604-0/t/testlib.pl line 117.
cannot remove path when cwd is /tmp/oriusMHvnp/rand64907619 for /tmp/oriusMHvnp:  at /home/sand/src/perl/repoperls/installed-perls/host/k93msid/v5.35.0-128-g7db2b62c4f/1e0c/lib/5.35.1/File/Temp.pm line 921.
# Looks like your test exited with 25 just after 1.
t/scriptlets.t ........................... 
Dubious, test returned 25 (wstat 6400, 0x1900)
Failed 5/6 subtests 
t/std_scriptlets-dedup-space.t ........... ok
t/std_scriptlets-keep-one-ext.t .......... ok
t/std_scriptlets-pinyin.t ................ ok
t/std_scriptlets-remove-all-ext.t ........ ok
t/std_scriptlets-remove-common-prefix.t .. ok
t/std_scriptlets-remove-common-suffix.t .. ok
t/std_scriptlets-remove-ext.t ............ ok
t/std_scriptlets-to-number-ext.t ......... ok
t/std_scriptlets-to-number.t ............. ok
t/std_scriptlets-to-timestamp-ext.t ...... ok
t/std_scriptlets-to-timestamp.t .......... ok
t/std_scriptlets-trim.t .................. ok
unac_string: Useless use of function in void context
 at (eval 16) line 4.
unac_string: Useless use of function in void context
 at (eval 11) line 4.
t/std_scriptlets-unaccent.t .............. ok

Test Summary Report
-------------------
t/cp.t                                 (Wstat: 6400 Tests: 1 Failed: 0)
  Non-zero exit status: 25
  Parse errors: Bad plan.  You planned 2 tests but ran 1.
t/ln.t                                 (Wstat: 6400 Tests: 1 Failed: 0)
  Non-zero exit status: 25
  Parse errors: Bad plan.  You planned 2 tests but ran 1.
t/ln_s.t                               (Wstat: 6400 Tests: 4 Failed: 0)
  Non-zero exit status: 25
  Parse errors: Bad plan.  You planned 8 tests but ran 4.
t/rename.t                             (Wstat: 6400 Tests: 1 Failed: 0)
  Non-zero exit status: 25
  Parse errors: Bad plan.  You planned 27 tests but ran 1.
t/scriptlets.t                         (Wstat: 6400 Tests: 1 Failed: 0)
  Non-zero exit status: 25
  Parse errors: Bad plan.  You planned 6 tests but ran 1.
Files=25, Tests=49,  3 wallclock secs ( 0.04 usr  0.08 sys +  2.20 cusr  0.73 csys =  3.05 CPU)
Result: FAIL
Failed 5/25 test programs. 0/49 subtests failed.
make: *** [Makefile:968: test_dynamic] Error 255

------------------------------
PREREQUISITES
------------------------------

Prerequisite modules loaded:

requires:

    Module                   Need     Have    
    ------------------------ -------- --------
    Complete::File           0.440    0.443   
    Complete::Util           0.608    0.611   
    Cwd                      0        3.81    
    Exporter                 5.57     5.76    
    File::Copy               0        2.36    
    File::Find               0        1.39    
    File::MoreUtil           0.624    0.624   
    File::Path               2.07     2.18    
    File::Slurper            0        0.012   
    File::Spec               0        3.81    
    Getopt::Long::Complete   0        0.315   
    Module::List::Tiny       0        0.004003
    perl                     5.010001 5.035001
    strict                   0        1.12    
    vars                     0        1.05    
    warnings                 0        1.51    

build_requires:

    Module                   Need     Have    
    ------------------------ -------- --------
    ExtUtils::MakeMaker      0        7.62    
    File::Spec               0        3.81    
    File::Temp               0.2307   0.2311  
    FindBin                  0        1.52    
    IO::Handle               0        1.47    
    IPC::Open3               0        1.21    
    Test::Exception          0        0.43    
    Test::More               0.98     1.302185
    Test::Needs              0        0.002009

configure_requires:

    Module                   Need     Have    
    ------------------------ -------- --------
    ExtUtils::MakeMaker      0        7.62    

opt_requires:

    Module                   Need     Have    
    ------------------------ -------- --------
    File::HomeDir            0        1.006   
    Lingua::Han::PinYin      0        0.23    
    Text::Unaccent::PurePerl 0        0.05    


------------------------------
ENVIRONMENT AND OTHER CONTEXT
------------------------------

Environment variables:

    AUTOMATED_TESTING = 1
    LANG = en_US.UTF-8
    PATH = /home/sand/bin:/usr/local/bin:/usr/bin:/bin:/usr/games:/usr/local/perl/bin:/usr/X11/bin:/sbin:/usr/sbin
    PERL5LIB = 
    PERL5OPT = 
    PERL5_CPANPLUS_IS_RUNNING = 2705396
    PERL5_CPAN_IS_RUNNING = 2705396
    PERL_CANARY_STABILITY_NOPROMPT = 1
    PERL_MM_USE_DEFAULT = 1
    PERL_USE_UNSAFE_INC = 1
    SHELL = /usr/bin/zsh
    TERM = screen

Perl special variables (and OS-specific diagnostics, for MSWin32):

    $^X = /tmp/basesmoker-reloperl-bqbr/bin/perl
    $UID/$EUID = 1005 / 1005
    $GID = 1005 1005
    $EGID = 1005 1005

Perl module toolchain versions installed:

    Module              Have    
    ------------------- --------
    CPAN                2.28    
    CPAN::Meta          2.150010
    Cwd                 3.81    
    ExtUtils::CBuilder  0.280236
    ExtUtils::Command   7.62    
    ExtUtils::Install   2.20    
    ExtUtils::MakeMaker 7.62    
    ExtUtils::Manifest  1.73    
    ExtUtils::ParseXS   3.43    
    File::Spec          3.81    
    JSON                4.03    
    JSON::PP            4.06    
    Module::Build       0.4231  
    Module::Signature   0.87    
    Parse::CPAN::Meta   2.150010
    Test::Harness       3.43    
    Test::More          1.302185
    YAML                1.30    
    YAML::Syck          1.34    
    version             0.9929  


--

Summary of my perl5 (revision 5 version 35 subversion 1) configuration:
  Commit id: 7db2b62c4fe1c3f09543a7b0141a489dd7577911
  Platform:
    osname=linux
    osvers=5.3.0-2-amd64
    archname=x86_64-linux-thread-multi
    uname='linux k93msid 5.3.0-2-amd64 #1 smp debian 5.3.9-3 (2019-11-19) x86_64 gnulinux '
    config_args='-Dprefix=/home/sand/src/perl/repoperls/installed-perls/host/k93msid/v5.35.0-128-g7db2b62c4f/1e0c -Dmyhostname=k93msid -Dinstallusrbinperl=n -Uversiononly -Dusedevel -des -Ui_db -Dlibswanted=cl pthread socket inet nsl gdbm dbm malloc dl ld sun m crypt sec util c cposix posix ucb BSD gdbm_compat -Duseithreads -Uuselongdouble -DEBUGGING=-g'
    hint=recommended
    useposix=true
    d_sigaction=define
    useithreads=define
    usemultiplicity=define
    use64bitint=define
    use64bitall=define
    uselongdouble=undef
    usemymalloc=n
    default_inc_excludes_dot=define
  Compiler:
    cc='cc'
    ccflags ='-D_REENTRANT -D_GNU_SOURCE -fwrapv -fno-strict-aliasing -pipe -fstack-protector-strong -I/usr/local/include -D_LARGEFILE_SOURCE -D_FILE_OFFSET_BITS=64 -D_FORTIFY_SOURCE=2'
    optimize='-O2 -g'
    cppflags='-D_REENTRANT -D_GNU_SOURCE -fwrapv -fno-strict-aliasing -pipe -fstack-protector-strong -I/usr/local/include'
    ccversion=''
    gccversion='9.2.1 20191109'
    gccosandvers=''
    intsize=4
    longsize=8
    ptrsize=8
    doublesize=8
    byteorder=12345678
    doublekind=3
    d_longlong=define
    longlongsize=8
    d_longdbl=define
    longdblsize=16
    longdblkind=3
    ivtype='long'
    ivsize=8
    nvtype='double'
    nvsize=8
    Off_t='off_t'
    lseeksize=8
    alignbytes=8
    prototype=define
  Linker and Libraries:
    ld='cc'
    ldflags =' -fstack-protector-strong -L/usr/local/lib'
    libpth=/usr/local/lib /usr/lib/x86_64-linux-gnu /usr/lib /lib/x86_64-linux-gnu /lib
    libs=-lpthread -lnsl -ldl -lm -lcrypt -lutil -lc
    perllibs=-lpthread -lnsl -ldl -lm -lcrypt -lutil -lc
    libc=libc-2.29.so
    so=so
    useshrplib=false
    libperl=libperl.a
    gnulibc_version='2.29'
  Dynamic Linking:
    dlsrc=dl_dlopen.xs
    dlext=so
    d_dlsymun=undef
    ccdlflags='-Wl,-E'
    cccdlflags='-fPIC'
    lddlflags='-shared -O2 -g -L/usr/local/lib -fstack-protector-strong'


Characteristics of this binary (from libperl): 
  Compile-time options:
    HAS_TIMES
    MULTIPLICITY
    PERLIO_LAYERS
    PERL_COPY_ON_WRITE
    PERL_DONT_CREATE_GVSV
    PERL_MALLOC_WRAP
    PERL_OP_PARENT
    PERL_PRESERVE_IVUV
    PERL_USE_DEVEL
    USE_64_BIT_ALL
    USE_64_BIT_INT
    USE_ITHREADS
    USE_LARGE_FILES
    USE_LOCALE
    USE_LOCALE_COLLATE
    USE_LOCALE_CTYPE
    USE_LOCALE_NUMERIC
    USE_LOCALE_TIME
    USE_PERLIO
    USE_PERL_ATOF
    USE_REENTRANT_API
    USE_THREAD_SAFE_LOCALE
  Built under linux
  Compiled at Jun 12 2021 15:42:29
  %ENV:
    PERL5LIB=""
    PERL5OPT=""
    PERL5_CPANPLUS_IS_RUNNING="2705396"
    PERL5_CPAN_IS_RUNNING="2705396"
    PERL_CANARY_STABILITY_NOPROMPT="1"
    PERL_MM_USE_DEFAULT="1"
    PERL_USE_UNSAFE_INC="1"
  @INC:
    /home/sand/src/perl/repoperls/installed-perls/host/k93msid/v5.35.0-128-g7db2b62c4f/1e0c/lib/site_perl/5.35.1/x86_64-linux-thread-multi
    /home/sand/src/perl/repoperls/installed-perls/host/k93msid/v5.35.0-128-g7db2b62c4f/1e0c/lib/site_perl/5.35.1
    /home/sand/src/perl/repoperls/installed-perls/host/k93msid/v5.35.0-128-g7db2b62c4f/1e0c/lib/5.35.1/x86_64-linux-thread-multi
    /home/sand/src/perl/repoperls/installed-perls/host/k93msid/v5.35.0-128-g7db2b62c4f/1e0c/lib/5.35.1
    .