Promises v1.04 Perl 5 v5.37.6 amd64-freebsd

Status
Fail
From
Slaven Rezić
Dist
Promises v1.04
Platform
Perl 5 v5.37.6 amd64-freebsd
Date
2023-02-18 20:29:28
ID
f1073860-afca-11ed-bdd9-fe416e8775ea
This distribution has been tested as part of the CPAN Testers
project, supporting the Perl programming language.  See
http://wiki.cpantesters.org/ for more information or email
questions to cpan-testers-discuss@perl.org


--
Dear Yanick Champoux,

This is a computer-generated report for Promises-1.04
on perl 5.37.6, created by CPAN-Reporter-1.2018.

Thank you for uploading your work to CPAN.  However, there was a problem
testing your distribution.

If you think this report is invalid, please consult the CPAN Testers Wiki
for suggestions on how to avoid getting FAIL reports for missing library
or binary dependencies, unsupported operating systems, and so on:

http://wiki.cpantesters.org/wiki/CPANAuthorNotes

Sections of this report:

    * Tester comments
    * Program output
    * Prerequisites
    * Environment and other context

------------------------------
TESTER COMMENTS
------------------------------

Additional comments from tester:

none provided

------------------------------
PROGRAM OUTPUT
------------------------------

Output from '/usr/bin/make test':

PERL_DL_NONLAZY=1 "/usr/perl5.37.6p/bin/perl5.37.6" "-MExtUtils::Command::MM" "-MTest::Harness" "-e" "undef *Test::Harness::Switches; test_harness(0, 'blib/lib', 'blib/arch')" t/*.t
t/00-compile.t ................... ok
# 
# Versions for all modules listed in MYMETA.json (including optional ones):
# 
# === Configure Requires ===
# 
#     Module              Want Have
#     ------------------- ---- ----
#     ExtUtils::MakeMaker  any 7.64
# 
# === Configure Suggests ===
# 
#     Module      Want Have
#     -------- ------- ----
#     JSON::PP 2.27300 4.12
# 
# === Build Requires ===
# 
#     Module              Want Have
#     ------------------- ---- ----
#     ExtUtils::MakeMaker  any 7.64
# 
# === Test Requires ===
# 
#     Module              Want     Have
#     ------------------- ---- --------
#     ExtUtils::MakeMaker  any     7.64
#     File::Spec           any     3.87
#     IO::Handle           any     1.51
#     IPC::Open3           any     1.22
#     Test::Exception      any     0.43
#     Test::Fatal          any    0.016
#     Test::More          0.89 1.302191
#     Test::Pod            any     1.52
#     Test::Requires       any     0.11
#     Test::Warn           any     0.37
#     lib                  any     0.65
# 
# === Test Recommends ===
# 
#     Module         Want     Have
#     ---------- -------- --------
#     CPAN::Meta 2.120900 2.150010
# 
# === Runtime Requires ===
# 
#     Module          Want  Have
#     --------------- ---- -----
#     Carp             any  1.54
#     Data::Dumper     any 2.187
#     Exporter         any  5.77
#     Module::Runtime  any 0.016
#     Scalar::Util     any  1.63
#     Sub::Attribute   any  0.07
#     Sub::Exporter    any 0.988
#     constant         any  1.33
#     parent           any 0.238
#     strict           any  1.12
#     warnings         any  1.61
# 
t/00-report-prereqs.t ............ ok
t/000-load.t ..................... ok
t/001-basic.t .................... skipped: Test requires module 'AnyEvent' but it's not found
t/002-multiples.t ................ skipped: Test requires module 'AnyEvent' but it's not found
t/003-post-resolve-then.t ........ skipped: Test requires module 'AnyEvent' but it's not found
t/004-error.t .................... skipped: Test requires module 'AnyEvent' but it's not found
t/005-multiples-w-error.t ........ skipped: Test requires module 'AnyEvent' but it's not found
t/006-thenable.t ................. ok
t/007_callable.t ................. skipped: Test requires module 'AE' but it's not found
t/010-collect.t .................. ok
t/011-collect-w-error.t .......... skipped: Test requires module 'AnyEvent' but it's not found
t/012-collect_hash.t ............. skipped: Test requires module 'AnyEvent' but it's not found
t/013-collect_hash-params.t ...... ok
t/013-collect_hash-with-error.t .. skipped: Test requires module 'AnyEvent' but it's not found
t/020-chaining.t ................. skipped: Test requires module 'AnyEvent' but it's not found
t/021-chaining-errors.t .......... ok
t/025-recursion.t ................ skipped: Test requires module 'AnyEvent' but it's not found
t/030-deferred-default.t ......... ok
t/031-deferred-AE.t .............. skipped: Test requires module 'AE' but it's not found
t/031-deferred-io-async.t ........ ok
t/032-deferred-AnyEvent.t ........ skipped: Test requires module 'AnyEvent' but it's not found
t/033-deferred-EV.t .............. ok
t/034-deferred-Mojo.t ............ ok
t/040_finally.t .................. skipped: Test requires module 'AnyEvent' but it's not found
t/045-attributes.t ............... ok
t/050-exceptions-pp.t ............ skipped: Test requires module 'AnyEvent' but it's not found
t/051-exceptions-pp-anyevent.t ... skipped: Test requires module 'AnyEvent' but it's not found
t/052-exceptions-ev-anyevent.t ... skipped: Test requires module 'AnyEvent' but it's not found
Mojo::Reactor::Poll: Timer failed: Final
t/053-exceptions-mojo.t .......... ok
t/060-free-refs.t ................ ok
t/070-accepted-rejected.t ........ ok
t/080-deferred-as-sub.t .......... ok
    # Looks like you planned 6 tests but ran 5.

#   Failed test 'EV'
#   at t/090-timeout.t line 13.
# Looks like you failed 1 test of 5.
t/090-timeout.t .................. 
Dubious, test returned 1 (wstat 256, 0x100)
Failed 1/5 subtests 
	(less 2 skipped subtests: 2 okay)
t/late-warning.t ................. ok
t/warnings.t ..................... ok

Test Summary Report
-------------------
t/090-timeout.t                (Wstat: 256 (exited 1) Tests: 5 Failed: 1)
  Failed test:  5
  Non-zero exit status: 1
Files=36, Tests=72,  9 wallclock secs ( 0.09 usr  0.05 sys +  2.62 cusr  0.80 csys =  3.55 CPU)
Result: FAIL
Failed 1/36 test programs. 1/72 subtests failed.
*** Error code 255

Stop.
make: stopped in /usr/home/cpansand/.cpan/build/2022121818/Promises-1.04-0

------------------------------
PREREQUISITES
------------------------------

Prerequisite modules loaded:

requires:

    Module              Need  Have    
    ------------------- ----- --------
    Carp                0     1.54    
    constant            0     1.33    
    Data::Dumper        0     2.187   
    Exporter            0     5.77    
    Module::Runtime     0     0.016   
    parent              0     0.238   
    perl                5.006 5.037006
    Scalar::Util        0     1.63    
    strict              0     1.12    
    Sub::Attribute      0     0.07    
    Sub::Exporter       0     0.988   
    warnings            0     1.61    

build_requires:

    Module              Need  Have    
    ------------------- ----- --------
    ExtUtils::MakeMaker 0     7.64    
    File::Spec          0     3.87    
    IO::Handle          0     1.51    
    IPC::Open3          0     1.22    
    lib                 0     0.65    
    Test::Exception     0     0.43    
    Test::Fatal         0     0.016   
    Test::More          0.89  1.302191
    Test::Pod           0     1.52    
    Test::Requires      0     0.11    
    Test::Warn          0     0.37    

configure_requires:

    Module              Need  Have    
    ------------------- ----- --------
    ExtUtils::MakeMaker 0     7.64    


------------------------------
ENVIRONMENT AND OTHER CONTEXT
------------------------------

Environment variables:

    PATH = /usr/local/bin:/usr/bin:/bin:/usr/local/sbin:/usr/sbin:/sbin:/home/cpansand/bin/freebsd12.3:/home/cpansand/bin/sh:/home/cpansand/bin:/usr/games:/home/cpansand/devel:/usr/home/eserte/src/srezic-misc/scripts
    PERL5LIB = /home/cpansand/.cpan/build/2022121818/Sub-Attribute-0.07-0/blib/arch:/home/cpansand/.cpan/build/2022121818/Sub-Attribute-0.07-0/blib/lib:/home/cpansand/.cpan/build/2022121818/Class-Trigger-0.15-0/blib/arch:/home/cpansand/.cpan/build/2022121818/Class-Trigger-0.15-0/blib/lib
    PERL5OPT = 
    PERL5_CPANPLUS_IS_RUNNING = 544
    PERL5_CPAN_IS_RUNNING = 544
    PERL5_CPAN_IS_RUNNING_IN_RECURSION = 512,544
    PERLDOC = -MPod::Perldoc::ToTextOverstrike
    PERL_BATCH = yes
    PERL_CANARY_STABILITY_NOPROMPT = 1
    PERL_CPAN_REPORTER_CONFIG = /var/tmp/cpansmoker-1023/2022121818/cpanreporter_000_config.ini
    PERL_EXTUTILS_AUTOINSTALL = --defaultdeps
    PERL_USE_UNSAFE_INC = 1
    SHELL = /usr/local/bin/zsh
    TERM = screen
    TMPDIR = /var/tmp/cpansmoker-1023/2022121818

Perl special variables (and OS-specific diagnostics, for MSWin32):

    $^X = /usr/perl5.37.6p/bin/perl5.37.6
    $UID/$EUID = 1023 / 1023
    $GID = 1023 1023
    $EGID = 1023 1023

Perl module toolchain versions installed:

    Module              Have    
    ------------------- --------
    CPAN                2.34    
    CPAN::Meta          2.150010
    Cwd                 3.86    
    ExtUtils::CBuilder  0.280238
    ExtUtils::Command   7.64    
    ExtUtils::Install   2.20    
    ExtUtils::MakeMaker 7.64    
    ExtUtils::Manifest  1.73    
    ExtUtils::ParseXS   3.48    
    File::Spec          3.87    
    JSON                4.10    
    JSON::PP            4.12    
    Module::Build       0.4232  
    Module::Signature   n/a     
    Parse::CPAN::Meta   2.150010
    Test::Harness       3.44    
    Test::More          1.302191
    YAML                1.30    
    YAML::Syck          1.34    
    version             0.9929  


--

Summary of my perl5 (revision 5 version 37 subversion 6) configuration:
   
  Platform:
    osname=freebsd
    osvers=12.4-stable
    archname=amd64-freebsd
    uname='freebsd cloud1.bbbike.org 12.4-stable freebsd 12.4-stable stable12-c74589394 generic amd64 '
    config_args='-ds -e -Dprefix=/usr/perl5.37.6p -Dusedevel -Dusemallocwrap=no -Dcf_email=srezic@cpan.org -Doptimize=-O2 -pipe'
    hint=recommended
    useposix=true
    d_sigaction=define
    useithreads=undef
    usemultiplicity=undef
    use64bitint=define
    use64bitall=define
    uselongdouble=undef
    usemymalloc=n
    default_inc_excludes_dot=define
  Compiler:
    cc='cc'
    ccflags ='-DHAS_FPSETMASK -DHAS_FLOATINGPOINT_H -fno-strict-aliasing -pipe -fstack-protector-strong -I/usr/local/include'
    optimize='-O2 -pipe'
    cppflags='-DHAS_FPSETMASK -DHAS_FLOATINGPOINT_H -fno-strict-aliasing -pipe -fstack-protector-strong -I/usr/local/include'
    ccversion=''
    gccversion='FreeBSD Clang 13.0.0 (git@github.com:llvm/llvm-project.git llvmorg-13.0.0-0-gd7b669b3a303)'
    gccosandvers=''
    intsize=4
    longsize=8
    ptrsize=8
    doublesize=8
    byteorder=12345678
    doublekind=3
    d_longlong=define
    longlongsize=8
    d_longdbl=define
    longdblsize=16
    longdblkind=3
    ivtype='long'
    ivsize=8
    nvtype='double'
    nvsize=8
    Off_t='off_t'
    lseeksize=8
    alignbytes=8
    prototype=define
  Linker and Libraries:
    ld='cc'
    ldflags ='-pthread -Wl,-E  -fstack-protector-strong -L/usr/local/lib'
    libpth=/usr/lib /usr/local/lib /usr/lib/clang/13.0.0/lib
    libs=-lpthread -lgdbm -ldl -lm -lcrypt -lutil -lc
    perllibs=-lpthread -ldl -lm -lcrypt -lutil -lc
    libc=
    so=so
    useshrplib=false
    libperl=libperl.a
    gnulibc_version=''
  Dynamic Linking:
    dlsrc=dl_dlopen.xs
    dlext=so
    d_dlsymun=undef
    ccdlflags=' '
    cccdlflags='-DPIC -fPIC'
    lddlflags='-shared  -L/usr/local/lib -fstack-protector-strong'


Characteristics of this binary (from libperl): 
  Compile-time options:
    HAS_TIMES
    PERLIO_LAYERS
    PERL_COPY_ON_WRITE
    PERL_DONT_CREATE_GVSV
    PERL_HASH_FUNC_SIPHASH13
    PERL_HASH_USE_SBOX32
    PERL_OP_PARENT
    PERL_PRESERVE_IVUV
    PERL_USE_DEVEL
    PERL_USE_SAFE_PUTENV
    USE_64_BIT_ALL
    USE_64_BIT_INT
    USE_LARGE_FILES
    USE_LOCALE
    USE_LOCALE_COLLATE
    USE_LOCALE_CTYPE
    USE_LOCALE_NUMERIC
    USE_LOCALE_TIME
    USE_PERLIO
    USE_PERL_ATOF
  Built under freebsd
  Compiled at Nov 21 2022 21:42:52
  %ENV:
    PERL5LIB="/home/cpansand/.cpan/build/2022121818/Sub-Attribute-0.07-0/blib/arch:/home/cpansand/.cpan/build/2022121818/Sub-Attribute-0.07-0/blib/lib:/home/cpansand/.cpan/build/2022121818/Class-Trigger-0.15-0/blib/arch:/home/cpansand/.cpan/build/2022121818/Class-Trigger-0.15-0/blib/lib"
    PERL5OPT=""
    PERL5_CPANPLUS_IS_RUNNING="544"
    PERL5_CPAN_IS_RUNNING="544"
    PERL5_CPAN_IS_RUNNING_IN_RECURSION="512,544"
    PERLDOC="-MPod::Perldoc::ToTextOverstrike"
    PERL_BATCH="yes"
    PERL_CANARY_STABILITY_NOPROMPT="1"
    PERL_CPAN_REPORTER_CONFIG="/var/tmp/cpansmoker-1023/2022121818/cpanreporter_000_config.ini"
    PERL_EXTUTILS_AUTOINSTALL="--defaultdeps"
    PERL_USE_UNSAFE_INC="1"
  @INC:
    /home/cpansand/.cpan/build/2022121818/Sub-Attribute-0.07-0/blib/arch
    /home/cpansand/.cpan/build/2022121818/Sub-Attribute-0.07-0/blib/lib
    /home/cpansand/.cpan/build/2022121818/Class-Trigger-0.15-0/blib/arch
    /home/cpansand/.cpan/build/2022121818/Class-Trigger-0.15-0/blib/lib
    /usr/perl5.37.6p/lib/site_perl/5.37.6/amd64-freebsd
    /usr/perl5.37.6p/lib/site_perl/5.37.6
    /usr/perl5.37.6p/lib/5.37.6/amd64-freebsd
    /usr/perl5.37.6p/lib/5.37.6
    .