Report for PONAPI-Server-0.003000

Back
From: metabase:user:a0e144f2-373b-11e6-8edd-c6848980b093
Subject: FAIL PONAPI-Server-0.003000 v5.24.1 RC4 GNU/Linux
Date: 2016-10-18T12:18:13Z

This distribution has been tested as part of the CPAN Testers
project, supporting the Perl programming language.  See
http://wiki.cpantesters.org/ for more information or email
questions to cpan-testers-discuss@perl.org


--
Dear Mickey Nasriachi,

This is a computer-generated report for PONAPI-Server-0.003000
on perl 5.24.1, created by CPAN-Reporter-1.2018.

Thank you for uploading your work to CPAN.  However, there was a problem
testing your distribution.

If you think this report is invalid, please consult the CPAN Testers Wiki
for suggestions on how to avoid getting FAIL reports for missing library
or binary dependencies, unsupported operating systems, and so on:

http://wiki.cpantesters.org/wiki/CPANAuthorNotes

Sections of this report:

    * Tester comments
    * Program output
    * Prerequisites
    * Environment and other context

------------------------------
TESTER COMMENTS
------------------------------

Additional comments from tester:

this report is from an automated smoke testing program
and was not reviewed by a human for accuracy

------------------------------
PROGRAM OUTPUT
------------------------------

Output from '/usr/bin/make test':

PERL_DL_NONLAZY=1 "/home/cpan4/install/bin/perl" "-MExtUtils::Command::MM" "-MTest::Harness" "-e" "undef *Test::Harness::Switches; test_harness(0, 'blib/lib', 'blib/arch')" t/020-DAO/*.t t/030-Server/*.t t/040-utils/*.t
t/020-DAO/003-req_base.t ................. ok
t/020-DAO/005-exceptions.t ............... ok
t/020-DAO/004-parameters.t ............... ok
t/020-DAO/001-errors.t ................... ok
t/040-utils/names.t ...................... ok

    #   Failed test '... can delete as expected'
    #   at t/020-DAO/000-basic.t line 543.
    #     Structures begin differing at:
    #          $got->[0] = '204'
    #     $expected->[0] = '202'

    #   Failed test '... and the correct changes are retrieved'
    #   at t/020-DAO/000-basic.t line 600.
    #     Structures begin differing at:
    #          $got->[2]{data}{relationships}{comments}{data}[0]{id} = '5'
    #     $expected->[2]{data}{relationships}{comments}{data}[0]{id} = '12'
    # Looks like you failed 2 tests of 3.

#   Failed test '... delete_relationships'
#   at t/020-DAO/000-basic.t line 616.
# Looks like you failed 1 test of 21.
t/020-DAO/000-basic.t .................... 
Dubious, test returned 1 (wstat 256, 0x100)
Failed 1/21 subtests 
t/030-Server/001-errors.t ................ ok
t/030-Server/002-http-method-override.t .. ok

    #   Failed test '... has the right content-type'
    #   at t/030-Server/000-basic.t line 27.
    #          got: ''
    #     expected: 'application/vnd.api+json'
    # Looks like you failed 1 test of 32.

#   Failed test '... mix'
#   at t/030-Server/000-basic.t line 256.
# Looks like you failed 1 test of 6.
t/030-Server/000-basic.t ................. 
Dubious, test returned 1 (wstat 256, 0x100)
Failed 1/6 subtests 

Test Summary Report
-------------------
t/020-DAO/000-basic.t                  (Wstat: 256 Tests: 21 Failed: 1)
  Failed test:  20
  Non-zero exit status: 1
t/030-Server/000-basic.t               (Wstat: 256 Tests: 6 Failed: 1)
  Failed test:  5
  Non-zero exit status: 1
Files=9, Tests=63, 31 wallclock secs ( 0.21 usr  0.02 sys + 12.04 cusr  0.36 csys = 12.63 CPU)
Result: FAIL
Failed 2/9 test programs. 2/63 subtests failed.
Makefile:1083: recipe for target 'test_dynamic' failed
make: *** [test_dynamic] Error 1

------------------------------
PREREQUISITES
------------------------------

Prerequisite modules loaded:

requires:

    Module                            Need   Have    
    --------------------------------- ------ --------
    App::Cmd::Setup                   0      0.331   
    DBD::SQLite                       1.48   1.51_05 
    DBI                               0      1.636   
    File::Path                        2.04   2.12_001
    HTTP::Headers::ActionPack         0      0.09    
    JSON::XS                          0      3.02    
    Module::Runtime                   0      0.014   
    Moose                             2.1604 2.1900  
    parent                            0      0.236   
    Path::Class                       0      0.37    
    perl                              5.010  5.024001
    Plack                             1.0029 1.0042  
    Plack::Middleware::MethodOverride 0.15   0.15    
    Pod::Perldoc                      0      3.27    
    PONAPI::Document                  0      0       
    PONAPI::Names                     0      0       
    PONAPI::Tools                     0      0.001001
    strict                            0      1.11    
    warnings                          0      1.36    
    YAML::XS                          0      0.73    

build_requires:

    Module                            Need   Have    
    --------------------------------- ------ --------
    Data::Dumper                      0      2.161   
    DBD::SQLite                       1.48   1.51_05 
    ExtUtils::MakeMaker               0      7.24    
    HTTP::Request::Common             0      6.11    
    Plack::Middleware::MethodOverride 0.15   0.15    
    Test::More                        0      1.302061
    Test::Simple                      0.98   1.302061

configure_requires:

    Module                            Need   Have    
    --------------------------------- ------ --------
    ExtUtils::MakeMaker               0      7.24    


------------------------------
ENVIRONMENT AND OTHER CONTEXT
------------------------------

Environment variables:

    AUTOMATED_TESTING = 1
    HARNESS_OPTIONS = j5
    LANG = en_US.UTF-8
    PATH = /usr/local/bin:/usr/bin:/bin:/usr/local/games:/usr/games
    PERL5LIB = 
    PERL5OPT = 
    PERL5_CPANPLUS_IS_RUNNING = 30479
    PERL5_CPAN_IS_RUNNING = 30479
    PERL5_CPAN_IS_RUNNING_IN_RECURSION = 31291,30479
    PERLBREW_BASHRC_VERSION = 0.76
    PERLBREW_HOME = /home/dcollins/.perlbrew
    PERLBREW_ROOT = /home/dcollins/toolchain/perl5
    PERL_CR_SMOKER_CURRENT = PONAPI-Server-0.003000
    PERL_CR_SMOKER_RUNONCE = 1
    PERL_EXTUTILS_AUTOINSTALL = --defaultdeps
    PERL_MM_USE_DEFAULT = 1
    SHELL = /bin/bash
    TERM = putty

Perl special variables (and OS-specific diagnostics, for MSWin32):

    $^X = /home/cpan4/install/bin/perl
    $UID/$EUID = 1005 / 1005
    $GID = 1005 1005
    $EGID = 1005 1005

Perl module toolchain versions installed:

    Module              Have      
    ------------------- ----------
    CPAN                2.14      
    CPAN::Meta          2.150010  
    Cwd                 3.63_01   
    ExtUtils::CBuilder  0.280225  
    ExtUtils::Command   7.24      
    ExtUtils::Install   2.04      
    ExtUtils::MakeMaker 7.24      
    ExtUtils::Manifest  1.70      
    ExtUtils::ParseXS   3.31      
    File::Spec          3.63_01   
    JSON                2.90      
    JSON::PP            2.27300_01
    Module::Build       0.4220    
    Module::Signature   0.81      
    Parse::CPAN::Meta   2.150010  
    Test::Harness       3.36_01   
    Test::More          1.302061  
    YAML                1.18      
    YAML::Syck          1.29      
    version             0.9916    


--

Summary of my perl5 (revision 5 version 24 subversion 1) configuration:
   
  Platform:
    osname=linux, osvers=3.16.0-4-amd64, archname=x86_64-linux-thread-multi
    uname='linux digitalis 3.16.0-4-amd64 #1 smp debian 3.16.36-1+deb8u1 (2016-09-03) x86_64 gnulinux '
    config_args='-Dusedevel -DDEBUGGING -Dusethreads -Dprefix=/home/cpan4/install -Uversiononly -des'
    hint=recommended, useposix=true, d_sigaction=define
    useithreads=define, usemultiplicity=define
    use64bitint=define, use64bitall=define, uselongdouble=undef
    usemymalloc=n, bincompat5005=undef
  Compiler:
    cc='cc', ccflags ='-D_REENTRANT -D_GNU_SOURCE -fwrapv -DDEBUGGING -fno-strict-aliasing -pipe -fstack-protector-strong -I/usr/local/include -D_LARGEFILE_SOURCE -D_FILE_OFFSET_BITS=64 -D_FORTIFY_SOURCE=2',
    optimize='-O2 -g',
    cppflags='-D_REENTRANT -D_GNU_SOURCE -fwrapv -DDEBUGGING -fno-strict-aliasing -pipe -fstack-protector-strong -I/usr/local/include'
    ccversion='', gccversion='4.9.2', gccosandvers=''
    intsize=4, longsize=8, ptrsize=8, doublesize=8, byteorder=12345678, doublekind=3
    d_longlong=define, longlongsize=8, d_longdbl=define, longdblsize=16, longdblkind=3
    ivtype='long', ivsize=8, nvtype='double', nvsize=8, Off_t='off_t', lseeksize=8
    alignbytes=8, prototype=define
  Linker and Libraries:
    ld='cc', ldflags =' -fstack-protector-strong -L/usr/local/lib'
    libpth=/usr/local/lib /usr/lib/gcc/x86_64-linux-gnu/4.9/include-fixed /usr/include/x86_64-linux-gnu /usr/lib /lib/x86_64-linux-gnu /lib/../lib /usr/lib/x86_64-linux-gnu /usr/lib/../lib /lib
    libs=-lpthread -lnsl -ldl -lm -lcrypt -lutil -lc
    perllibs=-lpthread -lnsl -ldl -lm -lcrypt -lutil -lc
    libc=libc-2.19.so, so=so, useshrplib=false, libperl=libperl.a
    gnulibc_version='2.19'
  Dynamic Linking:
    dlsrc=dl_dlopen.xs, dlext=so, d_dlsymun=undef, ccdlflags='-Wl,-E'
    cccdlflags='-fPIC', lddlflags='-shared -O2 -g -L/usr/local/lib -fstack-protector-strong'


Characteristics of this binary (from libperl): 
  Compile-time options: DEBUGGING HAS_TIMES MULTIPLICITY PERLIO_LAYERS
                        PERL_COPY_ON_WRITE PERL_DONT_CREATE_GVSV
                        PERL_HASH_FUNC_ONE_AT_A_TIME_HARD
                        PERL_IMPLICIT_CONTEXT PERL_MALLOC_WRAP
                        PERL_PRESERVE_IVUV PERL_TRACK_MEMPOOL PERL_USE_DEVEL
                        USE_64_BIT_ALL USE_64_BIT_INT USE_ITHREADS
                        USE_LARGE_FILES USE_LOCALE USE_LOCALE_COLLATE
                        USE_LOCALE_CTYPE USE_LOCALE_NUMERIC USE_LOCALE_TIME
                        USE_PERLIO USE_PERL_ATOF USE_REENTRANT_API
  Locally applied patches:
	RC4
  Built under linux
  Compiled at Oct 12 2016 18:25:36
  %ENV:
    PERL5LIB=""
    PERL5OPT=""
    PERL5_CPANPLUS_IS_RUNNING="30479"
    PERL5_CPAN_IS_RUNNING="30479"
    PERL5_CPAN_IS_RUNNING_IN_RECURSION="31291,30479"
    PERLBREW_BASHRC_VERSION="0.76"
    PERLBREW_HOME="/home/dcollins/.perlbrew"
    PERLBREW_ROOT="/home/dcollins/toolchain/perl5"
    PERL_CR_SMOKER_CURRENT="PONAPI-Server-0.003000"
    PERL_CR_SMOKER_RUNONCE="1"
    PERL_EXTUTILS_AUTOINSTALL="--defaultdeps"
    PERL_MM_USE_DEFAULT="1"
  @INC:
    /home/cpan4/install/lib/perl5/site_perl/5.24.1/x86_64-linux-thread-multi
    /home/cpan4/install/lib/perl5/site_perl/5.24.1
    /home/cpan4/install/lib/perl5/5.24.1/x86_64-linux-thread-multi
    /home/cpan4/install/lib/perl5/5.24.1
    .