Report for ApacheBench-0.70

Back
From: metabase:user:322078bc-2aae-11df-837a-5e0a49663a4f
Subject: FAIL ApacheBench-0.70 v5.10.0 SunOS/Solaris
Date: 2010-11-19T08:28:09Z

This distribution has been tested as part of the CPAN Testers
project, supporting the Perl programming language.  See
http://wiki.cpantesters.org/ for more information or email
questions to cpan-testers-discuss@perl.org


--

Dear ADIRAJ,
    
This is a computer-generated error report created automatically by
CPANPLUS, version 0.9010. Testers personal comments may appear 
at the end of this report.


Thank you for uploading your work to CPAN.  However, it appears that
there were some problems testing your distribution.

TEST RESULTS:

Below is the error stack from stage 'make test':

[MSG] [Fri Nov 19 07:27:54 2010] Trying to get 'ftp://cpan.bingosnet.co.uk/CPAN/authors/id/A/AD/ADIRAJ/CHECKSUMS'
[MSG] [Fri Nov 19 07:27:56 2010] Checksum matches for 'ApacheBench-0.70.tar.gz'
[MSG] [Fri Nov 19 07:27:59 2010] Extracted 'ApacheBench' to '/export/home/cpan/pit/bare/conf/perl-5.10.0/.cpanplus/5.10.0/build/ApacheBench-0.70'
[MSG] [Fri Nov 19 07:27:59 2010] CPANPLUS is prefering Build.PL
[MSG] [Fri Nov 19 07:27:59 2010] Loading YACSmoke database "/export/home/cpan/pit/bare/conf/perl-5.10.0/.cpanplus/cpansmoke.dat"
[MSG] [Fri Nov 19 07:28:00 2010] Checking if your kit is complete...
Looks good
Writing Makefile for HTTPD::Bench::ApacheBench
Writing Makefile for HTTPD::Bench::ApacheBench

[MSG] [Fri Nov 19 07:28:00 2010] DEFAULT 'filter_prereqs' HANDLER RETURNING 'sub return value'
[MSG] [Fri Nov 19 07:28:00 2010] Checking for previous PASS result for "ApacheBench-0.70"
[MSG] [Fri Nov 19 07:28:07 2010] cp lib/HTTPD/Bench/ApacheBench/Regression.pm blib/lib/HTTPD/Bench/ApacheBench/Regression.pm
cp lib/HTTPD/Bench/ApacheBench/Run.pm blib/lib/HTTPD/Bench/ApacheBench/Run.pm
cp lib/HTTPD/Bench/ApacheBench.pm blib/lib/HTTPD/Bench/ApacheBench.pm
/export/home/cpan/pit/bare/perl-5.10.0/bin/perl /export/home/cpan/pit/bare/perl-5.10.0/lib/5.10.0/ExtUtils/xsubpp  -typemap /export/home/cpan/pit/bare/perl-5.10.0/lib/5.10.0/ExtUtils/typemap  ApacheBench.xs > ApacheBench.xsc && mv ApacheBench.xsc ApacheBench.c
/opt/SUNWspro/bin/cc -c    -D_LARGEFILE_SOURCE -D_FILE_OFFSET_BITS=64 -DPERL_USE_SAFE_PUTENV -O    -DVERSION=\"0.70\"  -DXS_VERSION=\"0.70\" -KPIC "-I/export/home/cpan/pit/bare/perl-5.10.0/lib/5.10.0/i86pc-solaris/CORE"   ApacheBench.c
"ApacheBench.xs", line 324: warning: implicit function declaration: reset_request
"ApacheBench.xs", line 783: warning: implicit function declaration: strnstr
Running Mkbootstrap for HTTPD::Bench::ApacheBench ()
chmod 644 ApacheBench.bs
rm -f ../blib/arch/auto/HTTPD/Bench/ApacheBench/ApacheBench.so
/opt/SUNWspro/bin/cc  -G -L/usr/lib -L/usr/ccs/lib -L/opt/SUNWspro/prod/lib -L/lib ApacheBench.o  -o ../blib/arch/auto/HTTPD/Bench/ApacheBench/ApacheBench.so 	\
     	\
  
chmod 755 ../blib/arch/auto/HTTPD/Bench/ApacheBench/ApacheBench.so
cp ApacheBench.bs ../blib/arch/auto/HTTPD/Bench/ApacheBench/ApacheBench.bs
chmod 644 ../blib/arch/auto/HTTPD/Bench/ApacheBench/ApacheBench.bs
Manifying blib/man3/HTTPD::Bench::ApacheBench.3

[ERROR] [Fri Nov 19 07:28:09 2010] MAKE TEST failed: No such file or directory PERL_DL_NONLAZY=1 /export/home/cpan/pit/bare/perl-5.10.0/bin/perl "-MExtUtils::Command::MM" "-e" "test_harness(0, 'blib/lib', 'blib/arch')" t/*.t
Can't load '/export/home/cpan/pit/bare/conf/perl-5.10.0/.cpanplus/5.10.0/build/ApacheBench-0.70/blib/arch/auto/HTTPD/Bench/ApacheBench/ApacheBench.so' for module HTTPD::Bench::ApacheBench: ld.so.1: perl: fatal: relocation error: file /export/home/cpan/pit/bare/conf/perl-5.10.0/.cpanplus/5.10.0/build/ApacheBench-0.70/blib/arch/auto/HTTPD/Bench/ApacheBench/ApacheBench.so: symbol strnstr: referenced symbol not found at /export/home/cpan/pit/bare/perl-5.10.0/lib/5.10.0/i86pc-solaris/DynaLoader.pm line 203.
 at t/test1_global_config.t line 8
Compilation failed in require at t/test1_global_config.t line 8.
BEGIN failed--compilation aborted at t/test1_global_config.t line 8.
t/test1_global_config.t .. 
Dubious, test returned 2 (wstat 512, 0x200)
Failed 7/7 subtests 
Can't load '/export/home/cpan/pit/bare/conf/perl-5.10.0/.cpanplus/5.10.0/build/ApacheBench-0.70/blib/arch/auto/HTTPD/Bench/ApacheBench/ApacheBench.so' for module HTTPD::Bench::ApacheBench: ld.so.1: perl: fatal: relocation error: file /export/home/cpan/pit/bare/conf/perl-5.10.0/.cpanplus/5.10.0/build/ApacheBench-0.70/blib/arch/auto/HTTPD/Bench/ApacheBench/ApacheBench.so: symbol strnstr: referenced symbol not found at /export/home/cpan/pit/bare/perl-5.10.0/lib/5.10.0/i86pc-solaris/DynaLoader.pm line 203.
 at t/test2_run_config.t line 8
Compilation failed in require at t/test2_run_config.t line 8.
BEGIN failed--compilation aborted at t/test2_run_config.t line 8.
t/test2_run_config.t ..... 
Dubious, test returned 2 (wstat 512, 0x200)
Failed 14/14 subtests 
Can't load '/export/home/cpan/pit/bare/conf/perl-5.10.0/.cpanplus/5.10.0/build/ApacheBench-0.70/blib/arch/auto/HTTPD/Bench/ApacheBench/ApacheBench.so' for module HTTPD::Bench::ApacheBench: ld.so.1: perl: fatal: relocation error: file /export/home/cpan/pit/bare/conf/perl-5.10.0/.cpanplus/5.10.0/build/ApacheBench-0.70/blib/arch/auto/HTTPD/Bench/ApacheBench/ApacheBench.so: symbol strnstr: referenced symbol not found at /export/home/cpan/pit/bare/perl-5.10.0/lib/5.10.0/i86pc-solaris/DynaLoader.pm line 203.
 at t/test3_execute.t line 5
Compilation failed in require at t/test3_execute.t line 5.
BEGIN failed--compilation aborted at t/test3_execute.t line 5.
t/test3_execute.t ........ 
Dubious, test returned 2 (wstat 512, 0x200)
No subtests run 

Test Summary Report
-------------------
t/test1_global_config.t (Wstat: 512 Tests: 0 Failed: 0)
  Non-zero exit status: 2
  Parse errors: Bad plan.  You planned 7 tests but ran 0.
t/test2_run_config.t   (Wstat: 512 Tests: 0 Failed: 0)
  Non-zero exit status: 2
  Parse errors: Bad plan.  You planned 14 tests but ran 0.
t/test3_execute.t      (Wstat: 512 Tests: 0 Failed: 0)
  Non-zero exit status: 2
  Parse errors: No plan found in TAP output
Files=3, Tests=0,  0 wallclock secs ( 0.11 usr  0.06 sys +  0.16 cusr  0.10 csys =  0.43 CPU)
Result: FAIL
Failed 3/3 test programs. 0/0 subtests failed.
*** Error code 2
make: Fatal error: Command failed for target `test_dynamic'

[MSG] [Fri Nov 19 07:28:09 2010] DEFAULT 'proceed_on_test_failure' HANDLER RETURNING 'sub return value'


Perl module toolchain versions installed:
	Module Name                        Have
	CPANPLUS                         0.9010
	CPANPLUS::Dist::Build              0.50
	Cwd                                3.33
	ExtUtils::CBuilder               0.2703
	ExtUtils::Command                  1.16
	ExtUtils::Install                  1.54
	ExtUtils::MakeMaker                6.56
	ExtUtils::Manifest                 1.58
	ExtUtils::ParseXS                2.2206
	File::Spec                         3.33
	Module::Build                    0.3607
	Test::Harness                      3.22
	Test::More                         0.96
	version                            0.85

******************************** NOTE ********************************
The comments above are created mechanically, possibly without manual
checking by the sender.  As there are many people performing automatic
tests on each upload to CPAN, it is likely that you will receive 
identical messages about the same problem.

If you believe that the message is mistaken, please reply to the first
one with correction and/or additional informations, and do not take
it personally.  We appreciate your patience. :)
**********************************************************************

Additional comments:
 

This report was machine-generated by CPANPLUS::Dist::YACSmoke 0.58.
Powered by minismokebox version 0.36

------------------------------
ENVIRONMENT AND OTHER CONTEXT
------------------------------

Environment variables:

    AUTOMATED_TESTING = 1
    LC_COLLATE = en_GB.UTF-8
    LC_CTYPE = en_GB.UTF-8
    LC_MESSAGES = C
    LC_MONETARY = en_GB.UTF-8
    LC_NUMERIC = en_GB.UTF-8
    PATH = /opt/SUNswpro/bin:/usr/ccs/bin:/usr/bin:/usr/sfw/bin
    PERL5LIB = :/export/home/cpan/pit/bare/conf/perl-5.10.0/.cpanplus/5.10.0/build/ApacheBench-0.70/blib/lib:/export/home/cpan/pit/bare/conf/perl-5.10.0/.cpanplus/5.10.0/build/ApacheBench-0.70/blib/arch
    PERL5_CPANPLUS_IS_RUNNING = 29007
    PERL5_CPANPLUS_IS_VERSION = 0.9010
    PERL5_MINISMOKEBOX = 0.36
    PERL5_YACSMOKE_BASE = /export/home/cpan/pit/bare/conf/perl-5.10.0
    PERL_EXTUTILS_AUTOINSTALL = --defaultdeps
    PERL_MM_USE_DEFAULT = 1
    SHELL = /usr/bin/bash
    TERM = vt100

Perl special variables (and OS-specific diagnostics, for MSWin32):

    Perl: $^X = /export/home/cpan/pit/bare/perl-5.10.0/bin/perl
    UID:  $<  = 100
    EUID: $>  = 100
    GID:  $(  = 100 100
    EGID: $)  = 100 100


-------------------------------


--

Summary of my perl5 (revision 5 version 10 subversion 0) configuration:
  Platform:
    osname=solaris, osvers=2.10, archname=i86pc-solaris
    uname='sunos sharpnel 5.10 generic_120012-14 i86pc i386 i86pc '
    config_args='-des -Dprefix=/export/home/cpan/pit/bare/perl-5.10.0'
    hint=recommended, useposix=true, d_sigaction=define
    useithreads=undef, usemultiplicity=undef
    useperlio=define, d_sfio=undef, uselargefiles=define, usesocks=undef
    use64bitint=undef, use64bitall=undef, uselongdouble=undef
    usemymalloc=n, bincompat5005=undef
  Compiler:
    cc='/opt/SUNWspro/bin/cc', ccflags =' -D_LARGEFILE_SOURCE -D_FILE_OFFSET_BITS=64 -DPERL_USE_SAFE_PUTENV',
    optimize='-O',
    cppflags=''
    ccversion='Sun C 5.9 SunOS_i386 2007/05/03', gccversion='', gccosandvers=''
    intsize=4, longsize=4, ptrsize=4, doublesize=8, byteorder=1234
    d_longlong=define, longlongsize=8, d_longdbl=define, longdblsize=12
    ivtype='long', ivsize=4, nvtype='double', nvsize=8, Off_t='off_t', lseeksize=8
    alignbytes=4, prototype=define
  Linker and Libraries:
    ld='/opt/SUNWspro/bin/cc', ldflags =' -L/usr/lib -L/usr/ccs/lib -L/opt/SUNWspro/prod/lib -L/lib '
    libpth=/usr/lib /usr/ccs/lib /opt/SUNWspro/prod/lib /lib
    libs=-lsocket -lnsl -ldl -lm -lc
    perllibs=-lsocket -lnsl -ldl -lm -lc
    libc=/lib/libc.so, so=so, useshrplib=false, libperl=libperl.a
    gnulibc_version=''
  Dynamic Linking:
    dlsrc=dl_dlopen.xs, dlext=so, d_dlsymun=undef, ccdlflags=' '
    cccdlflags='-KPIC', lddlflags='-G -L/usr/lib -L/usr/ccs/lib -L/opt/SUNWspro/prod/lib -L/lib'


Characteristics of this binary (from libperl): 
  Compile-time options: PERL_DONT_CREATE_GVSV PERL_MALLOC_WRAP
                        PERL_USE_SAFE_PUTENV USE_LARGE_FILES USE_PERLIO
  Built under solaris
  Compiled at Sep 27 2010 20:52:45
  %ENV:
    PERL5LIB=":/export/home/cpan/pit/bare/conf/perl-5.10.0/.cpanplus/5.10.0/build/ApacheBench-0.70/blib/lib:/export/home/cpan/pit/bare/conf/perl-5.10.0/.cpanplus/5.10.0/build/ApacheBench-0.70/blib/arch"
    PERL5_CPANPLUS_IS_RUNNING="29007"
    PERL5_CPANPLUS_IS_VERSION="0.9010"
    PERL5_MINISMOKEBOX="0.36"
    PERL5_YACSMOKE_BASE="/export/home/cpan/pit/bare/conf/perl-5.10.0"
    PERL_EXTUTILS_AUTOINSTALL="--defaultdeps"
    PERL_MM_USE_DEFAULT="1"
  @INC:
    /export/home/cpan/pit/bare/conf/perl-5.10.0/.cpanplus/5.10.0/build/ApacheBench-0.70/blib/lib
    /export/home/cpan/pit/bare/conf/perl-5.10.0/.cpanplus/5.10.0/build/ApacheBench-0.70/blib/arch
    /export/home/cpan/pit/bare/perl-5.10.0/lib/5.10.0/i86pc-solaris
    /export/home/cpan/pit/bare/perl-5.10.0/lib/5.10.0
    /export/home/cpan/pit/bare/perl-5.10.0/lib/site_perl/5.10.0/i86pc-solaris
    /export/home/cpan/pit/bare/perl-5.10.0/lib/site_perl/5.10.0
    .