XML-RSS-Timing v1.07 Perl 5 v5.30.3 amd64-freebsd
- Status
- Fail
- From
- Slaven Rezić
- Dist
-
XML-RSS-Timing v1.07
- Platform
- Perl 5 v5.30.3 amd64-freebsd
- Date
- 2022-10-15 22:15:56
- ID
- f096b0c4-4cd6-11ed-8ef3-d93f6e8775ea
This distribution has been tested as part of the CPAN Testers
project, supporting the Perl programming language. See
http://wiki.cpantesters.org/ for more information or email
questions to cpan-testers-discuss@perl.org
--
Dear Sean M. Burke,
This is a computer-generated report for XML-RSS-Timing-1.07
on perl 5.30.3, created by CPAN-Reporter-1.2018.
Thank you for uploading your work to CPAN. However, there was a problem
testing your distribution.
If you think this report is invalid, please consult the CPAN Testers Wiki
for suggestions on how to avoid getting FAIL reports for missing library
or binary dependencies, unsupported operating systems, and so on:
http://wiki.cpantesters.org/wiki/CPANAuthorNotes
Sections of this report:
* Tester comments
* Program output
* Prerequisites
* Environment and other context
------------------------------
TESTER COMMENTS
------------------------------
Additional comments from tester:
none provided
------------------------------
PROGRAM OUTPUT
------------------------------
Output from '/usr/bin/make test':
PERL_DL_NONLAZY=1 "/usr/perl5.30.3p/bin/perl" "-MExtUtils::Command::MM" "-MTest::Harness" "-e" "undef *Test::Harness::Switches; test_harness(0, 'blib/lib', 'blib/arch')" t/*.t
t/000_about.t ........ ok
# Test 31 got: "123456780" (t/010_tz.t at line 71)
# Expected: "3279216780" (input date: 1973-11-29T21:33)
# t/010_tz.t line 71 is: &ok(t '1973-11-29T21:33', 123456780);
# Test 32 got: "1234567860" (t/010_tz.t at line 72)
# Expected: "4390327860" (input date: 2009-02-13T23:31)
# t/010_tz.t line 72 is: &ok(t '2009-02-13T23:31', 1234567860);
t/010_tz.t ...........
Failed 2/39 subtests
t/020_next.t ......... ok
t/025_misc.t ......... ok
# Test 23 got: "3155761380" (t/030_skip.t at line 86)
# Expected: "3155846400" (skiphours 9 10 / skipdays Thursday)
# t/030_skip.t line 86 is: &ok(S '1970-01-01T00:23', 1 * 24 * 60 * 60);
# Test 24 got: "3155763060" (t/030_skip.t at line 87)
# Expected: "3155846400" (skiphours 9 10 / skipdays Thursday)
# t/030_skip.t line 87 is: &ok(S '1970-01-01T00:51', 1 * 24 * 60 * 60);
# Test 25 got: "3155763600" (t/030_skip.t at line 88)
# Expected: "3155846400" (skiphours 9 10 / skipdays Thursday)
# t/030_skip.t line 88 is: &ok(S '1970-01-01T01:00', 1 * 24 * 60 * 60);
# Test 26 got: "3155766180" (t/030_skip.t at line 89)
# Expected: "3155846400" (skiphours 9 10 / skipdays Thursday)
# t/030_skip.t line 89 is: &ok(S '1970-01-01T01:43', 1 * 24 * 60 * 60);
# Test 27 got: "3155767200" (t/030_skip.t at line 90)
# Expected: "3155846400" (skiphours 9 10 / skipdays Thursday)
# t/030_skip.t line 90 is: &ok(S '1970-01-01T02:00', 1 * 24 * 60 * 60);
# Test 28 got: "3155770740" (t/030_skip.t at line 91)
# Expected: "3155846400" (skiphours 9 10 / skipdays Thursday)
# t/030_skip.t line 91 is: &ok(S '1970-01-01T02:59', 1 * 24 * 60 * 60);
# Test 29 got: "3155770800" (t/030_skip.t at line 96)
# Expected: "3155857200" (skiphours 0 1 2 19 / skipdays Thursday Tuesday Sunday Sunday Sunday)
# t/030_skip.t line 96 is: &ok(S '1970-01-01T00:23', 1 * 24 * 60 * 60 + 3*3600);
# Test 30 got: "3155770800" (t/030_skip.t at line 97)
# Expected: "3155857200" (skiphours 0 1 2 19 / skipdays Thursday Tuesday Sunday Sunday Sunday)
# t/030_skip.t line 97 is: &ok(S '1970-01-01T00:51', 1 * 24 * 60 * 60 + 3*3600);
# Test 31 got: "3155770800" (t/030_skip.t at line 98)
# Expected: "3155857200" (skiphours 0 1 2 19 / skipdays Thursday Tuesday Sunday Sunday Sunday)
# t/030_skip.t line 98 is: &ok(S '1970-01-01T01:00', 1 * 24 * 60 * 60 + 3*3600);
# Test 32 got: "3155770800" (t/030_skip.t at line 99)
# Expected: "3155857200" (skiphours 0 1 2 19 / skipdays Thursday Tuesday Sunday Sunday Sunday)
# t/030_skip.t line 99 is: &ok(S '1970-01-01T01:43', 1 * 24 * 60 * 60 + 3*3600);
# Test 33 got: "3155770800" (t/030_skip.t at line 100)
# Expected: "3155857200" (skiphours 0 1 2 19 / skipdays Thursday Tuesday Sunday Sunday Sunday)
# t/030_skip.t line 100 is: &ok(S '1970-01-01T02:00', 1 * 24 * 60 * 60 + 3*3600);
# Test 34 got: "3155770800" (t/030_skip.t at line 101)
# Expected: "3155857200" (skiphours 0 1 2 19 / skipdays Thursday Tuesday Sunday Sunday Sunday)
# t/030_skip.t line 101 is: &ok(S '1970-01-01T02:59', 1 * 24 * 60 * 60 + 3*3600);
# Test 35 got: "3155770800" (t/030_skip.t at line 104)
# Expected: "3155857200" (skiphours 0 1 2 19 / skipdays Thursday Tuesday Sunday Sunday Sunday)
# t/030_skip.t line 104 is: &ok(S '1970-01-01T00:23', '1970-01-02T03:00');
# Test 36 got: "3155770800" (t/030_skip.t at line 105)
# Expected: "3155857200" (skiphours 0 1 2 19 / skipdays Thursday Tuesday Sunday Sunday Sunday)
# t/030_skip.t line 105 is: &ok(S '1970-01-01T00:51', '1970-01-02T03:00');
# Test 37 got: "3155770800" (t/030_skip.t at line 106)
# Expected: "3155857200" (skiphours 0 1 2 19 / skipdays Thursday Tuesday Sunday Sunday Sunday)
# t/030_skip.t line 106 is: &ok(S '1970-01-01T01:00', '1970-01-02T03:00');
# Test 38 got: "3155770800" (t/030_skip.t at line 107)
# Expected: "3155857200" (skiphours 0 1 2 19 / skipdays Thursday Tuesday Sunday Sunday Sunday)
# t/030_skip.t line 107 is: &ok(S '1970-01-01T01:43', '1970-01-02T03:00');
# Test 39 got: "3155770800" (t/030_skip.t at line 108)
# Expected: "3155857200" (skiphours 0 1 2 19 / skipdays Thursday Tuesday Sunday Sunday Sunday)
# t/030_skip.t line 108 is: &ok(S '1970-01-01T02:00', '1970-01-02T03:00');
# Test 40 got: "3155770800" (t/030_skip.t at line 109)
# Expected: "3155857200" (skiphours 0 1 2 19 / skipdays Thursday Tuesday Sunday Sunday Sunday)
# t/030_skip.t line 109 is: &ok(S '1970-01-01T02:59', '1970-01-02T03:00');
t/030_skip.t .........
Failed 18/65 subtests
# Test 26 got: "3156062400" (t/040_next_skippy.t at line 104)
# Expected: "3156192000" (from 1970-01-01T00:00 weekly 2 given now=3155760000)
# t/040_next_skippy.t line 104 is: &ok(n '1970-01-01T00:00 weekly 2', '1970-01-06T00:00');
t/040_next_skippy.t ..
Failed 1/26 subtests
t/050_minmax.t ....... ok
# Test 66 got: "-2080747940" (t/090_date_conv.t at line 107)
# Expected: "1075012060"
# t/090_date_conv.t line 107 is: ok r('2004-01-25T06:27:40-00:00'), $x;
# Test 67 got: "-2080747940" (t/090_date_conv.t at line 108)
# Expected: "1075012060"
# t/090_date_conv.t line 108 is: ok r('2004-01-25T06:27:40Z'), $x;
# Test 68 got: "-2080747940" (t/090_date_conv.t at line 109)
# Expected: "1075012060"
# t/090_date_conv.t line 109 is: ok r('2004-01-25T06:27:40'), $x;
# Test 69 got: "-2080747940" (t/090_date_conv.t at line 110)
# Expected: "1075012060"
# t/090_date_conv.t line 110 is: ok r('2004-01-24T21:27:40-09:00'), $x;
t/090_date_conv.t ....
Failed 4/70 subtests
Test Summary Report
-------------------
t/010_tz.t (Wstat: 0 Tests: 39 Failed: 2)
Failed tests: 31-32
t/030_skip.t (Wstat: 0 Tests: 65 Failed: 18)
Failed tests: 23-40
t/040_next_skippy.t (Wstat: 0 Tests: 26 Failed: 1)
Failed test: 26
t/090_date_conv.t (Wstat: 0 Tests: 70 Failed: 4)
Failed tests: 66-69
Files=8, Tests=272, 0 wallclock secs ( 0.05 usr 0.01 sys + 0.12 cusr 0.02 csys = 0.21 CPU)
Result: FAIL
Failed 4/8 test programs. 25/272 subtests failed.
*** Error code 255
Stop.
make: stopped in /usr/home/cpansand/.cpan/build/2022101518/XML-RSS-Timing-1.07-0
------------------------------
PREREQUISITES
------------------------------
Prerequisite modules loaded:
requires:
Module Need Have
------------------- ---- ----
Carp 0 1.50
Time::Local 0 1.30
build_requires:
Module Need Have
------------------- ---- ----
ExtUtils::MakeMaker 0 7.64
------------------------------
ENVIRONMENT AND OTHER CONTEXT
------------------------------
Environment variables:
PATH = /usr/local/bin:/usr/bin:/bin:/usr/local/sbin:/usr/sbin:/sbin:/home/cpansand/bin/freebsd13.1:/home/cpansand/bin/sh:/home/cpansand/bin:/usr/games:/home/cpansand/devel:/usr/home/eserte/src/srezic-misc/scripts
PERL5LIB =
PERL5OPT =
PERL5_CPANPLUS_IS_RUNNING = 79741
PERL5_CPAN_IS_RUNNING = 79741
PERL5_CPAN_IS_RUNNING_IN_RECURSION = 79728,79741
PERLDOC = -MPod::Perldoc::ToTextOverstrike
PERL_BATCH = yes
PERL_CANARY_STABILITY_NOPROMPT = 1
PERL_CPAN_REPORTER_CONFIG = /var/tmp/cpansmoker-1023/2022101518/cpanreporter_000_config.ini
PERL_EXTUTILS_AUTOINSTALL = --defaultdeps
PERL_USE_UNSAFE_INC = 1
SHELL = /usr/local/bin/zsh
TERM = screen
TMPDIR = /var/tmp/cpansmoker-1023/2022101518
Perl special variables (and OS-specific diagnostics, for MSWin32):
$^X = /usr/perl5.30.3p/bin/perl
$UID/$EUID = 1023 / 1023
$GID = 1023 1023
$EGID = 1023 1023
Perl module toolchain versions installed:
Module Have
------------------- --------
CPAN 2.34
CPAN::Meta 2.150010
Cwd 3.78
ExtUtils::CBuilder 0.280236
ExtUtils::Command 7.64
ExtUtils::Install 2.20
ExtUtils::MakeMaker 7.64
ExtUtils::Manifest 1.72
ExtUtils::ParseXS 3.40
File::Spec 3.78
JSON 4.09
JSON::PP 4.12
Module::Build 0.4231
Module::Signature 0.88
Parse::CPAN::Meta 2.150010
Test::Harness 3.44
Test::More 1.302191
YAML 1.30
YAML::Syck 1.34
version 0.9929
--
Summary of my perl5 (revision 5 version 30 subversion 3) configuration:
Platform:
osname=freebsd
osvers=13.0-stable
archname=amd64-freebsd
uname='freebsd cloud10.bbbike.org 13.0-stable freebsd 13.0-stable #0 stable13-n245623-e2872019983d: thu may 13 16:04:27 utc 2021 root@cloud10.bbbike.org:usrobjusrhomeprojectsfreebsdamd64.amd64sysgeneric amd64 '
config_args='-ds -e -Dprefix=/usr/perl5.30.3p -Dcf_email=srezic@cpan.org -Doptimize=-O2 -pipe'
hint=recommended
useposix=true
d_sigaction=define
useithreads=undef
usemultiplicity=undef
use64bitint=define
use64bitall=define
uselongdouble=undef
usemymalloc=n
default_inc_excludes_dot=define
bincompat5005=undef
Compiler:
cc='cc'
ccflags ='-DHAS_FPSETMASK -DHAS_FLOATINGPOINT_H -fno-strict-aliasing -pipe -fstack-protector-strong -I/usr/local/include'
optimize='-O2 -pipe'
cppflags='-DHAS_FPSETMASK -DHAS_FLOATINGPOINT_H -fno-strict-aliasing -pipe -fstack-protector-strong -I/usr/local/include'
ccversion=''
gccversion='FreeBSD Clang 11.0.1 (git@github.com:llvm/llvm-project.git llvmorg-11.0.1-0-g43ff75f2c3fe)'
gccosandvers=''
intsize=4
longsize=8
ptrsize=8
doublesize=8
byteorder=12345678
doublekind=3
d_longlong=define
longlongsize=8
d_longdbl=define
longdblsize=16
longdblkind=3
ivtype='long'
ivsize=8
nvtype='double'
nvsize=8
Off_t='off_t'
lseeksize=8
alignbytes=8
prototype=define
Linker and Libraries:
ld='cc'
ldflags ='-pthread -Wl,-E -fstack-protector-strong -L/usr/local/lib'
libpth=/usr/lib /usr/local/lib /usr/lib/clang/11.0.1/lib /usr/lib
libs=-lpthread -lgdbm -ldl -lm -lcrypt -lutil -lc
perllibs=-lpthread -ldl -lm -lcrypt -lutil -lc
libc=
so=so
useshrplib=false
libperl=libperl.a
gnulibc_version=''
Dynamic Linking:
dlsrc=dl_dlopen.xs
dlext=so
d_dlsymun=undef
ccdlflags=' '
cccdlflags='-DPIC -fPIC'
lddlflags='-shared -L/usr/local/lib -fstack-protector-strong'
Characteristics of this binary (from libperl):
Compile-time options:
HAS_TIMES
PERLIO_LAYERS
PERL_COPY_ON_WRITE
PERL_DONT_CREATE_GVSV
PERL_MALLOC_WRAP
PERL_OP_PARENT
PERL_PRESERVE_IVUV
USE_64_BIT_ALL
USE_64_BIT_INT
USE_LARGE_FILES
USE_LOCALE
USE_LOCALE_COLLATE
USE_LOCALE_CTYPE
USE_LOCALE_NUMERIC
USE_LOCALE_TIME
USE_PERLIO
USE_PERL_ATOF
Built under freebsd
Compiled at May 14 2021 19:47:18
%ENV:
PERL5LIB=""
PERL5OPT=""
PERL5_CPANPLUS_IS_RUNNING="79741"
PERL5_CPAN_IS_RUNNING="79741"
PERL5_CPAN_IS_RUNNING_IN_RECURSION="79728,79741"
PERLDOC="-MPod::Perldoc::ToTextOverstrike"
PERL_BATCH="yes"
PERL_CANARY_STABILITY_NOPROMPT="1"
PERL_CPAN_REPORTER_CONFIG="/var/tmp/cpansmoker-1023/2022101518/cpanreporter_000_config.ini"
PERL_EXTUTILS_AUTOINSTALL="--defaultdeps"
PERL_USE_UNSAFE_INC="1"
@INC:
/usr/perl5.30.3p/lib/site_perl/5.30.3/amd64-freebsd
/usr/perl5.30.3p/lib/site_perl/5.30.3
/usr/perl5.30.3p/lib/5.30.3/amd64-freebsd
/usr/perl5.30.3p/lib/5.30.3
.