Back
From: metabase:user:0d96120c-29e2-11e5-b049-ede3035d37de
Subject: FAIL Acme-Perl-VM-0.006 v5.22.0 GNU/Linux
Date: 2015-07-19T23:21:53Z
This distribution has been tested as part of the CPAN Testers
project, supporting the Perl programming language. See
http://wiki.cpantesters.org/ for more information or email
questions to cpan-testers-discuss@perl.org
--
Dear Goro Fuji,
This is a computer-generated report for Acme-Perl-VM-0.006
on perl 5.22.0, created by CPAN-Reporter-1.2014.
Thank you for uploading your work to CPAN. However, there was a problem
testing your distribution.
If you think this report is invalid, please consult the CPAN Testers Wiki
for suggestions on how to avoid getting FAIL reports for missing library
or binary dependencies, unsupported operating systems, and so on:
http://wiki.cpantesters.org/wiki/CPANAuthorNotes
Sections of this report:
* Tester comments
* Program output
* Prerequisites
* Environment and other context
------------------------------
TESTER COMMENTS
------------------------------
Additional comments from tester:
this report is from an automated smoke testing program
and was not reviewed by a human for accuracy
------------------------------
PROGRAM OUTPUT
------------------------------
Output from '/usr/bin/make test':
PERL_DL_NONLAZY=1 "/data/perl5/perlbrew/perls/perl-5.22.0-thread-multi-ld/bin/perl" "-MExtUtils::Command::MM" "-MTest::Harness" "-e" "undef *Test::Harness::Switches; test_harness(0, 'inc', 'blib/lib', 'blib/arch')" t/*.t
# Failed test 'use Acme::Perl::VM;'
# at t/00_load.t line 6.
# Tried to use 'Acme::Perl::VM'.
# Error: Can't use 'defined(@array)' (Maybe you should just omit the defined()?) at /data/.cpan/build/Acme-Perl-VM-0.006-H3x2Py/blib/lib/Acme/Perl/VM/PP.pm line 1127.
# Compilation failed in require at /data/.cpan/build/Acme-Perl-VM-0.006-H3x2Py/blib/lib/Acme/Perl/VM.pm line 103.
# BEGIN failed--compilation aborted at /data/.cpan/build/Acme-Perl-VM-0.006-H3x2Py/blib/lib/Acme/Perl/VM.pm line 103.
# Compilation failed in require at t/00_load.t line 6.
# BEGIN failed--compilation aborted at t/00_load.t line 6.
Use of uninitialized value $Acme::Perl::VM::VERSION in concatenation (.) or string at t/00_load.t line 8.
# Testing Acme::Perl::VM/ (APVM_DEBUG=0)
# Looks like you failed 1 test of 1.
t/00_load.t .......
Dubious, test returned 1 (wstat 256, 0x100)
Failed 1/1 subtests
Can't use 'defined(@array)' (Maybe you should just omit the defined()?) at /data/.cpan/build/Acme-Perl-VM-0.006-H3x2Py/blib/lib/Acme/Perl/VM/PP.pm line 1127.
Compilation failed in require at /data/.cpan/build/Acme-Perl-VM-0.006-H3x2Py/blib/lib/Acme/Perl/VM.pm line 103.
BEGIN failed--compilation aborted at /data/.cpan/build/Acme-Perl-VM-0.006-H3x2Py/blib/lib/Acme/Perl/VM.pm line 103.
Compilation failed in require at t/01_print.t line 6.
BEGIN failed--compilation aborted at t/01_print.t line 6.
# Looks like your test exited with 255 before it could output anything.
t/01_print.t ......
Dubious, test returned 255 (wstat 65280, 0xff00)
Failed 12/12 subtests
Can't use 'defined(@array)' (Maybe you should just omit the defined()?) at /data/.cpan/build/Acme-Perl-VM-0.006-H3x2Py/blib/lib/Acme/Perl/VM/PP.pm line 1127.
Compilation failed in require at /data/.cpan/build/Acme-Perl-VM-0.006-H3x2Py/blib/lib/Acme/Perl/VM.pm line 103.
BEGIN failed--compilation aborted at /data/.cpan/build/Acme-Perl-VM-0.006-H3x2Py/blib/lib/Acme/Perl/VM.pm line 103.
Compilation failed in require at t/02_return.t line 6.
BEGIN failed--compilation aborted at t/02_return.t line 6.
# Looks like your test exited with 255 before it could output anything.
t/02_return.t .....
Dubious, test returned 255 (wstat 65280, 0xff00)
Failed 15/15 subtests
Can't use 'defined(@array)' (Maybe you should just omit the defined()?) at /data/.cpan/build/Acme-Perl-VM-0.006-H3x2Py/blib/lib/Acme/Perl/VM/PP.pm line 1127.
Compilation failed in require at /data/.cpan/build/Acme-Perl-VM-0.006-H3x2Py/blib/lib/Acme/Perl/VM.pm line 103.
BEGIN failed--compilation aborted at /data/.cpan/build/Acme-Perl-VM-0.006-H3x2Py/blib/lib/Acme/Perl/VM.pm line 103.
Compilation failed in require at t/03_assign.t line 6.
BEGIN failed--compilation aborted at t/03_assign.t line 6.
# Looks like your test exited with 255 before it could output anything.
t/03_assign.t .....
Dubious, test returned 255 (wstat 65280, 0xff00)
Failed 16/16 subtests
Can't use 'defined(@array)' (Maybe you should just omit the defined()?) at /data/.cpan/build/Acme-Perl-VM-0.006-H3x2Py/blib/lib/Acme/Perl/VM/PP.pm line 1127.
Compilation failed in require at /data/.cpan/build/Acme-Perl-VM-0.006-H3x2Py/blib/lib/Acme/Perl/VM.pm line 103.
BEGIN failed--compilation aborted at /data/.cpan/build/Acme-Perl-VM-0.006-H3x2Py/blib/lib/Acme/Perl/VM.pm line 103.
Compilation failed in require at t/04_funcall.t line 6.
BEGIN failed--compilation aborted at t/04_funcall.t line 6.
# Looks like your test exited with 255 before it could output anything.
t/04_funcall.t ....
Dubious, test returned 255 (wstat 65280, 0xff00)
Failed 20/20 subtests
Can't use 'defined(@array)' (Maybe you should just omit the defined()?) at /data/.cpan/build/Acme-Perl-VM-0.006-H3x2Py/blib/lib/Acme/Perl/VM/PP.pm line 1127.
Compilation failed in require at /data/.cpan/build/Acme-Perl-VM-0.006-H3x2Py/blib/lib/Acme/Perl/VM.pm line 103.
BEGIN failed--compilation aborted at /data/.cpan/build/Acme-Perl-VM-0.006-H3x2Py/blib/lib/Acme/Perl/VM.pm line 103.
Compilation failed in require at t/05_methcall.t line 6.
BEGIN failed--compilation aborted at t/05_methcall.t line 6.
# Looks like your test exited with 255 before it could output anything.
t/05_methcall.t ...
Dubious, test returned 255 (wstat 65280, 0xff00)
Failed 18/18 subtests
Can't use 'defined(@array)' (Maybe you should just omit the defined()?) at /data/.cpan/build/Acme-Perl-VM-0.006-H3x2Py/blib/lib/Acme/Perl/VM/PP.pm line 1127.
Compilation failed in require at /data/.cpan/build/Acme-Perl-VM-0.006-H3x2Py/blib/lib/Acme/Perl/VM.pm line 103.
BEGIN failed--compilation aborted at /data/.cpan/build/Acme-Perl-VM-0.006-H3x2Py/blib/lib/Acme/Perl/VM.pm line 103.
Compilation failed in require at t/06_misc.t line 6.
BEGIN failed--compilation aborted at t/06_misc.t line 6.
# Looks like your test exited with 255 before it could output anything.
t/06_misc.t .......
Dubious, test returned 255 (wstat 65280, 0xff00)
Failed 20/20 subtests
Can't use 'defined(@array)' (Maybe you should just omit the defined()?) at /data/.cpan/build/Acme-Perl-VM-0.006-H3x2Py/blib/lib/Acme/Perl/VM/PP.pm line 1127.
Compilation failed in require at /data/.cpan/build/Acme-Perl-VM-0.006-H3x2Py/blib/lib/Acme/Perl/VM.pm line 103.
BEGIN failed--compilation aborted at /data/.cpan/build/Acme-Perl-VM-0.006-H3x2Py/blib/lib/Acme/Perl/VM.pm line 103.
Compilation failed in require at t/07_loop.t line 6.
BEGIN failed--compilation aborted at t/07_loop.t line 6.
# Looks like your test exited with 255 before it could output anything.
t/07_loop.t .......
Dubious, test returned 255 (wstat 65280, 0xff00)
Failed 16/16 subtests
Can't use 'defined(@array)' (Maybe you should just omit the defined()?) at /data/.cpan/build/Acme-Perl-VM-0.006-H3x2Py/blib/lib/Acme/Perl/VM/PP.pm line 1127.
Compilation failed in require at /data/.cpan/build/Acme-Perl-VM-0.006-H3x2Py/blib/lib/Acme/Perl/VM.pm line 103.
BEGIN failed--compilation aborted at /data/.cpan/build/Acme-Perl-VM-0.006-H3x2Py/blib/lib/Acme/Perl/VM.pm line 103.
Compilation failed in require at t/08_array.t line 6.
BEGIN failed--compilation aborted at t/08_array.t line 6.
# Looks like your test exited with 255 before it could output anything.
t/08_array.t ......
Dubious, test returned 255 (wstat 65280, 0xff00)
Failed 24/24 subtests
Can't use 'defined(@array)' (Maybe you should just omit the defined()?) at /data/.cpan/build/Acme-Perl-VM-0.006-H3x2Py/blib/lib/Acme/Perl/VM/PP.pm line 1127.
Compilation failed in require at /data/.cpan/build/Acme-Perl-VM-0.006-H3x2Py/blib/lib/Acme/Perl/VM.pm line 103.
BEGIN failed--compilation aborted at /data/.cpan/build/Acme-Perl-VM-0.006-H3x2Py/blib/lib/Acme/Perl/VM.pm line 103.
Compilation failed in require at t/09_hash.t line 6.
BEGIN failed--compilation aborted at t/09_hash.t line 6.
# Looks like your test exited with 255 before it could output anything.
t/09_hash.t .......
Dubious, test returned 255 (wstat 65280, 0xff00)
Failed 24/24 subtests
Can't use 'defined(@array)' (Maybe you should just omit the defined()?) at /data/.cpan/build/Acme-Perl-VM-0.006-H3x2Py/blib/lib/Acme/Perl/VM/PP.pm line 1127.
Compilation failed in require at /data/.cpan/build/Acme-Perl-VM-0.006-H3x2Py/blib/lib/Acme/Perl/VM.pm line 103.
BEGIN failed--compilation aborted at /data/.cpan/build/Acme-Perl-VM-0.006-H3x2Py/blib/lib/Acme/Perl/VM.pm line 103.
Compilation failed in require at t/10_rv2xv.t line 6.
BEGIN failed--compilation aborted at t/10_rv2xv.t line 6.
# Looks like your test exited with 255 before it could output anything.
t/10_rv2xv.t ......
Dubious, test returned 255 (wstat 65280, 0xff00)
Failed 24/24 subtests
Can't use 'defined(@array)' (Maybe you should just omit the defined()?) at /data/.cpan/build/Acme-Perl-VM-0.006-H3x2Py/blib/lib/Acme/Perl/VM/PP.pm line 1127.
Compilation failed in require at /data/.cpan/build/Acme-Perl-VM-0.006-H3x2Py/blib/lib/Acme/Perl/VM.pm line 103.
BEGIN failed--compilation aborted at /data/.cpan/build/Acme-Perl-VM-0.006-H3x2Py/blib/lib/Acme/Perl/VM.pm line 103.
Compilation failed in require at t/11_readline.t line 6.
BEGIN failed--compilation aborted at t/11_readline.t line 6.
# Looks like your test exited with 255 before it could output anything.
t/11_readline.t ...
Dubious, test returned 255 (wstat 65280, 0xff00)
Failed 11/11 subtests
Can't use 'defined(@array)' (Maybe you should just omit the defined()?) at /data/.cpan/build/Acme-Perl-VM-0.006-H3x2Py/blib/lib/Acme/Perl/VM/PP.pm line 1127.
Compilation failed in require at /data/.cpan/build/Acme-Perl-VM-0.006-H3x2Py/blib/lib/Acme/Perl/VM.pm line 103.
BEGIN failed--compilation aborted at /data/.cpan/build/Acme-Perl-VM-0.006-H3x2Py/blib/lib/Acme/Perl/VM.pm line 103.
Compilation failed in require at t/12_anon.t line 6.
BEGIN failed--compilation aborted at t/12_anon.t line 6.
# Looks like your test exited with 255 before it could output anything.
t/12_anon.t .......
Dubious, test returned 255 (wstat 65280, 0xff00)
Failed 14/14 subtests
Can't use 'defined(@array)' (Maybe you should just omit the defined()?) at /data/.cpan/build/Acme-Perl-VM-0.006-H3x2Py/blib/lib/Acme/Perl/VM/PP.pm line 1127.
Compilation failed in require at /data/.cpan/build/Acme-Perl-VM-0.006-H3x2Py/blib/lib/Acme/Perl/VM.pm line 103.
BEGIN failed--compilation aborted at /data/.cpan/build/Acme-Perl-VM-0.006-H3x2Py/blib/lib/Acme/Perl/VM.pm line 103.
Compilation failed in require at t/13_foreach.t line 6.
BEGIN failed--compilation aborted at t/13_foreach.t line 6.
# Looks like your test exited with 255 before it could output anything.
t/13_foreach.t ....
Dubious, test returned 255 (wstat 65280, 0xff00)
Failed 14/14 subtests
Can't use 'defined(@array)' (Maybe you should just omit the defined()?) at /data/.cpan/build/Acme-Perl-VM-0.006-H3x2Py/blib/lib/Acme/Perl/VM/PP.pm line 1127.
Compilation failed in require at /data/.cpan/build/Acme-Perl-VM-0.006-H3x2Py/blib/lib/Acme/Perl/VM.pm line 103.
BEGIN failed--compilation aborted at /data/.cpan/build/Acme-Perl-VM-0.006-H3x2Py/blib/lib/Acme/Perl/VM.pm line 103.
Compilation failed in require at t/14_assign2.t line 6.
BEGIN failed--compilation aborted at t/14_assign2.t line 6.
# Looks like your test exited with 255 before it could output anything.
t/14_assign2.t ....
Dubious, test returned 255 (wstat 65280, 0xff00)
Failed 10/10 subtests
Can't use 'defined(@array)' (Maybe you should just omit the defined()?) at /data/.cpan/build/Acme-Perl-VM-0.006-H3x2Py/blib/lib/Acme/Perl/VM/PP.pm line 1127.
Compilation failed in require at /data/.cpan/build/Acme-Perl-VM-0.006-H3x2Py/blib/lib/Acme/Perl/VM.pm line 103.
BEGIN failed--compilation aborted at /data/.cpan/build/Acme-Perl-VM-0.006-H3x2Py/blib/lib/Acme/Perl/VM.pm line 103.
Compilation failed in require at t/15_range.t line 6.
BEGIN failed--compilation aborted at t/15_range.t line 6.
# Looks like your test exited with 255 before it could output anything.
t/15_range.t ......
Dubious, test returned 255 (wstat 65280, 0xff00)
Failed 10/10 subtests
Can't use 'defined(@array)' (Maybe you should just omit the defined()?) at /data/.cpan/build/Acme-Perl-VM-0.006-H3x2Py/blib/lib/Acme/Perl/VM/PP.pm line 1127.
Compilation failed in require at /data/.cpan/build/Acme-Perl-VM-0.006-H3x2Py/blib/lib/Acme/Perl/VM.pm line 103.
BEGIN failed--compilation aborted at /data/.cpan/build/Acme-Perl-VM-0.006-H3x2Py/blib/lib/Acme/Perl/VM.pm line 103.
Compilation failed in require at t/16_wantarray.t line 6.
BEGIN failed--compilation aborted at t/16_wantarray.t line 6.
# Looks like your test exited with 255 before it could output anything.
t/16_wantarray.t ..
Dubious, test returned 255 (wstat 65280, 0xff00)
Failed 18/18 subtests
Can't use 'defined(@array)' (Maybe you should just omit the defined()?) at /data/.cpan/build/Acme-Perl-VM-0.006-H3x2Py/blib/lib/Acme/Perl/VM/PP.pm line 1127.
Compilation failed in require at /data/.cpan/build/Acme-Perl-VM-0.006-H3x2Py/blib/lib/Acme/Perl/VM.pm line 103.
BEGIN failed--compilation aborted at /data/.cpan/build/Acme-Perl-VM-0.006-H3x2Py/blib/lib/Acme/Perl/VM.pm line 103.
Compilation failed in require at t/17_pushpop.t line 6.
BEGIN failed--compilation aborted at t/17_pushpop.t line 6.
# Looks like your test exited with 255 before it could output anything.
t/17_pushpop.t ....
Dubious, test returned 255 (wstat 65280, 0xff00)
Failed 10/10 subtests
Can't use 'defined(@array)' (Maybe you should just omit the defined()?) at /data/.cpan/build/Acme-Perl-VM-0.006-H3x2Py/blib/lib/Acme/Perl/VM/PP.pm line 1127.
Compilation failed in require at /data/.cpan/build/Acme-Perl-VM-0.006-H3x2Py/blib/lib/Acme/Perl/VM.pm line 103.
BEGIN failed--compilation aborted at /data/.cpan/build/Acme-Perl-VM-0.006-H3x2Py/blib/lib/Acme/Perl/VM.pm line 103.
Compilation failed in require at t/18_extern.t line 6.
BEGIN failed--compilation aborted at t/18_extern.t line 6.
# Looks like your test exited with 255 before it could output anything.
t/18_extern.t .....
Dubious, test returned 255 (wstat 65280, 0xff00)
Failed 10/10 subtests
Can't use 'defined(@array)' (Maybe you should just omit the defined()?) at /data/.cpan/build/Acme-Perl-VM-0.006-H3x2Py/blib/lib/Acme/Perl/VM/PP.pm line 1127.
Compilation failed in require at /data/.cpan/build/Acme-Perl-VM-0.006-H3x2Py/blib/lib/Acme/Perl/VM.pm line 103.
BEGIN failed--compilation aborted at /data/.cpan/build/Acme-Perl-VM-0.006-H3x2Py/blib/lib/Acme/Perl/VM.pm line 103.
Compilation failed in require at t/19_bless.t line 6.
BEGIN failed--compilation aborted at t/19_bless.t line 6.
# Looks like your test exited with 255 before it could output anything.
t/19_bless.t ......
Dubious, test returned 255 (wstat 65280, 0xff00)
Failed 15/15 subtests
Can't use 'defined(@array)' (Maybe you should just omit the defined()?) at /data/.cpan/build/Acme-Perl-VM-0.006-H3x2Py/blib/lib/Acme/Perl/VM/PP.pm line 1127.
Compilation failed in require at /data/.cpan/build/Acme-Perl-VM-0.006-H3x2Py/blib/lib/Acme/Perl/VM.pm line 103.
BEGIN failed--compilation aborted at /data/.cpan/build/Acme-Perl-VM-0.006-H3x2Py/blib/lib/Acme/Perl/VM.pm line 103.
Compilation failed in require at t/20_join.t line 6.
BEGIN failed--compilation aborted at t/20_join.t line 6.
# Looks like your test exited with 255 before it could output anything.
t/20_join.t .......
Dubious, test returned 255 (wstat 65280, 0xff00)
Failed 10/10 subtests
Can't use 'defined(@array)' (Maybe you should just omit the defined()?) at /data/.cpan/build/Acme-Perl-VM-0.006-H3x2Py/blib/lib/Acme/Perl/VM/PP.pm line 1127.
Compilation failed in require at /data/.cpan/build/Acme-Perl-VM-0.006-H3x2Py/blib/lib/Acme/Perl/VM.pm line 103.
BEGIN failed--compilation aborted at /data/.cpan/build/Acme-Perl-VM-0.006-H3x2Py/blib/lib/Acme/Perl/VM.pm line 103.
Compilation failed in require at t/21_assign3.t line 6.
BEGIN failed--compilation aborted at t/21_assign3.t line 6.
# Looks like your test exited with 255 before it could output anything.
t/21_assign3.t ....
Dubious, test returned 255 (wstat 65280, 0xff00)
Failed 10/10 subtests
Test Summary Report
-------------------
t/00_load.t (Wstat: 256 Tests: 1 Failed: 1)
Failed test: 1
Non-zero exit status: 1
t/01_print.t (Wstat: 65280 Tests: 0 Failed: 0)
Non-zero exit status: 255
Parse errors: Bad plan. You planned 12 tests but ran 0.
t/02_return.t (Wstat: 65280 Tests: 0 Failed: 0)
Non-zero exit status: 255
Parse errors: Bad plan. You planned 15 tests but ran 0.
t/03_assign.t (Wstat: 65280 Tests: 0 Failed: 0)
Non-zero exit status: 255
Parse errors: Bad plan. You planned 16 tests but ran 0.
t/04_funcall.t (Wstat: 65280 Tests: 0 Failed: 0)
Non-zero exit status: 255
Parse errors: Bad plan. You planned 20 tests but ran 0.
t/05_methcall.t (Wstat: 65280 Tests: 0 Failed: 0)
Non-zero exit status: 255
Parse errors: Bad plan. You planned 18 tests but ran 0.
t/06_misc.t (Wstat: 65280 Tests: 0 Failed: 0)
Non-zero exit status: 255
Parse errors: Bad plan. You planned 20 tests but ran 0.
t/07_loop.t (Wstat: 65280 Tests: 0 Failed: 0)
Non-zero exit status: 255
Parse errors: Bad plan. You planned 16 tests but ran 0.
t/08_array.t (Wstat: 65280 Tests: 0 Failed: 0)
Non-zero exit status: 255
Parse errors: Bad plan. You planned 24 tests but ran 0.
t/09_hash.t (Wstat: 65280 Tests: 0 Failed: 0)
Non-zero exit status: 255
Parse errors: Bad plan. You planned 24 tests but ran 0.
t/10_rv2xv.t (Wstat: 65280 Tests: 0 Failed: 0)
Non-zero exit status: 255
Parse errors: Bad plan. You planned 24 tests but ran 0.
t/11_readline.t (Wstat: 65280 Tests: 0 Failed: 0)
Non-zero exit status: 255
Parse errors: Bad plan. You planned 11 tests but ran 0.
t/12_anon.t (Wstat: 65280 Tests: 0 Failed: 0)
Non-zero exit status: 255
Parse errors: Bad plan. You planned 14 tests but ran 0.
t/13_foreach.t (Wstat: 65280 Tests: 0 Failed: 0)
Non-zero exit status: 255
Parse errors: Bad plan. You planned 14 tests but ran 0.
t/14_assign2.t (Wstat: 65280 Tests: 0 Failed: 0)
Non-zero exit status: 255
Parse errors: Bad plan. You planned 10 tests but ran 0.
t/15_range.t (Wstat: 65280 Tests: 0 Failed: 0)
Non-zero exit status: 255
Parse errors: Bad plan. You planned 10 tests but ran 0.
t/16_wantarray.t (Wstat: 65280 Tests: 0 Failed: 0)
Non-zero exit status: 255
Parse errors: Bad plan. You planned 18 tests but ran 0.
t/17_pushpop.t (Wstat: 65280 Tests: 0 Failed: 0)
Non-zero exit status: 255
Parse errors: Bad plan. You planned 10 tests but ran 0.
t/18_extern.t (Wstat: 65280 Tests: 0 Failed: 0)
Non-zero exit status: 255
Parse errors: Bad plan. You planned 10 tests but ran 0.
t/19_bless.t (Wstat: 65280 Tests: 0 Failed: 0)
Non-zero exit status: 255
Parse errors: Bad plan. You planned 15 tests but ran 0.
t/20_join.t (Wstat: 65280 Tests: 0 Failed: 0)
Non-zero exit status: 255
Parse errors: Bad plan. You planned 10 tests but ran 0.
t/21_assign3.t (Wstat: 65280 Tests: 0 Failed: 0)
Non-zero exit status: 255
Parse errors: Bad plan. You planned 10 tests but ran 0.
Files=22, Tests=1, 1 wallclock secs ( 0.04 usr 0.03 sys + 0.98 cusr 0.06 csys = 1.11 CPU)
Result: FAIL
Failed 22/22 test programs. 1/1 subtests failed.
Makefile:794: recipe for target 'test_dynamic' failed
make: *** [test_dynamic] Error 255
------------------------------
PREREQUISITES
------------------------------
Prerequisite modules loaded:
requires:
Module Need Have
------------------- ---- --------
B 0 1.58
Exporter 5.57 5.72
ExtUtils::MakeMaker 6.42 7.04_01
Mouse 0.21 2.4.2
Test::More 0.62 1.001014
build_requires:
Module Need Have
------------------- ---- --------
ExtUtils::MakeMaker 0 7.04_01
configure_requires:
Module Need Have
------------------- ---- --------
ExtUtils::MakeMaker 6.42 7.04_01
------------------------------
ENVIRONMENT AND OTHER CONTEXT
------------------------------
Environment variables:
AUTOMATED_TESTING = 1
LANG = en_US.UTF-8
NONINTERACTIVE_TESTING = 1
PATH = /home/perltest/perl5/perlbrew/bin:/home/perltest/perl5/perlbrew/perls/perl-5.22.0-thread-multi-ld/bin:/home/perltest/perltest/bin:/home/perltest/perltest/bin:/home/perltest/perltest/bin:/home/perltest/perl5/perlbrew/bin:/home/perltest/perl5/perlbrew/perls/perl-5.23.0/bin:/usr/local/sbin:/usr/local/bin:/usr/sbin:/usr/bin:/sbin:/bin:/usr/games:/usr/local/games:/home/perltest/perltest/bin
PERL5LIB = /home/perltest/.cpan/build/Mouse-2.4.2-Au1A6V/blib/arch:/home/perltest/.cpan/build/Mouse-2.4.2-Au1A6V/blib/lib:/home/perltest/.cpan/build/Module-Build-XSUtil-0.16-ltHZ1z/blib/arch:/home/perltest/.cpan/build/Module-Build-XSUtil-0.16-ltHZ1z/blib/lib:/home/perltest/.cpan/build/Devel-CheckCompiler-0.06-C3riPv/blib/arch:/home/perltest/.cpan/build/Devel-CheckCompiler-0.06-C3riPv/blib/lib
PERL5OPT =
PERL5_CPANPLUS_IS_RUNNING = 27162
PERL5_CPAN_IS_RUNNING = 27162
PERL5_CPAN_IS_RUNNING_IN_RECURSION = 10770,27162
PERLBREW_BASHRC_VERSION = 0.73
PERLBREW_HOME = /home/perltest/.perlbrew
PERLBREW_LIB =
PERLBREW_MANPATH = /home/perltest/perl5/perlbrew/perls/perl-5.22.0-thread-multi-ld/man
PERLBREW_PATH = /home/perltest/perl5/perlbrew/bin:/home/perltest/perl5/perlbrew/perls/perl-5.22.0-thread-multi-ld/bin
PERLBREW_PERL = perl-5.22.0-thread-multi-ld
PERLBREW_ROOT = /home/perltest/perl5/perlbrew
PERLBREW_VERSION = 0.73
PERL_CR_SMOKER_CURRENT = Acme-Perl-VM-0.006
PERL_EXTUTILS_AUTOINSTALL = --defaultdeps
PERL_LOCAL_LIB_ROOT =
PERL_MM_USE_DEFAULT = 1
SHELL = /bin/bash
TERM = screen
Perl special variables (and OS-specific diagnostics, for MSWin32):
$^X = /data/perl5/perlbrew/perls/perl-5.22.0-thread-multi-ld/bin/perl
$UID/$EUID = 2000 / 2000
$GID = 2000 2000
$EGID = 2000 2000
Perl module toolchain versions installed:
Module Have
------------------- --------
CPAN 2.11
CPAN::Meta 2.150001
Cwd 3.56
ExtUtils::CBuilder 0.280221
ExtUtils::Command 1.20
ExtUtils::Install 2.04
ExtUtils::MakeMaker 7.04_01
ExtUtils::Manifest 1.70
ExtUtils::ParseXS 3.28
File::Spec 3.56
JSON 2.90
JSON::PP 2.27300
Module::Build 0.4214
Module::Signature n/a
Parse::CPAN::Meta 1.4414
Test::Harness 3.35
Test::More 1.001014
YAML 1.15
YAML::Syck n/a
version 0.9909
--
Summary of my perl5 (revision 5 version 22 subversion 0) configuration:
Platform:
osname=linux, osvers=3.19.0-18-generic, archname=x86_64-linux-thread-multi-ld
uname='linux perltest.antelope.net 3.19.0-18-generic #18-ubuntu smp tue may 19 18:31:35 utc 2015 x86_64 x86_64 x86_64 gnulinux '
config_args='-de -Dprefix=/home/perltest/perl5/perlbrew/perls/perl-5.22.0-thread-multi-ld -Dusethreads -Duselongdouble -Dusemultiplicity -Aeval:scriptdir=/home/perltest/perl5/perlbrew/perls/perl-5.22.0-thread-multi-ld/bin'
hint=recommended, useposix=true, d_sigaction=define
useithreads=define, usemultiplicity=define
use64bitint=define, use64bitall=define, uselongdouble=define
usemymalloc=n, bincompat5005=undef
Compiler:
cc='cc', ccflags ='-D_REENTRANT -D_GNU_SOURCE -fwrapv -fno-strict-aliasing -pipe -fstack-protector-strong -I/usr/local/include -D_LARGEFILE_SOURCE -D_FILE_OFFSET_BITS=64',
optimize='-O2',
cppflags='-D_REENTRANT -D_GNU_SOURCE -fwrapv -fno-strict-aliasing -pipe -fstack-protector-strong -I/usr/local/include'
ccversion='', gccversion='4.9.2', gccosandvers=''
intsize=4, longsize=8, ptrsize=8, doublesize=8, byteorder=12345678, doublekind=3
d_longlong=define, longlongsize=8, d_longdbl=define, longdblsize=16, longdblkind=3
ivtype='long', ivsize=8, nvtype='long double', nvsize=16, Off_t='off_t', lseeksize=8
alignbytes=16, prototype=define
Linker and Libraries:
ld='cc', ldflags =' -fstack-protector-strong -L/usr/local/lib'
libpth=/usr/local/lib /usr/lib/gcc/x86_64-linux-gnu/4.9/include-fixed /usr/include/x86_64-linux-gnu /usr/lib /lib/x86_64-linux-gnu /lib/../lib /usr/lib/x86_64-linux-gnu /usr/lib/../lib /lib
libs=-lpthread -lnsl -ldb -ldl -lm -lcrypt -lutil -lc
perllibs=-lpthread -lnsl -ldl -lm -lcrypt -lutil -lc
libc=libc-2.21.so, so=so, useshrplib=false, libperl=libperl.a
gnulibc_version='2.21'
Dynamic Linking:
dlsrc=dl_dlopen.xs, dlext=so, d_dlsymun=undef, ccdlflags='-Wl,-E'
cccdlflags='-fPIC', lddlflags='-shared -O2 -L/usr/local/lib -fstack-protector-strong'
Characteristics of this binary (from libperl):
Compile-time options: HAS_TIMES MULTIPLICITY PERLIO_LAYERS
PERL_DONT_CREATE_GVSV
PERL_HASH_FUNC_ONE_AT_A_TIME_HARD
PERL_IMPLICIT_CONTEXT PERL_MALLOC_WRAP
PERL_NEW_COPY_ON_WRITE PERL_PRESERVE_IVUV
USE_64_BIT_ALL USE_64_BIT_INT USE_ITHREADS
USE_LARGE_FILES USE_LOCALE USE_LOCALE_COLLATE
USE_LOCALE_CTYPE USE_LOCALE_NUMERIC USE_LOCALE_TIME
USE_LONG_DOUBLE USE_PERLIO USE_PERL_ATOF
USE_REENTRANT_API
Locally applied patches:
Devel::PatchPerl 1.38
Built under linux
Compiled at Jul 15 2015 23:32:40
%ENV:
PERL5LIB="/home/perltest/.cpan/build/Mouse-2.4.2-Au1A6V/blib/arch:/home/perltest/.cpan/build/Mouse-2.4.2-Au1A6V/blib/lib:/home/perltest/.cpan/build/Module-Build-XSUtil-0.16-ltHZ1z/blib/arch:/home/perltest/.cpan/build/Module-Build-XSUtil-0.16-ltHZ1z/blib/lib:/home/perltest/.cpan/build/Devel-CheckCompiler-0.06-C3riPv/blib/arch:/home/perltest/.cpan/build/Devel-CheckCompiler-0.06-C3riPv/blib/lib"
PERL5OPT=""
PERL5_CPANPLUS_IS_RUNNING="27162"
PERL5_CPAN_IS_RUNNING="27162"
PERL5_CPAN_IS_RUNNING_IN_RECURSION="10770,27162"
PERLBREW_BASHRC_VERSION="0.73"
PERLBREW_HOME="/home/perltest/.perlbrew"
PERLBREW_LIB=""
PERLBREW_MANPATH="/home/perltest/perl5/perlbrew/perls/perl-5.22.0-thread-multi-ld/man"
PERLBREW_PATH="/home/perltest/perl5/perlbrew/bin:/home/perltest/perl5/perlbrew/perls/perl-5.22.0-thread-multi-ld/bin"
PERLBREW_PERL="perl-5.22.0-thread-multi-ld"
PERLBREW_ROOT="/home/perltest/perl5/perlbrew"
PERLBREW_VERSION="0.73"
PERL_CR_SMOKER_CURRENT="Acme-Perl-VM-0.006"
PERL_EXTUTILS_AUTOINSTALL="--defaultdeps"
PERL_LOCAL_LIB_ROOT=""
PERL_MM_USE_DEFAULT="1"
@INC:
/home/perltest/.cpan/build/Mouse-2.4.2-Au1A6V/blib/arch
/home/perltest/.cpan/build/Mouse-2.4.2-Au1A6V/blib/lib
/home/perltest/.cpan/build/Module-Build-XSUtil-0.16-ltHZ1z/blib/arch
/home/perltest/.cpan/build/Module-Build-XSUtil-0.16-ltHZ1z/blib/lib
/home/perltest/.cpan/build/Devel-CheckCompiler-0.06-C3riPv/blib/arch
/home/perltest/.cpan/build/Devel-CheckCompiler-0.06-C3riPv/blib/lib
/home/perltest/perl5/perlbrew/perls/perl-5.22.0-thread-multi-ld/lib/site_perl/5.22.0/x86_64-linux-thread-multi-ld
/home/perltest/perl5/perlbrew/perls/perl-5.22.0-thread-multi-ld/lib/site_perl/5.22.0
/home/perltest/perl5/perlbrew/perls/perl-5.22.0-thread-multi-ld/lib/5.22.0/x86_64-linux-thread-multi-ld
/home/perltest/perl5/perlbrew/perls/perl-5.22.0-thread-multi-ld/lib/5.22.0
.