B-RecDeparse v0.10 Perl 5 v5.43.4 i86pc-solaris-64
- Status
- Fail
- From
- Carlos Guevara
- Dist
-
B-RecDeparse v0.10
- Platform
- Perl 5 v5.43.4 i86pc-solaris-64
- Date
- 2025-10-11 06:24:27
- ID
- f0549ba8-a66a-11f0-9ad5-bef4b7595585
This distribution has been tested as part of the CPAN Testers
project, supporting the Perl programming language. See
http://wiki.cpantesters.org/ for more information or email
questions to cpan-testers-discuss@perl.org
--
Dear Vincent Pit,
This is a computer-generated report for B-RecDeparse-0.10
on perl 5.43.4, created by CPAN-Reporter-1.2020.
Thank you for uploading your work to CPAN. However, there was a problem
testing your distribution.
If you think this report is invalid, please consult the CPAN Testers Wiki
for suggestions on how to avoid getting FAIL reports for missing library
or binary dependencies, unsupported operating systems, and so on:
http://wiki.cpantesters.org/wiki/CPANAuthorNotes
Sections of this report:
* Tester comments
* Program output
* Prerequisites
* Environment and other context
------------------------------
TESTER COMMENTS
------------------------------
Additional comments from tester:
this report is from an automated smoke testing program
and was not reviewed by a human for accuracy
------------------------------
PROGRAM OUTPUT
------------------------------
Output from '/usr/bin/make test':
PERL_DL_NONLAZY=1 "/export/home/cpan/bin/perl/bin/perl5.43.4" "-MExtUtils::Command::MM" "-MTest::Harness" "-e" "undef *Test::Harness::Switches; test_harness(0, 'blib/lib', 'blib/arch')" t/*.t
# Testing B::RecDeparse 0.10, Perl 5.043004, /export/home/cpan/bin/perl/bin/perl5.43.4
t/00-load.t .......... ok
t/02-can.t ........... ok
t/10-obj.t ........... ok
t/11-args.t .......... ok
# Failed test 'expansion at level -1 does not contain fma'
# at t/12-level.t line 22.
# '{
# use warnings;
# use strict;
# fma($_[0], 2, $_[1]);
# }'
# matches '(?^:\bfma\b)'
# Failed test 'expansion at level 1 contains add'
# at t/12-level.t line 19.
# '{
# use warnings;
# use strict;
# fma($_[0], 2, $_[1]);
# }'
# doesn't match '(?^:\badd\b)'
# Failed test 'expansion at level 1 contains mul'
# at t/12-level.t line 19.
# '{
# use warnings;
# use strict;
# fma($_[0], 2, $_[1]);
# }'
# doesn't match '(?^:\bmul\b)'
# Failed test 'expansion at level 1 does not contain fma'
# at t/12-level.t line 22.
# '{
# use warnings;
# use strict;
# fma($_[0], 2, $_[1]);
# }'
# matches '(?^:\bfma\b)'
# Failed test 'expansion at level 2 does not contain fma'
# at t/12-level.t line 22.
# '{
# use warnings;
# use strict;
# fma($_[0], 2, $_[1]);
# }'
# matches '(?^:\bfma\b)'
# Failed test 'expansion at level 2 does not contain fma'
# at t/12-level.t line 22.
# '{
# use warnings;
# use strict;
# fma($_[0], 2, $_[1]);
# }'
# matches '(?^:\bfma\b)'
# Looks like you failed 6 tests of 31.
t/12-level.t .........
Dubious, test returned 6 (wstat 1536, 0x600)
Failed 6/31 subtests
# Failed test 'expansion at level -1 does not contain fma'
# at t/13-prototypes.t line 22.
# '($$) {
# use warnings;
# use strict;
# fma($_[0], 2, $_[1]);
# }'
# matches '(?^:\bfma\b)'
# Failed test 'expansion at level 1 contains add'
# at t/13-prototypes.t line 19.
# '($$) {
# use warnings;
# use strict;
# fma($_[0], 2, $_[1]);
# }'
# doesn't match '(?^:\badd\b)'
# Failed test 'expansion at level 1 contains mul'
# at t/13-prototypes.t line 19.
# '($$) {
# use warnings;
# use strict;
# fma($_[0], 2, $_[1]);
# }'
# doesn't match '(?^:\bmul\b)'
# Failed test 'expansion at level 1 does not contain fma'
# at t/13-prototypes.t line 22.
# '($$) {
# use warnings;
# use strict;
# fma($_[0], 2, $_[1]);
# }'
# matches '(?^:\bfma\b)'
# Failed test 'expansion at level 2 does not contain fma'
# at t/13-prototypes.t line 22.
# '($$) {
# use warnings;
# use strict;
# fma($_[0], 2, $_[1]);
# }'
# matches '(?^:\bfma\b)'
# Failed test 'expansion at level 2 does not contain fma'
# at t/13-prototypes.t line 22.
# '($$) {
# use warnings;
# use strict;
# fma($_[0], 2, $_[1]);
# }'
# matches '(?^:\bfma\b)'
# Looks like you failed 6 tests of 30.
t/13-prototypes.t ....
Dubious, test returned 6 (wstat 1536, 0x600)
Failed 6/30 subtests
# Failed test 'expansion at level -1 contains the ref dummy'
# at t/14-refs.t line 28.
# '{
# use warnings;
# use strict 'refs', 'subs';
# call \&add, $_[0], 1;
# }'
# doesn't match '(?^:\b(?<=\\&)dummy\b)'
# Failed test 'expansion at level -1 does not contain the function call'
# at t/14-refs.t line 31.
# '{
# use warnings;
# use strict 'refs', 'subs';
# call \&add, $_[0], 1;
# }'
# matches '(?^:\b(?<!\\&)call\b)'
# Failed test 'expansion at level 1 contains the ref dummy'
# at t/14-refs.t line 28.
# '{
# use warnings;
# use strict 'refs', 'subs';
# call \&add, $_[0], 1;
# }'
# doesn't match '(?^:\b(?<=\\&)dummy\b)'
# Failed test 'expansion at level 1 does not contain the function call'
# at t/14-refs.t line 31.
# '{
# use warnings;
# use strict 'refs', 'subs';
# call \&add, $_[0], 1;
# }'
# matches '(?^:\b(?<!\\&)call\b)'
# Failed test 'expansion at level 2 contains the ref dummy'
# at t/14-refs.t line 28.
# '{
# use warnings;
# use strict 'refs', 'subs';
# call \&add, $_[0], 1;
# }'
# doesn't match '(?^:\b(?<=\\&)dummy\b)'
# Failed test 'expansion at level 2 does not contain the function call'
# at t/14-refs.t line 31.
# '{
# use warnings;
# use strict 'refs', 'subs';
# call \&add, $_[0], 1;
# }'
# matches '(?^:\b(?<!\\&)call\b)'
# Looks like you failed 6 tests of 56.
t/14-refs.t ..........
Dubious, test returned 6 (wstat 1536, 0x600)
Failed 6/56 subtests
# Failed test 'expansion at level -1 does not contain Dongs::fma'
# at t/15-pkg.t line 22.
# '{
# use warnings;
# use strict;
# Dongs::fma($_[0], 2, $_[1]);
# }'
# matches '(?^:\bDongs::fma\b)'
# Failed test 'expansion at level 1 contains add'
# at t/15-pkg.t line 19.
# '{
# use warnings;
# use strict;
# Dongs::fma($_[0], 2, $_[1]);
# }'
# doesn't match '(?^:\badd\b)'
# Failed test 'expansion at level 1 contains mul'
# at t/15-pkg.t line 19.
# '{
# use warnings;
# use strict;
# Dongs::fma($_[0], 2, $_[1]);
# }'
# doesn't match '(?^:\bmul\b)'
# Failed test 'expansion at level 1 does not contain Dongs::fma'
# at t/15-pkg.t line 22.
# '{
# use warnings;
# use strict;
# Dongs::fma($_[0], 2, $_[1]);
# }'
# matches '(?^:\bDongs::fma\b)'
# Failed test 'expansion at level 2 does not contain Dongs::fma'
# at t/15-pkg.t line 22.
# '{
# use warnings;
# use strict;
# Dongs::fma($_[0], 2, $_[1]);
# }'
# matches '(?^:\bDongs::fma\b)'
# Failed test 'expansion at level 2 does not contain Dongs::fma'
# at t/15-pkg.t line 22.
# '{
# use warnings;
# use strict;
# Dongs::fma($_[0], 2, $_[1]);
# }'
# matches '(?^:\bDongs::fma\b)'
# Looks like you failed 6 tests of 30.
t/15-pkg.t ...........
Dubious, test returned 6 (wstat 1536, 0x600)
Failed 6/30 subtests
# Failed test 'deparsing foo at level 1 correctly'
# at t/16-recurse.t line 79.
# '{
# use warnings;
# use strict;
# bar($_[0] + 1);
# }'
# doesn't match '(?^:sub\ \{\
# foo\(\$_\[0\]\ \-\ 1\)\;\
# \}\-\>\(\$_\[0\]\ \+\ 1\)\;)'
# Failed test 'deparsing foo at level 2 correctly'
# at t/16-recurse.t line 79.
# '{
# use warnings;
# use strict;
# bar($_[0] + 1);
# }'
# doesn't match '(?^:sub\ \{\
# foo\(\$_\[0\]\ \-\ 1\)\;\
# \}\-\>\(\$_\[0\]\ \+\ 1\)\;)'
# Failed test 'deparsing foo at level 5 correctly'
# at t/16-recurse.t line 79.
# '{
# use warnings;
# use strict;
# bar($_[0] + 1);
# }'
# doesn't match '(?^:sub\ \{\
# foo\(\$_\[0\]\ \-\ 1\)\;\
# \}\-\>\(\$_\[0\]\ \+\ 1\)\;)'
# Failed test 'deparsing foo at level -1 correctly'
# at t/16-recurse.t line 79.
# '{
# use warnings;
# use strict;
# bar($_[0] + 1);
# }'
# doesn't match '(?^:sub\ \{\
# foo\(\$_\[0\]\ \-\ 1\)\;\
# \}\-\>\(\$_\[0\]\ \+\ 1\)\;)'
# Failed test 'deparsing bar at level 1 correctly'
# at t/16-recurse.t line 79.
# '{
# use warnings;
# use strict;
# foo($_[0] - 1);
# }'
# doesn't match '(?^:sub\ \{\
# bar\(\$_\[0\]\ \+\ 1\)\;\
# \}\-\>\(\$_\[0\]\ \-\ 1\)\;)'
# Failed test 'deparsing bar at level 2 correctly'
# at t/16-recurse.t line 79.
# '{
# use warnings;
# use strict;
# foo($_[0] - 1);
# }'
# doesn't match '(?^:sub\ \{\
# bar\(\$_\[0\]\ \+\ 1\)\;\
# \}\-\>\(\$_\[0\]\ \-\ 1\)\;)'
# Failed test 'deparsing bar at level 5 correctly'
# at t/16-recurse.t line 79.
# '{
# use warnings;
# use strict;
# foo($_[0] - 1);
# }'
# doesn't match '(?^:sub\ \{\
# bar\(\$_\[0\]\ \+\ 1\)\;\
# \}\-\>\(\$_\[0\]\ \-\ 1\)\;)'
# Failed test 'deparsing bar at level -1 correctly'
# at t/16-recurse.t line 79.
# '{
# use warnings;
# use strict;
# foo($_[0] - 1);
# }'
# doesn't match '(?^:sub\ \{\
# bar\(\$_\[0\]\ \+\ 1\)\;\
# \}\-\>\(\$_\[0\]\ \-\ 1\)\;)'
# Looks like you failed 8 tests of 30.
t/16-recurse.t .......
Dubious, test returned 8 (wstat 2048, 0x800)
Failed 8/30 subtests
# Failed test 'deparsing sub e1 works as expected'
# at t/17-calls.t line 74.
# '{
# use warnings;
# use strict;
# foo();
# }'
# doesn't match '(?^:123)'
# Failed test 'deparsing sub e2 works as expected'
# at t/17-calls.t line 74.
# '{
# use warnings;
# use strict;
# foo(1);
# }'
# doesn't match '(?^:123)'
# Failed test 'deparsing sub e3 works as expected'
# at t/17-calls.t line 74.
# '{
# use warnings;
# use strict;
# foo(@_);
# }'
# doesn't match '(?^:123)'
# Failed test 'deparsing sub e4 works as expected'
# at t/17-calls.t line 74.
# '{
# use warnings;
# use strict;
# foo(shift());
# }'
# doesn't match '(?^:123)'
# Looks like you failed 4 tests of 64.
t/17-calls.t .........
Dubious, test returned 4 (wstat 1024, 0x400)
Failed 4/64 subtests
t/20-compile.t ....... ok
t/21-single_delim.t .. ok
Test Summary Report
-------------------
t/12-level.t (Wstat: 1536 (exited 6) Tests: 31 Failed: 6)
Failed tests: 3, 13-15, 21, 27
Non-zero exit status: 6
t/13-prototypes.t (Wstat: 1536 (exited 6) Tests: 30 Failed: 6)
Failed tests: 3, 13-15, 21, 27
Non-zero exit status: 6
t/14-refs.t (Wstat: 1536 (exited 6) Tests: 56 Failed: 6)
Failed tests: 2, 4, 30, 32, 44, 46
Non-zero exit status: 6
t/15-pkg.t (Wstat: 1536 (exited 6) Tests: 30 Failed: 6)
Failed tests: 3, 13-15, 21, 27
Non-zero exit status: 6
t/16-recurse.t (Wstat: 2048 (exited 8) Tests: 30 Failed: 8)
Failed tests: 14, 16, 18, 20, 24, 26, 28, 30
Non-zero exit status: 8
t/17-calls.t (Wstat: 1024 (exited 4) Tests: 64 Failed: 4)
Failed tests: 2, 4, 6, 8
Non-zero exit status: 4
Files=12, Tests=286, 1 wallclock secs ( 0.05 usr 0.03 sys + 0.92 cusr 0.19 csys = 1.19 CPU)
Result: FAIL
Failed 6/12 test programs. 36/286 subtests failed.
*** Error code 255
make: Fatal error: Command failed for target `test_dynamic'
------------------------------
PREREQUISITES
------------------------------
Prerequisite modules loaded:
requires:
Module Need Have
------------------- -------- --------
B::Deparse 0 1.88
base 0 2.27
Carp 0 1.54
Config 0 5.043004
perl 5.008001 5.043004
build_requires:
Module Need Have
------------------- -------- --------
ExtUtils::MakeMaker 0 7.76
configure_requires:
Module Need Have
------------------- -------- --------
ExtUtils::MakeMaker 0 7.76
------------------------------
ENVIRONMENT AND OTHER CONTEXT
------------------------------
Environment variables:
AUTOMATED_TESTING = 1
DATE_MANIP_TEST_DM5 = 1
LANG = en_US.UTF-8
LC_ALL = C
NONINTERACTIVE_TESTING = 1
NO_NETWORK_TESTING = 1
PATH = /export/home/cpan/bin/perl/bin:/usr/bin:/usr/sbin:/sbin:/opt/ooce/bin:/usr/gnu/bin
PERL5LIB =
PERL5OPT =
PERL5_CPANPLUS_IS_RUNNING = 11613
PERL5_CPAN_IS_RUNNING = 11613
PERL_MM_USE_DEFAULT = 1
PERL_PERTURB_KEYS = 0
PERL_USE_UNSAFE_INC = 1
SHELL = /bin/sh
TERM = screen
Perl special variables (and OS-specific diagnostics, for MSWin32):
$^X = /export/home/cpan/bin/perl/bin/perl5.43.4
$UID/$EUID = 101 / 101
$GID = 1 1
$EGID = 1 1
Perl module toolchain versions installed:
Module Have
------------------- --------
CPAN 2.38
CPAN::Meta 2.150010
Cwd 3.94
ExtUtils::CBuilder 0.280242
ExtUtils::Command 7.76
ExtUtils::Install 2.22
ExtUtils::MakeMaker 7.76
ExtUtils::Manifest 1.75
ExtUtils::ParseXS 3.60
File::Spec 3.94
JSON 4.10
JSON::PP 4.16
Module::Build 0.4234
Module::Signature n/a
Parse::CPAN::Meta 2.150010
Test2 1.302214
Test::Harness 3.52
Test::More 1.302214
YAML 1.31
YAML::Syck 1.34
version 0.9933
--
Summary of my perl5 (revision 5 version 43 subversion 4) configuration:
Commit id: 201ee5d599737a9c43a8681dbf23e0cb4658be60
Platform:
osname=solaris
osvers=2.11
archname=i86pc-solaris-64
uname='sunos cjg-omniosce 5.11 omnios-r151052-92934720d80 i86pc i386 i86pc '
config_args='-des -Dprefix=/export/home/cpan/bin/perl -Dscriptdir=/export/home/cpan/bin/perl/bin -Dusedevel -Duse64bitall -Dcc=gcc'
hint=recommended
useposix=true
d_sigaction=define
useithreads=undef
usemultiplicity=undef
use64bitint=define
use64bitall=define
uselongdouble=undef
usemymalloc=n
default_inc_excludes_dot=define
Compiler:
cc='gcc'
ccflags ='-m64 -fwrapv -fno-strict-aliasing -pipe -fstack-protector-strong -D_LARGEFILE_SOURCE -D_FILE_OFFSET_BITS=64 -D_FORTIFY_SOURCE=2'
optimize='-O'
cppflags='-m64 -fwrapv -fno-strict-aliasing -pipe -fstack-protector-strong'
ccversion=''
gccversion='14.2.0'
gccosandvers=''
intsize=4
longsize=8
ptrsize=8
doublesize=8
byteorder=12345678
doublekind=3
d_longlong=define
longlongsize=8
d_longdbl=define
longdblsize=16
longdblkind=3
ivtype='long'
ivsize=8
nvtype='double'
nvsize=8
Off_t='off_t'
lseeksize=8
alignbytes=8
prototype=define
Linker and Libraries:
ld='gcc'
ldflags =' -m64 -fstack-protector-strong -L/usr/gnu/lib '
libpth=/opt/gcc-14/lib /usr/lib /usr/gnu/lib /usr/ccs/lib
libs=-lpthread -lsocket -lnsl -ldl -lm -lc
perllibs=-lpthread -lsocket -lnsl -ldl -lm -lc
libc=/lib/libc.so
so=so
useshrplib=true
libperl=libperl.so
gnulibc_version=''
Dynamic Linking:
dlsrc=dl_dlopen.xs
dlext=so
d_dlsymun=undef
ccdlflags=' -R /export/home/cpan/bin/perl/lib/5.43.4/i86pc-solaris-64/CORE'
cccdlflags='-fPIC'
lddlflags=' -shared -m64 -L/usr/gnu/lib -fstack-protector-strong'
Characteristics of this binary (from libperl):
Compile-time options:
HAS_LONG_DOUBLE
HAS_STRTOLD
HAS_TIMES
PERLIO_LAYERS
PERL_COPY_ON_WRITE
PERL_DONT_CREATE_GVSV
PERL_HASH_FUNC_SIPHASH13
PERL_HASH_USE_SBOX32
PERL_MALLOC_WRAP
PERL_OP_PARENT
PERL_PRESERVE_IVUV
PERL_USE_DEVEL
PERL_USE_SAFE_PUTENV
USE_64_BIT_ALL
USE_64_BIT_INT
USE_LARGE_FILES
USE_LOCALE
USE_LOCALE_COLLATE
USE_LOCALE_CTYPE
USE_LOCALE_NUMERIC
USE_LOCALE_TIME
USE_PERLIO
USE_PERL_ATOF
Built under solaris
Compiled at Oct 10 2025 08:26:22
%ENV:
PERL5LIB=""
PERL5OPT=""
PERL5_CPANPLUS_IS_RUNNING="11613"
PERL5_CPAN_IS_RUNNING="11613"
PERL_MM_USE_DEFAULT="1"
PERL_PERTURB_KEYS="0"
PERL_USE_UNSAFE_INC="1"
@INC:
/export/home/cpan/bin/perl/lib/site_perl/5.43.4/i86pc-solaris-64
/export/home/cpan/bin/perl/lib/site_perl/5.43.4
/export/home/cpan/bin/perl/lib/5.43.4/i86pc-solaris-64
/export/home/cpan/bin/perl/lib/5.43.4
.