App-Git-Perl v0.1.14 Perl 5 v5.20.2 i386-freebsd

Status
Fail
From
Chris Williams (BINGOS)
Dist
App-Git-Perl v0.1.14
Platform
Perl 5 v5.20.2 i386-freebsd
Date
2022-07-25 14:41:59
ID
f04906b6-0c27-11ed-8f4e-c962458f5e5b
This distribution has been tested as part of the CPAN Testers
project, supporting the Perl programming language.  See
http://wiki.cpantesters.org/ for more information or email
questions to cpan-testers-discuss@perl.org


--

Dear NHRNJICA,

This is a computer-generated error report created automatically by
CPANPLUS, version 0.9914. Testers personal comments may appear
at the end of this report.


Thank you for uploading your work to CPAN.  However, it appears that
there were some problems testing your distribution.

TEST RESULTS:

Below is the error stack from stage 'make test':

PERL_DL_NONLAZY=1 "/usr/home/cpan/pit/bare/perl-5.20.2/bin/perl" "-MExtUtils::Command::MM" "-MTest::Harness" "-e" "undef *Test::Harness::Switches; test_harness(0, 'blib/lib', 'blib/arch')" t/*.t
t/0-start.t .............. ok
t/1-external-programs.t .. ok

#   Failed test 'Able to get data from remote site / git perl recent.'
#   at t/2-script.t line 30.

#   Failed test 'Able to get remote non-existing repository.'
#   at t/2-script.t line 36.

#   Failed test 'git log does not work. I cannot see changes from git log'
#   at t/2-script.t line 46.

#   Failed test 'Local repository created.'
#   at t/2-script.t line 56.

#   Failed test 'Able to remove local repository.'
#   at t/2-script.t line 59.

#   Failed test 'git log does not work. I cannot see changes from git log'
#   at t/2-script.t line 72.

#   Failed test 'Able to get remote repository.'
#   at t/2-script.t line 79.

#   Failed test 'Local repository created.'
#   at t/2-script.t line 82.

#   Failed test 'Able to remove local repository.'
#   at t/2-script.t line 85.

#   Failed test 'Local repository created.'
#   at t/2-script.t line 101.

#   Failed test 'Able to remove local repository.'
#   at t/2-script.t line 104.

#   Failed test 'Able to get remote repository.'
#   at t/2-script.t line 117.

#   Failed test 'Local repository created.'
#   at t/2-script.t line 120.

#   Failed test 'Able to remove local repository.'
#   at t/2-script.t line 123.

#   Failed test 'Able to get remote repository.'
#   at t/2-script.t line 137.

#   Failed test 'Local repository created.'
#   at t/2-script.t line 140.

#   Failed test 'Able to read list of local repositories.'
#   at t/2-script.t line 145.

#   Failed test 'Able to list repository.'
#   at t/2-script.t line 151.

#   Failed test 'git log does not work. I cannot see changes from git log'
#   at t/2-script.t line 157.

#   Failed test 'Able to remove local repository.'
#   at t/2-script.t line 161.

#   Failed test 'Able to get remote repository.'
#   at t/2-script.t line 172.

#   Failed test 'Local repository created.'
#   at t/2-script.t line 175.

#   Failed test 'Able to remove local repository.'
#   at t/2-script.t line 178.
# Looks like you failed 23 tests of 38.
t/2-script.t ............. 
Dubious, test returned 23 (wstat 5888, 0x1700)
Failed 23/38 subtests 

Test Summary Report
-------------------
t/2-script.t           (Wstat: 5888 (exited 23) Tests: 38 Failed: 23)
  Failed tests:  2-4, 6-7, 9-12, 15-16, 18-20, 22-24, 26-28
                30-32
  Non-zero exit status: 23
Files=3, Tests=54,  5 wallclock secs ( 0.05 usr  0.02 sys +  3.00 cusr  1.43 csys =  4.50 CPU)
Result: FAIL
Failed 1/3 test programs. 23/54 subtests failed.
*** Error code 23

Stop.
make: stopped in /usr/home/cpan/pit/bare/conf/perl-5.20.2/.cpanplus/5.20.2/build/RauDIGxDxW/App-Git-Perl-0.1.14


PREREQUISITES:

Here is a list of prerequisites you specified and versions we
managed to load:

	  Module Name                        Have     Want
	  ExtUtils::MakeMaker                7.64        0
	  IO::Socket::SSL                   2.074     1.42

Perl module toolchain versions installed:
	Module Name                        Have
	CPANPLUS                         0.9914
	CPANPLUS::Dist::Build              0.90
	Cwd                                3.75
	ExtUtils::CBuilder             0.280236
	ExtUtils::Command                  7.64
	ExtUtils::Install                  2.20
	ExtUtils::MakeMaker                7.64
	ExtUtils::Manifest                 1.73
	ExtUtils::ParseXS                  3.44
	File::Spec                         3.75
	Module::Build                    0.4231
	Pod::Parser                        1.62
	Pod::Simple                        3.28
	Test2                          1.302190
	Test::Harness                      3.44
	Test::More                     1.302190
	version                          0.9929

******************************** NOTE ********************************
The comments above are created mechanically, possibly without manual
checking by the sender.  As there are many people performing automatic
tests on each upload to CPAN, it is likely that you will receive
identical messages about the same problem.

If you believe that the message is mistaken, please reply to the first
one with correction and/or additional informations, and do not take
it personally.  We appreciate your patience. :)
**********************************************************************

Additional comments:


This report was machine-generated by CPANPLUS::Dist::YACSmoke 1.08.
Powered by minismokebox version 0.68

CPANPLUS is prefering Build.PL

------------------------------
ENVIRONMENT AND OTHER CONTEXT
------------------------------

Environment variables:

    AUTOMATED_TESTING = 1
    NONINTERACTIVE_TESTING = 1
    PATH = /usr/home/cpan/pit/bare/conf/perl-5.20.2/.cpanplus/5.20.2/build/RauDIGxDxW/App-Git-Perl-0.1.14/blib/script:/sbin:/bin:/usr/sbin:/usr/bin:/usr/local/sbin:/usr/local/bin:/home/cpan/bin
    PERL5LIB = /usr/home/cpan/pit/jail/jtRb_CnnL4/lib/perl5:/usr/home/cpan/pit/bare/conf/perl-5.20.2/.cpanplus/5.20.2/build/RauDIGxDxW/App-Git-Perl-0.1.14/blib/lib:/usr/home/cpan/pit/bare/conf/perl-5.20.2/.cpanplus/5.20.2/build/RauDIGxDxW/App-Git-Perl-0.1.14/blib/arch
    PERL5_CPANPLUS_IS_RUNNING = 2583
    PERL5_CPANPLUS_IS_VERSION = 0.9914
    PERL5_MINISMOKEBOX = 0.68
    PERL5_YACSMOKE_BASE = /usr/home/cpan/pit/bare/conf/perl-5.20.2
    PERL_EXTUTILS_AUTOINSTALL = --defaultdeps
    PERL_LOCAL_LIB_ROOT = /usr/home/cpan/pit/jail/jtRb_CnnL4
    PERL_MB_OPT = --install_base "/usr/home/cpan/pit/jail/jtRb_CnnL4"
    PERL_MM_OPT = INSTALL_BASE=/usr/home/cpan/pit/jail/jtRb_CnnL4
    PERL_MM_USE_DEFAULT = 1
    SHELL = /usr/local/bin/bash
    TERM = screen

Perl special variables (and OS-specific diagnostics, for MSWin32):

    Perl: $^X = /usr/home/cpan/pit/bare/perl-5.20.2/bin/perl
    UID:  $<  = 1002
    EUID: $>  = 1002
    GID:  $(  = 1002 1002
    EGID: $)  = 1002 1002


-------------------------------


--

Summary of my perl5 (revision 5 version 20 subversion 2) configuration:
   
  Platform:
    osname=freebsd, osvers=12.3-release, archname=i386-freebsd
    uname='freebsd ffyrc 12.3-release freebsd 12.3-release r371126 generic i386 '
    config_args='-des -Dprefix=/usr/home/cpan/pit/bare/perl-5.20.2'
    hint=recommended, useposix=true, d_sigaction=define
    useithreads=undef, usemultiplicity=undef
    use64bitint=undef, use64bitall=undef, uselongdouble=undef
    usemymalloc=n, bincompat5005=undef
  Compiler:
    cc='cc', ccflags ='-DHAS_FPSETMASK -DHAS_FLOATINGPOINT_H -fno-strict-aliasing -pipe -fstack-protector -I/usr/local/include',
    optimize='-O2',
    cppflags='-DHAS_FPSETMASK -DHAS_FLOATINGPOINT_H -fno-strict-aliasing -pipe -fstack-protector -I/usr/local/include'
    ccversion='', gccversion='FreeBSD Clang 10.0.1 (git@github.com:llvm/llvm-project.git llvmorg-10.0.1-0-gef32c611aa2)', gccosandvers=''
    intsize=4, longsize=4, ptrsize=4, doublesize=8, byteorder=1234
    d_longlong=define, longlongsize=8, d_longdbl=define, longdblsize=12
    ivtype='long', ivsize=4, nvtype='double', nvsize=8, Off_t='off_t', lseeksize=8
    alignbytes=4, prototype=define
  Linker and Libraries:
    ld='cc', ldflags ='-Wl,-E  -fstack-protector -L/usr/local/lib'
    libpth=/usr/lib /usr/local/lib /usr/lib/clang/10.0.1/lib /usr/lib
    libs=-lgdbm -ldl -lm -lcrypt -lutil -lc
    perllibs=-ldl -lm -lcrypt -lutil -lc
    libc=, so=so, useshrplib=false, libperl=libperl.a
    gnulibc_version=''
  Dynamic Linking:
    dlsrc=dl_dlopen.xs, dlext=so, d_dlsymun=undef, ccdlflags=' '
    cccdlflags='-DPIC -fPIC', lddlflags='-shared  -L/usr/local/lib -fstack-protector'


Characteristics of this binary (from libperl): 
  Compile-time options: HAS_TIMES PERLIO_LAYERS PERL_DONT_CREATE_GVSV
                        PERL_HASH_FUNC_ONE_AT_A_TIME_HARD PERL_MALLOC_WRAP
                        PERL_NEW_COPY_ON_WRITE PERL_PRESERVE_IVUV
                        USE_LARGE_FILES USE_LOCALE USE_LOCALE_COLLATE
                        USE_LOCALE_CTYPE USE_LOCALE_NUMERIC USE_PERLIO
                        USE_PERL_ATOF
  Locally applied patches:
	Devel::PatchPerl 2.08
  Built under freebsd
  Compiled at Dec 11 2021 22:42:04
  %ENV:
    PERL5LIB="/usr/home/cpan/pit/jail/jtRb_CnnL4/lib/perl5:/usr/home/cpan/pit/bare/conf/perl-5.20.2/.cpanplus/5.20.2/build/RauDIGxDxW/App-Git-Perl-0.1.14/blib/lib:/usr/home/cpan/pit/bare/conf/perl-5.20.2/.cpanplus/5.20.2/build/RauDIGxDxW/App-Git-Perl-0.1.14/blib/arch"
    PERL5_CPANPLUS_IS_RUNNING="2583"
    PERL5_CPANPLUS_IS_VERSION="0.9914"
    PERL5_MINISMOKEBOX="0.68"
    PERL5_YACSMOKE_BASE="/usr/home/cpan/pit/bare/conf/perl-5.20.2"
    PERL_EXTUTILS_AUTOINSTALL="--defaultdeps"
    PERL_LOCAL_LIB_ROOT="/usr/home/cpan/pit/jail/jtRb_CnnL4"
    PERL_MB_OPT="--install_base "/usr/home/cpan/pit/jail/jtRb_CnnL4""
    PERL_MM_OPT="INSTALL_BASE=/usr/home/cpan/pit/jail/jtRb_CnnL4"
    PERL_MM_USE_DEFAULT="1"
  @INC:
    /usr/home/cpan/pit/jail/jtRb_CnnL4/lib/perl5/5.20.2/i386-freebsd
    /usr/home/cpan/pit/jail/jtRb_CnnL4/lib/perl5/5.20.2
    /usr/home/cpan/pit/jail/jtRb_CnnL4/lib/perl5/i386-freebsd
    /usr/home/cpan/pit/jail/jtRb_CnnL4/lib/perl5
    /usr/home/cpan/pit/bare/conf/perl-5.20.2/.cpanplus/5.20.2/build/RauDIGxDxW/App-Git-Perl-0.1.14/blib/lib
    /usr/home/cpan/pit/bare/conf/perl-5.20.2/.cpanplus/5.20.2/build/RauDIGxDxW/App-Git-Perl-0.1.14/blib/arch
    /usr/home/cpan/pit/bare/perl-5.20.2/lib/site_perl/5.20.2/i386-freebsd
    /usr/home/cpan/pit/bare/perl-5.20.2/lib/site_perl/5.20.2
    /usr/home/cpan/pit/bare/perl-5.20.2/lib/5.20.2/i386-freebsd
    /usr/home/cpan/pit/bare/perl-5.20.2/lib/5.20.2
    .