Back
From: metabase:user:0b91ce32-3676-11e1-a1bc-bfed0df65b4f
Subject: FAIL Class-DBI-Sweet-0.11 v5.8.8 GNU/Linux
Date: 2012-04-22T12:16:07Z
This distribution has been tested as part of the CPAN Testers
project, supporting the Perl programming language. See
http://wiki.cpantesters.org/ for more information or email
questions to cpan-testers-discuss@perl.org
--
Dear Fred Moyer,
This is a computer-generated report for Class-DBI-Sweet-0.11
on perl 5.8.8, created by CPAN-Reporter-1.2004.
Thank you for uploading your work to CPAN. However, there was a problem
testing your distribution.
If you think this report is invalid, please consult the CPAN Testers Wiki
for suggestions on how to avoid getting FAIL reports for missing library
or binary dependencies, unsupported operating systems, and so on:
http://wiki.cpantesters.org/wiki/CPANAuthorNotes
Sections of this report:
* Tester comments
* Program output
* Prerequisites
* Environment and other context
------------------------------
TESTER COMMENTS
------------------------------
Additional comments from tester:
this report is from an automated smoke testing program
and was not reviewed by a human for accuracy
------------------------------
PROGRAM OUTPUT
------------------------------
Output from '/usr/bin/make test':
/usr/bin/perl Build --makefile_env_macros 1 test
DBI 1.618-ithread default trace level set to 0x0/1 (pid 12587 pi 81c8008) at DBI.pm line 277 via DBI.pm line 7
[05:15:19] t/01use.t ................................
1..2
ok 1 - use Class::DBI::Sweet;
ok 2 - use Class::DBI::Sweet::Topping;
ok 1096 ms
[05:15:20] t/02pod.t ................................
1..2
ok 1 - POD test for blib/lib/Class/DBI/Sweet.pm
ok 2 - POD test for blib/lib/Class/DBI/Sweet/Topping.pm
ok 299 ms
DBI 1.618-ithread default trace level set to 0x0/1 (pid 12625 pi 8067008) at DBI.pm line 277 via DBI.pm line 7
# Class::DBI::Sweet::Topping: no public symbols defined
[05:15:20] t/03podcoverage.t ........................
1..2
ok 1 - Pod coverage on Class::DBI::Sweet
ok 2 - Pod coverage on Class::DBI::Sweet::Topping
ok 496 ms
DBI 1.618-ithread default trace level set to 0x0/1 (pid 12626 pi 8fcc008) at DBI.pm line 277 via DBI.pm line 0
-> DBI->connect_cached(dbi:SQLite:t/var/SweetTest.db, , ****)
DBI_AUTOPROXY: dbi:Proxy():1;dsn=dbi:SQLite:t/var/SweetTest.db
-> DBI->install_driver(Proxy) for linux perl=5.008008 pid=12626 ruid=0 euid=0
install_driver: DBD::Proxy version 0.2004 loaded from /usr/lib/perl5/site_perl/5.8.8/i686-linux-thread-multi-64int-ld/DBD/Proxy.pm
warn: 0 '' (err#0)
<- STORE('CompatMode', 1)= 1 at Proxy.pm line 76
<- install_driver= DBI::dr=HASH(0x94cb288)
!! warn: 0 CLEARED by call to connect_cached method
!! ERROR: 1 ' Missing hostname. Missing port.' (err#1)
<- connect_cached('1;dsn=dbi:SQLite:t/var/SweetTest.db', '', ...)= undef at DBI.pm line 659
<- $DBI::errstr= ' Missing hostname. Missing port.'
DBI connect('1;dsn=dbi:SQLite:t/var/SweetTest.db','',...) failed: Missing hostname. Missing port.
# Failed test 'use SweetTest;'
# at t/04join.t line 13.
# Tried to use 'SweetTest'.
# Error: DBI connect('1;dsn=dbi:SQLite:t/var/SweetTest.db','',...) failed: Missing hostname. Missing port. at /usr/lib/perl5/site_perl/5.8.8/Ima/DBI.pm line 328.
# Compilation failed in require at (eval 7) line 2.
# BEGIN failed--compilation aborted at (eval 7) line 2.
name is not a column of SweetTest::Artist at /root/.cpan/build/Class-DBI-Sweet-0.11-RTA79t/blib/lib/Class/DBI/Sweet.pm line 396.
!! ERROR: 1 CLEARED by call to disconnect_all method
<- disconnect_all= (not implemented) at DBI.pm line 739
# Looks like you planned 17 tests but ran 1.
# Looks like you failed 1 test of 1 run.
# Looks like your test exited with 255 just after 1.
! <- DESTROY(DBI::dr=HASH(0x94ca58c))= undef during global destruction
[05:15:21] t/04join.t ...............................
1..17
not ok 1 - use SweetTest;
Dubious, test returned 255 (wstat 65280, 0xff00)
Failed 17/17 subtests
DBI 1.618-ithread default trace level set to 0x0/1 (pid 12647 pi 9993008) at DBI.pm line 277 via DBI.pm line 0
-> DBI->connect_cached(dbi:SQLite:t/var/SweetTest.db, , ****)
DBI_AUTOPROXY: dbi:Proxy():1;dsn=dbi:SQLite:t/var/SweetTest.db
-> DBI->install_driver(Proxy) for linux perl=5.008008 pid=12647 ruid=0 euid=0
install_driver: DBD::Proxy version 0.2004 loaded from /usr/lib/perl5/site_perl/5.8.8/i686-linux-thread-multi-64int-ld/DBD/Proxy.pm
warn: 0 '' (err#0)
<- STORE('CompatMode', 1)= 1 at Proxy.pm line 76
<- install_driver= DBI::dr=HASH(0x9f7e8fc)
!! warn: 0 CLEARED by call to connect_cached method
!! ERROR: 1 ' Missing hostname. Missing port.' (err#1)
<- connect_cached('1;dsn=dbi:SQLite:t/var/SweetTest.db', '', ...)= undef at DBI.pm line 659
<- $DBI::errstr= ' Missing hostname. Missing port.'
DBI connect('1;dsn=dbi:SQLite:t/var/SweetTest.db','',...) failed: Missing hostname. Missing port.
# Failed test 'use SweetTest;'
# at t/05count.t line 12.
# Tried to use 'SweetTest'.
# Error: DBI connect('1;dsn=dbi:SQLite:t/var/SweetTest.db','',...) failed: Missing hostname. Missing port. at /usr/lib/perl5/site_perl/5.8.8/Ima/DBI.pm line 328.
# Compilation failed in require at (eval 7) line 2.
# BEGIN failed--compilation aborted at (eval 7) line 2.
Unable to find join info for artist from SweetTest::CD at /root/.cpan/build/Class-DBI-Sweet-0.11-RTA79t/blib/lib/Class/DBI/Sweet.pm line 396.
!! ERROR: 1 CLEARED by call to disconnect_all method
<- disconnect_all= (not implemented) at DBI.pm line 739
# Looks like you planned 5 tests but ran 1.
# Looks like you failed 1 test of 1 run.
# Looks like your test exited with 255 just after 1.
! <- DESTROY(DBI::dr=HASH(0x9f6fc18))= undef during global destruction
[05:15:22] t/05count.t ..............................
1..5
not ok 1 - use SweetTest;
Dubious, test returned 255 (wstat 65280, 0xff00)
Failed 5/5 subtests
DBI 1.618-ithread default trace level set to 0x0/1 (pid 12648 pi 815f008) at DBI.pm line 277 via DBI.pm line 0
-> DBI->connect_cached(dbi:SQLite:t/var/SweetTest.db, , ****)
DBI_AUTOPROXY: dbi:Proxy():1;dsn=dbi:SQLite:t/var/SweetTest.db
-> DBI->install_driver(Proxy) for linux perl=5.008008 pid=12648 ruid=0 euid=0
install_driver: DBD::Proxy version 0.2004 loaded from /usr/lib/perl5/site_perl/5.8.8/i686-linux-thread-multi-64int-ld/DBD/Proxy.pm
warn: 0 '' (err#0)
<- STORE('CompatMode', 1)= 1 at Proxy.pm line 76
<- install_driver= DBI::dr=HASH(0x87d8774)
!! warn: 0 CLEARED by call to connect_cached method
!! ERROR: 1 ' Missing hostname. Missing port.' (err#1)
<- connect_cached('1;dsn=dbi:SQLite:t/var/SweetTest.db', '', ...)= undef at DBI.pm line 659
<- $DBI::errstr= ' Missing hostname. Missing port.'
DBI connect('1;dsn=dbi:SQLite:t/var/SweetTest.db','',...) failed: Missing hostname. Missing port.
# Failed test 'use SweetTest;'
# at t/06object_cache.t line 16.
# Tried to use 'SweetTest'.
# Error: DBI connect('1;dsn=dbi:SQLite:t/var/SweetTest.db','',...) failed: Missing hostname. Missing port. at /usr/lib/perl5/site_perl/5.8.8/Ima/DBI.pm line 328.
# Compilation failed in require at (eval 11) line 2.
# BEGIN failed--compilation aborted at (eval 11) line 2.
name is not a column of SweetTest::Artist at /root/.cpan/build/Class-DBI-Sweet-0.11-RTA79t/blib/lib/Class/DBI/Sweet.pm line 396.
!! ERROR: 1 CLEARED by call to disconnect_all method
<- disconnect_all= (not implemented) at DBI.pm line 739
# Looks like you planned 31 tests but ran 1.
# Looks like you failed 1 test of 1 run.
# Looks like your test exited with 255 just after 1.
! <- DESTROY(DBI::dr=HASH(0x87cb92c))= undef during global destruction
[05:15:22] t/06object_cache.t .......................
1..31
not ok 1 - use SweetTest;
Dubious, test returned 255 (wstat 65280, 0xff00)
Failed 31/31 subtests
DBI 1.618-ithread default trace level set to 0x0/1 (pid 12653 pi 9a49008) at DBI.pm line 277 via DBI.pm line 0
-> DBI->connect_cached(dbi:SQLite:t/var/SweetTest.db, , ****)
DBI_AUTOPROXY: dbi:Proxy():1;dsn=dbi:SQLite:t/var/SweetTest.db
-> DBI->install_driver(Proxy) for linux perl=5.008008 pid=12653 ruid=0 euid=0
install_driver: DBD::Proxy version 0.2004 loaded from /usr/lib/perl5/site_perl/5.8.8/i686-linux-thread-multi-64int-ld/DBD/Proxy.pm
warn: 0 '' (err#0)
<- STORE('CompatMode', 1)= 1 at Proxy.pm line 76
<- install_driver= DBI::dr=HASH(0xa0f11e0)
!! warn: 0 CLEARED by call to connect_cached method
!! ERROR: 1 ' Missing hostname. Missing port.' (err#1)
<- connect_cached('1;dsn=dbi:SQLite:t/var/SweetTest.db', '', ...)= undef at DBI.pm line 659
<- $DBI::errstr= ' Missing hostname. Missing port.'
DBI connect('1;dsn=dbi:SQLite:t/var/SweetTest.db','',...) failed: Missing hostname. Missing port.
# Failed test 'use SweetTest;'
# at t/07prefetch.t line 16.
# Tried to use 'SweetTest'.
# Error: DBI connect('1;dsn=dbi:SQLite:t/var/SweetTest.db','',...) failed: Missing hostname. Missing port. at /usr/lib/perl5/site_perl/5.8.8/Ima/DBI.pm line 328.
# Compilation failed in require at (eval 11) line 2.
# BEGIN failed--compilation aborted at (eval 11) line 2.
artist is not a has_a or might_have rel on SweetTest::CD at t/07prefetch.t line 31.
# Looks like you planned 7 tests but ran 1.
# Looks like you failed 1 test of 1 run.
# Looks like your test exited with 25 just after 1.
[05:15:23] t/07prefetch.t ...........................
1..7
not ok 1 - use SweetTest;
Dubious, test returned 25 (wstat 6400, 0x1900)
Failed 7/7 subtests
DBI 1.618-ithread default trace level set to 0x0/1 (pid 12654 pi 8d65008) at DBI.pm line 277 via DBI.pm line 0
-> DBI->connect_cached(dbi:SQLite:t/var/SweetTest.db, , ****)
DBI_AUTOPROXY: dbi:Proxy():1;dsn=dbi:SQLite:t/var/SweetTest.db
-> DBI->install_driver(Proxy) for linux perl=5.008008 pid=12654 ruid=0 euid=0
install_driver: DBD::Proxy version 0.2004 loaded from /usr/lib/perl5/site_perl/5.8.8/i686-linux-thread-multi-64int-ld/DBD/Proxy.pm
warn: 0 '' (err#0)
<- STORE('CompatMode', 1)= 1 at Proxy.pm line 76
<- install_driver= DBI::dr=HASH(0x9260bb0)
!! warn: 0 CLEARED by call to connect_cached method
!! ERROR: 1 ' Missing hostname. Missing port.' (err#1)
<- connect_cached('1;dsn=dbi:SQLite:t/var/SweetTest.db', '', ...)= undef at DBI.pm line 659
<- $DBI::errstr= ' Missing hostname. Missing port.'
DBI connect('1;dsn=dbi:SQLite:t/var/SweetTest.db','',...) failed: Missing hostname. Missing port.
# Failed test 'use SweetTest;'
# at t/08pager.t line 13.
# Tried to use 'SweetTest'.
# Error: DBI connect('1;dsn=dbi:SQLite:t/var/SweetTest.db','',...) failed: Missing hostname. Missing port. at /usr/lib/perl5/site_perl/5.8.8/Ima/DBI.pm line 328.
# Compilation failed in require at (eval 7) line 2.
# BEGIN failed--compilation aborted at (eval 7) line 2.
-> DBI->connect_cached(dbi:SQLite:t/var/SweetTest.db, , ****)
DBI_AUTOPROXY: dbi:Proxy():1;dsn=dbi:SQLite:t/var/SweetTest.db
!! ERROR: 1 CLEARED by call to connect_cached method
!! ERROR: 1 ' Missing hostname. Missing port.' (err#2)
<- connect_cached('1;dsn=dbi:SQLite:t/var/SweetTest.db', '', ...)= undef at DBI.pm line 659
<- $DBI::errstr= ' Missing hostname. Missing port.'
DBI connect('1;dsn=dbi:SQLite:t/var/SweetTest.db','',...) failed: Missing hostname. Missing port.
DBI connect('1;dsn=dbi:SQLite:t/var/SweetTest.db','',...) failed: Missing hostname. Missing port. at /usr/lib/perl5/site_perl/5.8.8/Ima/DBI.pm line 328.
!! ERROR: 1 CLEARED by call to disconnect_all method
<- disconnect_all= (not implemented) at DBI.pm line 739
# Looks like you planned 10 tests but ran 1.
# Looks like you failed 1 test of 1 run.
# Looks like your test exited with 255 just after 1.
! <- DESTROY(DBI::dr=HASH(0x925feb4))= undef during global destruction
[05:15:23] t/08pager.t ..............................
1..10
not ok 1 - use SweetTest;
Dubious, test returned 255 (wstat 65280, 0xff00)
Failed 10/10 subtests
DBI 1.618-ithread default trace level set to 0x0/1 (pid 12655 pi 88ce008) at DBI.pm line 277 via DBI.pm line 0
-> DBI->connect_cached(dbi:SQLite:t/var/SweetTest.db, , ****)
DBI_AUTOPROXY: dbi:Proxy():1;dsn=dbi:SQLite:t/var/SweetTest.db
-> DBI->install_driver(Proxy) for linux perl=5.008008 pid=12655 ruid=0 euid=0
install_driver: DBD::Proxy version 0.2004 loaded from /usr/lib/perl5/site_perl/5.8.8/i686-linux-thread-multi-64int-ld/DBD/Proxy.pm
warn: 0 '' (err#0)
<- STORE('CompatMode', 1)= 1 at Proxy.pm line 76
<- install_driver= DBI::dr=HASH(0x8eb7ba8)
!! warn: 0 CLEARED by call to connect_cached method
!! ERROR: 1 ' Missing hostname. Missing port.' (err#1)
<- connect_cached('1;dsn=dbi:SQLite:t/var/SweetTest.db', '', ...)= undef at DBI.pm line 659
<- $DBI::errstr= ' Missing hostname. Missing port.'
DBI connect('1;dsn=dbi:SQLite:t/var/SweetTest.db','',...) failed: Missing hostname. Missing port.
# Failed test 'use SweetTest;'
# at t/09sequence.t line 25.
# Tried to use 'SweetTest'.
# Error: DBI connect('1;dsn=dbi:SQLite:t/var/SweetTest.db','',...) failed: Missing hostname. Missing port. at /usr/lib/perl5/site_perl/5.8.8/Ima/DBI.pm line 328.
# Compilation failed in require at (eval 8) line 2.
# BEGIN failed--compilation aborted at (eval 8) line 2.
!! ERROR: 1 CLEARED by call to disconnect_all method
<- disconnect_all= (not implemented) at DBI.pm line 739
# Looks like you failed 1 test of 2.
! <- DESTROY(DBI::dr=HASH(0x8eaafa0))= undef during global destruction
[05:15:24] t/09sequence.t ...........................
1..2
not ok 1 - use SweetTest;
ok 2 - uuid ok
Dubious, test returned 1 (wstat 256, 0x100)
Failed 1/2 subtests
DBI 1.618-ithread default trace level set to 0x0/1 (pid 12656 pi 888a008) at DBI.pm line 277 via DBI.pm line 7
[05:15:24] t/cdbi-t-ocache/01-columns.t .............
1..26
ok 1 - State table()
ok 2 - State primary()
ok 3 - State Primary:name
ok 4 - State Essential:abbreviation, name
ok 5 - State All:population, rain, snowfall, name, abbreviation, capital
ok 6 - CD primary()
ok 7 - CD primary:artist
ok 8 - CD all:length, artist, title
ok 9 - CD essential:artist
ok 10 - No Nonsense group
ok 11 - find_column Rain
ok 12 - find_column rain
ok 13 - !find_column HGLAGAGlAG
ok 14 - State->can(...)
ok 15 - State can't Rain
ok 16 - State can't _Rain_accessor
ok 17 - State can't rain
ok 18 - State can't snowfall
ok 19 - Huh not in groups
ok 20 - Rain and Capital = 2 groups
ok 21 - - Other
ok 22 - - Weather
ok 23 - Need primary key for retrieve
ok 24 - A columns
ok 25 - A::B columns
ok 26 - A::C columns
ok 487 ms
DBI 1.618-ithread default trace level set to 0x0/1 (pid 12661 pi 9f82008) at DBI.pm line 277 via DBI.pm line 7
-> DBI->connect_cached(dbi:SQLite:dbname=/tmp/42xGjlSCkq, , ****)
DBI_AUTOPROXY: dbi:Proxy():1;dsn=dbi:SQLite:dbname=/tmp/42xGjlSCkq
-> DBI->install_driver(Proxy) for linux perl=5.008008 pid=12661 ruid=0 euid=0
install_driver: DBD::Proxy version 0.2004 loaded from /usr/lib/perl5/site_perl/5.8.8/i686-linux-thread-multi-64int-ld/DBD/Proxy.pm
warn: 0 '' (err#0)
<- STORE('CompatMode', 1)= 1 at Proxy.pm line 76
<- install_driver= DBI::dr=HASH(0xa69ad18)
!! warn: 0 CLEARED by call to connect_cached method
!! ERROR: 1 ' Missing hostname. Missing port.' (err#1)
<- connect_cached('1;dsn=dbi:SQLite:dbname=/tmp/42xGjlSCkq', '', ...)= undef at DBI.pm line 659
<- $DBI::errstr= ' Missing hostname. Missing port.'
DBI connect('1;dsn=dbi:SQLite:dbname=/tmp/42xGjlSCkq','',...) failed: Missing hostname. Missing port.
DBI connect('1;dsn=dbi:SQLite:dbname=/tmp/42xGjlSCkq','',...) failed: Missing hostname. Missing port. at /usr/lib/perl5/site_perl/5.8.8/Ima/DBI.pm line 328.
Compilation failed in require at t/cdbi-t-ocache/03-subclassing.t line 20.
BEGIN failed--compilation aborted at t/cdbi-t-ocache/03-subclassing.t line 20.
!! ERROR: 1 CLEARED by call to disconnect_all method
<- disconnect_all= (not implemented) at DBI.pm line 739
# Looks like your test exited with 9 before it could output anything.
! <- DESTROY(DBI::dr=HASH(0xa690678))= undef during global destruction
[05:15:25] t/cdbi-t-ocache/03-subclassing.t .........
1..6
Dubious, test returned 9 (wstat 2304, 0x900)
Failed 6/6 subtests
DBI 1.618-ithread default trace level set to 0x0/1 (pid 12664 pi 931b008) at DBI.pm line 277 via DBI.pm line 7
-> DBI->connect_cached(dbi:SQLite:dbname=/tmp/Jyo8akFG5r, , ****)
DBI_AUTOPROXY: dbi:Proxy():1;dsn=dbi:SQLite:dbname=/tmp/Jyo8akFG5r
-> DBI->install_driver(Proxy) for linux perl=5.008008 pid=12664 ruid=0 euid=0
install_driver: DBD::Proxy version 0.2004 loaded from /usr/lib/perl5/site_perl/5.8.8/i686-linux-thread-multi-64int-ld/DBD/Proxy.pm
warn: 0 '' (err#0)
<- STORE('CompatMode', 1)= 1 at Proxy.pm line 76
<- install_driver= DBI::dr=HASH(0x9a34568)
!! warn: 0 CLEARED by call to connect_cached method
!! ERROR: 1 ' Missing hostname. Missing port.' (err#1)
<- connect_cached('1;dsn=dbi:SQLite:dbname=/tmp/Jyo8akFG5r', '', ...)= undef at DBI.pm line 659
<- $DBI::errstr= ' Missing hostname. Missing port.'
DBI connect('1;dsn=dbi:SQLite:dbname=/tmp/Jyo8akFG5r','',...) failed: Missing hostname. Missing port.
DBI connect('1;dsn=dbi:SQLite:dbname=/tmp/Jyo8akFG5r','',...) failed: Missing hostname. Missing port. at /usr/lib/perl5/site_perl/5.8.8/Ima/DBI.pm line 328.
Compilation failed in require at t/cdbi-t-ocache/05-Query.t line 16.
BEGIN failed--compilation aborted at t/cdbi-t-ocache/05-Query.t line 16.
!! ERROR: 1 CLEARED by call to disconnect_all method
<- disconnect_all= (not implemented) at DBI.pm line 739
# Looks like your test exited with 9 before it could output anything.
! <- DESTROY(DBI::dr=HASH(0x9a29f00))= undef during global destruction
[05:15:25] t/cdbi-t-ocache/05-Query.t ...............
1..20
Dubious, test returned 9 (wstat 2304, 0x900)
Failed 20/20 subtests
DBI 1.618-ithread default trace level set to 0x0/1 (pid 12665 pi a044008) at DBI.pm line 277 via DBI.pm line 7
-> DBI->connect_cached(dbi:SQLite:dbname=/tmp/jAJOaQQ9rR, , ****)
DBI_AUTOPROXY: dbi:Proxy():1;dsn=dbi:SQLite:dbname=/tmp/jAJOaQQ9rR
-> DBI->install_driver(Proxy) for linux perl=5.008008 pid=12665 ruid=0 euid=0
install_driver: DBD::Proxy version 0.2004 loaded from /usr/lib/perl5/site_perl/5.8.8/i686-linux-thread-multi-64int-ld/DBD/Proxy.pm
warn: 0 '' (err#0)
<- STORE('CompatMode', 1)= 1 at Proxy.pm line 76
<- install_driver= DBI::dr=HASH(0xa6b8594)
!! warn: 0 CLEARED by call to connect_cached method
!! ERROR: 1 ' Missing hostname. Missing port.' (err#1)
<- connect_cached('1;dsn=dbi:SQLite:dbname=/tmp/jAJOaQQ9rR', '', ...)= undef at DBI.pm line 659
<- $DBI::errstr= ' Missing hostname. Missing port.'
DBI connect('1;dsn=dbi:SQLite:dbname=/tmp/jAJOaQQ9rR','',...) failed: Missing hostname. Missing port.
DBI connect('1;dsn=dbi:SQLite:dbname=/tmp/jAJOaQQ9rR','',...) failed: Missing hostname. Missing port. at /usr/lib/perl5/site_perl/5.8.8/Ima/DBI.pm line 328.
Compilation failed in require at t/cdbi-t-ocache/06-hasa.t line 21.
BEGIN failed--compilation aborted at t/cdbi-t-ocache/06-hasa.t line 21.
!! ERROR: 1 CLEARED by call to disconnect_all method
<- disconnect_all= (not implemented) at DBI.pm line 739
# Looks like your test exited with 9 before it could output anything.
! <- DESTROY(DBI::dr=HASH(0xa753214))= undef during global destruction
[05:15:26] t/cdbi-t-ocache/06-hasa.t ................
1..24
Dubious, test returned 9 (wstat 2304, 0x900)
Failed 24/24 subtests
DBI 1.618-ithread default trace level set to 0x0/1 (pid 12666 pi 9525008) at DBI.pm line 277 via DBI.pm line 7
[05:15:26] t/cdbi-t-ocache/08-inheritcols.t .........
1..3
ok 1 - A columns
ok 2 - A::B columns
ok 3 - A::C columns
ok 351 ms
DBI 1.618-ithread default trace level set to 0x0/1 (pid 12667 pi 8d2b008) at DBI.pm line 277 via DBI.pm line 7
-> DBI->connect_cached(dbi:SQLite:dbname=/tmp/ywPctCcyXn, , ****)
DBI_AUTOPROXY: dbi:Proxy():1;dsn=dbi:SQLite:dbname=/tmp/ywPctCcyXn
-> DBI->install_driver(Proxy) for linux perl=5.008008 pid=12667 ruid=0 euid=0
install_driver: DBD::Proxy version 0.2004 loaded from /usr/lib/perl5/site_perl/5.8.8/i686-linux-thread-multi-64int-ld/DBD/Proxy.pm
warn: 0 '' (err#0)
<- STORE('CompatMode', 1)= 1 at Proxy.pm line 76
<- install_driver= DBI::dr=HASH(0x9444940)
!! warn: 0 CLEARED by call to connect_cached method
!! ERROR: 1 ' Missing hostname. Missing port.' (err#1)
<- connect_cached('1;dsn=dbi:SQLite:dbname=/tmp/ywPctCcyXn', '', ...)= undef at DBI.pm line 659
<- $DBI::errstr= ' Missing hostname. Missing port.'
DBI connect('1;dsn=dbi:SQLite:dbname=/tmp/ywPctCcyXn','',...) failed: Missing hostname. Missing port.
DBI connect('1;dsn=dbi:SQLite:dbname=/tmp/ywPctCcyXn','',...) failed: Missing hostname. Missing port. at /usr/lib/perl5/site_perl/5.8.8/Ima/DBI.pm line 328.
Compilation failed in require at t/cdbi-t-ocache/09-has_many.t line 16.
BEGIN failed--compilation aborted at t/cdbi-t-ocache/09-has_many.t line 16.
!! ERROR: 1 CLEARED by call to disconnect_all method
<- disconnect_all= (not implemented) at DBI.pm line 739
# Looks like your test exited with 9 before it could output anything.
! <- DESTROY(DBI::dr=HASH(0x943a2a0))= undef during global destruction
[05:15:27] t/cdbi-t-ocache/09-has_many.t ............
1..42
Dubious, test returned 9 (wstat 2304, 0x900)
Failed 42/42 subtests
DBI 1.618-ithread default trace level set to 0x0/1 (pid 12668 pi 9d3d008) at DBI.pm line 277 via DBI.pm line 7
[05:15:28] t/cdbi-t-ocache/10-mysql.t ............... skipped: Need Date::Simple for this test
DBI 1.618-ithread default trace level set to 0x0/1 (pid 12672 pi 934e008) at DBI.pm line 277 via DBI.pm line 7
-> DBI->connect_cached(dbi:SQLite:dbname=/tmp/KMQo99QmyE, , ****)
DBI_AUTOPROXY: dbi:Proxy():1;dsn=dbi:SQLite:dbname=/tmp/KMQo99QmyE
-> DBI->install_driver(Proxy) for linux perl=5.008008 pid=12672 ruid=0 euid=0
install_driver: DBD::Proxy version 0.2004 loaded from /usr/lib/perl5/site_perl/5.8.8/i686-linux-thread-multi-64int-ld/DBD/Proxy.pm
warn: 0 '' (err#0)
<- STORE('CompatMode', 1)= 1 at Proxy.pm line 76
<- install_driver= DBI::dr=HASH(0x9a670b8)
!! warn: 0 CLEARED by call to connect_cached method
!! ERROR: 1 ' Missing hostname. Missing port.' (err#1)
<- connect_cached('1;dsn=dbi:SQLite:dbname=/tmp/KMQo99QmyE', '', ...)= undef at DBI.pm line 659
<- $DBI::errstr= ' Missing hostname. Missing port.'
DBI connect('1;dsn=dbi:SQLite:dbname=/tmp/KMQo99QmyE','',...) failed: Missing hostname. Missing port.
DBI connect('1;dsn=dbi:SQLite:dbname=/tmp/KMQo99QmyE','',...) failed: Missing hostname. Missing port. at /usr/lib/perl5/site_perl/5.8.8/Ima/DBI.pm line 328.
Compilation failed in require at t/cdbi-t-ocache/11-triggers.t line 16.
BEGIN failed--compilation aborted at t/cdbi-t-ocache/11-triggers.t line 16.
!! ERROR: 1 CLEARED by call to disconnect_all method
<- disconnect_all= (not implemented) at DBI.pm line 739
# Looks like your test exited with 9 before it could output anything.
! <- DESTROY(DBI::dr=HASH(0x9a5ca18))= undef during global destruction
[05:15:28] t/cdbi-t-ocache/11-triggers.t ............
1..13
Dubious, test returned 9 (wstat 2304, 0x900)
Failed 13/13 subtests
DBI 1.618-ithread default trace level set to 0x0/1 (pid 12673 pi 9e1b008) at DBI.pm line 277 via DBI.pm line 7
-> DBI->connect_cached(dbi:SQLite:dbname=/tmp/QwLG_KSSVi, , ****)
DBI_AUTOPROXY: dbi:Proxy():1;dsn=dbi:SQLite:dbname=/tmp/QwLG_KSSVi
-> DBI->install_driver(Proxy) for linux perl=5.008008 pid=12673 ruid=0 euid=0
install_driver: DBD::Proxy version 0.2004 loaded from /usr/lib/perl5/site_perl/5.8.8/i686-linux-thread-multi-64int-ld/DBD/Proxy.pm
warn: 0 '' (err#0)
<- STORE('CompatMode', 1)= 1 at Proxy.pm line 76
<- install_driver= DBI::dr=HASH(0xa536598)
!! warn: 0 CLEARED by call to connect_cached method
!! ERROR: 1 ' Missing hostname. Missing port.' (err#1)
<- connect_cached('1;dsn=dbi:SQLite:dbname=/tmp/QwLG_KSSVi', '', ...)= undef at DBI.pm line 659
<- $DBI::errstr= ' Missing hostname. Missing port.'
DBI connect('1;dsn=dbi:SQLite:dbname=/tmp/QwLG_KSSVi','',...) failed: Missing hostname. Missing port.
DBI connect('1;dsn=dbi:SQLite:dbname=/tmp/QwLG_KSSVi','',...) failed: Missing hostname. Missing port. at /usr/lib/perl5/site_perl/5.8.8/Ima/DBI.pm line 328.
Compilation failed in require at t/cdbi-t-ocache/12-filter.t line 16.
BEGIN failed--compilation aborted at t/cdbi-t-ocache/12-filter.t line 16.
!! ERROR: 1 CLEARED by call to disconnect_all method
<- disconnect_all= (not implemented) at DBI.pm line 739
# Looks like your test exited with 9 before it could output anything.
! <- DESTROY(DBI::dr=HASH(0xa515808))= undef during global destruction
[05:15:29] t/cdbi-t-ocache/12-filter.t ..............
1..50
Dubious, test returned 9 (wstat 2304, 0x900)
Failed 50/50 subtests
DBI 1.618-ithread default trace level set to 0x0/1 (pid 12674 pi 9c9d008) at DBI.pm line 277 via DBI.pm line 7
-> DBI->connect_cached(dbi:SQLite:dbname=/tmp/mOSMdiKH_c, , ****)
DBI_AUTOPROXY: dbi:Proxy():1;dsn=dbi:SQLite:dbname=/tmp/mOSMdiKH_c
-> DBI->install_driver(Proxy) for linux perl=5.008008 pid=12674 ruid=0 euid=0
install_driver: DBD::Proxy version 0.2004 loaded from /usr/lib/perl5/site_perl/5.8.8/i686-linux-thread-multi-64int-ld/DBD/Proxy.pm
warn: 0 '' (err#0)
<- STORE('CompatMode', 1)= 1 at Proxy.pm line 76
<- install_driver= DBI::dr=HASH(0xa3b67c0)
!! warn: 0 CLEARED by call to connect_cached method
!! ERROR: 1 ' Missing hostname. Missing port.' (err#1)
<- connect_cached('1;dsn=dbi:SQLite:dbname=/tmp/mOSMdiKH_c', '', ...)= undef at DBI.pm line 659
<- $DBI::errstr= ' Missing hostname. Missing port.'
DBI connect('1;dsn=dbi:SQLite:dbname=/tmp/mOSMdiKH_c','',...) failed: Missing hostname. Missing port.
DBI connect('1;dsn=dbi:SQLite:dbname=/tmp/mOSMdiKH_c','',...) failed: Missing hostname. Missing port. at /usr/lib/perl5/site_perl/5.8.8/Ima/DBI.pm line 328.
Compilation failed in require at t/cdbi-t-ocache/13-constraint.t line 16.
BEGIN failed--compilation aborted at t/cdbi-t-ocache/13-constraint.t line 16.
!! ERROR: 1 CLEARED by call to disconnect_all method
<- disconnect_all= (not implemented) at DBI.pm line 739
# Looks like your test exited with 9 before it could output anything.
! <- DESTROY(DBI::dr=HASH(0xa3ac120))= undef during global destruction
[05:15:29] t/cdbi-t-ocache/13-constraint.t ..........
1..28
Dubious, test returned 9 (wstat 2304, 0x900)
Failed 28/28 subtests
DBI 1.618-ithread default trace level set to 0x0/1 (pid 12675 pi 84dd008) at DBI.pm line 277 via DBI.pm line 7
-> DBI->connect_cached(dbi:SQLite:dbname=/tmp/2fR8U8e58e, , ****)
DBI_AUTOPROXY: dbi:Proxy():1;dsn=dbi:SQLite:dbname=/tmp/2fR8U8e58e
-> DBI->install_driver(Proxy) for linux perl=5.008008 pid=12675 ruid=0 euid=0
install_driver: DBD::Proxy version 0.2004 loaded from /usr/lib/perl5/site_perl/5.8.8/i686-linux-thread-multi-64int-ld/DBD/Proxy.pm
warn: 0 '' (err#0)
<- STORE('CompatMode', 1)= 1 at Proxy.pm line 76
<- install_driver= DBI::dr=HASH(0x8bf6058)
!! warn: 0 CLEARED by call to connect_cached method
!! ERROR: 1 ' Missing hostname. Missing port.' (err#1)
<- connect_cached('1;dsn=dbi:SQLite:dbname=/tmp/2fR8U8e58e', '', ...)= undef at DBI.pm line 659
<- $DBI::errstr= ' Missing hostname. Missing port.'
DBI connect('1;dsn=dbi:SQLite:dbname=/tmp/2fR8U8e58e','',...) failed: Missing hostname. Missing port.
DBI connect('1;dsn=dbi:SQLite:dbname=/tmp/2fR8U8e58e','',...) failed: Missing hostname. Missing port. at /usr/lib/perl5/site_perl/5.8.8/Ima/DBI.pm line 328.
Compilation failed in require at t/cdbi-t-ocache/14-might_have.t line 16.
BEGIN failed--compilation aborted at t/cdbi-t-ocache/14-might_have.t line 16.
!! ERROR: 1 CLEARED by call to disconnect_all method
<- disconnect_all= (not implemented) at DBI.pm line 739
# Looks like your test exited with 9 before it could output anything.
! <- DESTROY(DBI::dr=HASH(0x8beb9b8))= undef during global destruction
[05:15:30] t/cdbi-t-ocache/14-might_have.t ..........
1..18
Dubious, test returned 9 (wstat 2304, 0x900)
Failed 18/18 subtests
DBI 1.618-ithread default trace level set to 0x0/1 (pid 12676 pi 87e3008) at DBI.pm line 277 via DBI.pm line 7
-> DBI->connect_cached(dbi:SQLite:dbname=/tmp/iehwMyKq38, , ****)
DBI_AUTOPROXY: dbi:Proxy():1;dsn=dbi:SQLite:dbname=/tmp/iehwMyKq38
-> DBI->install_driver(Proxy) for linux perl=5.008008 pid=12676 ruid=0 euid=0
install_driver: DBD::Proxy version 0.2004 loaded from /usr/lib/perl5/site_perl/5.8.8/i686-linux-thread-multi-64int-ld/DBD/Proxy.pm
warn: 0 '' (err#0)
<- STORE('CompatMode', 1)= 1 at Proxy.pm line 76
<- install_driver= DBI::dr=HASH(0x8f08f20)
!! warn: 0 CLEARED by call to connect_cached method
!! ERROR: 1 ' Missing hostname. Missing port.' (err#1)
<- connect_cached('1;dsn=dbi:SQLite:dbname=/tmp/iehwMyKq38', '', ...)= undef at DBI.pm line 659
<- $DBI::errstr= ' Missing hostname. Missing port.'
DBI connect('1;dsn=dbi:SQLite:dbname=/tmp/iehwMyKq38','',...) failed: Missing hostname. Missing port.
DBI connect('1;dsn=dbi:SQLite:dbname=/tmp/iehwMyKq38','',...) failed: Missing hostname. Missing port. at /usr/lib/perl5/site_perl/5.8.8/Ima/DBI.pm line 328.
Compilation failed in require at t/cdbi-t-ocache/16-reserved.t line 16.
!! ERROR: 1 CLEARED by call to disconnect_all method
<- disconnect_all= (not implemented) at DBI.pm line 739
# Looks like your test exited with 9 before it could output anything.
! <- DESTROY(DBI::dr=HASH(0x8efa968))= undef during global destruction
[05:15:31] t/cdbi-t-ocache/16-reserved.t ............
1..5
Dubious, test returned 9 (wstat 2304, 0x900)
Failed 5/5 subtests
DBI 1.618-ithread default trace level set to 0x0/1 (pid 12677 pi 82d6008) at DBI.pm line 277 via DBI.pm line 7
-> DBI->connect_cached(dbi:Pg:dbname=template1, postgres, ****)
DBI_AUTOPROXY: dbi:Proxy():1;dsn=dbi:Pg:dbname=template1
-> DBI->install_driver(Proxy) for linux perl=5.008008 pid=12677 ruid=0 euid=0
install_driver: DBD::Proxy version 0.2004 loaded from /usr/lib/perl5/site_perl/5.8.8/i686-linux-thread-multi-64int-ld/DBD/Proxy.pm
warn: 0 '' (err#0)
<- STORE('CompatMode', 1)= 1 at Proxy.pm line 76
<- install_driver= DBI::dr=HASH(0x8992884)
!! warn: 0 CLEARED by call to connect_cached method
!! ERROR: 1 ' Missing hostname. Missing port.' (err#1)
<- connect_cached('1;dsn=dbi:Pg:dbname=template1', 'postgres', ...)= undef at DBI.pm line 659
<- $DBI::errstr= ' Missing hostname. Missing port.'
DBI connect('1;dsn=dbi:Pg:dbname=template1','postgres',...) failed: Missing hostname. Missing port.
# Pg connection failed (DBI connect('1;dsn=dbi:Pg:dbname=template1','postgres',...) failed: Missing hostname. Missing port. at /usr/lib/perl5/site_perl/5.8.8/Ima/DBI.pm line 328.
# ). Set env variables DBD_PG_DBNAME, DBD_PG_USER,
# DBD_PG_PASSWD to enable testing.
!! ERROR: 1 CLEARED by call to disconnect_all method
<- disconnect_all= (not implemented) at DBI.pm line 739
! <- DESTROY(DBI::dr=HASH(0x898a3bc))= undef during global destruction
[05:15:32] t/cdbi-t-ocache/17-data_type.t ........... skipped: Pg connection failed.
DBI 1.618-ithread default trace level set to 0x0/1 (pid 12681 pi 8855008) at DBI.pm line 277 via DBI.pm line 7
-> DBI->connect_cached(dbi:SQLite:dbname=/tmp/tXiaUrksQY, , ****)
DBI_AUTOPROXY: dbi:Proxy():1;dsn=dbi:SQLite:dbname=/tmp/tXiaUrksQY
-> DBI->install_driver(Proxy) for linux perl=5.008008 pid=12681 ruid=0 euid=0
install_driver: DBD::Proxy version 0.2004 loaded from /usr/lib/perl5/site_perl/5.8.8/i686-linux-thread-multi-64int-ld/DBD/Proxy.pm
warn: 0 '' (err#0)
<- STORE('CompatMode', 1)= 1 at Proxy.pm line 76
<- install_driver= DBI::dr=HASH(0x8f6e8f0)
!! warn: 0 CLEARED by call to connect_cached method
!! ERROR: 1 ' Missing hostname. Missing port.' (err#1)
<- connect_cached('1;dsn=dbi:SQLite:dbname=/tmp/tXiaUrksQY', '', ...)= undef at DBI.pm line 659
<- $DBI::errstr= ' Missing hostname. Missing port.'
DBI connect('1;dsn=dbi:SQLite:dbname=/tmp/tXiaUrksQY','',...) failed: Missing hostname. Missing port.
DBI connect('1;dsn=dbi:SQLite:dbname=/tmp/tXiaUrksQY','',...) failed: Missing hostname. Missing port. at /usr/lib/perl5/site_perl/5.8.8/Ima/DBI.pm line 328.
Compilation failed in require at t/cdbi-t-ocache/18-has_a.t line 16.
BEGIN failed--compilation aborted at t/cdbi-t-ocache/18-has_a.t line 16.
!! ERROR: 1 CLEARED by call to disconnect_all method
<- disconnect_all= (not implemented) at DBI.pm line 739
# Looks like your test exited with 9 before it could output anything.
! <- DESTROY(DBI::dr=HASH(0x8f64250))= undef during global destruction
[05:15:32] t/cdbi-t-ocache/18-has_a.t ...............
1..41
Dubious, test returned 9 (wstat 2304, 0x900)
Failed 41/41 subtests
DBI 1.618-ithread default trace level set to 0x0/1 (pid 12682 pi 91ea008) at DBI.pm line 277 via DBI.pm line 7
-> DBI->connect_cached(dbi:SQLite:dbname=/tmp/pOD8ArThX0, , ****)
DBI_AUTOPROXY: dbi:Proxy():1;dsn=dbi:SQLite:dbname=/tmp/pOD8ArThX0
-> DBI->install_driver(Proxy) for linux perl=5.008008 pid=12682 ruid=0 euid=0
install_driver: DBD::Proxy version 0.2004 loaded from /usr/lib/perl5/site_perl/5.8.8/i686-linux-thread-multi-64int-ld/DBD/Proxy.pm
warn: 0 '' (err#0)
<- STORE('CompatMode', 1)= 1 at Proxy.pm line 76
<- install_driver= DBI::dr=HASH(0x9903398)
!! warn: 0 CLEARED by call to connect_cached method
!! ERROR: 1 ' Missing hostname. Missing port.' (err#1)
<- connect_cached('1;dsn=dbi:SQLite:dbname=/tmp/pOD8ArThX0', '', ...)= undef at DBI.pm line 659
<- $DBI::errstr= ' Missing hostname. Missing port.'
DBI connect('1;dsn=dbi:SQLite:dbname=/tmp/pOD8ArThX0','',...) failed: Missing hostname. Missing port.
DBI connect('1;dsn=dbi:SQLite:dbname=/tmp/pOD8ArThX0','',...) failed: Missing hostname. Missing port. at /usr/lib/perl5/site_perl/5.8.8/Ima/DBI.pm line 328.
Compilation failed in require at t/cdbi-t-ocache/19-set_sql.t line 16.
BEGIN failed--compilation aborted at t/cdbi-t-ocache/19-set_sql.t line 16.
!! ERROR: 1 CLEARED by call to disconnect_all method
<- disconnect_all= (not implemented) at DBI.pm line 739
# Looks like your test exited with 9 before it could output anything.
! <- DESTROY(DBI::dr=HASH(0x98f8d30))= undef during global destruction
[05:15:33] t/cdbi-t-ocache/19-set_sql.t .............
1..17
Dubious, test returned 9 (wstat 2304, 0x900)
Failed 17/17 subtests
DBI 1.618-ithread default trace level set to 0x0/1 (pid 12683 pi 8429008) at DBI.pm line 277 via DBI.pm line 7
-> DBI->connect_cached(dbi:SQLite:dbname=/tmp/SSKEj3PJCW, , ****)
DBI_AUTOPROXY: dbi:Proxy():1;dsn=dbi:SQLite:dbname=/tmp/SSKEj3PJCW
-> DBI->install_driver(Proxy) for linux perl=5.008008 pid=12683 ruid=0 euid=0
install_driver: DBD::Proxy version 0.2004 loaded from /usr/lib/perl5/site_perl/5.8.8/i686-linux-thread-multi-64int-ld/DBD/Proxy.pm
warn: 0 '' (err#0)
<- STORE('CompatMode', 1)= 1 at Proxy.pm line 76
<- install_driver= DBI::dr=HASH(0x8b42348)
!! warn: 0 CLEARED by call to connect_cached method
!! ERROR: 1 ' Missing hostname. Missing port.' (err#1)
<- connect_cached('1;dsn=dbi:SQLite:dbname=/tmp/SSKEj3PJCW', '', ...)= undef at DBI.pm line 659
<- $DBI::errstr= ' Missing hostname. Missing port.'
DBI connect('1;dsn=dbi:SQLite:dbname=/tmp/SSKEj3PJCW','',...) failed: Missing hostname. Missing port.
DBI connect('1;dsn=dbi:SQLite:dbname=/tmp/SSKEj3PJCW','',...) failed: Missing hostname. Missing port. at /usr/lib/perl5/site_perl/5.8.8/Ima/DBI.pm line 328.
Compilation failed in require at t/cdbi-t-ocache/21-iterator.t line 16.
BEGIN failed--compilation aborted at t/cdbi-t-ocache/21-iterator.t line 16.
!! ERROR: 1 CLEARED by call to disconnect_all method
<- disconnect_all= (not implemented) at DBI.pm line 739
# Looks like your test exited with 9 before it could output anything.
! <- DESTROY(DBI::dr=HASH(0x8b37ce0))= undef during global destruction
[05:15:33] t/cdbi-t-ocache/21-iterator.t ............
1..33
Dubious, test returned 9 (wstat 2304, 0x900)
Failed 33/33 subtests
DBI 1.618-ithread default trace level set to 0x0/1 (pid 12684 pi 9f4b008) at DBI.pm line 277 via DBI.pm line 7
-> DBI->connect(dbi:mysql:test, , ****)
DBI_AUTOPROXY: dbi:Proxy():1;dsn=dbi:mysql:test
-> DBI->install_driver(Proxy) for linux perl=5.008008 pid=12684 ruid=0 euid=0
install_driver: DBD::Proxy version 0.2004 loaded from /usr/lib/perl5/site_perl/5.8.8/i686-linux-thread-multi-64int-ld/DBD/Proxy.pm
warn: 0 '' (err#0)
<- STORE('CompatMode', 1)= 1 at Proxy.pm line 76
<- install_driver= DBI::dr=HASH(0xa5da06c)
!! warn: 0 CLEARED by call to connect method
!! ERROR: 1 ' Missing hostname. Missing port.' (err#1)
<- connect('1;dsn=dbi:mysql:test', '', ...)= undef at DBI.pm line 659
<- $DBI::errstr= ' Missing hostname. Missing port.'
DBI connect('1;dsn=dbi:mysql:test','',...) failed: Missing hostname. Missing port.
DBI connect('1;dsn=dbi:mysql:test','',...) failed: Missing hostname. Missing port. at t/cdbi-t/testlib/MyBase.pm line 10.
<- $DBI::errstr= ' Missing hostname. Missing port.'
!! ERROR: 1 CLEARED by call to disconnect_all method
<- disconnect_all= (not implemented) at DBI.pm line 739
! <- DESTROY(DBI::dr=HASH(0xa5ba044))= undef during global destruction
[05:15:34] t/cdbi-t-ocache/22-deflate_order.t ....... skipped: Need MySQL for this test
DBI 1.618-ithread default trace level set to 0x0/1 (pid 12691 pi 9885008) at DBI.pm line 277 via DBI.pm line 7
-> DBI->connect_cached(dbi:SQLite:dbname=/tmp/Kh5wx6k95J, , ****)
DBI_AUTOPROXY: dbi:Proxy():1;dsn=dbi:SQLite:dbname=/tmp/Kh5wx6k95J
-> DBI->install_driver(Proxy) for linux perl=5.008008 pid=12691 ruid=0 euid=0
install_driver: DBD::Proxy version 0.2004 loaded from /usr/lib/perl5/site_perl/5.8.8/i686-linux-thread-multi-64int-ld/DBD/Proxy.pm
warn: 0 '' (err#0)
<- STORE('CompatMode', 1)= 1 at Proxy.pm line 76
<- install_driver= DBI::dr=HASH(0x9f9dd18)
!! warn: 0 CLEARED by call to connect_cached method
!! ERROR: 1 ' Missing hostname. Missing port.' (err#1)
<- connect_cached('1;dsn=dbi:SQLite:dbname=/tmp/Kh5wx6k95J', '', ...)= undef at DBI.pm line 659
<- $DBI::errstr= ' Missing hostname. Missing port.'
DBI connect('1;dsn=dbi:SQLite:dbname=/tmp/Kh5wx6k95J','',...) failed: Missing hostname. Missing port.
DBI connect('1;dsn=dbi:SQLite:dbname=/tmp/Kh5wx6k95J','',...) failed: Missing hostname. Missing port. at /usr/lib/perl5/site_perl/5.8.8/Ima/DBI.pm line 328.
Compilation failed in require at t/cdbi-t-ocache/23-cascade.t line 16.
BEGIN failed--compilation aborted at t/cdbi-t-ocache/23-cascade.t line 16.
!! ERROR: 1 CLEARED by call to disconnect_all method
<- disconnect_all= (not implemented) at DBI.pm line 739
# Looks like your test exited with 9 before it could output anything.
! <- DESTROY(DBI::dr=HASH(0x9f93678))= undef during global destruction
[05:15:35] t/cdbi-t-ocache/23-cascade.t .............
1..5
Dubious, test returned 9 (wstat 2304, 0x900)
Failed 5/5 subtests
DBI 1.618-ithread default trace level set to 0x0/1 (pid 12692 pi 864b008) at DBI.pm line 277 via DBI.pm line 7
[05:15:35] t/cdbi-t-ocache/24-meta_info.t ...........
1..3
ok 1 - Person has Date and Pet
ok 2 - Pet has Date
ok 3 - And owners
ok 413 ms
DBI 1.618-ithread default trace level set to 0x0/1 (pid 12693 pi 8d88008) at DBI.pm line 277 via DBI.pm line 7
-> DBI->connect(dbi:mysql:test, , ****)
DBI_AUTOPROXY: dbi:Proxy():1;dsn=dbi:mysql:test
-> DBI->install_driver(Proxy) for linux perl=5.008008 pid=12693 ruid=0 euid=0
install_driver: DBD::Proxy version 0.2004 loaded from /usr/lib/perl5/site_perl/5.8.8/i686-linux-thread-multi-64int-ld/DBD/Proxy.pm
warn: 0 '' (err#0)
<- STORE('CompatMode', 1)= 1 at Proxy.pm line 76
<- install_driver= DBI::dr=HASH(0x939666c)
!! warn: 0 CLEARED by call to connect method
!! ERROR: 1 ' Missing hostname. Missing port.' (err#1)
<- connect('1;dsn=dbi:mysql:test', '', ...)= undef at DBI.pm line 659
<- $DBI::errstr= ' Missing hostname. Missing port.'
DBI connect('1;dsn=dbi:mysql:test','',...) failed: Missing hostname. Missing port.
DBI connect('1;dsn=dbi:mysql:test','',...) failed: Missing hostname. Missing port. at t/cdbi-t/testlib/MyBase.pm line 10.
<- $DBI::errstr= ' Missing hostname. Missing port.'
!! ERROR: 1 CLEARED by call to disconnect_all method
<- disconnect_all= (not implemented) at DBI.pm line 739
! <- DESTROY(DBI::dr=HASH(0x9385a20))= undef during global destruction
[05:15:36] t/cdbi-t-ocache/25-closures_in_meta.t .... skipped: Need MySQL for this test
DBI 1.618-ithread default trace level set to 0x0/1 (pid 12694 pi 9eb0008) at DBI.pm line 277 via DBI.pm line 7
[05:15:36] t/cdbi-t-ocache/97-pod.t .................
1..2
ok 1 - POD test for blib/lib/Class/DBI/Sweet.pm
ok 2 - POD test for blib/lib/Class/DBI/Sweet/Topping.pm
ok 623 ms
DBI 1.618-ithread default trace level set to 0x0/1 (pid 12695 pi 9b06008) at DBI.pm line 277 via DBI.pm line 7
-> DBI->connect_cached(dbi:SQLite:dbname=/tmp/mj66RIVRDk, , ****)
DBI_AUTOPROXY: dbi:Proxy():1;dsn=dbi:SQLite:dbname=/tmp/mj66RIVRDk
-> DBI->install_driver(Proxy) for linux perl=5.008008 pid=12695 ruid=0 euid=0
install_driver: DBD::Proxy version 0.2004 loaded from /usr/lib/perl5/site_perl/5.8.8/i686-linux-thread-multi-64int-ld/DBD/Proxy.pm
warn: 0 '' (err#0)
<- STORE('CompatMode', 1)= 1 at Proxy.pm line 76
<- install_driver= DBI::dr=HASH(0xa21f010)
!! warn: 0 CLEARED by call to connect_cached method
!! ERROR: 1 ' Missing hostname. Missing port.' (err#1)
<- connect_cached('1;dsn=dbi:SQLite:dbname=/tmp/mj66RIVRDk', '', ...)= undef at DBI.pm line 659
<- $DBI::errstr= ' Missing hostname. Missing port.'
DBI connect('1;dsn=dbi:SQLite:dbname=/tmp/mj66RIVRDk','',...) failed: Missing hostname. Missing port.
DBI connect('1;dsn=dbi:SQLite:dbname=/tmp/mj66RIVRDk','',...) failed: Missing hostname. Missing port. at /usr/lib/perl5/site_perl/5.8.8/Ima/DBI.pm line 328.
Compilation failed in require at t/cdbi-t-ocache/98-failure.t line 20.
BEGIN failed--compilation aborted at t/cdbi-t-ocache/98-failure.t line 20.
!! ERROR: 1 CLEARED by call to disconnect_all method
<- disconnect_all= (not implemented) at DBI.pm line 739
# Looks like your test exited with 9 before it could output anything.
! <- DESTROY(DBI::dr=HASH(0xa2149a8))= undef during global destruction
[05:15:37] t/cdbi-t-ocache/98-failure.t .............
1..7
Dubious, test returned 9 (wstat 2304, 0x900)
Failed 7/7 subtests
DBI 1.618-ithread default trace level set to 0x0/1 (pid 12696 pi 98c8008) at DBI.pm line 277 via DBI.pm line 7
[05:15:37] t/cdbi-t-ocache/99-misc.t ................
1..22
ok 1 - Column clash warning for inherited
ok 2 - Column clash warning with CDBI
ok 3 - subclassed constructor
ok 4 - create trigger deprecated
ok 5 - create trigger deprecated
ok 6 - Constraint with no name
ok 7 - Constraint needs a column
ok 8 - No such column
ok 9 - Need a coderef
ok 10 - Not a coderef
ok 11 - has_a needs a class
ok 12 - add_constructor needs a method name
ok 13 - No on_setting trigger
ok 14 - $self stringifies with no PK values
ok 15 - Can't retrieve a reference
ok 16 - Can't create without hashref
ok 17 - has_a is class-level: has_a should be called as a class method not an object method at /usr/lib/perl5/site_perl/5.8.8/Class/DBI/Relationship/HasA.pm line 10.
#
ok 18 - Can't call update as class method
ok 19 - Default table name
ok 20 - Can't create with nonsense column
ok 21 - Can't require nonsense class
ok 22 - Can't locate object method "search_DeleteMe" via package "Holiday" at t/cdbi-t-ocache/99-misc.t line 131.
#
ok 578 ms
DBI 1.618-ithread default trace level set to 0x0/1 (pid 12697 pi 8580008) at DBI.pm line 277 via DBI.pm line 7
[05:15:38] t/cdbi-t-rescache/01-columns.t ...........
1..26
ok 1 - State table()
ok 2 - State primary()
ok 3 - State Primary:name
ok 4 - State Essential:abbreviation, name
ok 5 - State All:population, rain, snowfall, name, abbreviation, capital
ok 6 - CD primary()
ok 7 - CD primary:artist
ok 8 - CD all:length, artist, title
ok 9 - CD essential:artist
ok 10 - No Nonsense group
ok 11 - find_column Rain
ok 12 - find_column rain
ok 13 - !find_column HGLAGAGlAG
ok 14 - State->can(...)
ok 15 - State can't Rain
ok 16 - State can't _Rain_accessor
ok 17 - State can't rain
ok 18 - State can't snowfall
ok 19 - Huh not in groups
ok 20 - Rain and Capital = 2 groups
ok 21 - - Other
ok 22 - - Weather
ok 23 - Need primary key for retrieve
ok 24 - A columns
ok 25 - A::B columns
ok 26 - A::C columns
ok 413 ms
DBI 1.618-ithread default trace level set to 0x0/1 (pid 12698 pi 811f008) at DBI.pm line 277 via DBI.pm line 7
-> DBI->connect_cached(dbi:SQLite:dbname=/tmp/8_zwgVK8Iw, , ****)
DBI_AUTOPROXY: dbi:Proxy():1;dsn=dbi:SQLite:dbname=/tmp/8_zwgVK8Iw
-> DBI->install_driver(Proxy) for linux perl=5.008008 pid=12698 ruid=0 euid=0
install_driver: DBD::Proxy version 0.2004 loaded from /usr/lib/perl5/site_perl/5.8.8/i686-linux-thread-multi-64int-ld/DBD/Proxy.pm
warn: 0 '' (err#0)
<- STORE('CompatMode', 1)= 1 at Proxy.pm line 76
<- install_driver= DBI::dr=HASH(0x8837d18)
!! warn: 0 CLEARED by call to connect_cached method
!! ERROR: 1 ' Missing hostname. Missing port.' (err#1)
<- connect_cached('1;dsn=dbi:SQLite:dbname=/tmp/8_zwgVK8Iw', '', ...)= undef at DBI.pm line 659
<- $DBI::errstr= ' Missing hostname. Missing port.'
DBI connect('1;dsn=dbi:SQLite:dbname=/tmp/8_zwgVK8Iw','',...) failed: Missing hostname. Missing port.
DBI connect('1;dsn=dbi:SQLite:dbname=/tmp/8_zwgVK8Iw','',...) failed: Missing hostname. Missing port. at /usr/lib/perl5/site_perl/5.8.8/Ima/DBI.pm line 328.
Compilation failed in require at t/cdbi-t-rescache/03-subclassing.t line 20.
BEGIN failed--compilation aborted at t/cdbi-t-rescache/03-subclassing.t line 20.
!! ERROR: 1 CLEARED by call to disconnect_all method
<- disconnect_all= (not implemented) at DBI.pm line 739
# Looks like your test exited with 9 before it could output anything.
! <- DESTROY(DBI::dr=HASH(0x882d678))= undef during global destruction
[05:15:39] t/cdbi-t-rescache/03-subclassing.t .......
1..6
Dubious, test returned 9 (wstat 2304, 0x900)
Failed 6/6 subtests
DBI 1.618-ithread default trace level set to 0x0/1 (pid 12699 pi 8f20008) at DBI.pm line 277 via DBI.pm line 7
-> DBI->connect_cached(dbi:SQLite:dbname=/tmp/Ly5uA4X5oH, , ****)
DBI_AUTOPROXY: dbi:Proxy():1;dsn=dbi:SQLite:dbname=/tmp/Ly5uA4X5oH
-> DBI->install_driver(Proxy) for linux perl=5.008008 pid=12699 ruid=0 euid=0
install_driver: DBD::Proxy version 0.2004 loaded from /usr/lib/perl5/site_perl/5.8.8/i686-linux-thread-multi-64int-ld/DBD/Proxy.pm
warn: 0 '' (err#0)
<- STORE('CompatMode', 1)= 1 at Proxy.pm line 76
<- install_driver= DBI::dr=HASH(0x9639568)
!! warn: 0 CLEARED by call to connect_cached method
!! ERROR: 1 ' Missing hostname. Missing port.' (err#1)
<- connect_cached('1;dsn=dbi:SQLite:dbname=/tmp/Ly5uA4X5oH', '', ...)= undef at DBI.pm line 659
<- $DBI::errstr= ' Missing hostname. Missing port.'
DBI connect('1;dsn=dbi:SQLite:dbname=/tmp/Ly5uA4X5oH','',...) failed: Missing hostname. Missing port.
DBI connect('1;dsn=dbi:SQLite:dbname=/tmp/Ly5uA4X5oH','',...) failed: Missing hostname. Missing port. at /usr/lib/perl5/site_perl/5.8.8/Ima/DBI.pm line 328.
Compilation failed in require at t/cdbi-t-rescache/05-Query.t line 16.
BEGIN failed--compilation aborted at t/cdbi-t-rescache/05-Query.t line 16.
!! ERROR: 1 CLEARED by call to disconnect_all method
<- disconnect_all= (not implemented) at DBI.pm line 739
# Looks like your test exited with 9 before it could output anything.
! <- DESTROY(DBI::dr=HASH(0x962ef00))= undef during global destruction
[05:15:39] t/cdbi-t-rescache/05-Query.t .............
1..20
Dubious, test returned 9 (wstat 2304, 0x900)
Failed 20/20 subtests
DBI 1.618-ithread default trace level set to 0x0/1 (pid 12700 pi 969b008) at DBI.pm line 277 via DBI.pm line 7
-> DBI->connect_cached(dbi:SQLite:dbname=/tmp/mSSoJOUEAm, , ****)
DBI_AUTOPROXY: dbi:Proxy():1;dsn=dbi:SQLite:dbname=/tmp/mSSoJOUEAm
-> DBI->install_driver(Proxy) for linux perl=5.008008 pid=12700 ruid=0 euid=0
install_driver: DBD::Proxy version 0.2004 loaded from /usr/lib/perl5/site_perl/5.8.8/i686-linux-thread-multi-64int-ld/DBD/Proxy.pm
warn: 0 '' (err#0)
<- STORE('CompatMode', 1)= 1 at Proxy.pm line 76
<- install_driver= DBI::dr=HASH(0x9d0f594)
!! warn: 0 CLEARED by call to connect_cached method
!! ERROR: 1 ' Missing hostname. Missing port.' (err#1)
<- connect_cached('1;dsn=dbi:SQLite:dbname=/tmp/mSSoJOUEAm', '', ...)= undef at DBI.pm line 659
<- $DBI::errstr= ' Missing hostname. Missing port.'
DBI connect('1;dsn=dbi:SQLite:dbname=/tmp/mSSoJOUEAm','',...) failed: Missing hostname. Missing port.
DBI connect('1;dsn=dbi:SQLite:dbname=/tmp/mSSoJOUEAm','',...) failed: Missing hostname. Missing port. at /usr/lib/perl5/site_perl/5.8.8/Ima/DBI.pm line 328.
Compilation failed in require at t/cdbi-t-rescache/06-hasa.t line 21.
BEGIN failed--compilation aborted at t/cdbi-t-rescache/06-hasa.t line 21.
!! ERROR: 1 CLEARED by call to disconnect_all method
<- disconnect_all= (not implemented) at DBI.pm line 739
# Looks like your test exited with 9 before it could output anything.
! <- DESTROY(DBI::dr=HASH(0x9daa214))= undef during global destruction
[05:15:40] t/cdbi-t-rescache/06-hasa.t ..............
1..24
Dubious, test returned 9 (wstat 2304, 0x900)
Failed 24/24 subtests
DBI 1.618-ithread default trace level set to 0x0/1 (pid 12701 pi 87e9008) at DBI.pm line 277 via DBI.pm line 7
[05:15:40] t/cdbi-t-rescache/08-inheritcols.t .......
1..3
ok 1 - A columns
ok 2 - A::B columns
ok 3 - A::C columns
ok 395 ms
DBI 1.618-ithread default trace level set to 0x0/1 (pid 12702 pi 9f35008) at DBI.pm line 277 via DBI.pm line 7
-> DBI->connect_cached(dbi:SQLite:dbname=/tmp/JPJ2CuNhci, , ****)
DBI_AUTOPROXY: dbi:Proxy():1;dsn=dbi:SQLite:dbname=/tmp/JPJ2CuNhci
-> DBI->install_driver(Proxy) for linux perl=5.008008 pid=12702 ruid=0 euid=0
install_driver: DBD::Proxy version 0.2004 loaded from /usr/lib/perl5/site_perl/5.8.8/i686-linux-thread-multi-64int-ld/DBD/Proxy.pm
warn: 0 '' (err#0)
<- STORE('CompatMode', 1)= 1 at Proxy.pm line 76
<- install_driver= DBI::dr=HASH(0xa64e940)
!! warn: 0 CLEARED by call to connect_cached method
!! ERROR: 1 ' Missing hostname. Missing port.' (err#1)
<- connect_cached('1;dsn=dbi:SQLite:dbname=/tmp/JPJ2CuNhci', '', ...)= undef at DBI.pm line 659
<- $DBI::errstr= ' Missing hostname. Missing port.'
DBI connect('1;dsn=dbi:SQLite:dbname=/tmp/JPJ2CuNhci','',...) failed: Missing hostname. Missing port.
DBI connect('1;dsn=dbi:SQLite:dbname=/tmp/JPJ2CuNhci','',...) failed: Missing hostname. Missing port. at /usr/lib/perl5/site_perl/5.8.8/Ima/DBI.pm line 328.
Compilation failed in require at t/cdbi-t-rescache/09-has_many.t line 16.
BEGIN failed--compilation aborted at t/cdbi-t-rescache/09-has_many.t line 16.
!! ERROR: 1 CLEARED by call to disconnect_all method
<- disconnect_all= (not implemented) at DBI.pm line 739
# Looks like your test exited with 9 before it could output anything.
! <- DESTROY(DBI::dr=HASH(0xa6442a0))= undef during global destruction
[05:15:41] t/cdbi-t-rescache/09-has_many.t ..........
1..42
Dubious, test returned 9 (wstat 2304, 0x900)
Failed 42/42 subtests
DBI 1.618-ithread default trace level set to 0x0/1 (pid 12703 pi 9d2e008) at DBI.pm line 277 via DBI.pm line 7
[05:15:41] t/cdbi-t-rescache/10-mysql.t ............. skipped: Need Date::Simple for this test
DBI 1.618-ithread default trace level set to 0x0/1 (pid 12704 pi 9f6c008) at DBI.pm line 277 via DBI.pm line 7
-> DBI->connect_cached(dbi:SQLite:dbname=/tmp/kGI5DDroyH, , ****)
DBI_AUTOPROXY: dbi:Proxy():1;dsn=dbi:SQLite:dbname=/tmp/kGI5DDroyH
-> DBI->install_driver(Proxy) for linux perl=5.008008 pid=12704 ruid=0 euid=0
install_driver: DBD::Proxy version 0.2004 loaded from /usr/lib/perl5/site_perl/5.8.8/i686-linux-thread-multi-64int-ld/DBD/Proxy.pm
warn: 0 '' (err#0)
<- STORE('CompatMode', 1)= 1 at Proxy.pm line 76
<- install_driver= DBI::dr=HASH(0xa6850b8)
!! warn: 0 CLEARED by call to connect_cached method
!! ERROR: 1 ' Missing hostname. Missing port.' (err#1)
<- connect_cached('1;dsn=dbi:SQLite:dbname=/tmp/kGI5DDroyH', '', ...)= undef at DBI.pm line 659
<- $DBI::errstr= ' Missing hostname. Missing port.'
DBI connect('1;dsn=dbi:SQLite:dbname=/tmp/kGI5DDroyH','',...) failed: Missing hostname. Missing port.
DBI connect('1;dsn=dbi:SQLite:dbname=/tmp/kGI5DDroyH','',...) failed: Missing hostname. Missing port. at /usr/lib/perl5/site_perl/5.8.8/Ima/DBI.pm line 328.
Compilation failed in require at t/cdbi-t-rescache/11-triggers.t line 16.
BEGIN failed--compilation aborted at t/cdbi-t-rescache/11-triggers.t line 16.
!! ERROR: 1 CLEARED by call to disconnect_all method
<- disconnect_all= (not implemented) at DBI.pm line 739
# Looks like your test exited with 9 before it could output anything.
! <- DESTROY(DBI::dr=HASH(0xa67aa18))= undef during global destruction
[05:15:42] t/cdbi-t-rescache/11-triggers.t ..........
1..13
Dubious, test returned 9 (wstat 2304, 0x900)
Failed 13/13 subtests
DBI 1.618-ithread default trace level set to 0x0/1 (pid 12711 pi 99fa008) at DBI.pm line 277 via DBI.pm line 7
-> DBI->connect_cached(dbi:SQLite:dbname=/tmp/Ofk89wBxoH, , ****)
DBI_AUTOPROXY: dbi:Proxy():1;dsn=dbi:SQLite:dbname=/tmp/Ofk89wBxoH
-> DBI->install_driver(Proxy) for linux perl=5.008008 pid=12711 ruid=0 euid=0
install_driver: DBD::Proxy version 0.2004 loaded from /usr/lib/perl5/site_perl/5.8.8/i686-linux-thread-multi-64int-ld/DBD/Proxy.pm
warn: 0 '' (err#0)
<- STORE('CompatMode', 1)= 1 at Proxy.pm line 76
<- install_driver= DBI::dr=HASH(0xa1155a0)
!! warn: 0 CLEARED by call to connect_cached method
!! ERROR: 1 ' Missing hostname. Missing port.' (err#1)
<- connect_cached('1;dsn=dbi:SQLite:dbname=/tmp/Ofk89wBxoH', '', ...)= undef at DBI.pm line 659
<- $DBI::errstr= ' Missing hostname. Missing port.'
DBI connect('1;dsn=dbi:SQLite:dbname=/tmp/Ofk89wBxoH','',...) failed: Missing hostname. Missing port.
DBI connect('1;dsn=dbi:SQLite:dbname=/tmp/Ofk89wBxoH','',...) failed: Missing hostname. Missing port. at /usr/lib/perl5/site_perl/5.8.8/Ima/DBI.pm line 328.
Compilation failed in require at t/cdbi-t-rescache/12-filter.t line 16.
BEGIN failed--compilation aborted at t/cdbi-t-rescache/12-filter.t line 16.
!! ERROR: 1 CLEARED by call to disconnect_all method
<- disconnect_all= (not implemented) at DBI.pm line 739
# Looks like your test exited with 9 before it could output anything.
! <- DESTROY(DBI::dr=HASH(0xa0f4810))= undef during global destruction
[05:15:42] t/cdbi-t-rescache/12-filter.t ............
1..50
Dubious, test returned 9 (wstat 2304, 0x900)
Failed 50/50 subtests
DBI 1.618-ithread default trace level set to 0x0/1 (pid 12712 pi 8fd9008) at DBI.pm line 277 via DBI.pm line 7
-> DBI->connect_cached(dbi:SQLite:dbname=/tmp/jej9L55HXU, , ****)
DBI_AUTOPROXY: dbi:Proxy():1;dsn=dbi:SQLite:dbname=/tmp/jej9L55HXU
-> DBI->install_driver(Proxy) for linux perl=5.008008 pid=12712 ruid=0 euid=0
install_driver: DBD::Proxy version 0.2004 loaded from /usr/lib/perl5/site_perl/5.8.8/i686-linux-thread-multi-64int-ld/DBD/Proxy.pm
warn: 0 '' (err#0)
<- STORE('CompatMode', 1)= 1 at Proxy.pm line 76
<- install_driver= DBI::dr=HASH(0x96f27c0)
!! warn: 0 CLEARED by call to connect_cached method
!! ERROR: 1 ' Missing hostname. Missing port.' (err#1)
<- connect_cached('1;dsn=dbi:SQLite:dbname=/tmp/jej9L55HXU', '', ...)= undef at DBI.pm line 659
<- $DBI::errstr= ' Missing hostname. Missing port.'
DBI connect('1;dsn=dbi:SQLite:dbname=/tmp/jej9L55HXU','',...) failed: Missing hostname. Missing port.
DBI connect('1;dsn=dbi:SQLite:dbname=/tmp/jej9L55HXU','',...) failed: Missing hostname. Missing port. at /usr/lib/perl5/site_perl/5.8.8/Ima/DBI.pm line 328.
Compilation failed in require at t/cdbi-t-rescache/13-constraint.t line 16.
BEGIN failed--compilation aborted at t/cdbi-t-rescache/13-constraint.t line 16.
!! ERROR: 1 CLEARED by call to disconnect_all method
<- disconnect_all= (not implemented) at DBI.pm line 739
# Looks like your test exited with 9 before it could output anything.
! <- DESTROY(DBI::dr=HASH(0x96e8120))= undef during global destruction
[05:15:43] t/cdbi-t-rescache/13-constraint.t ........
1..28
Dubious, test returned 9 (wstat 2304, 0x900)
Failed 28/28 subtests
DBI 1.618-ithread default trace level set to 0x0/1 (pid 12713 pi 9528008) at DBI.pm line 277 via DBI.pm line 7
-> DBI->connect_cached(dbi:SQLite:dbname=/tmp/agxptr951r, , ****)
DBI_AUTOPROXY: dbi:Proxy():1;dsn=dbi:SQLite:dbname=/tmp/agxptr951r
-> DBI->install_driver(Proxy) for linux perl=5.008008 pid=12713 ruid=0 euid=0
install_driver: DBD::Proxy version 0.2004 loaded from /usr/lib/perl5/site_perl/5.8.8/i686-linux-thread-multi-64int-ld/DBD/Proxy.pm
warn: 0 '' (err#0)
<- STORE('CompatMode', 1)= 1 at Proxy.pm line 76
<- install_driver= DBI::dr=HASH(0x9c41058)
!! warn: 0 CLEARED by call to connect_cached method
!! ERROR: 1 ' Missing hostname. Missing port.' (err#1)
<- connect_cached('1;dsn=dbi:SQLite:dbname=/tmp/agxptr951r', '', ...)= undef at DBI.pm line 659
<- $DBI::errstr= ' Missing hostname. Missing port.'
DBI connect('1;dsn=dbi:SQLite:dbname=/tmp/agxptr951r','',...) failed: Missing hostname. Missing port.
DBI connect('1;dsn=dbi:SQLite:dbname=/tmp/agxptr951r','',...) failed: Missing hostname. Missing port. at /usr/lib/perl5/site_perl/5.8.8/Ima/DBI.pm line 328.
Compilation failed in require at t/cdbi-t-rescache/14-might_have.t line 16.
BEGIN failed--compilation aborted at t/cdbi-t-rescache/14-might_have.t line 16.
!! ERROR: 1 CLEARED by call to disconnect_all method
<- disconnect_all= (not implemented) at DBI.pm line 739
# Looks like your test exited with 9 before it could output anything.
! <- DESTROY(DBI::dr=HASH(0x9c369b8))= undef during global destruction
[05:15:44] t/cdbi-t-rescache/14-might_have.t ........
1..18
Dubious, test returned 9 (wstat 2304, 0x900)
Failed 18/18 subtests
DBI 1.618-ithread default trace level set to 0x0/1 (pid 12714 pi 873f008) at DBI.pm line 277 via DBI.pm line 7
-> DBI->connect_cached(dbi:SQLite:dbname=/tmp/5cFNPD4O5A, , ****)
DBI_AUTOPROXY: dbi:Proxy():1;dsn=dbi:SQLite:dbname=/tmp/5cFNPD4O5A
-> DBI->install_driver(Proxy) for linux perl=5.008008 pid=12714 ruid=0 euid=0
install_driver: DBD::Proxy version 0.2004 loaded from /usr/lib/perl5/site_perl/5.8.8/i686-linux-thread-multi-64int-ld/DBD/Proxy.pm
warn: 0 '' (err#0)
<- STORE('CompatMode', 1)= 1 at Proxy.pm line 76
<- install_driver= DBI::dr=HASH(0x8e64f20)
!! warn: 0 CLEARED by call to connect_cached method
!! ERROR: 1 ' Missing hostname. Missing port.' (err#1)
<- connect_cached('1;dsn=dbi:SQLite:dbname=/tmp/5cFNPD4O5A', '', ...)= undef at DBI.pm line 659
<- $DBI::errstr= ' Missing hostname. Missing port.'
DBI connect('1;dsn=dbi:SQLite:dbname=/tmp/5cFNPD4O5A','',...) failed: Missing hostname. Missing port.
DBI connect('1;dsn=dbi:SQLite:dbname=/tmp/5cFNPD4O5A','',...) failed: Missing hostname. Missing port. at /usr/lib/perl5/site_perl/5.8.8/Ima/DBI.pm line 328.
Compilation failed in require at t/cdbi-t-rescache/16-reserved.t line 16.
!! ERROR: 1 CLEARED by call to disconnect_all method
<- disconnect_all= (not implemented) at DBI.pm line 739
# Looks like your test exited with 9 before it could output anything.
! <- DESTROY(DBI::dr=HASH(0x8e56968))= undef during global destruction
[05:15:44] t/cdbi-t-rescache/16-reserved.t ..........
1..5
Dubious, test returned 9 (wstat 2304, 0x900)
Failed 5/5 subtests
DBI 1.618-ithread default trace level set to 0x0/1 (pid 12715 pi 981e008) at DBI.pm line 277 via DBI.pm line 7
-> DBI->connect_cached(dbi:Pg:dbname=template1, postgres, ****)
DBI_AUTOPROXY: dbi:Proxy():1;dsn=dbi:Pg:dbname=template1
-> DBI->install_driver(Proxy) for linux perl=5.008008 pid=12715 ruid=0 euid=0
install_driver: DBD::Proxy version 0.2004 loaded from /usr/lib/perl5/site_perl/5.8.8/i686-linux-thread-multi-64int-ld/DBD/Proxy.pm
warn: 0 '' (err#0)
<- STORE('CompatMode', 1)= 1 at Proxy.pm line 76
<- install_driver= DBI::dr=HASH(0x9eda884)
!! warn: 0 CLEARED by call to connect_cached method
!! ERROR: 1 ' Missing hostname. Missing port.' (err#1)
<- connect_cached('1;dsn=dbi:Pg:dbname=template1', 'postgres', ...)= undef at DBI.pm line 659
<- $DBI::errstr= ' Missing hostname. Missing port.'
DBI connect('1;dsn=dbi:Pg:dbname=template1','postgres',...) failed: Missing hostname. Missing port.
# Pg connection failed (DBI connect('1;dsn=dbi:Pg:dbname=template1','postgres',...) failed: Missing hostname. Missing port. at /usr/lib/perl5/site_perl/5.8.8/Ima/DBI.pm line 328.
# ). Set env variables DBD_PG_DBNAME, DBD_PG_USER,
# DBD_PG_PASSWD to enable testing.
!! ERROR: 1 CLEARED by call to disconnect_all method
<- disconnect_all= (not implemented) at DBI.pm line 739
! <- DESTROY(DBI::dr=HASH(0x9ed23bc))= undef during global destruction
[05:15:45] t/cdbi-t-rescache/17-data_type.t ......... skipped: Pg connection failed.
DBI 1.618-ithread default trace level set to 0x0/1 (pid 12716 pi 824e008) at DBI.pm line 277 via DBI.pm line 7
-> DBI->connect_cached(dbi:SQLite:dbname=/tmp/dCLoRpDFtc, , ****)
DBI_AUTOPROXY: dbi:Proxy():1;dsn=dbi:SQLite:dbname=/tmp/dCLoRpDFtc
-> DBI->install_driver(Proxy) for linux perl=5.008008 pid=12716 ruid=0 euid=0
install_driver: DBD::Proxy version 0.2004 loaded from /usr/lib/perl5/site_perl/5.8.8/i686-linux-thread-multi-64int-ld/DBD/Proxy.pm
warn: 0 '' (err#0)
<- STORE('CompatMode', 1)= 1 at Proxy.pm line 76
<- install_driver= DBI::dr=HASH(0x8967940)
!! warn: 0 CLEARED by call to connect_cached method
!! ERROR: 1 ' Missing hostname. Missing port.' (err#1)
<- connect_cached('1;dsn=dbi:SQLite:dbname=/tmp/dCLoRpDFtc', '', ...)= undef at DBI.pm line 659
<- $DBI::errstr= ' Missing hostname. Missing port.'
DBI connect('1;dsn=dbi:SQLite:dbname=/tmp/dCLoRpDFtc','',...) failed: Missing hostname. Missing port.
DBI connect('1;dsn=dbi:SQLite:dbname=/tmp/dCLoRpDFtc','',...) failed: Missing hostname. Missing port. at /usr/lib/perl5/site_perl/5.8.8/Ima/DBI.pm line 328.
Compilation failed in require at t/cdbi-t-rescache/18-has_a.t line 16.
BEGIN failed--compilation aborted at t/cdbi-t-rescache/18-has_a.t line 16.
!! ERROR: 1 CLEARED by call to disconnect_all method
<- disconnect_all= (not implemented) at DBI.pm line 739
# Looks like your test exited with 9 before it could output anything.
! <- DESTROY(DBI::dr=HASH(0x895d2a0))= undef during global destruction
[05:15:45] t/cdbi-t-rescache/18-has_a.t .............
1..41
Dubious, test returned 9 (wstat 2304, 0x900)
Failed 41/41 subtests
DBI 1.618-ithread default trace level set to 0x0/1 (pid 12717 pi 9e55008) at DBI.pm line 277 via DBI.pm line 7
-> DBI->connect_cached(dbi:SQLite:dbname=/tmp/BZeyBPcIGK, , ****)
DBI_AUTOPROXY: dbi:Proxy():1;dsn=dbi:SQLite:dbname=/tmp/BZeyBPcIGK
-> DBI->install_driver(Proxy) for linux perl=5.008008 pid=12717 ruid=0 euid=0
install_driver: DBD::Proxy version 0.2004 loaded from /usr/lib/perl5/site_perl/5.8.8/i686-linux-thread-multi-64int-ld/DBD/Proxy.pm
warn: 0 '' (err#0)
<- STORE('CompatMode', 1)= 1 at Proxy.pm line 76
<- install_driver= DBI::dr=HASH(0xa56e398)
!! warn: 0 CLEARED by call to connect_cached method
!! ERROR: 1 ' Missing hostname. Missing port.' (err#1)
<- connect_cached('1;dsn=dbi:SQLite:dbname=/tmp/BZeyBPcIGK', '', ...)= undef at DBI.pm line 659
<- $DBI::errstr= ' Missing hostname. Missing port.'
DBI connect('1;dsn=dbi:SQLite:dbname=/tmp/BZeyBPcIGK','',...) failed: Missing hostname. Missing port.
DBI connect('1;dsn=dbi:SQLite:dbname=/tmp/BZeyBPcIGK','',...) failed: Missing hostname. Missing port. at /usr/lib/perl5/site_perl/5.8.8/Ima/DBI.pm line 328.
Compilation failed in require at t/cdbi-t-rescache/19-set_sql.t line 16.
BEGIN failed--compilation aborted at t/cdbi-t-rescache/19-set_sql.t line 16.
!! ERROR: 1 CLEARED by call to disconnect_all method
<- disconnect_all= (not implemented) at DBI.pm line 739
# Looks like your test exited with 9 before it could output anything.
! <- DESTROY(DBI::dr=HASH(0xa563d30))= undef during global destruction
[05:15:46] t/cdbi-t-rescache/19-set_sql.t ...........
1..17
Dubious, test returned 9 (wstat 2304, 0x900)
Failed 17/17 subtests
DBI 1.618-ithread default trace level set to 0x0/1 (pid 12718 pi 9027008) at DBI.pm line 277 via DBI.pm line 7
-> DBI->connect_cached(dbi:SQLite:dbname=/tmp/H6qA5gc0iT, , ****)
DBI_AUTOPROXY: dbi:Proxy():1;dsn=dbi:SQLite:dbname=/tmp/H6qA5gc0iT
-> DBI->install_driver(Proxy) for linux perl=5.008008 pid=12718 ruid=0 euid=0
install_driver: DBD::Proxy version 0.2004 loaded from /usr/lib/perl5/site_perl/5.8.8/i686-linux-thread-multi-64int-ld/DBD/Proxy.pm
warn: 0 '' (err#0)
<- STORE('CompatMode', 1)= 1 at Proxy.pm line 76
<- install_driver= DBI::dr=HASH(0x9740348)
!! warn: 0 CLEARED by call to connect_cached method
!! ERROR: 1 ' Missing hostname. Missing port.' (err#1)
<- connect_cached('1;dsn=dbi:SQLite:dbname=/tmp/H6qA5gc0iT', '', ...)= undef at DBI.pm line 659
<- $DBI::errstr= ' Missing hostname. Missing port.'
DBI connect('1;dsn=dbi:SQLite:dbname=/tmp/H6qA5gc0iT','',...) failed: Missing hostname. Missing port.
DBI connect('1;dsn=dbi:SQLite:dbname=/tmp/H6qA5gc0iT','',...) failed: Missing hostname. Missing port. at /usr/lib/perl5/site_perl/5.8.8/Ima/DBI.pm line 328.
Compilation failed in require at t/cdbi-t-rescache/21-iterator.t line 16.
BEGIN failed--compilation aborted at t/cdbi-t-rescache/21-iterator.t line 16.
!! ERROR: 1 CLEARED by call to disconnect_all method
<- disconnect_all= (not implemented) at DBI.pm line 739
# Looks like your test exited with 9 before it could output anything.
! <- DESTROY(DBI::dr=HASH(0x9735ce0))= undef during global destruction
[05:15:47] t/cdbi-t-rescache/21-iterator.t ..........
1..33
Dubious, test returned 9 (wstat 2304, 0x900)
Failed 33/33 subtests
DBI 1.618-ithread default trace level set to 0x0/1 (pid 12719 pi 9973008) at DBI.pm line 277 via DBI.pm line 7
-> DBI->connect(dbi:mysql:test, , ****)
DBI_AUTOPROXY: dbi:Proxy():1;dsn=dbi:mysql:test
-> DBI->install_driver(Proxy) for linux perl=5.008008 pid=12719 ruid=0 euid=0
install_driver: DBD::Proxy version 0.2004 loaded from /usr/lib/perl5/site_perl/5.8.8/i686-linux-thread-multi-64int-ld/DBD/Proxy.pm
warn: 0 '' (err#0)
<- STORE('CompatMode', 1)= 1 at Proxy.pm line 76
<- install_driver= DBI::dr=HASH(0xa0021a4)
!! warn: 0 CLEARED by call to connect method
!! ERROR: 1 ' Missing hostname. Missing port.' (err#1)
<- connect('1;dsn=dbi:mysql:test', '', ...)= undef at DBI.pm line 659
<- $DBI::errstr= ' Missing hostname. Missing port.'
DBI connect('1;dsn=dbi:mysql:test','',...) failed: Missing hostname. Missing port.
DBI connect('1;dsn=dbi:mysql:test','',...) failed: Missing hostname. Missing port. at t/cdbi-t/testlib/MyBase.pm line 10.
<- $DBI::errstr= ' Missing hostname. Missing port.'
!! ERROR: 1 CLEARED by call to disconnect_all method
<- disconnect_all= (not implemented) at DBI.pm line 739
! <- DESTROY(DBI::dr=HASH(0x9fe2154))= undef during global destruction
[05:15:47] t/cdbi-t-rescache/22-deflate_order.t ..... skipped: Need MySQL for this test
DBI 1.618-ithread default trace level set to 0x0/1 (pid 12723 pi 99a8008) at DBI.pm line 277 via DBI.pm line 7
-> DBI->connect_cached(dbi:SQLite:dbname=/tmp/DTTVFgZh50, , ****)
DBI_AUTOPROXY: dbi:Proxy():1;dsn=dbi:SQLite:dbname=/tmp/DTTVFgZh50
-> DBI->install_driver(Proxy) for linux perl=5.008008 pid=12723 ruid=0 euid=0
install_driver: DBD::Proxy version 0.2004 loaded from /usr/lib/perl5/site_perl/5.8.8/i686-linux-thread-multi-64int-ld/DBD/Proxy.pm
warn: 0 '' (err#0)
<- STORE('CompatMode', 1)= 1 at Proxy.pm line 76
<- install_driver= DBI::dr=HASH(0xa0c0d18)
!! warn: 0 CLEARED by call to connect_cached method
!! ERROR: 1 ' Missing hostname. Missing port.' (err#1)
<- connect_cached('1;dsn=dbi:SQLite:dbname=/tmp/DTTVFgZh50', '', ...)= undef at DBI.pm line 659
<- $DBI::errstr= ' Missing hostname. Missing port.'
DBI connect('1;dsn=dbi:SQLite:dbname=/tmp/DTTVFgZh50','',...) failed: Missing hostname. Missing port.
DBI connect('1;dsn=dbi:SQLite:dbname=/tmp/DTTVFgZh50','',...) failed: Missing hostname. Missing port. at /usr/lib/perl5/site_perl/5.8.8/Ima/DBI.pm line 328.
Compilation failed in require at t/cdbi-t-rescache/23-cascade.t line 16.
BEGIN failed--compilation aborted at t/cdbi-t-rescache/23-cascade.t line 16.
!! ERROR: 1 CLEARED by call to disconnect_all method
<- disconnect_all= (not implemented) at DBI.pm line 739
# Looks like your test exited with 9 before it could output anything.
! <- DESTROY(DBI::dr=HASH(0xa0b6678))= undef during global destruction
[05:15:48] t/cdbi-t-rescache/23-cascade.t ...........
1..5
Dubious, test returned 9 (wstat 2304, 0x900)
Failed 5/5 subtests
DBI 1.618-ithread default trace level set to 0x0/1 (pid 12724 pi 86d0008) at DBI.pm line 277 via DBI.pm line 7
[05:15:48] t/cdbi-t-rescache/24-meta_info.t .........
1..3
ok 1 - Person has Date and Pet
ok 2 - Pet has Date
ok 3 - And owners
ok 425 ms
DBI 1.618-ithread default trace level set to 0x0/1 (pid 12725 pi 9a6d008) at DBI.pm line 277 via DBI.pm line 7
-> DBI->connect(dbi:mysql:test, , ****)
DBI_AUTOPROXY: dbi:Proxy():1;dsn=dbi:mysql:test
-> DBI->install_driver(Proxy) for linux perl=5.008008 pid=12725 ruid=0 euid=0
install_driver: DBD::Proxy version 0.2004 loaded from /usr/lib/perl5/site_perl/5.8.8/i686-linux-thread-multi-64int-ld/DBD/Proxy.pm
warn: 0 '' (err#0)
<- STORE('CompatMode', 1)= 1 at Proxy.pm line 76
<- install_driver= DBI::dr=HASH(0xa079bfc)
!! warn: 0 CLEARED by call to connect method
!! ERROR: 1 ' Missing hostname. Missing port.' (err#1)
<- connect('1;dsn=dbi:mysql:test', '', ...)= undef at DBI.pm line 659
<- $DBI::errstr= ' Missing hostname. Missing port.'
DBI connect('1;dsn=dbi:mysql:test','',...) failed: Missing hostname. Missing port.
DBI connect('1;dsn=dbi:mysql:test','',...) failed: Missing hostname. Missing port. at t/cdbi-t/testlib/MyBase.pm line 10.
<- $DBI::errstr= ' Missing hostname. Missing port.'
!! ERROR: 1 CLEARED by call to disconnect_all method
<- disconnect_all= (not implemented) at DBI.pm line 739
! <- DESTROY(DBI::dr=HASH(0xa069bd0))= undef during global destruction
[05:15:49] t/cdbi-t-rescache/25-closures_in_meta.t .. skipped: Need MySQL for this test
DBI 1.618-ithread default trace level set to 0x0/1 (pid 12726 pi 9165008) at DBI.pm line 277 via DBI.pm line 7
[05:15:50] t/cdbi-t-rescache/97-pod.t ...............
1..2
ok 1 - POD test for blib/lib/Class/DBI/Sweet.pm
ok 2 - POD test for blib/lib/Class/DBI/Sweet/Topping.pm
ok 633 ms
DBI 1.618-ithread default trace level set to 0x0/1 (pid 12727 pi 8dd4008) at DBI.pm line 277 via DBI.pm line 7
-> DBI->connect_cached(dbi:SQLite:dbname=/tmp/nbk2fjOOV7, , ****)
DBI_AUTOPROXY: dbi:Proxy():1;dsn=dbi:SQLite:dbname=/tmp/nbk2fjOOV7
-> DBI->install_driver(Proxy) for linux perl=5.008008 pid=12727 ruid=0 euid=0
install_driver: DBD::Proxy version 0.2004 loaded from /usr/lib/perl5/site_perl/5.8.8/i686-linux-thread-multi-64int-ld/DBD/Proxy.pm
warn: 0 '' (err#0)
<- STORE('CompatMode', 1)= 1 at Proxy.pm line 76
<- install_driver= DBI::dr=HASH(0x94ed010)
!! warn: 0 CLEARED by call to connect_cached method
!! ERROR: 1 ' Missing hostname. Missing port.' (err#1)
<- connect_cached('1;dsn=dbi:SQLite:dbname=/tmp/nbk2fjOOV7', '', ...)= undef at DBI.pm line 659
<- $DBI::errstr= ' Missing hostname. Missing port.'
DBI connect('1;dsn=dbi:SQLite:dbname=/tmp/nbk2fjOOV7','',...) failed: Missing hostname. Missing port.
DBI connect('1;dsn=dbi:SQLite:dbname=/tmp/nbk2fjOOV7','',...) failed: Missing hostname. Missing port. at /usr/lib/perl5/site_perl/5.8.8/Ima/DBI.pm line 328.
Compilation failed in require at t/cdbi-t-rescache/98-failure.t line 20.
BEGIN failed--compilation aborted at t/cdbi-t-rescache/98-failure.t line 20.
!! ERROR: 1 CLEARED by call to disconnect_all method
<- disconnect_all= (not implemented) at DBI.pm line 739
# Looks like your test exited with 9 before it could output anything.
! <- DESTROY(DBI::dr=HASH(0x94e29a8))= undef during global destruction
[05:15:50] t/cdbi-t-rescache/98-failure.t ...........
1..7
Dubious, test returned 9 (wstat 2304, 0x900)
Failed 7/7 subtests
DBI 1.618-ithread default trace level set to 0x0/1 (pid 12728 pi 86fd008) at DBI.pm line 277 via DBI.pm line 7
[05:15:51] t/cdbi-t-rescache/99-misc.t ..............
1..22
ok 1 - Column clash warning for inherited
ok 2 - Column clash warning with CDBI
ok 3 - subclassed constructor
ok 4 - create trigger deprecated
ok 5 - create trigger deprecated
ok 6 - Constraint with no name
ok 7 - Constraint needs a column
ok 8 - No such column
ok 9 - Need a coderef
ok 10 - Not a coderef
ok 11 - has_a needs a class
ok 12 - add_constructor needs a method name
ok 13 - No on_setting trigger
ok 14 - $self stringifies with no PK values
ok 15 - Can't retrieve a reference
ok 16 - Can't create without hashref
ok 17 - has_a is class-level: has_a should be called as a class method not an object method at /usr/lib/perl5/site_perl/5.8.8/Class/DBI/Relationship/HasA.pm line 10.
#
ok 18 - Can't call update as class method
ok 19 - Default table name
ok 20 - Can't create with nonsense column
ok 21 - Can't require nonsense class
ok 22 - Can't locate object method "search_DeleteMe" via package "Holiday" at t/cdbi-t-rescache/99-misc.t line 131.
#
ok 555 ms
DBI 1.618-ithread default trace level set to 0x0/1 (pid 12729 pi 93bc008) at DBI.pm line 277 via DBI.pm line 7
[05:15:51] t/cdbi-t/01-columns.t ....................
1..26
ok 1 - State table()
ok 2 - State primary()
ok 3 - State Primary:name
ok 4 - State Essential:abbreviation, name
ok 5 - State All:population, rain, snowfall, name, abbreviation, capital
ok 6 - CD primary()
ok 7 - CD primary:artist
ok 8 - CD all:length, artist, title
ok 9 - CD essential:artist
ok 10 - No Nonsense group
ok 11 - find_column Rain
ok 12 - find_column rain
ok 13 - !find_column HGLAGAGlAG
ok 14 - State->can(...)
ok 15 - State can't Rain
ok 16 - State can't _Rain_accessor
ok 17 - State can't rain
ok 18 - State can't snowfall
ok 19 - Huh not in groups
ok 20 - Rain and Capital = 2 groups
ok 21 - - Other
ok 22 - - Weather
ok 23 - Need primary key for retrieve
ok 24 - A columns
ok 25 - A::B columns
ok 26 - A::C columns
ok 405 ms
DBI 1.618-ithread default trace level set to 0x0/1 (pid 12730 pi 9a51008) at DBI.pm line 277 via DBI.pm line 0
-> DBI->connect_cached(dbi:SQLite:dbname=/tmp/lDGAjEF4rD, , ****)
DBI_AUTOPROXY: dbi:Proxy():1;dsn=dbi:SQLite:dbname=/tmp/lDGAjEF4rD
-> DBI->install_driver(Proxy) for linux perl=5.008008 pid=12730 ruid=0 euid=0
install_driver: DBD::Proxy version 0.2004 loaded from /usr/lib/perl5/site_perl/5.8.8/i686-linux-thread-multi-64int-ld/DBD/Proxy.pm
warn: 0 '' (err#0)
<- STORE('CompatMode', 1)= 1 at Proxy.pm line 76
<- install_driver= DBI::dr=HASH(0xa024cd4)
!! warn: 0 CLEARED by call to connect_cached method
!! ERROR: 1 ' Missing hostname. Missing port.' (err#1)
<- connect_cached('1;dsn=dbi:SQLite:dbname=/tmp/lDGAjEF4rD', '', ...)= undef at DBI.pm line 659
<- $DBI::errstr= ' Missing hostname. Missing port.'
DBI connect('1;dsn=dbi:SQLite:dbname=/tmp/lDGAjEF4rD','',...) failed: Missing hostname. Missing port.
DBI connect('1;dsn=dbi:SQLite:dbname=/tmp/lDGAjEF4rD','',...) failed: Missing hostname. Missing port. at /usr/lib/perl5/site_perl/5.8.8/Ima/DBI.pm line 328.
Compilation failed in require at t/cdbi-t/02-Film.t line 12.
BEGIN failed--compilation aborted at t/cdbi-t/02-Film.t line 12.
!! ERROR: 1 CLEARED by call to disconnect_all method
<- disconnect_all= (not implemented) at DBI.pm line 739
# Looks like your test exited with 9 before it could output anything.
! <- DESTROY(DBI::dr=HASH(0xa018a14))= undef during global destruction
[05:15:52] t/cdbi-t/02-Film.t .......................
1..91
Dubious, test returned 9 (wstat 2304, 0x900)
Failed 91/91 subtests
DBI 1.618-ithread default trace level set to 0x0/1 (pid 12731 pi 88f7008) at DBI.pm line 277 via DBI.pm line 0
-> DBI->connect_cached(dbi:SQLite:dbname=/tmp/EzwRgsZ1nY, , ****)
DBI_AUTOPROXY: dbi:Proxy():1;dsn=dbi:SQLite:dbname=/tmp/EzwRgsZ1nY
-> DBI->install_driver(Proxy) for linux perl=5.008008 pid=12731 ruid=0 euid=0
install_driver: DBD::Proxy version 0.2004 loaded from /usr/lib/perl5/site_perl/5.8.8/i686-linux-thread-multi-64int-ld/DBD/Proxy.pm
warn: 0 '' (err#0)
<- STORE('CompatMode', 1)= 1 at Proxy.pm line 76
<- install_driver= DBI::dr=HASH(0x8eca550)
!! warn: 0 CLEARED by call to connect_cached method
!! ERROR: 1 ' Missing hostname. Missing port.' (err#1)
<- connect_cached('1;dsn=dbi:SQLite:dbname=/tmp/EzwRgsZ1nY', '', ...)= undef at DBI.pm line 659
<- $DBI::errstr= ' Missing hostname. Missing port.'
DBI connect('1;dsn=dbi:SQLite:dbname=/tmp/EzwRgsZ1nY','',...) failed: Missing hostname. Missing port.
DBI connect('1;dsn=dbi:SQLite:dbname=/tmp/EzwRgsZ1nY','',...) failed: Missing hostname. Missing port. at /usr/lib/perl5/site_perl/5.8.8/Ima/DBI.pm line 328.
Compilation failed in require at t/cdbi-t/03-subclassing.t line 14.
BEGIN failed--compilation aborted at t/cdbi-t/03-subclassing.t line 14.
!! ERROR: 1 CLEARED by call to disconnect_all method
<- disconnect_all= (not implemented) at DBI.pm line 739
# Looks like your test exited with 9 before it could output anything.
! <- DESTROY(DBI::dr=HASH(0x8ebe0e8))= undef during global destruction
[05:15:52] t/cdbi-t/03-subclassing.t ................
1..6
Dubious, test returned 9 (wstat 2304, 0x900)
Failed 6/6 subtests
DBI 1.618-ithread default trace level set to 0x0/1 (pid 12732 pi 9dce008) at DBI.pm line 277 via DBI.pm line 0
-> DBI->connect_cached(dbi:SQLite:dbname=/tmp/mnXIVQsHMw, , ****)
DBI_AUTOPROXY: dbi:Proxy():1;dsn=dbi:SQLite:dbname=/tmp/mnXIVQsHMw
-> DBI->install_driver(Proxy) for linux perl=5.008008 pid=12732 ruid=0 euid=0
install_driver: DBD::Proxy version 0.2004 loaded from /usr/lib/perl5/site_perl/5.8.8/i686-linux-thread-multi-64int-ld/DBD/Proxy.pm
warn: 0 '' (err#0)
<- STORE('CompatMode', 1)= 1 at Proxy.pm line 76
<- install_driver= DBI::dr=HASH(0xa3a1f60)
!! warn: 0 CLEARED by call to connect_cached method
!! ERROR: 1 ' Missing hostname. Missing port.' (err#1)
<- connect_cached('1;dsn=dbi:SQLite:dbname=/tmp/mnXIVQsHMw', '', ...)= undef at DBI.pm line 659
<- $DBI::errstr= ' Missing hostname. Missing port.'
DBI connect('1;dsn=dbi:SQLite:dbname=/tmp/mnXIVQsHMw','',...) failed: Missing hostname. Missing port.
DBI connect('1;dsn=dbi:SQLite:dbname=/tmp/mnXIVQsHMw','',...) failed: Missing hostname. Missing port. at /usr/lib/perl5/site_perl/5.8.8/Ima/DBI.pm line 328.
Compilation failed in require at t/cdbi-t/04-lazy.t line 15.
BEGIN failed--compilation aborted at t/cdbi-t/04-lazy.t line 15.
!! ERROR: 1 CLEARED by call to disconnect_all method
<- disconnect_all= (not implemented) at DBI.pm line 739
# Looks like your test exited with 9 before it could output anything.
! <- DESTROY(DBI::dr=HASH(0xa396ca0))= undef during global destruction
[05:15:53] t/cdbi-t/04-lazy.t .......................
1..25
Dubious, test returned 9 (wstat 2304, 0x900)
Failed 25/25 subtests
DBI 1.618-ithread default trace level set to 0x0/1 (pid 12733 pi 9f56008) at DBI.pm line 277 via DBI.pm line 0
-> DBI->connect_cached(dbi:SQLite:dbname=/tmp/6z7Ow84iaF, , ****)
DBI_AUTOPROXY: dbi:Proxy():1;dsn=dbi:SQLite:dbname=/tmp/6z7Ow84iaF
-> DBI->install_driver(Proxy) for linux perl=5.008008 pid=12733 ruid=0 euid=0
install_driver: DBD::Proxy version 0.2004 loaded from /usr/lib/perl5/site_perl/5.8.8/i686-linux-thread-multi-64int-ld/DBD/Proxy.pm
warn: 0 '' (err#0)
<- STORE('CompatMode', 1)= 1 at Proxy.pm line 76
<- install_driver= DBI::dr=HASH(0xa529e40)
!! warn: 0 CLEARED by call to connect_cached method
!! ERROR: 1 ' Missing hostname. Missing port.' (err#1)
<- connect_cached('1;dsn=dbi:SQLite:dbname=/tmp/6z7Ow84iaF', '', ...)= undef at DBI.pm line 659
<- $DBI::errstr= ' Missing hostname. Missing port.'
DBI connect('1;dsn=dbi:SQLite:dbname=/tmp/6z7Ow84iaF','',...) failed: Missing hostname. Missing port.
DBI connect('1;dsn=dbi:SQLite:dbname=/tmp/6z7Ow84iaF','',...) failed: Missing hostname. Missing port. at /usr/lib/perl5/site_perl/5.8.8/Ima/DBI.pm line 328.
Compilation failed in require at t/cdbi-t/05-Query.t line 10.
BEGIN failed--compilation aborted at t/cdbi-t/05-Query.t line 10.
!! ERROR: 1 CLEARED by call to disconnect_all method
<- disconnect_all= (not implemented) at DBI.pm line 739
# Looks like your test exited with 9 before it could output anything.
! <- DESTROY(DBI::dr=HASH(0xa51d8d0))= undef during global destruction
[05:15:53] t/cdbi-t/05-Query.t ......................
1..20
Dubious, test returned 9 (wstat 2304, 0x900)
Failed 20/20 subtests
DBI 1.618-ithread default trace level set to 0x0/1 (pid 12734 pi 8aea008) at DBI.pm line 277 via DBI.pm line 0
-> DBI->connect_cached(dbi:SQLite:dbname=/tmp/S0gRTulzLQ, , ****)
DBI_AUTOPROXY: dbi:Proxy():1;dsn=dbi:SQLite:dbname=/tmp/S0gRTulzLQ
-> DBI->install_driver(Proxy) for linux perl=5.008008 pid=12734 ruid=0 euid=0
install_driver: DBD::Proxy version 0.2004 loaded from /usr/lib/perl5/site_perl/5.8.8/i686-linux-thread-multi-64int-ld/DBD/Proxy.pm
warn: 0 '' (err#0)
<- STORE('CompatMode', 1)= 1 at Proxy.pm line 76
<- install_driver= DBI::dr=HASH(0x90bd43c)
!! warn: 0 CLEARED by call to connect_cached method
!! ERROR: 1 ' Missing hostname. Missing port.' (err#1)
<- connect_cached('1;dsn=dbi:SQLite:dbname=/tmp/S0gRTulzLQ', '', ...)= undef at DBI.pm line 659
<- $DBI::errstr= ' Missing hostname. Missing port.'
DBI connect('1;dsn=dbi:SQLite:dbname=/tmp/S0gRTulzLQ','',...) failed: Missing hostname. Missing port.
DBI connect('1;dsn=dbi:SQLite:dbname=/tmp/S0gRTulzLQ','',...) failed: Missing hostname. Missing port. at /usr/lib/perl5/site_perl/5.8.8/Ima/DBI.pm line 328.
Compilation failed in require at t/cdbi-t/06-hasa.t line 15.
BEGIN failed--compilation aborted at t/cdbi-t/06-hasa.t line 15.
!! ERROR: 1 CLEARED by call to disconnect_all method
<- disconnect_all= (not implemented) at DBI.pm line 739
# Looks like your test exited with 9 before it could output anything.
! <- DESTROY(DBI::dr=HASH(0x90b161c))= undef during global destruction
[05:15:54] t/cdbi-t/06-hasa.t .......................
1..24
Dubious, test returned 9 (wstat 2304, 0x900)
Failed 24/24 subtests
DBI 1.618-ithread default trace level set to 0x0/1 (pid 12735 pi 81d1008) at DBI.pm line 277 via DBI.pm line 7
[05:15:54] t/cdbi-t/08-inheritcols.t ................
1..3
ok 1 - A columns
ok 2 - A::B columns
ok 3 - A::C columns
ok 365 ms
DBI 1.618-ithread default trace level set to 0x0/1 (pid 12736 pi 9a15008) at DBI.pm line 277 via DBI.pm line 0
-> DBI->connect_cached(dbi:SQLite:dbname=/tmp/slaEo39FM_, , ****)
DBI_AUTOPROXY: dbi:Proxy():1;dsn=dbi:SQLite:dbname=/tmp/slaEo39FM_
-> DBI->install_driver(Proxy) for linux perl=5.008008 pid=12736 ruid=0 euid=0
install_driver: DBD::Proxy version 0.2004 loaded from /usr/lib/perl5/site_perl/5.8.8/i686-linux-thread-multi-64int-ld/DBD/Proxy.pm
warn: 0 '' (err#0)
<- STORE('CompatMode', 1)= 1 at Proxy.pm line 76
<- install_driver= DBI::dr=HASH(0x9fe9218)
!! warn: 0 CLEARED by call to connect_cached method
!! ERROR: 1 ' Missing hostname. Missing port.' (err#1)
<- connect_cached('1;dsn=dbi:SQLite:dbname=/tmp/slaEo39FM_', '', ...)= undef at DBI.pm line 659
<- $DBI::errstr= ' Missing hostname. Missing port.'
DBI connect('1;dsn=dbi:SQLite:dbname=/tmp/slaEo39FM_','',...) failed: Missing hostname. Missing port.
DBI connect('1;dsn=dbi:SQLite:dbname=/tmp/slaEo39FM_','',...) failed: Missing hostname. Missing port. at /usr/lib/perl5/site_perl/5.8.8/Ima/DBI.pm line 328.
Compilation failed in require at t/cdbi-t/09-has_many.t line 10.
BEGIN failed--compilation aborted at t/cdbi-t/09-has_many.t line 10.
!! ERROR: 1 CLEARED by call to disconnect_all method
<- disconnect_all= (not implemented) at DBI.pm line 739
# Looks like your test exited with 9 before it could output anything.
! <- DESTROY(DBI::dr=HASH(0x9fdcce0))= undef during global destruction
[05:15:54] t/cdbi-t/09-has_many.t ...................
1..42
Dubious, test returned 9 (wstat 2304, 0x900)
Failed 42/42 subtests
[05:15:55] t/cdbi-t/10-mysql.t ...................... skipped: Need Date::Simple for this test
DBI 1.618-ithread default trace level set to 0x0/1 (pid 12738 pi 80bb008) at DBI.pm line 277 via DBI.pm line 0
-> DBI->connect_cached(dbi:SQLite:dbname=/tmp/xXm_cXl2tA, , ****)
DBI_AUTOPROXY: dbi:Proxy():1;dsn=dbi:SQLite:dbname=/tmp/xXm_cXl2tA
-> DBI->install_driver(Proxy) for linux perl=5.008008 pid=12738 ruid=0 euid=0
install_driver: DBD::Proxy version 0.2004 loaded from /usr/lib/perl5/site_perl/5.8.8/i686-linux-thread-multi-64int-ld/DBD/Proxy.pm
warn: 0 '' (err#0)
<- STORE('CompatMode', 1)= 1 at Proxy.pm line 76
<- install_driver= DBI::dr=HASH(0x868e8b0)
!! warn: 0 CLEARED by call to connect_cached method
!! ERROR: 1 ' Missing hostname. Missing port.' (err#1)
<- connect_cached('1;dsn=dbi:SQLite:dbname=/tmp/xXm_cXl2tA', '', ...)= undef at DBI.pm line 659
<- $DBI::errstr= ' Missing hostname. Missing port.'
DBI connect('1;dsn=dbi:SQLite:dbname=/tmp/xXm_cXl2tA','',...) failed: Missing hostname. Missing port.
DBI connect('1;dsn=dbi:SQLite:dbname=/tmp/xXm_cXl2tA','',...) failed: Missing hostname. Missing port. at /usr/lib/perl5/site_perl/5.8.8/Ima/DBI.pm line 328.
Compilation failed in require at t/cdbi-t/11-triggers.t line 10.
BEGIN failed--compilation aborted at t/cdbi-t/11-triggers.t line 10.
!! ERROR: 1 CLEARED by call to disconnect_all method
<- disconnect_all= (not implemented) at DBI.pm line 739
# Looks like your test exited with 9 before it could output anything.
! <- DESTROY(DBI::dr=HASH(0x8682358))= undef during global destruction
[05:15:55] t/cdbi-t/11-triggers.t ...................
1..13
Dubious, test returned 9 (wstat 2304, 0x900)
Failed 13/13 subtests
DBI 1.618-ithread default trace level set to 0x0/1 (pid 12739 pi 8092008) at DBI.pm line 277 via DBI.pm line 0
-> DBI->connect_cached(dbi:SQLite:dbname=/tmp/CGIA4ePQoA, , ****)
DBI_AUTOPROXY: dbi:Proxy():1;dsn=dbi:SQLite:dbname=/tmp/CGIA4ePQoA
-> DBI->install_driver(Proxy) for linux perl=5.008008 pid=12739 ruid=0 euid=0
install_driver: DBD::Proxy version 0.2004 loaded from /usr/lib/perl5/site_perl/5.8.8/i686-linux-thread-multi-64int-ld/DBD/Proxy.pm
warn: 0 '' (err#0)
<- STORE('CompatMode', 1)= 1 at Proxy.pm line 76
<- install_driver= DBI::dr=HASH(0x8668190)
!! warn: 0 CLEARED by call to connect_cached method
!! ERROR: 1 ' Missing hostname. Missing port.' (err#1)
<- connect_cached('1;dsn=dbi:SQLite:dbname=/tmp/CGIA4ePQoA', '', ...)= undef at DBI.pm line 659
<- $DBI::errstr= ' Missing hostname. Missing port.'
DBI connect('1;dsn=dbi:SQLite:dbname=/tmp/CGIA4ePQoA','',...) failed: Missing hostname. Missing port.
DBI connect('1;dsn=dbi:SQLite:dbname=/tmp/CGIA4ePQoA','',...) failed: Missing hostname. Missing port. at /usr/lib/perl5/site_perl/5.8.8/Ima/DBI.pm line 328.
Compilation failed in require at t/cdbi-t/12-filter.t line 10.
BEGIN failed--compilation aborted at t/cdbi-t/12-filter.t line 10.
!! ERROR: 1 CLEARED by call to disconnect_all method
<- disconnect_all= (not implemented) at DBI.pm line 739
# Looks like your test exited with 9 before it could output anything.
! <- DESTROY(DBI::dr=HASH(0x865c6f8))= undef during global destruction
[05:15:56] t/cdbi-t/12-filter.t .....................
1..50
Dubious, test returned 9 (wstat 2304, 0x900)
Failed 50/50 subtests
DBI 1.618-ithread default trace level set to 0x0/1 (pid 12740 pi 9f9f008) at DBI.pm line 277 via DBI.pm line 0
-> DBI->connect_cached(dbi:SQLite:dbname=/tmp/QBWW_u8Nwv, , ****)
DBI_AUTOPROXY: dbi:Proxy():1;dsn=dbi:SQLite:dbname=/tmp/QBWW_u8Nwv
-> DBI->install_driver(Proxy) for linux perl=5.008008 pid=12740 ruid=0 euid=0
install_driver: DBD::Proxy version 0.2004 loaded from /usr/lib/perl5/site_perl/5.8.8/i686-linux-thread-multi-64int-ld/DBD/Proxy.pm
warn: 0 '' (err#0)
<- STORE('CompatMode', 1)= 1 at Proxy.pm line 76
<- install_driver= DBI::dr=HASH(0xa5730c0)
!! warn: 0 CLEARED by call to connect_cached method
!! ERROR: 1 ' Missing hostname. Missing port.' (err#1)
<- connect_cached('1;dsn=dbi:SQLite:dbname=/tmp/QBWW_u8Nwv', '', ...)= undef at DBI.pm line 659
<- $DBI::errstr= ' Missing hostname. Missing port.'
DBI connect('1;dsn=dbi:SQLite:dbname=/tmp/QBWW_u8Nwv','',...) failed: Missing hostname. Missing port.
DBI connect('1;dsn=dbi:SQLite:dbname=/tmp/QBWW_u8Nwv','',...) failed: Missing hostname. Missing port. at /usr/lib/perl5/site_perl/5.8.8/Ima/DBI.pm line 328.
Compilation failed in require at t/cdbi-t/13-constraint.t line 10.
BEGIN failed--compilation aborted at t/cdbi-t/13-constraint.t line 10.
!! ERROR: 1 CLEARED by call to disconnect_all method
<- disconnect_all= (not implemented) at DBI.pm line 739
# Looks like your test exited with 9 before it could output anything.
! <- DESTROY(DBI::dr=HASH(0xa566b88))= undef during global destruction
[05:15:56] t/cdbi-t/13-constraint.t .................
1..28
Dubious, test returned 9 (wstat 2304, 0x900)
Failed 28/28 subtests
DBI 1.618-ithread default trace level set to 0x0/1 (pid 12741 pi 813a008) at DBI.pm line 277 via DBI.pm line 0
-> DBI->connect_cached(dbi:SQLite:dbname=/tmp/cTlbLM1Vbk, , ****)
DBI_AUTOPROXY: dbi:Proxy():1;dsn=dbi:SQLite:dbname=/tmp/cTlbLM1Vbk
-> DBI->install_driver(Proxy) for linux perl=5.008008 pid=12741 ruid=0 euid=0
install_driver: DBD::Proxy version 0.2004 loaded from /usr/lib/perl5/site_perl/5.8.8/i686-linux-thread-multi-64int-ld/DBD/Proxy.pm
warn: 0 '' (err#0)
<- STORE('CompatMode', 1)= 1 at Proxy.pm line 76
<- install_driver= DBI::dr=HASH(0x870d808)
!! warn: 0 CLEARED by call to connect_cached method
!! ERROR: 1 ' Missing hostname. Missing port.' (err#1)
<- connect_cached('1;dsn=dbi:SQLite:dbname=/tmp/cTlbLM1Vbk', '', ...)= undef at DBI.pm line 659
<- $DBI::errstr= ' Missing hostname. Missing port.'
DBI connect('1;dsn=dbi:SQLite:dbname=/tmp/cTlbLM1Vbk','',...) failed: Missing hostname. Missing port.
DBI connect('1;dsn=dbi:SQLite:dbname=/tmp/cTlbLM1Vbk','',...) failed: Missing hostname. Missing port. at /usr/lib/perl5/site_perl/5.8.8/Ima/DBI.pm line 328.
Compilation failed in require at t/cdbi-t/14-might_have.t line 10.
BEGIN failed--compilation aborted at t/cdbi-t/14-might_have.t line 10.
!! ERROR: 1 CLEARED by call to disconnect_all method
<- disconnect_all= (not implemented) at DBI.pm line 739
# Looks like your test exited with 9 before it could output anything.
! <- DESTROY(DBI::dr=HASH(0x87012d0))= undef during global destruction
[05:15:57] t/cdbi-t/14-might_have.t .................
1..18
Dubious, test returned 9 (wstat 2304, 0x900)
Failed 18/18 subtests
DBI 1.618-ithread default trace level set to 0x0/1 (pid 12742 pi 85a0008) at DBI.pm line 277 via DBI.pm line 0
-> DBI->connect_cached(dbi:Pg:dbname=template1, postgres, ****)
DBI_AUTOPROXY: dbi:Proxy():1;dsn=dbi:Pg:dbname=template1
-> DBI->install_driver(Proxy) for linux perl=5.008008 pid=12742 ruid=0 euid=0
install_driver: DBD::Proxy version 0.2004 loaded from /usr/lib/perl5/site_perl/5.8.8/i686-linux-thread-multi-64int-ld/DBD/Proxy.pm
warn: 0 '' (err#0)
<- STORE('CompatMode', 1)= 1 at Proxy.pm line 76
<- install_driver= DBI::dr=HASH(0x8be29d0)
!! warn: 0 CLEARED by call to connect_cached method
!! ERROR: 1 ' Missing hostname. Missing port.' (err#1)
<- connect_cached('1;dsn=dbi:Pg:dbname=template1', 'postgres', ...)= undef at DBI.pm line 659
<- $DBI::errstr= ' Missing hostname. Missing port.'
DBI connect('1;dsn=dbi:Pg:dbname=template1','postgres',...) failed: Missing hostname. Missing port.
# Pg connection failed (DBI connect('1;dsn=dbi:Pg:dbname=template1','postgres',...) failed: Missing hostname. Missing port. at /usr/lib/perl5/site_perl/5.8.8/Ima/DBI.pm line 328.
# ). Set env variables DBD_PG_DBNAME, DBD_PG_USER,
# DBD_PG_PASSWD to enable testing.
!! ERROR: 1 CLEARED by call to disconnect_all method
<- disconnect_all= (not implemented) at DBI.pm line 739
! <- DESTROY(DBI::dr=HASH(0x8bd464c))= undef during global destruction
[05:15:57] t/cdbi-t/17-data_type.t .................. skipped: Pg connection failed.
DBI 1.618-ithread default trace level set to 0x0/1 (pid 12743 pi 8d92008) at DBI.pm line 277 via DBI.pm line 0
-> DBI->connect_cached(dbi:SQLite:dbname=/tmp/PutcVU0pNt, , ****)
DBI_AUTOPROXY: dbi:Proxy():1;dsn=dbi:SQLite:dbname=/tmp/PutcVU0pNt
-> DBI->install_driver(Proxy) for linux perl=5.008008 pid=12743 ruid=0 euid=0
install_driver: DBD::Proxy version 0.2004 loaded from /usr/lib/perl5/site_perl/5.8.8/i686-linux-thread-multi-64int-ld/DBD/Proxy.pm
warn: 0 '' (err#0)
<- STORE('CompatMode', 1)= 1 at Proxy.pm line 76
<- install_driver= DBI::dr=HASH(0x9365e70)
!! warn: 0 CLEARED by call to connect_cached method
!! ERROR: 1 ' Missing hostname. Missing port.' (err#1)
<- connect_cached('1;dsn=dbi:SQLite:dbname=/tmp/PutcVU0pNt', '', ...)= undef at DBI.pm line 659
<- $DBI::errstr= ' Missing hostname. Missing port.'
DBI connect('1;dsn=dbi:SQLite:dbname=/tmp/PutcVU0pNt','',...) failed: Missing hostname. Missing port.
DBI connect('1;dsn=dbi:SQLite:dbname=/tmp/PutcVU0pNt','',...) failed: Missing hostname. Missing port. at /usr/lib/perl5/site_perl/5.8.8/Ima/DBI.pm line 328.
Compilation failed in require at t/cdbi-t/18-has_a.t line 10.
BEGIN failed--compilation aborted at t/cdbi-t/18-has_a.t line 10.
!! ERROR: 1 CLEARED by call to disconnect_all method
<- disconnect_all= (not implemented) at DBI.pm line 739
# Looks like your test exited with 9 before it could output anything.
! <- DESTROY(DBI::dr=HASH(0x9359cd8))= undef during global destruction
[05:15:58] t/cdbi-t/18-has_a.t ......................
1..41
Dubious, test returned 9 (wstat 2304, 0x900)
Failed 41/41 subtests
DBI 1.618-ithread default trace level set to 0x0/1 (pid 12744 pi 81c6008) at DBI.pm line 277 via DBI.pm line 0
-> DBI->connect_cached(dbi:SQLite:dbname=/tmp/JV6YeTgWbF, , ****)
DBI_AUTOPROXY: dbi:Proxy():1;dsn=dbi:SQLite:dbname=/tmp/JV6YeTgWbF
-> DBI->install_driver(Proxy) for linux perl=5.008008 pid=12744 ruid=0 euid=0
install_driver: DBD::Proxy version 0.2004 loaded from /usr/lib/perl5/site_perl/5.8.8/i686-linux-thread-multi-64int-ld/DBD/Proxy.pm
warn: 0 '' (err#0)
<- STORE('CompatMode', 1)= 1 at Proxy.pm line 76
<- install_driver= DBI::dr=HASH(0x8799bd8)
!! warn: 0 CLEARED by call to connect_cached method
!! ERROR: 1 ' Missing hostname. Missing port.' (err#1)
<- connect_cached('1;dsn=dbi:SQLite:dbname=/tmp/JV6YeTgWbF', '', ...)= undef at DBI.pm line 659
<- $DBI::errstr= ' Missing hostname. Missing port.'
DBI connect('1;dsn=dbi:SQLite:dbname=/tmp/JV6YeTgWbF','',...) failed: Missing hostname. Missing port.
DBI connect('1;dsn=dbi:SQLite:dbname=/tmp/JV6YeTgWbF','',...) failed: Missing hostname. Missing port. at /usr/lib/perl5/site_perl/5.8.8/Ima/DBI.pm line 328.
Compilation failed in require at t/cdbi-t/19-set_sql.t line 10.
BEGIN failed--compilation aborted at t/cdbi-t/19-set_sql.t line 10.
!! ERROR: 1 CLEARED by call to disconnect_all method
<- disconnect_all= (not implemented) at DBI.pm line 739
# Looks like your test exited with 9 before it could output anything.
! <- DESTROY(DBI::dr=HASH(0x878d688))= undef during global destruction
[05:15:58] t/cdbi-t/19-set_sql.t ....................
1..17
Dubious, test returned 9 (wstat 2304, 0x900)
Failed 17/17 subtests
DBI 1.618-ithread default trace level set to 0x0/1 (pid 12745 pi 8df1008) at DBI.pm line 277 via DBI.pm line 0
-> DBI->connect_cached(dbi:SQLite:dbname=/tmp/rp6gKfB6cM, , ****)
DBI_AUTOPROXY: dbi:Proxy():1;dsn=dbi:SQLite:dbname=/tmp/rp6gKfB6cM
-> DBI->install_driver(Proxy) for linux perl=5.008008 pid=12745 ruid=0 euid=0
install_driver: DBD::Proxy version 0.2004 loaded from /usr/lib/perl5/site_perl/5.8.8/i686-linux-thread-multi-64int-ld/DBD/Proxy.pm
warn: 0 '' (err#0)
<- STORE('CompatMode', 1)= 1 at Proxy.pm line 76
<- install_driver= DBI::dr=HASH(0x93c4b08)
!! warn: 0 CLEARED by call to connect_cached method
!! ERROR: 1 ' Missing hostname. Missing port.' (err#1)
<- connect_cached('1;dsn=dbi:SQLite:dbname=/tmp/rp6gKfB6cM', '', ...)= undef at DBI.pm line 659
<- $DBI::errstr= ' Missing hostname. Missing port.'
DBI connect('1;dsn=dbi:SQLite:dbname=/tmp/rp6gKfB6cM','',...) failed: Missing hostname. Missing port.
DBI connect('1;dsn=dbi:SQLite:dbname=/tmp/rp6gKfB6cM','',...) failed: Missing hostname. Missing port. at /usr/lib/perl5/site_perl/5.8.8/Ima/DBI.pm line 328.
Compilation failed in require at t/cdbi-t/21-iterator.t line 10.
BEGIN failed--compilation aborted at t/cdbi-t/21-iterator.t line 10.
!! ERROR: 1 CLEARED by call to disconnect_all method
<- disconnect_all= (not implemented) at DBI.pm line 739
# Looks like your test exited with 9 before it could output anything.
! <- DESTROY(DBI::dr=HASH(0x93b85c0))= undef during global destruction
[05:15:58] t/cdbi-t/21-iterator.t ...................
1..33
Dubious, test returned 9 (wstat 2304, 0x900)
Failed 33/33 subtests
DBI 1.618-ithread default trace level set to 0x0/1 (pid 12746 pi 8f07008) at DBI.pm line 277 via DBI.pm line 7
-> DBI->connect(dbi:mysql:test, , ****)
DBI_AUTOPROXY: dbi:Proxy():1;dsn=dbi:mysql:test
-> DBI->install_driver(Proxy) for linux perl=5.008008 pid=12746 ruid=0 euid=0
install_driver: DBD::Proxy version 0.2004 loaded from /usr/lib/perl5/site_perl/5.8.8/i686-linux-thread-multi-64int-ld/DBD/Proxy.pm
warn: 0 '' (err#0)
<- STORE('CompatMode', 1)= 1 at Proxy.pm line 76
<- install_driver= DBI::dr=HASH(0x9522b2c)
!! warn: 0 CLEARED by call to connect method
!! ERROR: 1 ' Missing hostname. Missing port.' (err#1)
<- connect('1;dsn=dbi:mysql:test', '', ...)= undef at DBI.pm line 659
<- $DBI::errstr= ' Missing hostname. Missing port.'
DBI connect('1;dsn=dbi:mysql:test','',...) failed: Missing hostname. Missing port.
DBI connect('1;dsn=dbi:mysql:test','',...) failed: Missing hostname. Missing port. at t/cdbi-t/testlib/MyBase.pm line 10.
<- $DBI::errstr= ' Missing hostname. Missing port.'
!! ERROR: 1 CLEARED by call to disconnect_all method
<- disconnect_all= (not implemented) at DBI.pm line 739
! <- DESTROY(DBI::dr=HASH(0x95163cc))= undef during global destruction
[05:15:59] t/cdbi-t/22-deflate_order.t .............. skipped: Need MySQL for this test
DBI 1.618-ithread default trace level set to 0x0/1 (pid 12747 pi 8876008) at DBI.pm line 277 via DBI.pm line 0
-> DBI->connect_cached(dbi:SQLite:dbname=/tmp/TBD0RUyvgc, , ****)
DBI_AUTOPROXY: dbi:Proxy():1;dsn=dbi:SQLite:dbname=/tmp/TBD0RUyvgc
-> DBI->install_driver(Proxy) for linux perl=5.008008 pid=12747 ruid=0 euid=0
install_driver: DBD::Proxy version 0.2004 loaded from /usr/lib/perl5/site_perl/5.8.8/i686-linux-thread-multi-64int-ld/DBD/Proxy.pm
warn: 0 '' (err#0)
<- STORE('CompatMode', 1)= 1 at Proxy.pm line 76
<- install_driver= DBI::dr=HASH(0x8e49550)
!! warn: 0 CLEARED by call to connect_cached method
!! ERROR: 1 ' Missing hostname. Missing port.' (err#1)
<- connect_cached('1;dsn=dbi:SQLite:dbname=/tmp/TBD0RUyvgc', '', ...)= undef at DBI.pm line 659
<- $DBI::errstr= ' Missing hostname. Missing port.'
DBI connect('1;dsn=dbi:SQLite:dbname=/tmp/TBD0RUyvgc','',...) failed: Missing hostname. Missing port.
DBI connect('1;dsn=dbi:SQLite:dbname=/tmp/TBD0RUyvgc','',...) failed: Missing hostname. Missing port. at /usr/lib/perl5/site_perl/5.8.8/Ima/DBI.pm line 328.
Compilation failed in require at t/cdbi-t/23-cascade.t line 10.
BEGIN failed--compilation aborted at t/cdbi-t/23-cascade.t line 10.
!! ERROR: 1 CLEARED by call to disconnect_all method
<- disconnect_all= (not implemented) at DBI.pm line 739
# Looks like your test exited with 9 before it could output anything.
! <- DESTROY(DBI::dr=HASH(0x8e3d0e8))= undef during global destruction
[05:16:00] t/cdbi-t/23-cascade.t ....................
1..5
Dubious, test returned 9 (wstat 2304, 0x900)
Failed 5/5 subtests
DBI 1.618-ithread default trace level set to 0x0/1 (pid 12748 pi 9bb3008) at DBI.pm line 277 via DBI.pm line 7
[05:16:00] t/cdbi-t/24-meta_info.t ..................
1..3
ok 1 - Person has Date and Pet
ok 2 - Pet has Date
ok 3 - And owners
ok 417 ms
DBI 1.618-ithread default trace level set to 0x0/1 (pid 12749 pi 8b5a008) at DBI.pm line 277 via DBI.pm line 7
-> DBI->connect(dbi:mysql:test, , ****)
DBI_AUTOPROXY: dbi:Proxy():1;dsn=dbi:mysql:test
-> DBI->install_driver(Proxy) for linux perl=5.008008 pid=12749 ruid=0 euid=0
install_driver: DBD::Proxy version 0.2004 loaded from /usr/lib/perl5/site_perl/5.8.8/i686-linux-thread-multi-64int-ld/DBD/Proxy.pm
warn: 0 '' (err#0)
<- STORE('CompatMode', 1)= 1 at Proxy.pm line 76
<- install_driver= DBI::dr=HASH(0x8ff47bc)
!! warn: 0 CLEARED by call to connect method
!! ERROR: 1 ' Missing hostname. Missing port.' (err#1)
<- connect('1;dsn=dbi:mysql:test', '', ...)= undef at DBI.pm line 659
<- $DBI::errstr= ' Missing hostname. Missing port.'
DBI connect('1;dsn=dbi:mysql:test','',...) failed: Missing hostname. Missing port.
DBI connect('1;dsn=dbi:mysql:test','',...) failed: Missing hostname. Missing port. at t/cdbi-t/testlib/MyBase.pm line 10.
<- $DBI::errstr= ' Missing hostname. Missing port.'
!! ERROR: 1 CLEARED by call to disconnect_all method
<- disconnect_all= (not implemented) at DBI.pm line 739
! <- DESTROY(DBI::dr=HASH(0x8ff3ac0))= undef during global destruction
[05:16:00] t/cdbi-t/25-closures_in_meta.t ........... skipped: Need MySQL for this test
[05:16:01] t/cdbi-t/97-pod.t ........................
1..2
ok 1 - POD test for blib/lib/Class/DBI/Sweet.pm
ok 2 - POD test for blib/lib/Class/DBI/Sweet/Topping.pm
ok 349 ms
DBI 1.618-ithread default trace level set to 0x0/1 (pid 12751 pi 8a68008) at DBI.pm line 277 via DBI.pm line 0
-> DBI->connect_cached(dbi:SQLite:dbname=/tmp/Hk1lsXJR0C, , ****)
DBI_AUTOPROXY: dbi:Proxy():1;dsn=dbi:SQLite:dbname=/tmp/Hk1lsXJR0C
-> DBI->install_driver(Proxy) for linux perl=5.008008 pid=12751 ruid=0 euid=0
install_driver: DBD::Proxy version 0.2004 loaded from /usr/lib/perl5/site_perl/5.8.8/i686-linux-thread-multi-64int-ld/DBD/Proxy.pm
warn: 0 '' (err#0)
<- STORE('CompatMode', 1)= 1 at Proxy.pm line 76
<- install_driver= DBI::dr=HASH(0x903b838)
!! warn: 0 CLEARED by call to connect_cached method
!! ERROR: 1 ' Missing hostname. Missing port.' (err#1)
<- connect_cached('1;dsn=dbi:SQLite:dbname=/tmp/Hk1lsXJR0C', '', ...)= undef at DBI.pm line 659
<- $DBI::errstr= ' Missing hostname. Missing port.'
DBI connect('1;dsn=dbi:SQLite:dbname=/tmp/Hk1lsXJR0C','',...) failed: Missing hostname. Missing port.
DBI connect('1;dsn=dbi:SQLite:dbname=/tmp/Hk1lsXJR0C','',...) failed: Missing hostname. Missing port. at /usr/lib/perl5/site_perl/5.8.8/Ima/DBI.pm line 328.
Compilation failed in require at t/cdbi-t/98-failure.t line 14.
BEGIN failed--compilation aborted at t/cdbi-t/98-failure.t line 14.
!! ERROR: 1 CLEARED by call to disconnect_all method
<- disconnect_all= (not implemented) at DBI.pm line 739
# Looks like your test exited with 9 before it could output anything.
! <- DESTROY(DBI::dr=HASH(0x902f2f8))= undef during global destruction
[05:16:01] t/cdbi-t/98-failure.t ....................
1..7
Dubious, test returned 9 (wstat 2304, 0x900)
Failed 7/7 subtests
DBI 1.618-ithread default trace level set to 0x0/1 (pid 12752 pi 8f25008) at DBI.pm line 277 via DBI.pm line 0
[05:16:02] t/cdbi-t/99-misc.t .......................
1..22
ok 1 - Column clash warning for inherited
ok 2 - Column clash warning with CDBI
ok 3 - subclassed constructor
ok 4 - create trigger deprecated
ok 5 - create trigger deprecated
ok 6 - Constraint with no name
ok 7 - Constraint needs a column
ok 8 - No such column
ok 9 - Need a coderef
ok 10 - Not a coderef
ok 11 - has_a needs a class
ok 12 - add_constructor needs a method name
ok 13 - No on_setting trigger
ok 14 - $self stringifies with no PK values
ok 15 - Can't retrieve a reference
ok 16 - Can't create without hashref
ok 17 - has_a is class-level: has_a should be called as a class method not an object method at /usr/lib/perl5/site_perl/5.8.8/Class/DBI/Relationship/HasA.pm line 10.
#
ok 18 - Can't call update as class method
ok 19 - Default table name
ok 20 - Can't create with nonsense column
ok 21 - Can't require nonsense class
ok 22 - Can't locate object method "search_DeleteMe" via package "Holiday" at t/cdbi-t/99-misc.t line 125.
#
ok 521 ms
[05:16:02]
Test Summary Report
-------------------
t/04join.t (Wstat: 65280 Tests: 1 Failed: 1)
Failed test: 1
Non-zero exit status: 255
Parse errors: Bad plan. You planned 17 tests but ran 1.
t/05count.t (Wstat: 65280 Tests: 1 Failed: 1)
Failed test: 1
Non-zero exit status: 255
Parse errors: Bad plan. You planned 5 tests but ran 1.
t/06object_cache.t (Wstat: 65280 Tests: 1 Failed: 1)
Failed test: 1
Non-zero exit status: 255
Parse errors: Bad plan. You planned 31 tests but ran 1.
t/07prefetch.t (Wstat: 6400 Tests: 1 Failed: 1)
Failed test: 1
Non-zero exit status: 25
Parse errors: Bad plan. You planned 7 tests but ran 1.
t/08pager.t (Wstat: 65280 Tests: 1 Failed: 1)
Failed test: 1
Non-zero exit status: 255
Parse errors: Bad plan. You planned 10 tests but ran 1.
t/09sequence.t (Wstat: 256 Tests: 2 Failed: 1)
Failed test: 1
Non-zero exit status: 1
t/cdbi-t-ocache/03-subclassing.t (Wstat: 2304 Tests: 0 Failed: 0)
Non-zero exit status: 9
Parse errors: Bad plan. You planned 6 tests but ran 0.
t/cdbi-t-ocache/05-Query.t (Wstat: 2304 Tests: 0 Failed: 0)
Non-zero exit status: 9
Parse errors: Bad plan. You planned 20 tests but ran 0.
t/cdbi-t-ocache/06-hasa.t (Wstat: 2304 Tests: 0 Failed: 0)
Non-zero exit status: 9
Parse errors: Bad plan. You planned 24 tests but ran 0.
t/cdbi-t-ocache/09-has_many.t (Wstat: 2304 Tests: 0 Failed: 0)
Non-zero exit status: 9
Parse errors: Bad plan. You planned 42 tests but ran 0.
t/cdbi-t-ocache/11-triggers.t (Wstat: 2304 Tests: 0 Failed: 0)
Non-zero exit status: 9
Parse errors: Bad plan. You planned 13 tests but ran 0.
t/cdbi-t-ocache/12-filter.t (Wstat: 2304 Tests: 0 Failed: 0)
Non-zero exit status: 9
Parse errors: Bad plan. You planned 50 tests but ran 0.
t/cdbi-t-ocache/13-constraint.t (Wstat: 2304 Tests: 0 Failed: 0)
Non-zero exit status: 9
Parse errors: Bad plan. You planned 28 tests but ran 0.
t/cdbi-t-ocache/14-might_have.t (Wstat: 2304 Tests: 0 Failed: 0)
Non-zero exit status: 9
Parse errors: Bad plan. You planned 18 tests but ran 0.
t/cdbi-t-ocache/16-reserved.t (Wstat: 2304 Tests: 0 Failed: 0)
Non-zero exit status: 9
Parse errors: Bad plan. You planned 5 tests but ran 0.
t/cdbi-t-ocache/18-has_a.t (Wstat: 2304 Tests: 0 Failed: 0)
Non-zero exit status: 9
Parse errors: Bad plan. You planned 41 tests but ran 0.
t/cdbi-t-ocache/19-set_sql.t (Wstat: 2304 Tests: 0 Failed: 0)
Non-zero exit status: 9
Parse errors: Bad plan. You planned 17 tests but ran 0.
t/cdbi-t-ocache/21-iterator.t (Wstat: 2304 Tests: 0 Failed: 0)
Non-zero exit status: 9
Parse errors: Bad plan. You planned 33 tests but ran 0.
t/cdbi-t-ocache/23-cascade.t (Wstat: 2304 Tests: 0 Failed: 0)
Non-zero exit status: 9
Parse errors: Bad plan. You planned 5 tests but ran 0.
t/cdbi-t-ocache/98-failure.t (Wstat: 2304 Tests: 0 Failed: 0)
Non-zero exit status: 9
Parse errors: Bad plan. You planned 7 tests but ran 0.
t/cdbi-t-rescache/03-subclassing.t (Wstat: 2304 Tests: 0 Failed: 0)
Non-zero exit status: 9
Parse errors: Bad plan. You planned 6 tests but ran 0.
t/cdbi-t-rescache/05-Query.t (Wstat: 2304 Tests: 0 Failed: 0)
Non-zero exit status: 9
Parse errors: Bad plan. You planned 20 tests but ran 0.
t/cdbi-t-rescache/06-hasa.t (Wstat: 2304 Tests: 0 Failed: 0)
Non-zero exit status: 9
Parse errors: Bad plan. You planned 24 tests but ran 0.
t/cdbi-t-rescache/09-has_many.t (Wstat: 2304 Tests: 0 Failed: 0)
Non-zero exit status: 9
Parse errors: Bad plan. You planned 42 tests but ran 0.
t/cdbi-t-rescache/11-triggers.t (Wstat: 2304 Tests: 0 Failed: 0)
Non-zero exit status: 9
Parse errors: Bad plan. You planned 13 tests but ran 0.
t/cdbi-t-rescache/12-filter.t (Wstat: 2304 Tests: 0 Failed: 0)
Non-zero exit status: 9
Parse errors: Bad plan. You planned 50 tests but ran 0.
t/cdbi-t-rescache/13-constraint.t (Wstat: 2304 Tests: 0 Failed: 0)
Non-zero exit status: 9
Parse errors: Bad plan. You planned 28 tests but ran 0.
t/cdbi-t-rescache/14-might_have.t (Wstat: 2304 Tests: 0 Failed: 0)
Non-zero exit status: 9
Parse errors: Bad plan. You planned 18 tests but ran 0.
t/cdbi-t-rescache/16-reserved.t (Wstat: 2304 Tests: 0 Failed: 0)
Non-zero exit status: 9
Parse errors: Bad plan. You planned 5 tests but ran 0.
t/cdbi-t-rescache/18-has_a.t (Wstat: 2304 Tests: 0 Failed: 0)
Non-zero exit status: 9
Parse errors: Bad plan. You planned 41 tests but ran 0.
t/cdbi-t-rescache/19-set_sql.t (Wstat: 2304 Tests: 0 Failed: 0)
Non-zero exit status: 9
Parse errors: Bad plan. You planned 17 tests but ran 0.
t/cdbi-t-rescache/21-iterator.t (Wstat: 2304 Tests: 0 Failed: 0)
Non-zero exit status: 9
Parse errors: Bad plan. You planned 33 tests but ran 0.
t/cdbi-t-rescache/23-cascade.t (Wstat: 2304 Tests: 0 Failed: 0)
Non-zero exit status: 9
Parse errors: Bad plan. You planned 5 tests but ran 0.
t/cdbi-t-rescache/98-failure.t (Wstat: 2304 Tests: 0 Failed: 0)
Non-zero exit status: 9
Parse errors: Bad plan. You planned 7 tests but ran 0.
t/cdbi-t/02-Film.t (Wstat: 2304 Tests: 0 Failed: 0)
Non-zero exit status: 9
Parse errors: Bad plan. You planned 91 tests but ran 0.
t/cdbi-t/03-subclassing.t (Wstat: 2304 Tests: 0 Failed: 0)
Non-zero exit status: 9
Parse errors: Bad plan. You planned 6 tests but ran 0.
t/cdbi-t/04-lazy.t (Wstat: 2304 Tests: 0 Failed: 0)
Non-zero exit status: 9
Parse errors: Bad plan. You planned 25 tests but ran 0.
t/cdbi-t/05-Query.t (Wstat: 2304 Tests: 0 Failed: 0)
Non-zero exit status: 9
Parse errors: Bad plan. You planned 20 tests but ran 0.
t/cdbi-t/06-hasa.t (Wstat: 2304 Tests: 0 Failed: 0)
Non-zero exit status: 9
Parse errors: Bad plan. You planned 24 tests but ran 0.
t/cdbi-t/09-has_many.t (Wstat: 2304 Tests: 0 Failed: 0)
Non-zero exit status: 9
Parse errors: Bad plan. You planned 42 tests but ran 0.
t/cdbi-t/11-triggers.t (Wstat: 2304 Tests: 0 Failed: 0)
Non-zero exit status: 9
Parse errors: Bad plan. You planned 13 tests but ran 0.
t/cdbi-t/12-filter.t (Wstat: 2304 Tests: 0 Failed: 0)
Non-zero exit status: 9
Parse errors: Bad plan. You planned 50 tests but ran 0.
t/cdbi-t/13-constraint.t (Wstat: 2304 Tests: 0 Failed: 0)
Non-zero exit status: 9
Parse errors: Bad plan. You planned 28 tests but ran 0.
t/cdbi-t/14-might_have.t (Wstat: 2304 Tests: 0 Failed: 0)
Non-zero exit status: 9
Parse errors: Bad plan. You planned 18 tests but ran 0.
t/cdbi-t/18-has_a.t (Wstat: 2304 Tests: 0 Failed: 0)
Non-zero exit status: 9
Parse errors: Bad plan. You planned 41 tests but ran 0.
t/cdbi-t/19-set_sql.t (Wstat: 2304 Tests: 0 Failed: 0)
Non-zero exit status: 9
Parse errors: Bad plan. You planned 17 tests but ran 0.
t/cdbi-t/21-iterator.t (Wstat: 2304 Tests: 0 Failed: 0)
Non-zero exit status: 9
Parse errors: Bad plan. You planned 33 tests but ran 0.
t/cdbi-t/23-cascade.t (Wstat: 2304 Tests: 0 Failed: 0)
Non-zero exit status: 9
Parse errors: Bad plan. You planned 5 tests but ran 0.
t/cdbi-t/98-failure.t (Wstat: 2304 Tests: 0 Failed: 0)
Non-zero exit status: 9
Parse errors: Bad plan. You planned 7 tests but ran 0.
Files=79, Tests=181, 44 wallclock secs ( 0.83 usr 0.18 sys + 26.83 cusr 9.57 csys = 37.41 CPU)
Result: FAIL
Failed 49/79 test programs. 6/181 subtests failed.
make: *** [test] Error 255
------------------------------
PREREQUISITES
------------------------------
Prerequisite modules loaded:
requires:
Module Need Have
------------- ------- ------
Class::DBI v3.0.12 3.0.17
Data::Page 0 2.02
DBD::SQLite 1.08 1.35
DBI 0 1.618
List::Util 0 1.25
SQL::Abstract 1.55 1.72
configure_requires:
Module Need Have
------------- ------- ------
Module::Build 0.38 0.40
------------------------------
ENVIRONMENT AND OTHER CONTEXT
------------------------------
Environment variables:
AUTHOR_TESTING = 1
AUTOMATED_TESTING = 1
DBI_PURE_PERL = 1
LANG = en_US.UTF-8
PATH = /usr/kerberos/sbin:/usr/kerberos/bin:/usr/local/sbin:/usr/local/bin:/sbin:/bin:/usr/sbin:/usr/bin:/opt/real/RealPlayer:/root/bin:/opt/real/RealPlayer
PERL5LIB = /root/.cpan/build/setenv-0.04-vkpbCQ/blib/arch:/root/.cpan/build/setenv-0.04-vkpbCQ/blib/lib:/root/.cpan/build/Set-Window-1.01-WUt7Np/blib/arch:/root/.cpan/build/Set-Window-1.01-WUt7Np/blib/lib:/root/.cpan/build/Set-Toolkit-0.11-BVUgkj/blib/arch:/root/.cpan/build/Set-Toolkit-0.11-BVUgkj/blib/lib:/root/.cpan/build/Set-Tiny-0.01-PR98QA/blib/arch:/root/.cpan/build/Set-Tiny-0.01-PR98QA/blib/lib:/root/.cpan/build/Set-String-0.03-SIfArl/blib/arch:/root/.cpan/build/Set-String-0.03-SIfArl/blib/lib:/root/.cpan/build/Set-SortedArray-0.02-zhP52t/blib/arch:/root/.cpan/build/Set-SortedArray-0.02-zhP52t/blib/lib:/root/.cpan/build/Set-Scalar-1.25-esJE8w/blib/arch:/root/.cpan/build/Set-Scalar-1.25-esJE8w/blib/lib:/root/.cpan/build/Set-Relation-0.12.7-65mqfZ/blib/arch:/root/.cpan/build/Set-Relation-0.12.7-65mqfZ/blib/lib:/root/.cpan/build/Set-Partitions-Similarity-0.54-EI2mG5/blib/arch:/root/.cpan/build/Set-Partitions-Similarity-0.54-EI2mG5/blib/lib:/root/.cpan/build/Set-Partition-0.03-KEFn1l/blib/arch:/root/.cpan/build/Set-Partition-0.03-KEFn1l/blib/lib:/root/.cpan/build/Set-NestedGroups-0.01-CJY2e4/blib/arch:/root/.cpan/build/Set-NestedGroups-0.01-CJY2e4/blib/lib:/root/.cpan/build/Set-Intersection-0.02-q3NSiS/blib/arch:/root/.cpan/build/Set-Intersection-0.02-q3NSiS/blib/lib:/root/.cpan/build/Set-Integer-Gapfillers-0.08-5gRFDI/blib/arch:/root/.cpan/build/Set-Integer-Gapfillers-0.08-5gRFDI/blib/lib:/root/.cpan/build/Set-IntSpan-Partition-0.01-whVoV6/blib/arch:/root/.cpan/build/Set-IntSpan-Partition-0.01-whVoV6/blib/lib:/root/.cpan/build/Set-IntSpan-Island-0.10-tBMjRz/blib/arch:/root/.cpan/build/Set-IntSpan-Island-0.10-tBMjRz/blib/lib:/root/.cpan/build/Set-IntSpan-1.16-0gvmw_/blib/arch:/root/.cpan/build/Set-IntSpan-1.16-0gvmw_/blib/lib:/root/.cpan/build/Set-IntRange-5.2-fz6Hzz/blib/arch:/root/.cpan/build/Set-IntRange-5.2-fz6Hzz/blib/lib:/root/.cpan/build/DateTime-Set-0.31-dexP7N/blib/arch:/root/.cpan/build/DateTime-Set-0.31-dexP7N/blib/lib:/root/.cpan/build/Set-Infinite-0.65-o8X1HS/blib/arch:/root/.cpan/build/Set-Infinite-0.65-o8X1HS/blib/lib:/root/.cpan/build/Set-Hash-0.01-_q45lN/blib/arch:/root/.cpan/build/Set-Hash-0.01-_q45lN/blib/lib:/root/.cpan/build/Set-Groups-0.8-Z9B1pt/blib/arch:/root/.cpan/build/Set-Groups-0.8-Z9B1pt/blib/lib:/root/.cpan/build/Set-Functional-0.01-R_CItu/blib/arch:/root/.cpan/build/Set-Functional-0.01-R_CItu/blib/lib:/root/.cpan/build/Set-Files-1.06-N3aYNt/blib/arch:/root/.cpan/build/Set-Files-1.06-N3aYNt/blib/lib:/root/.cpan/build/Set-DynamicGroups-0.014-5kuuHd/blib/arch:/root/.cpan/build/Set-DynamicGroups-0.014-5kuuHd/blib/lib:/root/.cpan/build/Set-CrossProduct-1.95-QSXFuX/blib/arch:/root/.cpan/build/Set-CrossProduct-1.95-QSXFuX/blib/lib:/root/.cpan/build/Set-Crontab-1.03-Mkpln_/blib/arch:/root/.cpan/build/Set-Crontab-1.03-Mkpln_/blib/lib:/root/.cpan/build/Set-ConsistentHash-0.92-qHKiaL/blib/arch:/root/.cpan/build/Set-ConsistentHash-0.92-qHKiaL/blib/lib:/root/.cpan/build/Set-Cluster-0.02-oSXYvo/blib/arch:/root/.cpan/build/Set-Cluster-0.02-oSXYvo/blib/lib:/root/.cpan/build/Set-CartesianProduct-Lazy-0.001-SWaYBe/blib/arch:/root/.cpan/build/Set-CartesianProduct-Lazy-0.001-SWaYBe/blib/lib:/root/.cpan/build/Set-Bag-1.009-Qw3hZo/blib/arch:/root/.cpan/build/Set-Bag-1.009-Qw3hZo/blib/lib:/root/.cpan/build/Set-Array-0.26-joWNPj/blib/arch:/root/.cpan/build/Set-Array-0.26-joWNPj/blib/lib:/root/.cpan/build/SETI-Stats-1.06-QIcgCP/blib/arch:/root/.cpan/build/SETI-Stats-1.06-QIcgCP/blib/lib:/root/.cpan/build/SETI-Drake-0.0201-Lniz3W/blib/arch:/root/.cpan/build/SETI-Drake-0.0201-Lniz3W/blib/lib
PERL5OPT =
PERL5_CPANPLUS_IS_RUNNING = 3119
PERL5_CPAN_IS_RUNNING = 3119
PERL_BATCH = yes
PERL_CPANPLUS_VERBOSE = 1
PERL_EXTUTILS_AUTOINSTALL = 1
PERL_TEST_CRITIC = 1
PERL_TEST_POD = 1
SHELL = /bin/bash
TERM = xterm
Perl special variables (and OS-specific diagnostics, for MSWin32):
$^X = /usr/bin/perl
$UID/$EUID = 0 / 0
$GID = 0 10 6 4 3 2 1 0
$EGID = 0 10 6 4 3 2 1 0
Perl module toolchain versions installed:
Module Have
------------------- --------
CPAN 1.9800
CPAN::Meta 2.120921
Cwd 3.33
ExtUtils::CBuilder 0.280205
ExtUtils::Command 1.16
ExtUtils::Install 1.54
ExtUtils::MakeMaker 6.62
ExtUtils::Manifest 1.58
ExtUtils::ParseXS 3.15
File::Spec 3.33
JSON 2.53
JSON::PP 2.27200
Module::Build 0.40
Module::Signature 0.68
Parse::CPAN::Meta 1.4404
Test::Harness 3.23
Test::More 0.98
YAML 0.81
YAML::Syck 1.20
version 0.88
--
Summary of my perl5 (revision 5 version 8 subversion 8) configuration:
Platform:
osname=linux, osvers=2.6.18-1.2798.fc6, archname=i686-linux-thread-multi-64int-ld
uname='linux localhost.localdomain 2.6.18-1.2798.fc6 #1 smp mon oct 16 14:37:32 edt 2006 i686 i686 i386 gnulinux '
config_args='-Dcc=gcc -DDEBUGGING -Dprefix=/usr'
hint=recommended, useposix=true, d_sigaction=define
usethreads=define use5005threads=undef useithreads=define usemultiplicity=define
useperlio=define d_sfio=undef uselargefiles=define usesocks=undef
use64bitint=define use64bitall=undef uselongdouble=define
usemymalloc=n, bincompat5005=undef
Compiler:
cc='gcc', ccflags ='-D_REENTRANT -D_GNU_SOURCE -DTHREADS_HAVE_PIDS -fno-strict-aliasing -pipe -Wdeclaration-after-statement -I/usr/local/include -D_LARGEFILE_SOURCE -D_FILE_OFFSET_BITS=64 -I/usr/include/gdbm',
optimize='-O2',
cppflags='-D_REENTRANT -D_GNU_SOURCE -DTHREADS_HAVE_PIDS -fno-strict-aliasing -pipe -Wdeclaration-after-statement -I/usr/local/include -I/usr/include/gdbm'
ccversion='', gccversion='4.1.1 20061011 (Red Hat 4.1.1-30)', gccosandvers=''
intsize=4, longsize=4, ptrsize=4, doublesize=8, byteorder=12345678
d_longlong=define, longlongsize=8, d_longdbl=define, longdblsize=12
ivtype='long long', ivsize=8, nvtype='long double', nvsize=12, Off_t='off_t', lseeksize=8
alignbytes=4, prototype=define
Linker and Libraries:
ld='gcc', ldflags =' -L/usr/local/lib'
libpth=/usr/local/lib /lib /usr/lib
libs=-lnsl -lgdbm -ldb -ldl -lm -lcrypt -lutil -lpthread -lc
perllibs=-lnsl -ldl -lm -lcrypt -lutil -lpthread -lc
libc=/lib/libc-2.5.so, so=so, useshrplib=true, libperl=libperl.so
gnulibc_version='2.5'
Dynamic Linking:
dlsrc=dl_dlopen.xs, dlext=so, d_dlsymun=undef, ccdlflags='-Wl,-E -Wl,-rpath,/usr/lib/perl5/5.8.8/i686-linux-thread-multi-64int-ld/CORE'
cccdlflags='-fpic', lddlflags='-shared -L/usr/local/lib'
Characteristics of this binary (from libperl):
Compile-time options: MULTIPLICITY PERL_IMPLICIT_CONTEXT
PERL_MALLOC_WRAP THREADS_HAVE_PIDS USE_64_BIT_INT
USE_ITHREADS USE_LARGE_FILES USE_LONG_DOUBLE
USE_PERLIO USE_REENTRANT_API
Built under linux
Compiled at Feb 25 2012 10:56:20
%ENV:
PERL5LIB="/root/.cpan/build/setenv-0.04-vkpbCQ/blib/arch:/root/.cpan/build/setenv-0.04-vkpbCQ/blib/lib:/root/.cpan/build/Set-Window-1.01-WUt7Np/blib/arch:/root/.cpan/build/Set-Window-1.01-WUt7Np/blib/lib:/root/.cpan/build/Set-Toolkit-0.11-BVUgkj/blib/arch:/root/.cpan/build/Set-Toolkit-0.11-BVUgkj/blib/lib:/root/.cpan/build/Set-Tiny-0.01-PR98QA/blib/arch:/root/.cpan/build/Set-Tiny-0.01-PR98QA/blib/lib:/root/.cpan/build/Set-String-0.03-SIfArl/blib/arch:/root/.cpan/build/Set-String-0.03-SIfArl/blib/lib:/root/.cpan/build/Set-SortedArray-0.02-zhP52t/blib/arch:/root/.cpan/build/Set-SortedArray-0.02-zhP52t/blib/lib:/root/.cpan/build/Set-Scalar-1.25-esJE8w/blib/arch:/root/.cpan/build/Set-Scalar-1.25-esJE8w/blib/lib:/root/.cpan/build/Set-Relation-0.12.7-65mqfZ/blib/arch:/root/.cpan/build/Set-Relation-0.12.7-65mqfZ/blib/lib:/root/.cpan/build/Set-Partitions-Similarity-0.54-EI2mG5/blib/arch:/root/.cpan/build/Set-Partitions-Similarity-0.54-EI2mG5/blib/lib:/root/.cpan/build/Set-Partition-0.03-KEFn1l/blib/arch:/root/.cpan/build/Set-Partition-0.03-KEFn1l/blib/lib:/root/.cpan/build/Set-NestedGroups-0.01-CJY2e4/blib/arch:/root/.cpan/build/Set-NestedGroups-0.01-CJY2e4/blib/lib:/root/.cpan/build/Set-Intersection-0.02-q3NSiS/blib/arch:/root/.cpan/build/Set-Intersection-0.02-q3NSiS/blib/lib:/root/.cpan/build/Set-Integer-Gapfillers-0.08-5gRFDI/blib/arch:/root/.cpan/build/Set-Integer-Gapfillers-0.08-5gRFDI/blib/lib:/root/.cpan/build/Set-IntSpan-Partition-0.01-whVoV6/blib/arch:/root/.cpan/build/Set-IntSpan-Partition-0.01-whVoV6/blib/lib:/root/.cpan/build/Set-IntSpan-Island-0.10-tBMjRz/blib/arch:/root/.cpan/build/Set-IntSpan-Island-0.10-tBMjRz/blib/lib:/root/.cpan/build/Set-IntSpan-1.16-0gvmw_/blib/arch:/root/.cpan/build/Set-IntSpan-1.16-0gvmw_/blib/lib:/root/.cpan/build/Set-IntRange-5.2-fz6Hzz/blib/arch:/root/.cpan/build/Set-IntRange-5.2-fz6Hzz/blib/lib:/root/.cpan/build/DateTime-Set-0.31-dexP7N/blib/arch:/root/.cpan/build/DateTime-Set-0.31-dexP7N/blib/lib:/root/.cpan/build/Set-Infinite-0.65-o8X1HS/blib/arch:/root/.cpan/build/Set-Infinite-0.65-o8X1HS/blib/lib:/root/.cpan/build/Set-Hash-0.01-_q45lN/blib/arch:/root/.cpan/build/Set-Hash-0.01-_q45lN/blib/lib:/root/.cpan/build/Set-Groups-0.8-Z9B1pt/blib/arch:/root/.cpan/build/Set-Groups-0.8-Z9B1pt/blib/lib:/root/.cpan/build/Set-Functional-0.01-R_CItu/blib/arch:/root/.cpan/build/Set-Functional-0.01-R_CItu/blib/lib:/root/.cpan/build/Set-Files-1.06-N3aYNt/blib/arch:/root/.cpan/build/Set-Files-1.06-N3aYNt/blib/lib:/root/.cpan/build/Set-DynamicGroups-0.014-5kuuHd/blib/arch:/root/.cpan/build/Set-DynamicGroups-0.014-5kuuHd/blib/lib:/root/.cpan/build/Set-CrossProduct-1.95-QSXFuX/blib/arch:/root/.cpan/build/Set-CrossProduct-1.95-QSXFuX/blib/lib:/root/.cpan/build/Set-Crontab-1.03-Mkpln_/blib/arch:/root/.cpan/build/Set-Crontab-1.03-Mkpln_/blib/lib:/root/.cpan/build/Set-ConsistentHash-0.92-qHKiaL/blib/arch:/root/.cpan/build/Set-ConsistentHash-0.92-qHKiaL/blib/lib:/root/.cpan/build/Set-Cluster-0.02-oSXYvo/blib/arch:/root/.cpan/build/Set-Cluster-0.02-oSXYvo/blib/lib:/root/.cpan/build/Set-CartesianProduct-Lazy-0.001-SWaYBe/blib/arch:/root/.cpan/build/Set-CartesianProduct-Lazy-0.001-SWaYBe/blib/lib:/root/.cpan/build/Set-Bag-1.009-Qw3hZo/blib/arch:/root/.cpan/build/Set-Bag-1.009-Qw3hZo/blib/lib:/root/.cpan/build/Set-Array-0.26-joWNPj/blib/arch:/root/.cpan/build/Set-Array-0.26-joWNPj/blib/lib:/root/.cpan/build/SETI-Stats-1.06-QIcgCP/blib/arch:/root/.cpan/build/SETI-Stats-1.06-QIcgCP/blib/lib:/root/.cpan/build/SETI-Drake-0.0201-Lniz3W/blib/arch:/root/.cpan/build/SETI-Drake-0.0201-Lniz3W/blib/lib"
PERL5OPT=""
PERL5_CPANPLUS_IS_RUNNING="3119"
PERL5_CPAN_IS_RUNNING="3119"
PERL_BATCH="yes"
PERL_CPANPLUS_VERBOSE="1"
PERL_EXTUTILS_AUTOINSTALL="1"
PERL_TEST_CRITIC="1"
PERL_TEST_POD="1"
@INC:
/root/.cpan/build/setenv-0.04-vkpbCQ/blib/arch
/root/.cpan/build/setenv-0.04-vkpbCQ/blib/lib
/root/.cpan/build/Set-Window-1.01-WUt7Np/blib/arch
/root/.cpan/build/Set-Window-1.01-WUt7Np/blib/lib
/root/.cpan/build/Set-Toolkit-0.11-BVUgkj/blib/arch
/root/.cpan/build/Set-Toolkit-0.11-BVUgkj/blib/lib
/root/.cpan/build/Set-Tiny-0.01-PR98QA/blib/arch
/root/.cpan/build/Set-Tiny-0.01-PR98QA/blib/lib
/root/.cpan/build/Set-String-0.03-SIfArl/blib/arch
/root/.cpan/build/Set-String-0.03-SIfArl/blib/lib
/root/.cpan/build/Set-SortedArray-0.02-zhP52t/blib/arch
/root/.cpan/build/Set-SortedArray-0.02-zhP52t/blib/lib
/root/.cpan/build/Set-Scalar-1.25-esJE8w/blib/arch
/root/.cpan/build/Set-Scalar-1.25-esJE8w/blib/lib
/root/.cpan/build/Set-Relation-0.12.7-65mqfZ/blib/arch
/root/.cpan/build/Set-Relation-0.12.7-65mqfZ/blib/lib
/root/.cpan/build/Set-Partitions-Similarity-0.54-EI2mG5/blib/arch
/root/.cpan/build/Set-Partitions-Similarity-0.54-EI2mG5/blib/lib
/root/.cpan/build/Set-Partition-0.03-KEFn1l/blib/arch
/root/.cpan/build/Set-Partition-0.03-KEFn1l/blib/lib
/root/.cpan/build/Set-NestedGroups-0.01-CJY2e4/blib/arch
/root/.cpan/build/Set-NestedGroups-0.01-CJY2e4/blib/lib
/root/.cpan/build/Set-Intersection-0.02-q3NSiS/blib/arch
/root/.cpan/build/Set-Intersection-0.02-q3NSiS/blib/lib
/root/.cpan/build/Set-Integer-Gapfillers-0.08-5gRFDI/blib/arch
/root/.cpan/build/Set-Integer-Gapfillers-0.08-5gRFDI/blib/lib
/root/.cpan/build/Set-IntSpan-Partition-0.01-whVoV6/blib/arch
/root/.cpan/build/Set-IntSpan-Partition-0.01-whVoV6/blib/lib
/root/.cpan/build/Set-IntSpan-Island-0.10-tBMjRz/blib/arch
/root/.cpan/build/Set-IntSpan-Island-0.10-tBMjRz/blib/lib
/root/.cpan/build/Set-IntSpan-1.16-0gvmw_/blib/arch
/root/.cpan/build/Set-IntSpan-1.16-0gvmw_/blib/lib
/root/.cpan/build/Set-IntRange-5.2-fz6Hzz/blib/arch
/root/.cpan/build/Set-IntRange-5.2-fz6Hzz/blib/lib
/root/.cpan/build/DateTime-Set-0.31-dexP7N/blib/arch
/root/.cpan/build/DateTime-Set-0.31-dexP7N/blib/lib
/root/.cpan/build/Set-Infinite-0.65-o8X1HS/blib/arch
/root/.cpan/build/Set-Infinite-0.65-o8X1HS/blib/lib
/root/.cpan/build/Set-Hash-0.01-_q45lN/blib/arch
/root/.cpan/build/Set-Hash-0.01-_q45lN/blib/lib
/root/.cpan/build/Set-Groups-0.8-Z9B1pt/blib/arch
/root/.cpan/build/Set-Groups-0.8-Z9B1pt/blib/lib
/root/.cpan/build/Set-Functional-0.01-R_CItu/blib/arch
/root/.cpan/build/Set-Functional-0.01-R_CItu/blib/lib
/root/.cpan/build/Set-Files-1.06-N3aYNt/blib/arch
/root/.cpan/build/Set-Files-1.06-N3aYNt/blib/lib
/root/.cpan/build/Set-DynamicGroups-0.014-5kuuHd/blib/arch
/root/.cpan/build/Set-DynamicGroups-0.014-5kuuHd/blib/lib
/root/.cpan/build/Set-CrossProduct-1.95-QSXFuX/blib/arch
/root/.cpan/build/Set-CrossProduct-1.95-QSXFuX/blib/lib
/root/.cpan/build/Set-Crontab-1.03-Mkpln_/blib/arch
/root/.cpan/build/Set-Crontab-1.03-Mkpln_/blib/lib
/root/.cpan/build/Set-ConsistentHash-0.92-qHKiaL/blib/arch
/root/.cpan/build/Set-ConsistentHash-0.92-qHKiaL/blib/lib
/root/.cpan/build/Set-Cluster-0.02-oSXYvo/blib/arch
/root/.cpan/build/Set-Cluster-0.02-oSXYvo/blib/lib
/root/.cpan/build/Set-CartesianProduct-Lazy-0.001-SWaYBe/blib/arch
/root/.cpan/build/Set-CartesianProduct-Lazy-0.001-SWaYBe/blib/lib
/root/.cpan/build/Set-Bag-1.009-Qw3hZo/blib/arch
/root/.cpan/build/Set-Bag-1.009-Qw3hZo/blib/lib
/root/.cpan/build/Set-Array-0.26-joWNPj/blib/arch
/root/.cpan/build/Set-Array-0.26-joWNPj/blib/lib
/root/.cpan/build/SETI-Stats-1.06-QIcgCP/blib/arch
/root/.cpan/build/SETI-Stats-1.06-QIcgCP/blib/lib
/root/.cpan/build/SETI-Drake-0.0201-Lniz3W/blib/arch
/root/.cpan/build/SETI-Drake-0.0201-Lniz3W/blib/lib
/usr/lib/perl5/5.8.8/i686-linux-thread-multi-64int-ld
/usr/lib/perl5/5.8.8
/usr/lib/perl5/site_perl/5.8.8/i686-linux-thread-multi-64int-ld
/usr/lib/perl5/site_perl/5.8.8
/usr/lib/perl5/site_perl/5.8.7
/usr/lib/perl5/site_perl/5.8.6
/usr/lib/perl5/site_perl/5.8.5
/usr/lib/perl5/site_perl
.