Report for Mojar-Mysql-2.132

Back
From: metabase:user:314402c4-2aae-11df-837a-5e0a49663a4f
Subject: FAIL Mojar-Mysql-2.132 v5.22.2 GNU/Linux
Date: 2017-05-04T19:50:34Z

This distribution has been tested as part of the CPAN Testers
project, supporting the Perl programming language.  See
http://wiki.cpantesters.org/ for more information or email
questions to cpan-testers-discuss@perl.org


--
Dear Nic Sandfield,

This is a computer-generated report for Mojar-Mysql-2.132
on perl 5.22.2, created by CPAN-Reporter-1.2018.

Thank you for uploading your work to CPAN.  However, there was a problem
testing your distribution.

If you think this report is invalid, please consult the CPAN Testers Wiki
for suggestions on how to avoid getting FAIL reports for missing library
or binary dependencies, unsupported operating systems, and so on:

http://wiki.cpantesters.org/wiki/CPANAuthorNotes

Sections of this report:

    * Tester comments
    * Program output
    * Prerequisites
    * Environment and other context

------------------------------
TESTER COMMENTS
------------------------------

Additional comments from tester:

none provided

------------------------------
PROGRAM OUTPUT
------------------------------

Output from '/usr/bin/make test':

PERL_DL_NONLAZY=1 "/bbbike/perl-5.22.2/bin/perl5.22.2" "-MExtUtils::Command::MM" "-MTest::Harness" "-e" "undef *Test::Harness::Switches; test_harness(0, 'blib/lib', 'blib/arch')" test/*.t
# Testing Mojar::Mysql 2.132, Perl 5.022002, /bbbike/perl-5.22.2/bin/perl5.22.2

#   Failed test 'use Mojar::Mysql::Connector;'
#   at test/00-load.t line 6.
#     Tried to use 'Mojar::Mysql::Connector'.
#     Error:  "slurp" is not exported by the Mojo::Util module
# Can't continue after import errors at /opt/perl-5.22.2/lib/site_perl/5.22.2/Mojar/Util.pm line 9.
# BEGIN failed--compilation aborted at /opt/perl-5.22.2/lib/site_perl/5.22.2/Mojar/Util.pm line 9.
# Compilation failed in require at /tmpfs/.cpan-build-cpansand/2017050409/Mojar-Mysql-2.132-4/blib/lib/Mojar/Mysql/Connector.pm line 181.
# BEGIN failed--compilation aborted at /tmpfs/.cpan-build-cpansand/2017050409/Mojar-Mysql-2.132-4/blib/lib/Mojar/Mysql/Connector.pm line 181.
# Compilation failed in require at test/00-load.t line 6.
# BEGIN failed--compilation aborted at test/00-load.t line 6.

#   Failed test 'use Mojar::Mysql::Replication;'
#   at test/00-load.t line 7.
#     Tried to use 'Mojar::Mysql::Replication'.
#     Error:  Attempt to reload Mojar/Util.pm aborted.
# Compilation failed in require at /tmpfs/.cpan-build-cpansand/2017050409/Mojar-Mysql-2.132-4/blib/lib/Mojar/Mysql/Replication.pm line 7.
# BEGIN failed--compilation aborted at /tmpfs/.cpan-build-cpansand/2017050409/Mojar-Mysql-2.132-4/blib/lib/Mojar/Mysql/Replication.pm line 7.
# Compilation failed in require at test/00-load.t line 7.
# BEGIN failed--compilation aborted at test/00-load.t line 7.
# Looks like you failed 2 tests of 4.
test/00-load.t ............. 
Dubious, test returned 2 (wstat 512, 0x200)
Failed 2/4 subtests 
"slurp" is not exported by the Mojo::Util module
Can't continue after import errors at /opt/perl-5.22.2/lib/site_perl/5.22.2/Mojar/Util.pm line 9.
BEGIN failed--compilation aborted at /opt/perl-5.22.2/lib/site_perl/5.22.2/Mojar/Util.pm line 9.
Compilation failed in require at /tmpfs/.cpan-build-cpansand/2017050409/Mojar-Mysql-2.132-4/blib/lib/Mojar/Mysql/Connector.pm line 181.
BEGIN failed--compilation aborted at /tmpfs/.cpan-build-cpansand/2017050409/Mojar-Mysql-2.132-4/blib/lib/Mojar/Mysql/Connector.pm line 181.
Compilation failed in require at test/30-mysql-connector.t line 10.
BEGIN failed--compilation aborted at test/30-mysql-connector.t line 10.
test/30-mysql-connector.t .. 
Dubious, test returned 255 (wstat 65280, 0xff00)
No subtests run 
"slurp" is not exported by the Mojo::Util module
Can't continue after import errors at /opt/perl-5.22.2/lib/site_perl/5.22.2/Mojar/Util.pm line 9.
BEGIN failed--compilation aborted at /opt/perl-5.22.2/lib/site_perl/5.22.2/Mojar/Util.pm line 9.
Compilation failed in require at /tmpfs/.cpan-build-cpansand/2017050409/Mojar-Mysql-2.132-4/blib/lib/Mojar/Mysql/Connector.pm line 181.
BEGIN failed--compilation aborted at /tmpfs/.cpan-build-cpansand/2017050409/Mojar-Mysql-2.132-4/blib/lib/Mojar/Mysql/Connector.pm line 181.
Compilation failed in require at test/31-mysql-helper.t line 54.
BEGIN failed--compilation aborted at test/31-mysql-helper.t line 54.
test/31-mysql-helper.t ..... 
Dubious, test returned 255 (wstat 65280, 0xff00)
No subtests run 
test/manifest.t ............ skipped: set RELEASE_TESTING to enable this test (developer only!)
test/pod.t ................. skipped: set TEST_POD to enable this test (developer only!)
test/version.t ............. skipped: set RELEASE_TESTING to enable this test (developer only!)

Test Summary Report
-------------------
test/00-load.t           (Wstat: 512 Tests: 4 Failed: 2)
  Failed tests:  2-3
  Non-zero exit status: 2
test/30-mysql-connector.t (Wstat: 65280 Tests: 0 Failed: 0)
  Non-zero exit status: 255
  Parse errors: No plan found in TAP output
test/31-mysql-helper.t   (Wstat: 65280 Tests: 0 Failed: 0)
  Non-zero exit status: 255
  Parse errors: No plan found in TAP output
Files=6, Tests=4,  1 wallclock secs ( 0.03 usr  0.03 sys +  0.44 cusr  0.11 csys =  0.61 CPU)
Result: FAIL
Failed 3/6 test programs. 2/4 subtests failed.
Makefile:885: recipe for target 'test_dynamic' failed
make: *** [test_dynamic] Error 255

------------------------------
PREREQUISITES
------------------------------

Prerequisite modules loaded:

requires:

    Module              Need     Have    
    ------------------- -------- --------
    DBD::mysql          3.0008   4.039   
    DBI                 1.53     1.636   
    Mojar               2.02     2.051   
    Mojolicious         7.15     7.31    
    perl                5.014001 5.022002

build_requires:

    Module              Need     Have    
    ------------------- -------- --------
    Test::More          0        1.302085

configure_requires:

    Module              Need     Have    
    ------------------- -------- --------
    ExtUtils::MakeMaker 6.3      7.24    


------------------------------
ENVIRONMENT AND OTHER CONTEXT
------------------------------

Environment variables:

    LANG = C
    LC_ALL = de_DE.UTF-8
    PATH = /usr/local/bin:/usr/bin:/bin:/usr/local/sbin:/usr/sbin:/sbin:/home/cpansand/bin/linux-gnu:/home/cpansand/bin/sh:/home/cpansand/bin:/usr/games:/home/cpansand/devel:/home/eserte/src/srezic-misc/scripts
    PERL5LIB = 
    PERL5OPT = 
    PERL5_CPANPLUS_IS_RUNNING = 8201
    PERL5_CPAN_IS_RUNNING = 8201
    PERL5_CPAN_IS_RUNNING_IN_RECURSION = 8142,8201
    PERLDOC = -MPod::Perldoc::ToTextOverstrike
    PERL_BATCH = yes
    PERL_CANARY_STABILITY_NOPROMPT = 1
    PERL_CPAN_REPORTER_CONFIG = /var/tmp/cpansmoker-1023/2017050409/cpanreporter_000_config.ini
    PERL_EXTUTILS_AUTOINSTALL = --defaultdeps
    PERL_PARALLEL_SMOKER = yes
    PERL_USE_UNSAFE_INC = 1
    SHELL = /bin/zsh
    TERM = screen
    TMPDIR = /var/tmp/cpansmoker-1023/2017050409

Perl special variables (and OS-specific diagnostics, for MSWin32):

    $^X = /bbbike/perl-5.22.2/bin/perl5.22.2
    $UID/$EUID = 1023 / 1023
    $GID = 1023 1023
    $EGID = 1023 1023

Perl module toolchain versions installed:

    Module              Have    
    ------------------- --------
    CPAN                2.14    
    CPAN::Meta          2.150010
    Cwd                 3.62    
    ExtUtils::CBuilder  0.280224
    ExtUtils::Command   7.24    
    ExtUtils::Install   2.04    
    ExtUtils::MakeMaker 7.24    
    ExtUtils::Manifest  1.70    
    ExtUtils::ParseXS   3.30    
    File::Spec          3.62    
    JSON                2.90    
    JSON::PP            2.27400 
    Module::Build       0.4220  
    Module::Signature   0.79    
    Parse::CPAN::Meta   2.150010
    Test::Harness       3.38    
    Test::More          1.302085
    YAML                1.20    
    YAML::Syck          1.29    
    version             0.9917  


--

Summary of my perl5 (revision 5 version 22 subversion 2) configuration:
   
  Platform:
    osname=linux, osvers=3.16.0-4-amd64, archname=x86_64-linux
    uname='linux eserte 3.16.0-4-amd64 #1 smp debian 3.16.7-ckt25-2 (2016-04-08) x86_64 gnulinux '
    config_args='-ds -e -Dprefix=/opt/perl-5.22.2 -Dcf_email=srezic@cpan.org'
    hint=recommended, useposix=true, d_sigaction=define
    useithreads=undef, usemultiplicity=undef
    use64bitint=define, use64bitall=define, uselongdouble=undef
    usemymalloc=n, bincompat5005=undef
  Compiler:
    cc='cc', ccflags ='-fwrapv -fno-strict-aliasing -pipe -fstack-protector-strong -I/usr/local/include -D_LARGEFILE_SOURCE -D_FILE_OFFSET_BITS=64 -D_FORTIFY_SOURCE=2',
    optimize='-O2',
    cppflags='-fwrapv -fno-strict-aliasing -pipe -fstack-protector-strong -I/usr/local/include'
    ccversion='', gccversion='4.9.2', gccosandvers=''
    intsize=4, longsize=8, ptrsize=8, doublesize=8, byteorder=12345678, doublekind=3
    d_longlong=define, longlongsize=8, d_longdbl=define, longdblsize=16, longdblkind=3
    ivtype='long', ivsize=8, nvtype='double', nvsize=8, Off_t='off_t', lseeksize=8
    alignbytes=8, prototype=define
  Linker and Libraries:
    ld='cc', ldflags =' -fstack-protector-strong -L/usr/local/lib'
    libpth=/usr/local/lib /usr/lib/gcc/x86_64-linux-gnu/4.9/include-fixed /usr/include/x86_64-linux-gnu /usr/lib /lib/x86_64-linux-gnu /lib/../lib /usr/lib/x86_64-linux-gnu /usr/lib/../lib /lib
    libs=-lpthread -lnsl -ldl -lm -lcrypt -lutil -lc
    perllibs=-lpthread -lnsl -ldl -lm -lcrypt -lutil -lc
    libc=libc-2.19.so, so=so, useshrplib=false, libperl=libperl.a
    gnulibc_version='2.19'
  Dynamic Linking:
    dlsrc=dl_dlopen.xs, dlext=so, d_dlsymun=undef, ccdlflags='-Wl,-E'
    cccdlflags='-fPIC', lddlflags='-shared -O2 -L/usr/local/lib -fstack-protector-strong'


Characteristics of this binary (from libperl): 
  Compile-time options: HAS_TIMES PERLIO_LAYERS PERL_DONT_CREATE_GVSV
                        PERL_HASH_FUNC_ONE_AT_A_TIME_HARD PERL_MALLOC_WRAP
                        PERL_NEW_COPY_ON_WRITE PERL_PRESERVE_IVUV
                        USE_64_BIT_ALL USE_64_BIT_INT USE_LARGE_FILES
                        USE_LOCALE USE_LOCALE_COLLATE USE_LOCALE_CTYPE
                        USE_LOCALE_NUMERIC USE_LOCALE_TIME USE_PERLIO
                        USE_PERL_ATOF
  Built under linux
  Compiled at May  6 2016 22:58:24
  %ENV:
    PERL5LIB=""
    PERL5OPT=""
    PERL5_CPANPLUS_IS_RUNNING="8201"
    PERL5_CPAN_IS_RUNNING="8201"
    PERL5_CPAN_IS_RUNNING_IN_RECURSION="8142,8201"
    PERLDOC="-MPod::Perldoc::ToTextOverstrike"
    PERL_BATCH="yes"
    PERL_CANARY_STABILITY_NOPROMPT="1"
    PERL_CPAN_REPORTER_CONFIG="/var/tmp/cpansmoker-1023/2017050409/cpanreporter_000_config.ini"
    PERL_EXTUTILS_AUTOINSTALL="--defaultdeps"
    PERL_PARALLEL_SMOKER="yes"
    PERL_USE_UNSAFE_INC="1"
  @INC:
    /opt/perl-5.22.2/lib/site_perl/5.22.2/x86_64-linux
    /opt/perl-5.22.2/lib/site_perl/5.22.2
    /opt/perl-5.22.2/lib/5.22.2/x86_64-linux
    /opt/perl-5.22.2/lib/5.22.2
    .