Back
From: metabase:user:64c3708a-bcc1-11df-9f47-270c9e8d23bf
Subject: FAIL Tk-MinMaxScale-0.12 v5.14.1 GNU/Linux
Date: 2011-07-08T10:49:21Z
This distribution has been tested as part of the CPAN Testers
project, supporting the Perl programming language. See
http://wiki.cpantesters.org/ for more information or email
questions to cpan-testers-discuss@perl.org
--
Dear Jean-Pierre Vidal,
This is a computer-generated report for Tk-MinMaxScale-0.12
on perl 5.14.1, created by CPAN-Reporter-1.1902.
Thank you for uploading your work to CPAN. However, there was a problem
testing your distribution.
If you think this report is invalid, please consult the CPAN Testers Wiki
for suggestions on how to avoid getting FAIL reports for missing library
or binary dependencies, unsupported operating systems, and so on:
http://wiki.cpantesters.org/wiki/CPANAuthorNotes
Sections of this report:
* Tester comments
* Program output
* Prerequisites
* Environment and other context
------------------------------
TESTER COMMENTS
------------------------------
Additional comments from tester:
none provided
------------------------------
PROGRAM OUTPUT
------------------------------
Output from '/usr/bin/make test':
PERL_DL_NONLAZY=1 /opt/perl5_14_1/bin/perl5.14.1 "-MExtUtils::Command::MM" "-e" "test_harness(0, 'blib/lib', 'blib/arch')" t/*.t
t/fromto.t ..... ok
# Failed test 9 in t/minmaxval.t at line 67
# t/minmaxval.t line 67 is: ok($mms1->minvalue == 50);
# Failed test 14 in t/minmaxval.t at line 79
# t/minmaxval.t line 79 is: ok($mms1->maxvalue == 50);
# Failed test 17 in t/minmaxval.t at line 87
# t/minmaxval.t line 87 is: ok($mms2->minvalue == 60);
# Failed test 20 in t/minmaxval.t at line 96
# t/minmaxval.t line 96 is: ok($mms2->maxvalue == 53);
# Failed test 21 in t/minmaxval.t at line 97
# t/minmaxval.t line 97 is: ok($mms2->minvalue == 53);
# Failed test 22 in t/minmaxval.t at line 100
# t/minmaxval.t line 100 is: ok($mms2->minvalue == 38);
t/minmaxval.t ..
Failed 6/22 subtests
t/twomms.t ..... ok
Test Summary Report
-------------------
t/minmaxval.t (Wstat: 0 Tests: 22 Failed: 6)
Failed tests: 9, 14, 17, 20-22
Files=3, Tests=160, 32 wallclock secs ( 0.03 usr 0.09 sys + 0.29 cusr 0.48 csys = 0.89 CPU)
Result: FAIL
Failed 1/3 test programs. 6/160 subtests failed.
make: *** [test_dynamic] Fehler 255
------------------------------
PREREQUISITES
------------------------------
Prerequisite modules loaded:
requires:
Module Need Have
------------------- ---- -------
Tk 0 804.029
build_requires:
Module Need Have
------------------- ---- -------
ExtUtils::MakeMaker 0 6.58
------------------------------
ENVIRONMENT AND OTHER CONTEXT
------------------------------
Environment variables:
LANG = de_DE.utf8
PATH = /usr/local/sbin:/usr/local/bin:/usr/sbin:/usr/bin:/sbin:/bin:/usr/X11R6/bin
PERL5LIB =
PERL5OPT =
PERL5_CPANPLUS_IS_RUNNING = 22767
PERL5_CPAN_IS_RUNNING = 22767
SHELL = /bin/bash
TERM = xterm
Perl special variables (and OS-specific diagnostics, for MSWin32):
$^X = /opt/perl5_14_1/bin/perl5.14.1
$UID/$EUID = 0 / 0
$GID = 0 0
$EGID = 0 0
Perl module toolchain versions installed:
Module Have
------------------- --------
CPAN 1.9600
Cwd 3.36
ExtUtils::CBuilder 0.280203
ExtUtils::Command 1.17
ExtUtils::Install 1.56
ExtUtils::MakeMaker 6.58
ExtUtils::Manifest 1.58
ExtUtils::ParseXS 2.2210
File::Spec 3.33
Module::Build 0.3800
Module::Signature n/a
Test::Harness 3.23
Test::More 0.98
YAML 0.73
YAML::Syck 1.17
version 0.88
--
Summary of my perl5 (revision 5 version 14 subversion 1) configuration:
Platform:
osname=linux, osvers=2.6.35-28-generic, archname=i686-linux-thread-multi
uname='linux ubuntu 2.6.35-28-generic #50-ubuntu smp fri mar 18 19:00:26 utc 2011 i686 gnulinux '
config_args='-Dprefix=/opt/perl5_14_1 -des -Dusethreads'
hint=recommended, useposix=true, d_sigaction=define
useithreads=define, usemultiplicity=define
useperlio=define, d_sfio=undef, uselargefiles=define, usesocks=undef
use64bitint=undef, use64bitall=undef, uselongdouble=undef
usemymalloc=n, bincompat5005=undef
Compiler:
cc='cc', ccflags ='-D_REENTRANT -D_GNU_SOURCE -fno-strict-aliasing -pipe -fstack-protector -I/usr/local/include -D_LARGEFILE_SOURCE -D_FILE_OFFSET_BITS=64',
optimize='-O2',
cppflags='-D_REENTRANT -D_GNU_SOURCE -fno-strict-aliasing -pipe -fstack-protector -I/usr/local/include'
ccversion='', gccversion='4.4.5', gccosandvers=''
intsize=4, longsize=4, ptrsize=4, doublesize=8, byteorder=1234
d_longlong=define, longlongsize=8, d_longdbl=define, longdblsize=12
ivtype='long', ivsize=4, nvtype='double', nvsize=8, Off_t='off_t', lseeksize=8
alignbytes=4, prototype=define
Linker and Libraries:
ld='cc', ldflags =' -fstack-protector -L/usr/local/lib'
libpth=/usr/local/lib /lib/../lib /usr/lib/../lib /lib /usr/lib /usr/lib/i686-linux-gnu /usr/lib64
libs=-lnsl -ldl -lm -lcrypt -lutil -lpthread -lc
perllibs=-lnsl -ldl -lm -lcrypt -lutil -lpthread -lc
libc=/lib/libc-2.12.1.so, so=so, useshrplib=false, libperl=libperl.a
gnulibc_version='2.12.1'
Dynamic Linking:
dlsrc=dl_dlopen.xs, dlext=so, d_dlsymun=undef, ccdlflags='-Wl,-E'
cccdlflags='-fPIC', lddlflags='-shared -O2 -L/usr/local/lib -fstack-protector'
Characteristics of this binary (from libperl):
Compile-time options: MULTIPLICITY PERL_DONT_CREATE_GVSV
PERL_IMPLICIT_CONTEXT PERL_MALLOC_WRAP
PERL_PRESERVE_IVUV USE_ITHREADS USE_LARGE_FILES
USE_PERLIO USE_PERL_ATOF USE_REENTRANT_API
Built under linux
Compiled at Jun 24 2011 14:20:44
%ENV:
PERL5LIB=""
PERL5OPT=""
PERL5_CPANPLUS_IS_RUNNING="22767"
PERL5_CPAN_IS_RUNNING="22767"
@INC:
/opt/perl5_14_1/lib/site_perl/5.14.1/i686-linux-thread-multi
/opt/perl5_14_1/lib/site_perl/5.14.1
/opt/perl5_14_1/lib/5.14.1/i686-linux-thread-multi
/opt/perl5_14_1/lib/5.14.1
.