Report for TSQL-SplitStatement-0.11

Back
From: metabase:user:320bfe00-2aae-11df-837a-5e0a49663a4f
Subject: FAIL TSQL-SplitStatement-0.11 v5.17.7 GNU/Linux
Date: 2013-01-09T22:00:10Z

This distribution has been tested as part of the CPAN Testers
project, supporting the Perl programming language.  See
http://wiki.cpantesters.org/ for more information or email
questions to cpan-testers-discuss@perl.org


--
Dear D Medved,

This is a computer-generated report for TSQL-SplitStatement-0.11
on perl 5.17.7, created by CPAN-Reporter-1.2009.

Thank you for uploading your work to CPAN.  However, there was a problem
testing your distribution.

If you think this report is invalid, please consult the CPAN Testers Wiki
for suggestions on how to avoid getting FAIL reports for missing library
or binary dependencies, unsupported operating systems, and so on:

http://wiki.cpantesters.org/wiki/CPANAuthorNotes

Sections of this report:

    * Tester comments
    * Program output
    * Prerequisites
    * Environment and other context

------------------------------
TESTER COMMENTS
------------------------------

Additional comments from tester:

this report is from an automated smoke testing program
and was not reviewed by a human for accuracy

------------------------------
PROGRAM OUTPUT
------------------------------

Output from '/usr/bin/make test':

PERL_DL_NONLAZY=1 /home/sand/src/perl/repoperls/installed-perls/perl/v5.17.7/165a/bin/perl "-MExtUtils::Command::MM" "-e" "test_harness(0, 'blib/lib', 'blib/arch')" t/*.t
# Testing TSQL::SplitStatement 0.11, Perl 5.017007, /home/sand/src/perl/repoperls/installed-perls/perl/v5.17.7/165a/bin/perl
t/00-load.t ........... ok
t/manifest.t .......... skipped: Author tests not required for installation
t/pod-coverage.t ...... ok
t/pod.t ............... ok
Use of uninitialized value $tokPos in substr at /tmp/loop_over_bdir-BsQzFr/TSQL-SplitStatement-0.11-x9fSjK/blib/lib/TSQL/SplitStatement.pm line 325.
Use of uninitialized value $tokPos in substr at /tmp/loop_over_bdir-BsQzFr/TSQL-SplitStatement-0.11-x9fSjK/blib/lib/TSQL/SplitStatement.pm line 325.
Use of uninitialized value $tokPos in substr at /tmp/loop_over_bdir-BsQzFr/TSQL-SplitStatement-0.11-x9fSjK/blib/lib/TSQL/SplitStatement.pm line 325.
Use of uninitialized value $tokPos in substr at /tmp/loop_over_bdir-BsQzFr/TSQL-SplitStatement-0.11-x9fSjK/blib/lib/TSQL/SplitStatement.pm line 325.
Use of uninitialized value $tokPos in substr at /tmp/loop_over_bdir-BsQzFr/TSQL-SplitStatement-0.11-x9fSjK/blib/lib/TSQL/SplitStatement.pm line 325.
Use of uninitialized value $tokPos in substr at /tmp/loop_over_bdir-BsQzFr/TSQL-SplitStatement-0.11-x9fSjK/blib/lib/TSQL/SplitStatement.pm line 325.
Use of uninitialized value $tokPos in substr at /tmp/loop_over_bdir-BsQzFr/TSQL-SplitStatement-0.11-x9fSjK/blib/lib/TSQL/SplitStatement.pm line 325.
Use of uninitialized value $tokPos in substr at /tmp/loop_over_bdir-BsQzFr/TSQL-SplitStatement-0.11-x9fSjK/blib/lib/TSQL/SplitStatement.pm line 325.
Use of uninitialized value $tokPos in substr at /tmp/loop_over_bdir-BsQzFr/TSQL-SplitStatement-0.11-x9fSjK/blib/lib/TSQL/SplitStatement.pm line 325.
Use of uninitialized value $tokPos in substr at /tmp/loop_over_bdir-BsQzFr/TSQL-SplitStatement-0.11-x9fSjK/blib/lib/TSQL/SplitStatement.pm line 325.
Use of uninitialized value $tokPos in substr at /tmp/loop_over_bdir-BsQzFr/TSQL-SplitStatement-0.11-x9fSjK/blib/lib/TSQL/SplitStatement.pm line 325.
Use of uninitialized value $tokPos in substr at /tmp/loop_over_bdir-BsQzFr/TSQL-SplitStatement-0.11-x9fSjK/blib/lib/TSQL/SplitStatement.pm line 325.
Use of uninitialized value $tokPos in substr at /tmp/loop_over_bdir-BsQzFr/TSQL-SplitStatement-0.11-x9fSjK/blib/lib/TSQL/SplitStatement.pm line 325.
Use of uninitialized value $tokPos in substr at /tmp/loop_over_bdir-BsQzFr/TSQL-SplitStatement-0.11-x9fSjK/blib/lib/TSQL/SplitStatement.pm line 325.
Use of uninitialized value $tokPos in substr at /tmp/loop_over_bdir-BsQzFr/TSQL-SplitStatement-0.11-x9fSjK/blib/lib/TSQL/SplitStatement.pm line 325.
Use of uninitialized value $tokPos in substr at /tmp/loop_over_bdir-BsQzFr/TSQL-SplitStatement-0.11-x9fSjK/blib/lib/TSQL/SplitStatement.pm line 325.
Use of uninitialized value $tokPos in substr at /tmp/loop_over_bdir-BsQzFr/TSQL-SplitStatement-0.11-x9fSjK/blib/lib/TSQL/SplitStatement.pm line 325.
Use of uninitialized value $tokPos in substr at /tmp/loop_over_bdir-BsQzFr/TSQL-SplitStatement-0.11-x9fSjK/blib/lib/TSQL/SplitStatement.pm line 325.
Use of uninitialized value $tokPos in substr at /tmp/loop_over_bdir-BsQzFr/TSQL-SplitStatement-0.11-x9fSjK/blib/lib/TSQL/SplitStatement.pm line 325.
Use of uninitialized value $tokPos in substr at /tmp/loop_over_bdir-BsQzFr/TSQL-SplitStatement-0.11-x9fSjK/blib/lib/TSQL/SplitStatement.pm line 325.
Use of uninitialized value $tokPos in substr at /tmp/loop_over_bdir-BsQzFr/TSQL-SplitStatement-0.11-x9fSjK/blib/lib/TSQL/SplitStatement.pm line 325.
Use of uninitialized value $tokPos in substr at /tmp/loop_over_bdir-BsQzFr/TSQL-SplitStatement-0.11-x9fSjK/blib/lib/TSQL/SplitStatement.pm line 325.
Use of uninitialized value $tokPos in substr at /tmp/loop_over_bdir-BsQzFr/TSQL-SplitStatement-0.11-x9fSjK/blib/lib/TSQL/SplitStatement.pm line 325.
Use of uninitialized value $tokPos in substr at /tmp/loop_over_bdir-BsQzFr/TSQL-SplitStatement-0.11-x9fSjK/blib/lib/TSQL/SplitStatement.pm line 325.
Use of uninitialized value $tokPos in substr at /tmp/loop_over_bdir-BsQzFr/TSQL-SplitStatement-0.11-x9fSjK/blib/lib/TSQL/SplitStatement.pm line 325.
Use of uninitialized value $tokPos in substr at /tmp/loop_over_bdir-BsQzFr/TSQL-SplitStatement-0.11-x9fSjK/blib/lib/TSQL/SplitStatement.pm line 325.
Use of uninitialized value $tokPos in substr at /tmp/loop_over_bdir-BsQzFr/TSQL-SplitStatement-0.11-x9fSjK/blib/lib/TSQL/SplitStatement.pm line 325.
Use of uninitialized value $tokPos in substr at /tmp/loop_over_bdir-BsQzFr/TSQL-SplitStatement-0.11-x9fSjK/blib/lib/TSQL/SplitStatement.pm line 325.
Use of uninitialized value $tokPos in substr at /tmp/loop_over_bdir-BsQzFr/TSQL-SplitStatement-0.11-x9fSjK/blib/lib/TSQL/SplitStatement.pm line 325.
Use of uninitialized value $tokPos in substr at /tmp/loop_over_bdir-BsQzFr/TSQL-SplitStatement-0.11-x9fSjK/blib/lib/TSQL/SplitStatement.pm line 325.
Use of uninitialized value $tokPos in substr at /tmp/loop_over_bdir-BsQzFr/TSQL-SplitStatement-0.11-x9fSjK/blib/lib/TSQL/SplitStatement.pm line 325.
Use of uninitialized value $tokPos in substr at /tmp/loop_over_bdir-BsQzFr/TSQL-SplitStatement-0.11-x9fSjK/blib/lib/TSQL/SplitStatement.pm line 325.
Use of uninitialized value $tokPos in substr at /tmp/loop_over_bdir-BsQzFr/TSQL-SplitStatement-0.11-x9fSjK/blib/lib/TSQL/SplitStatement.pm line 325.
    
    #   Failed test 'Simple batch with simple statements splits ok'
    #   at t/split_statements.t line 103.
    # Compared array length of $data
    #    got : array with 1 element(s)
    # expect : array with 32 element(s)
    # Looks like you failed 1 test of 1.

#   Failed test 'splitStatements'
#   at t/split_statements.t line 104.
# Looks like you failed 1 test of 1.
t/split_statements.t .. 
Dubious, test returned 1 (wstat 256, 0x100)
Failed 1/1 subtests 

Test Summary Report
-------------------
t/split_statements.t (Wstat: 256 Tests: 1 Failed: 1)
  Failed test:  1
  Non-zero exit status: 1
Files=5, Tests=4,  1 wallclock secs ( 0.02 usr  0.01 sys +  0.24 cusr  0.07 csys =  0.34 CPU)
Result: FAIL
Failed 1/5 test programs. 1/4 subtests failed.
make: *** [test_dynamic] Error 1

------------------------------
PREREQUISITES
------------------------------

Prerequisite modules loaded:

requires:

    Module               Need Have    
    -------------------- ---- --------
    autodie              0    2.13    
    Carp                 0    1.28    
    Clone                0    0.34    
    Data::Dump           0    1.21    
    Data::Dumper         0    2.139   
    indirect             0    0.26    
    IPC::System::Simple  0    1.21    
    List::MoreUtils      0    0.33_007
    List::Util           0    1.26    
    perl                 0    5.017007
    Test::Deep           0    0.110   
    Test::More           0    0.98    
    TSQL::Common::Regexp 0.04 0.04    
    version              0    0.9901  

build_requires:

    Module               Need Have    
    -------------------- ---- --------
    ExtUtils::MakeMaker  0    6.64    

configure_requires:

    Module               Need Have    
    -------------------- ---- --------
    ExtUtils::MakeMaker  0    6.64    


------------------------------
ENVIRONMENT AND OTHER CONTEXT
------------------------------

Environment variables:

    AUTOMATED_TESTING = 1
    LANG = en_US.UTF-8
    LANGUAGE = en_US:en
    PATH = /usr/lib/ccache:/home/sand/bin:/usr/local/bin:/usr/bin:/bin:/usr/bin/X11:/usr/games:/usr/local/perl/bin:/usr/X11/bin:/sbin:/usr/sbin
    PERL5LIB = 
    PERL5OPT = 
    PERL5_CPANPLUS_IS_RUNNING = 32053
    PERL5_CPAN_IS_RUNNING = 32053
    PERL_MM_USE_DEFAULT = 1
    SHELL = /usr/bin/zsh
    TERM = screen

Perl special variables (and OS-specific diagnostics, for MSWin32):

    $^X = /home/sand/src/perl/repoperls/installed-perls/perl/v5.17.7/165a/bin/perl
    $UID/$EUID = 1005 / 1005
    $GID = 1005 1005
    $EGID = 1005 1005

Perl module toolchain versions installed:

    Module              Have    
    ------------------- --------
    CPAN                1.99_51 
    CPAN::Meta          2.120921
    Cwd                 3.39_03 
    ExtUtils::CBuilder  0.280209
    ExtUtils::Command   1.17    
    ExtUtils::Install   1.58    
    ExtUtils::MakeMaker 6.64    
    ExtUtils::Manifest  1.62    
    ExtUtils::ParseXS   3.18    
    File::Spec          3.39_02 
    JSON                2.53    
    JSON::PP            2.27200 
    Module::Build       0.4003  
    Module::Signature   0.70    
    Parse::CPAN::Meta   1.4404  
    Test::Harness       3.25_01 
    Test::More          0.98    
    YAML                0.84    
    YAML::Syck          1.22    
    version             0.9901  


--

Summary of my perl5 (revision 5 version 17 subversion 7) configuration:
  Commit id: 3cf48cac4c284d89b4ec777a26a8d19f912b4078
  Platform:
    osname=linux, osvers=3.2.0-4-amd64, archname=x86_64-linux
    uname='linux k83 3.2.0-4-amd64 #1 smp debian 3.2.35-2 x86_64 gnulinux '
    config_args='-Dprefix=/home/src/perl/repoperls/installed-perls/perl/v5.17.7/165a -Dmyhostname=k83 -Dinstallusrbinperl=n -Uversiononly -Dusedevel -des -Ui_db -Uuseithreads -Uuselongdouble -DDEBUGGING=-g'
    hint=recommended, useposix=true, d_sigaction=define
    useithreads=undef, usemultiplicity=undef
    useperlio=define, d_sfio=undef, uselargefiles=define, usesocks=undef
    use64bitint=define, use64bitall=define, uselongdouble=undef
    usemymalloc=n, bincompat5005=undef
  Compiler:
    cc='cc', ccflags ='-fno-strict-aliasing -pipe -fstack-protector -I/usr/local/include -D_LARGEFILE_SOURCE -D_FILE_OFFSET_BITS=64',
    optimize='-O2 -g',
    cppflags='-fno-strict-aliasing -pipe -fstack-protector -I/usr/local/include'
    ccversion='', gccversion='4.7.2', gccosandvers=''
    intsize=4, longsize=8, ptrsize=8, doublesize=8, byteorder=12345678
    d_longlong=define, longlongsize=8, d_longdbl=define, longdblsize=16
    ivtype='long', ivsize=8, nvtype='double', nvsize=8, Off_t='off_t', lseeksize=8
    alignbytes=8, prototype=define
  Linker and Libraries:
    ld='cc', ldflags =' -fstack-protector -L/usr/local/lib'
    libpth=/usr/local/lib /lib/x86_64-linux-gnu /lib/../lib /usr/lib/x86_64-linux-gnu /usr/lib/../lib /lib /usr/lib
    libs=-lnsl -ldb -ldl -lm -lcrypt -lutil -lc
    perllibs=-lnsl -ldl -lm -lcrypt -lutil -lc
    libc=, so=so, useshrplib=false, libperl=libperl.a
    gnulibc_version='2.13'
  Dynamic Linking:
    dlsrc=dl_dlopen.xs, dlext=so, d_dlsymun=undef, ccdlflags='-Wl,-E'
    cccdlflags='-fPIC', lddlflags='-shared -O2 -g -L/usr/local/lib -fstack-protector'


Characteristics of this binary (from libperl): 
  Compile-time options: HAS_TIMES PERLIO_LAYERS PERL_DONT_CREATE_GVSV
                        PERL_MALLOC_WRAP PERL_NEW_COPY_ON_WRITE
                        PERL_PRESERVE_IVUV PERL_USE_DEVEL USE_64_BIT_ALL
                        USE_64_BIT_INT USE_LARGE_FILES USE_LOCALE
                        USE_LOCALE_COLLATE USE_LOCALE_CTYPE
                        USE_LOCALE_NUMERIC USE_PERLIO USE_PERL_ATOF
  Built under linux
  Compiled at Dec 29 2012 10:02:36
  %ENV:
    PERL5LIB=""
    PERL5OPT=""
    PERL5_CPANPLUS_IS_RUNNING="32053"
    PERL5_CPAN_IS_RUNNING="32053"
    PERL_MM_USE_DEFAULT="1"
  @INC:
    /home/src/perl/repoperls/installed-perls/perl/v5.17.7/165a/lib/site_perl/5.17.7/x86_64-linux
    /home/src/perl/repoperls/installed-perls/perl/v5.17.7/165a/lib/site_perl/5.17.7
    /home/src/perl/repoperls/installed-perls/perl/v5.17.7/165a/lib/5.17.7/x86_64-linux
    /home/src/perl/repoperls/installed-perls/perl/v5.17.7/165a/lib/5.17.7
    .