Report for Perl-Repository-APC-2.002001

Back
From: metabase:user:314402c4-2aae-11df-837a-5e0a49663a4f
Subject: FAIL Perl-Repository-APC-2.002001 v5.19.11 FreeBSD
Date: 2014-05-09T06:55:42Z

This distribution has been tested as part of the CPAN Testers
project, supporting the Perl programming language.  See
http://wiki.cpantesters.org/ for more information or email
questions to cpan-testers-discuss@perl.org


--
Dear Andreas J. Koenig,

This is a computer-generated report for Perl-Repository-APC-2.002001
on perl 5.19.11, created by CPAN-Reporter-1.2011.

Thank you for uploading your work to CPAN.  However, there was a problem
testing your distribution.

If you think this report is invalid, please consult the CPAN Testers Wiki
for suggestions on how to avoid getting FAIL reports for missing library
or binary dependencies, unsupported operating systems, and so on:

http://wiki.cpantesters.org/wiki/CPANAuthorNotes

Sections of this report:

    * Tester comments
    * Program output
    * Prerequisites
    * Environment and other context

------------------------------
TESTER COMMENTS
------------------------------

Additional comments from tester:

none provided

------------------------------
PROGRAM OUTPUT
------------------------------

Output from '/usr/bin/make test':

PERL_DL_NONLAZY=1 /usr/home/eserte/var/ctps/51911/install/perl-5.19.11/bin/perl5.19.11 "-MExtUtils::Command::MM" "-MTest::Harness" "-e" "undef *Test::Harness::Switches; test_harness(0, 'blib/lib', 'blib/arch')" t/*.t
WARNING: This key is not certified with a trusted signature!
Primary key fingerprint: 50A0 ED26 8AA2 95BD 2CA0  411E EC80 39F0 A317 C15D
Not in MANIFEST: MYMETA.json
==> MISMATCHED content between MANIFEST and distribution files! <==
t/00-signature.t .. 
Failed 1/1 subtests 


  Skipping tests! If you want to run the tests against your copy
  of APC, please set environment variable $PERL_REPOSITORY_APC_REPO to
  the path to your APC

t/apc.t ........... ok
t/bap.t ........... skipped: no repository found
t/pod.t ........... ok
t/podcover.t ...... ok
scripts/apc-overview syntax OK
scripts/binsearchaperl syntax OK
scripts/buildaperl syntax OK
scripts/patchaperlup syntax OK
t/scripts.t ....... ok
t/svn.t ........... skipped: svn deprecated
# Cannot rename "tmp/0/BAD\cJNL1" to "./trimtrees1-8OIb1Ghg" (Permission denied); Skipping. at eg/trimtrees.pl line 55.
# Cannot rename "tmp/0/BAD\cJNL2" to "./trimtrees1-WAFOeicS" (Permission denied); Skipping. at eg/trimtrees.pl line 55.
# Cannot read "tmp/0/BAD\cJNL3" (Permission denied); Skipping. at eg/trimtrees.pl line 165.
# 
# tlds[10]cur[2]uniq[3]fils[100]spcused[58]saved[0]
# tlds[10]cur[2]uniq[3]fils[200]spcused[58]saved[0]
# tlds[10]cur[2]uniq[3]fils[300]spcused[58]saved[0]
# tlds[10]cur[2]uniq[3]fils[400]spcused[58]saved[0]
# tlds[10]cur[2]uniq[3]fils[500]spcused[58]saved[0]
# tlds[10]cur[2]uniq[3]fils[600]spcused[58]saved[0]
# tlds[10]cur[2]uniq[3]fils[700]spcused[58]saved[0]
# tlds[10]cur[2]uniq[3]fils[800]spcused[58]saved[0]
# tlds[10]cur[2]uniq[3]fils[900]spcused[58]saved[0]
# tlds[10]cur[2]uniq[3]fils[1_000]spcused[58]saved[0]
# tlds[10]cur[2]uniq[3]fils[1_100]spcused[58]saved[0]
# tlds[10]cur[3]uniq[3]fils[1_200]spcused[58]saved[0]
# tlds[10]cur[3]uniq[3]fils[1_300]spcused[58]saved[0]
# tlds[10]cur[3]uniq[3]fils[1_400]spcused[58]saved[0]
# tlds[10]cur[3]uniq[3]fils[1_500]spcused[58]saved[0]
# tlds[10]cur[3]uniq[3]fils[1_600]spcused[58]saved[0]
# tlds[10]cur[3]uniq[3]fils[1_700]spcused[58]saved[0]
# tlds[10]cur[3]uniq[3]fils[1_800]spcused[58]saved[0]
# tlds[10]cur[3]uniq[3]fils[1_900]spcused[58]saved[0]
# tlds[10]cur[3]uniq[3]fils[2_000]spcused[58]saved[0]
# tlds[10]cur[3]uniq[3]fils[2_100]spcused[58]saved[0]
# tlds[10]cur[3]uniq[3]fils[2_200]spcused[58]saved[0]
# tlds[10]cur[4]uniq[3]fils[2_300]spcused[58]saved[0]
# tlds[10]cur[4]uniq[3]fils[2_400]spcused[58]saved[0]
# tlds[10]cur[4]uniq[3]fils[2_500]spcused[58]saved[0]
# tlds[10]cur[4]uniq[3]fils[2_600]spcused[58]saved[0]
# tlds[10]cur[4]uniq[3]fils[2_700]spcused[58]saved[0]
# tlds[10]cur[4]uniq[3]fils[2_800]spcused[58]saved[0]
# tlds[10]cur[4]uniq[3]fils[2_900]spcused[58]saved[0]
# tlds[10]cur[4]uniq[3]fils[3_000]spcused[58]saved[0]
# tlds[10]cur[4]uniq[3]fils[3_100]spcused[58]saved[0]
# tlds[10]cur[4]uniq[3]fils[3_200]spcused[58]saved[0]
# tlds[10]cur[4]uniq[3]fils[3_300]spcused[58]saved[0]
# tlds[10]cur[5]uniq[3]fils[3_400]spcused[58]saved[0]
# tlds[10]cur[5]uniq[3]fils[3_500]spcused[58]saved[0]
# tlds[10]cur[6]uniq[3]fils[3_600]spcused[58]saved[0]
# tlds[10]cur[7]uniq[3]fils[3_700]spcused[58]saved[0]
# tlds[10]cur[8]uniq[3]fils[3_800]spcused[58]saved[0]
# tlds[10]cur[9]uniq[3]fils[3_900]spcused[58]saved[0]
# tlds[10]cur[10]uniq[3]fils[4_000]spcused[58]saved[0]
# tlds[10]cur[10]uniq[3]fils[4_100]spcused[58]saved[0]
# tlds[10]cur[10]uniq[3]fils[4_100]spcused[58]saved[0]
# DONE
t/trimtrees.t ..... ok

Test Summary Report
-------------------
t/00-signature.t (Wstat: 0 Tests: 1 Failed: 1)
  Failed test:  1
Files=8, Tests=57, 310 wallclock secs ( 0.06 usr  0.04 sys +  4.32 cusr  4.86 csys =  9.28 CPU)
Result: FAIL
Failed 1/8 test programs. 1/57 subtests failed.
*** [test_dynamic] Error code 255

Stop in /usr/home/eserte/.cpan/build/Perl-Repository-APC-2.002001-W_beC9.

------------------------------
PREREQUISITES
------------------------------

Prerequisite modules loaded:

requires:

    Module              Need Have    
    ------------------- ---- --------
    Digest::MD5         0    2.53    
    ExtUtils::Manifest  1.50 1.63    
    File::Spec          0    3.47    
    List::Util          0    1.38    
    Module::CoreList    2.13 3.10    
    Test::More          0    1.001003
    version             0.74 0.9908  

build_requires:

    Module              Need Have    
    ------------------- ---- --------
    ExtUtils::MakeMaker 0    6.98    

configure_requires:

    Module              Need Have    
    ------------------- ---- --------
    ExtUtils::MakeMaker 0    6.98    


------------------------------
ENVIRONMENT AND OTHER CONTEXT
------------------------------

Environment variables:

    DBIC_NO_WARN_BAD_PERL = 1
    PATH = /usr/local/bin:/usr/bin:/bin:/usr/local/sbin:/usr/sbin:/sbin:/home/eserte/bin/freebsd9.1:/home/eserte/bin/sh:/home/eserte/bin:/usr/games:/home/eserte/devel:/usr/home/eserte/src/cpan-testers-parallelsmoker/utils
    PERL5LIB = 
    PERL5OPT = 
    PERL5_CPANPLUS_IS_RUNNING = 12128
    PERL5_CPAN_IS_RUNNING = 12128
    PERL5_CPAN_IS_RUNNING_IN_RECURSION = 19684,12128
    PERLDOC = -MPod::Perldoc::ToTextOverstrike
    PERL_BATCH = yes
    PERL_CPAN_REPORTER_DIR = /home/eserte/var/ctps/51911/config/perl-5.19.11/cpanreporter
    PERL_EXTUTILS_AUTOINSTALL = --defaultdeps
    PERL_HTML_DISPLAY_CLASS = HTML::Display::Mozilla
    PERL_PARALLEL_SMOKER = yes
    PERL_TEST_UNPATCHED = 1
    PERL_TEST_UNPATCHED = 1
    SHELL = /usr/local/bin/zsh
    TERM = xterm
    TMPDIR = /var/tmp/cpansmoker-1000

Perl special variables (and OS-specific diagnostics, for MSWin32):

    $^X = /usr/home/eserte/var/ctps/51911/install/perl-5.19.11/bin/perl5.19.11
    $UID/$EUID = 1000 / 1000
    $GID = 1000 1000 0 5
    $EGID = 1000 1000 0 5

Perl module toolchain versions installed:

    Module              Have    
    ------------------- --------
    CPAN                2.05    
    CPAN::Meta          2.141170
    Cwd                 3.47    
    ExtUtils::CBuilder  0.280216
    ExtUtils::Command   1.18    
    ExtUtils::Install   1.67    
    ExtUtils::MakeMaker 6.98    
    ExtUtils::Manifest  1.63    
    ExtUtils::ParseXS   3.24    
    File::Spec          3.47    
    JSON                2.90    
    JSON::PP            2.27203 
    Module::Build       0.4205  
    Module::Signature   0.73    
    Parse::CPAN::Meta   1.4414  
    Test::Harness       3.30    
    Test::More          1.001003
    YAML                0.90    
    YAML::Syck          1.27    
    version             0.9908  


--

Summary of my perl5 (revision 5 version 19 subversion 11) configuration:
   
  Platform:
    osname=freebsd, osvers=9.2-release, archname=amd64-freebsd
    uname='freebsd cvrsnica-freebsd-92-ctps-51911.herceg.de 9.2-release freebsd 9.2-release #0 r255898: thu sep 26 22:50:31 utc 2013 root@bake.isc.freebsd.org:usrobjusrsrcsysgeneric amd64 '
    config_args='-ds -e -Uversiononly -Dinstallusrbinperl=n -Dusedevel -Dprefix=/home/eserte/var/ctps/51911/install/perl-5.19.11'
    hint=recommended, useposix=true, d_sigaction=define
    useithreads=undef, usemultiplicity=undef
    use64bitint=define, use64bitall=define, uselongdouble=undef
    usemymalloc=n, bincompat5005=undef
  Compiler:
    cc='cc', ccflags ='-DHAS_FPSETMASK -DHAS_FLOATINGPOINT_H -fno-strict-aliasing -pipe -fstack-protector -I/usr/local/include',
    optimize='-O',
    cppflags='-DHAS_FPSETMASK -DHAS_FLOATINGPOINT_H -fno-strict-aliasing -pipe -fstack-protector -I/usr/local/include'
    ccversion='', gccversion='4.2.1 20070831 patched [FreeBSD]', gccosandvers=''
    intsize=4, longsize=8, ptrsize=8, doublesize=8, byteorder=12345678
    d_longlong=define, longlongsize=8, d_longdbl=define, longdblsize=16
    ivtype='long', ivsize=8, nvtype='double', nvsize=8, Off_t='off_t', lseeksize=8
    alignbytes=8, prototype=define
  Linker and Libraries:
    ld='cc', ldflags ='-Wl,-E  -fstack-protector -L/usr/local/lib'
    libpth=/usr/lib /usr/local/lib /usr/include/gcc/4.2 /usr/lib
    libs=-lgdbm -lm -lcrypt -lutil -lc
    perllibs=-lm -lcrypt -lutil -lc
    libc=, so=so, useshrplib=false, libperl=libperl.a
    gnulibc_version=''
  Dynamic Linking:
    dlsrc=dl_dlopen.xs, dlext=so, d_dlsymun=undef, ccdlflags=' '
    cccdlflags='-DPIC -fPIC', lddlflags='-shared  -L/usr/local/lib -fstack-protector'


Characteristics of this binary (from libperl): 
  Compile-time options: HAS_TIMES PERLIO_LAYERS PERL_DONT_CREATE_GVSV
                        PERL_HASH_FUNC_ONE_AT_A_TIME_HARD PERL_MALLOC_WRAP
                        PERL_NEW_COPY_ON_WRITE PERL_PRESERVE_IVUV
                        PERL_USE_DEVEL USE_64_BIT_ALL USE_64_BIT_INT
                        USE_LARGE_FILES USE_LOCALE USE_LOCALE_COLLATE
                        USE_LOCALE_CTYPE USE_LOCALE_NUMERIC USE_PERLIO
                        USE_PERL_ATOF
  Built under freebsd
  Compiled at Apr 25 2014 08:05:33
  %ENV:
    PERL5LIB=""
    PERL5OPT=""
    PERL5_CPANPLUS_IS_RUNNING="12128"
    PERL5_CPAN_IS_RUNNING="12128"
    PERL5_CPAN_IS_RUNNING_IN_RECURSION="19684,12128"
    PERLDOC="-MPod::Perldoc::ToTextOverstrike"
    PERL_BATCH="yes"
    PERL_CPAN_REPORTER_DIR="/home/eserte/var/ctps/51911/config/perl-5.19.11/cpanreporter"
    PERL_EXTUTILS_AUTOINSTALL="--defaultdeps"
    PERL_HTML_DISPLAY_CLASS="HTML::Display::Mozilla"
    PERL_PARALLEL_SMOKER="yes"
    PERL_TEST_UNPATCHED="1"
  @INC:
    /home/eserte/var/ctps/51911/install/perl-5.19.11/lib/site_perl/5.19.11/amd64-freebsd
    /home/eserte/var/ctps/51911/install/perl-5.19.11/lib/site_perl/5.19.11
    /home/eserte/var/ctps/51911/install/perl-5.19.11/lib/5.19.11/amd64-freebsd
    /home/eserte/var/ctps/51911/install/perl-5.19.11/lib/5.19.11
    .