Back
From: metabase:user:30f4dfbe-2aae-11df-837a-5e0a49663a4f
Subject: FAIL POE-Component-Generic-0.1403 v5.10.1 GNU/Linux
Date: 2015-06-08T05:12:18Z
This distribution has been tested as part of the CPAN Testers
project, supporting the Perl programming language. See
http://wiki.cpantesters.org/ for more information or email
questions to cpan-testers-discuss@perl.org
--
Dear Philip Gwyn,
This is a computer-generated report for POE-Component-Generic-0.1403
on perl 5.10.1, created by CPAN-Reporter-1.2014.
Thank you for uploading your work to CPAN. However, there was a problem
testing your distribution.
If you think this report is invalid, please consult the CPAN Testers Wiki
for suggestions on how to avoid getting FAIL reports for missing library
or binary dependencies, unsupported operating systems, and so on:
http://wiki.cpantesters.org/wiki/CPANAuthorNotes
Sections of this report:
* Tester comments
* Program output
* Prerequisites
* Environment and other context
------------------------------
TESTER COMMENTS
------------------------------
Additional comments from tester:
this report is from an automated smoke testing program
and was not reviewed by a human for accuracy
------------------------------
PROGRAM OUTPUT
------------------------------
Output from '/usr/bin/make test':
PERL_DL_NONLAZY=1 "/home/njh/perl5/perlbrew/perls/perl-5.10.1/bin/perl" "-MExtUtils::Command::MM" "-MTest::Harness" "-e" "undef *Test::Harness::Switches; test_harness(0, 'blib/lib', 'blib/arch')" t/*.t
t/00_compile.t ....... ok
# POE 1.365, POE::Test::Loops 1.359, Perl 5.010001, /home/njh/perl5/perlbrew/perls/perl-5.10.1/bin/perl on linux
t/00_info.t .......... ok
t/01_pod.t ........... ok
# Failed test 'POE::Component::Generic::Net::SSH2, ignoring private functions'
# at t/02_pod_coverage.t line 34.
# POE::Component::Generic::Net::SSH2: requiring 'POE::Component::Generic::Net::SSH2' failed
# Looks like you failed 1 test of 4.
t/02_pod_coverage.t ..
Dubious, test returned 1 (wstat 256, 0x100)
Failed 1/4 subtests
t/04_object.t ........ ok
t/05_package.t ....... ok
t/07_callback.t ...... ok
t/08_factory.t ....... ok
# 3 seconds
# 6 seconds
t/10_simple.t ........ ok
# 3 seconds
# 6 seconds
t/11_error.t ......... ok
# 3 seconds
t/12_exit_kill.t ..... ok
t/15_stdout.t ........ ok
# 3 seconds
# 3 seconds
# 6 seconds
t/20_alt_fork.t ...... ok
t/21_alt_fork-x.t .... ok
# 1 seconds
t/30_callback.t ...... ok
# 2 seconds
# 2 seconds
t/40_postback.t ...... ok
# 1 seconds
t/50_factory.t ....... ok
t/90_ssh.t ........... ok
t/91_ssh2.t .......... ok
Test Summary Report
-------------------
t/02_pod_coverage.t (Wstat: 256 Tests: 4 Failed: 1)
Failed test: 4
Non-zero exit status: 1
Files=19, Tests=176, 50 wallclock secs ( 0.06 usr 0.04 sys + 2.14 cusr 0.28 csys = 2.52 CPU)
Result: FAIL
Failed 1/19 test programs. 1/176 subtests failed.
Makefile:861: recipe for target 'test_dynamic' failed
make: *** [test_dynamic] Error 255
------------------------------
PREREQUISITES
------------------------------
Prerequisite modules loaded:
requires:
Module Need Have
------------------- ----- --------
Carp 0 1.3301
Devel::Symdump 2 2.12
POE 1.311 1.365
Scalar::Util 1 1.41
Test::More 0.32 1.001014
build_requires:
Module Need Have
------------------- ----- --------
ExtUtils::MakeMaker 0 7.04
configure_requires:
Module Need Have
------------------- ----- --------
ExtUtils::MakeMaker 0 7.04
------------------------------
ENVIRONMENT AND OTHER CONTEXT
------------------------------
Environment variables:
AUTOMATED_TESTING = 1
LANG = en_GB.UTF-8
LANGUAGE = en_GB:en
LD_LIBRARY_PATH = /usr/local/lib::
PATH = /home/njh/perl5/perlbrew/bin:/home/njh/perl5/perlbrew/perls/perl-5.10.1/bin:/home/njh/perl5/perlbrew/bin:/usr/local/bin:/usr/bin:/bin:/usr/local/games:/usr/games:/home/njh/bin:/sbin
PERL5LIB = /home/njh/.cpan/build/Best-0.15-yDm92b/blib/arch:/home/njh/.cpan/build/Best-0.15-yDm92b/blib/lib:/home/njh/.cpan/build/POE-Component-Logger-1.10-wh_SoB/blib/arch:/home/njh/.cpan/build/POE-Component-Logger-1.10-wh_SoB/blib/lib:/home/njh/.cpan/build/Log-Dispatch-Config-1.04-h7xciz/blib/arch:/home/njh/.cpan/build/Log-Dispatch-Config-1.04-h7xciz/blib/lib:/home/njh/.cpan/build/UNIVERSAL-can-1.20140328-CWzf1B/blib/arch:/home/njh/.cpan/build/UNIVERSAL-can-1.20140328-CWzf1B/blib/lib:/home/njh/.cpan/build/CGI-4.20-ZNAy93/blib/arch:/home/njh/.cpan/build/CGI-4.20-ZNAy93/blib/lib:/home/njh/.cpan/build/Exception-Class-DBI-1.01-ckeOjp/blib/arch:/home/njh/.cpan/build/Exception-Class-DBI-1.01-ckeOjp/blib/lib:/home/njh/.cpan/build/Exception-Class-TryCatch-1.13-YlWdBK/blib/arch:/home/njh/.cpan/build/Exception-Class-TryCatch-1.13-YlWdBK/blib/lib:/home/njh/.cpan/build/Heap-0.80-f90ydO/blib/arch:/home/njh/.cpan/build/Heap-0.80-f90ydO/blib/lib:/home/njh/.cpan/build/POE-Filter-Stomp-0.04-2PzoNV/blib/arch:/home/njh/.cpan/build/POE-Filter-Stomp-0.04-2PzoNV/blib/lib:/home/njh/.cpan/build/Net-Stomp-0.55-JOx1dS/blib/arch:/home/njh/.cpan/build/Net-Stomp-0.55-JOx1dS/blib/lib
PERL5OPT =
PERL5_CPANPLUS_IS_RUNNING = 1059
PERL5_CPAN_IS_RUNNING = 1059
PERL5_MINISMOKEBOX = 0.58
PERLBREW_BASHRC_VERSION = 0.73
PERLBREW_HOME = /home/njh/.perlbrew
PERLBREW_LIB =
PERLBREW_MANPATH = /home/njh/perl5/perlbrew/perls/perl-5.10.1/man
PERLBREW_PATH = /home/njh/perl5/perlbrew/bin:/home/njh/perl5/perlbrew/perls/perl-5.10.1/bin
PERLBREW_PERL = perl-5.10.1
PERLBREW_ROOT = /home/njh/perl5/perlbrew
PERLBREW_VERSION = 0.73
PERL_EXTUTILS_AUTOINSTALL = --defaultdeps
PERL_LOCAL_LIB_ROOT =
PERL_MM_USE_DEFAULT = 1
SHELL = /bin/bash
TMPDIR = /home/njh/tmp
Perl special variables (and OS-specific diagnostics, for MSWin32):
$^X = /home/njh/perl5/perlbrew/perls/perl-5.10.1/bin/perl
$UID/$EUID = 1000 / 1000
$GID = 1000 4 24 25 29 30 44 46 108 112 1000
$EGID = 1000 4 24 25 29 30 44 46 108 112 1000
Perl module toolchain versions installed:
Module Have
------------------- --------
CPAN 1.9800
CPAN::Meta 2.142060
Cwd 3.47
ExtUtils::CBuilder 0.280220
ExtUtils::Command 1.18
ExtUtils::Install 1.68
ExtUtils::MakeMaker 7.04
ExtUtils::Manifest 1.65
ExtUtils::ParseXS 3.24
File::Spec 3.47
JSON 2.90
JSON::PP 2.27203
Module::Build 0.4212
Module::Signature 0.73
Parse::CPAN::Meta 1.4414
Test::Harness 3.35
Test::More 1.001014
YAML 1.15
YAML::Syck 1.29
version 0.9902
--
Summary of my perl5 (revision 5 version 10 subversion 1) configuration:
Platform:
osname=linux, osvers=3.2.0-4-amd64, archname=x86_64-linux-thread-multi
uname='linux nigelhorne.force9.co.uk 3.2.0-4-amd64 #1 smp debian 3.2.32-1 x86_64 gnulinux '
config_args='-de -Dprefix=/home/njh/perl5/perlbrew/perls/perl-5.10.1 -Duseithreads -Dusemultiplicity -Accflags=-O2 -W -Wformat=2 -Wswitch -Wshadow -Wwrite-strings -Wuninitialized -Wall -pipe -mtune=native -march=native -fomit-frame-pointer -mfpmath=sse -pedantic -D_FORTIFY_SOURCE=2 -Wpointer-arith -Wstrict-prototypes -fstack-protector -Wstack-protector -Wextra -Wbad-function-cast -Wcast-align -Wcast-qual -Wdisabled-optimization -Wendif-labels -Wfloat-equal -Wformat-nonliteral -Winline -Wmissing-declarations -Wmissing-prototypes -Wnested-externs -Wpointer-arith -Wundef -Wformat-security -Aeval:scriptdir=/home/njh/perl5/perlbrew/perls/perl-5.10.1/bin'
hint=recommended, useposix=true, d_sigaction=define
useithreads=define, usemultiplicity=define
useperlio=define, d_sfio=undef, uselargefiles=define, usesocks=undef
use64bitint=define, use64bitall=define, uselongdouble=undef
usemymalloc=n, bincompat5005=undef
Compiler:
cc='cc', ccflags ='-D_REENTRANT -D_GNU_SOURCE -O2 -W -Wformat=2 -Wswitch -Wshadow -Wwrite-strings -Wuninitialized -Wall -pipe -mtune=native -march=native -fomit-frame-pointer -mfpmath=sse -pedantic -D_FORTIFY_SOURCE=2 -Wpointer-arith -Wstrict-prototypes -fstack-protector -Wstack-protector -Wextra -Wbad-function-cast -Wcast-align -Wcast-qual -Wdisabled-optimization -Wendif-labels -Wfloat-equal -Wformat-nonliteral -Winline -Wmissing-declarations -Wmissing-prototypes -Wnested-externs -Wpointer-arith -Wundef -Wformat-security -fno-strict-aliasing -I/usr/local/include -D_LARGEFILE_SOURCE -D_FILE_OFFSET_BITS=64',
optimize='-O2',
cppflags='-D_REENTRANT -D_GNU_SOURCE -O2 -W -Wformat=2 -Wswitch -Wshadow -Wwrite-strings -Wuninitialized -Wall -pipe -mtune=native -march=native -fomit-frame-pointer -mfpmath=sse -pedantic -D_FORTIFY_SOURCE=2 -Wpointer-arith -Wstrict-prototypes -fstack-protector -Wstack-protector -Wextra -Wbad-function-cast -Wcast-align -Wcast-qual -Wdisabled-optimization -Wendif-labels -Wfloat-equal -Wformat-nonliteral -Winline -Wmissing-declarations -Wmissing-prototypes -Wnested-externs -Wpointer-arith -Wundef -Wformat-security -fno-strict-aliasing -I/usr/local/include'
ccversion='', gccversion='4.7.2', gccosandvers=''
intsize=4, longsize=8, ptrsize=8, doublesize=8, byteorder=12345678
d_longlong=define, longlongsize=8, d_longdbl=define, longdblsize=16
ivtype='long', ivsize=8, nvtype='double', nvsize=8, Off_t='off_t', lseeksize=8
alignbytes=8, prototype=define
Linker and Libraries:
ld='cc', ldflags =' -fstack-protector -L/usr/local/lib'
libpth=/usr/local/lib /lib/x86_64-linux-gnu /lib/../lib /usr/lib/x86_64-linux-gnu /usr/lib/../lib /lib /usr/lib
libs=-lnsl -lgdbm -ldb -ldl -lm -lcrypt -lutil -lpthread -lc -lgdbm_compat
perllibs=-lnsl -ldl -lm -lcrypt -lutil -lpthread -lc
libc=, so=so, useshrplib=false, libperl=libperl.a
gnulibc_version='2.13'
Dynamic Linking:
dlsrc=dl_dlopen.xs, dlext=so, d_dlsymun=undef, ccdlflags='-Wl,-E'
cccdlflags='-fPIC', lddlflags='-shared -O2 -L/usr/local/lib -fstack-protector'
Characteristics of this binary (from libperl):
Compile-time options: MULTIPLICITY PERL_DONT_CREATE_GVSV
PERL_IMPLICIT_CONTEXT PERL_MALLOC_WRAP USE_64_BIT_ALL
USE_64_BIT_INT USE_ITHREADS USE_LARGE_FILES
USE_PERLIO USE_REENTRANT_API
Built under linux
Compiled at Mar 5 2013 01:45:13
%ENV:
PERL5LIB="/home/njh/.cpan/build/Best-0.15-yDm92b/blib/arch:/home/njh/.cpan/build/Best-0.15-yDm92b/blib/lib:/home/njh/.cpan/build/POE-Component-Logger-1.10-wh_SoB/blib/arch:/home/njh/.cpan/build/POE-Component-Logger-1.10-wh_SoB/blib/lib:/home/njh/.cpan/build/Log-Dispatch-Config-1.04-h7xciz/blib/arch:/home/njh/.cpan/build/Log-Dispatch-Config-1.04-h7xciz/blib/lib:/home/njh/.cpan/build/UNIVERSAL-can-1.20140328-CWzf1B/blib/arch:/home/njh/.cpan/build/UNIVERSAL-can-1.20140328-CWzf1B/blib/lib:/home/njh/.cpan/build/CGI-4.20-ZNAy93/blib/arch:/home/njh/.cpan/build/CGI-4.20-ZNAy93/blib/lib:/home/njh/.cpan/build/Exception-Class-DBI-1.01-ckeOjp/blib/arch:/home/njh/.cpan/build/Exception-Class-DBI-1.01-ckeOjp/blib/lib:/home/njh/.cpan/build/Exception-Class-TryCatch-1.13-YlWdBK/blib/arch:/home/njh/.cpan/build/Exception-Class-TryCatch-1.13-YlWdBK/blib/lib:/home/njh/.cpan/build/Heap-0.80-f90ydO/blib/arch:/home/njh/.cpan/build/Heap-0.80-f90ydO/blib/lib:/home/njh/.cpan/build/POE-Filter-Stomp-0.04-2PzoNV/blib/arch:/home/njh/.cpan/build/POE-Filter-Stomp-0.04-2PzoNV/blib/lib:/home/njh/.cpan/build/Net-Stomp-0.55-JOx1dS/blib/arch:/home/njh/.cpan/build/Net-Stomp-0.55-JOx1dS/blib/lib"
PERL5OPT=""
PERL5_CPANPLUS_IS_RUNNING="1059"
PERL5_CPAN_IS_RUNNING="1059"
PERL5_MINISMOKEBOX="0.58"
PERLBREW_BASHRC_VERSION="0.73"
PERLBREW_HOME="/home/njh/.perlbrew"
PERLBREW_LIB=""
PERLBREW_MANPATH="/home/njh/perl5/perlbrew/perls/perl-5.10.1/man"
PERLBREW_PATH="/home/njh/perl5/perlbrew/bin:/home/njh/perl5/perlbrew/perls/perl-5.10.1/bin"
PERLBREW_PERL="perl-5.10.1"
PERLBREW_ROOT="/home/njh/perl5/perlbrew"
PERLBREW_VERSION="0.73"
PERL_EXTUTILS_AUTOINSTALL="--defaultdeps"
PERL_LOCAL_LIB_ROOT=""
PERL_MM_USE_DEFAULT="1"
@INC:
/home/njh/.cpan/build/Best-0.15-yDm92b/blib/arch
/home/njh/.cpan/build/Best-0.15-yDm92b/blib/lib
/home/njh/.cpan/build/POE-Component-Logger-1.10-wh_SoB/blib/arch
/home/njh/.cpan/build/POE-Component-Logger-1.10-wh_SoB/blib/lib
/home/njh/.cpan/build/Log-Dispatch-Config-1.04-h7xciz/blib/arch
/home/njh/.cpan/build/Log-Dispatch-Config-1.04-h7xciz/blib/lib
/home/njh/.cpan/build/UNIVERSAL-can-1.20140328-CWzf1B/blib/arch
/home/njh/.cpan/build/UNIVERSAL-can-1.20140328-CWzf1B/blib/lib
/home/njh/.cpan/build/CGI-4.20-ZNAy93/blib/arch
/home/njh/.cpan/build/CGI-4.20-ZNAy93/blib/lib
/home/njh/.cpan/build/Exception-Class-DBI-1.01-ckeOjp/blib/arch
/home/njh/.cpan/build/Exception-Class-DBI-1.01-ckeOjp/blib/lib
/home/njh/.cpan/build/Exception-Class-TryCatch-1.13-YlWdBK/blib/arch
/home/njh/.cpan/build/Exception-Class-TryCatch-1.13-YlWdBK/blib/lib
/home/njh/.cpan/build/Heap-0.80-f90ydO/blib/arch
/home/njh/.cpan/build/Heap-0.80-f90ydO/blib/lib
/home/njh/.cpan/build/POE-Filter-Stomp-0.04-2PzoNV/blib/arch
/home/njh/.cpan/build/POE-Filter-Stomp-0.04-2PzoNV/blib/lib
/home/njh/.cpan/build/Net-Stomp-0.55-JOx1dS/blib/arch
/home/njh/.cpan/build/Net-Stomp-0.55-JOx1dS/blib/lib
/home/njh/perl5/perlbrew/perls/perl-5.10.1/lib/5.10.1/x86_64-linux-thread-multi
/home/njh/perl5/perlbrew/perls/perl-5.10.1/lib/5.10.1
/home/njh/perl5/perlbrew/perls/perl-5.10.1/lib/site_perl/5.10.1/x86_64-linux-thread-multi
/home/njh/perl5/perlbrew/perls/perl-5.10.1/lib/site_perl/5.10.1
.