Report for Parse-Pidl-0.02

Back
From: metabase:user:322078bc-2aae-11df-837a-5e0a49663a4f
Subject: FAIL Parse-Pidl-0.02 v5.8.9 FreeBSD
Date: 2011-05-10T07:55:53Z

This distribution has been tested as part of the CPAN Testers
project, supporting the Perl programming language.  See
http://wiki.cpantesters.org/ for more information or email
questions to cpan-testers-discuss@perl.org


--

Dear CTRLSOFT,

This is a computer-generated error report created automatically by
CPANPLUS, version 0.9104. Testers personal comments may appear
at the end of this report.


Thank you for uploading your work to CPAN.  However, it appears that
there were some problems testing your distribution.

TEST RESULTS:

Below is the error stack from stage 'make test':

[MSG] [Tue May 10 08:55:39 2011] Trying to get 'http://cpan.mirror.local/CPAN/authors/id/C/CT/CTRLSOFT/Parse-Pidl-0.02.tar.gz'
[MSG] [Tue May 10 08:55:40 2011] Trying to get 'http://cpan.mirror.local/CPAN/authors/id/C/CT/CTRLSOFT/CHECKSUMS'
[MSG] [Tue May 10 08:55:40 2011] Checksum matches for 'Parse-Pidl-0.02.tar.gz'
[MSG] [Tue May 10 08:55:41 2011] Extracted 'Parse::Pidl' to '/usr/home/cpan/pit/thr/conf/perl-5.8.9/.cpanplus/5.8.9/build/Parse-Pidl-0.02'
[MSG] [Tue May 10 08:55:41 2011] CPANPLUS is prefering Build.PL
[MSG] [Tue May 10 08:55:41 2011] Loading YACSmoke database "/usr/home/cpan/pit/thr/conf/perl-5.8.9/.cpanplus/cpansmoke.dat"
[MSG] [Tue May 10 08:55:42 2011] Checking if your kit is complete...
Looks good
Writing Makefile for Parse::Pidl

[MSG] [Tue May 10 08:55:42 2011] DEFAULT 'filter_prereqs' HANDLER RETURNING 'sub return value'
[MSG] [Tue May 10 08:55:42 2011] Checking for previous PASS result for "Parse-Pidl-0.02"
[MSG] [Tue May 10 08:55:46 2011] cp lib/Parse/Pidl/NDR.pm blib/lib/Parse/Pidl/NDR.pm
cp lib/Parse/Pidl/Compat.pm blib/lib/Parse/Pidl/Compat.pm
cp lib/Parse/Pidl/Samba4/NDR/Client.pm blib/lib/Parse/Pidl/Samba4/NDR/Client.pm
cp lib/Parse/Pidl/Samba4/NDR/Parser.pm blib/lib/Parse/Pidl/Samba4/NDR/Parser.pm
cp lib/Parse/Pidl/Util.pm blib/lib/Parse/Pidl/Util.pm
cp lib/Parse/Pidl.pm blib/lib/Parse/Pidl.pm
cp lib/Parse/Pidl/Ethereal/NDR.pm blib/lib/Parse/Pidl/Ethereal/NDR.pm
cp lib/Parse/Pidl/Samba4/TDR.pm blib/lib/Parse/Pidl/Samba4/TDR.pm
cp lib/Parse/Pidl/Samba4/COM/Stub.pm blib/lib/Parse/Pidl/Samba4/COM/Stub.pm
cp lib/Parse/Pidl/Samba4/SWIG.pm blib/lib/Parse/Pidl/Samba4/SWIG.pm
cp lib/Parse/Pidl/Samba4/Template.pm blib/lib/Parse/Pidl/Samba4/Template.pm
cp lib/Parse/Pidl/Ethereal/Conformance.pm blib/lib/Parse/Pidl/Ethereal/Conformance.pm
cp lib/Parse/Pidl/ODL.pm blib/lib/Parse/Pidl/ODL.pm
cp lib/Parse/Pidl/Samba4/EJS.pm blib/lib/Parse/Pidl/Samba4/EJS.pm
cp lib/Parse/Pidl/Samba4/COM/Proxy.pm blib/lib/Parse/Pidl/Samba4/COM/Proxy.pm
cp lib/Parse/Pidl/Samba4/COM/Header.pm blib/lib/Parse/Pidl/Samba4/COM/Header.pm
cp lib/Parse/Pidl/Samba4/Header.pm blib/lib/Parse/Pidl/Samba4/Header.pm
cp lib/Parse/Pidl/Samba4/NDR/Server.pm blib/lib/Parse/Pidl/Samba4/NDR/Server.pm
cp lib/Parse/Pidl/Typelist.pm blib/lib/Parse/Pidl/Typelist.pm
cp lib/Parse/Pidl/Dump.pm blib/lib/Parse/Pidl/Dump.pm
cp pidl blib/script/pidl
/usr/home/cpan/pit/thr/perl-5.8.9/bin/perl -MExtUtils::MY -e 'MY->fixin(shift)' -- blib/script/pidl
Manifying blib/man1/pidl.1
Manifying blib/man3/Parse::Pidl::Ethereal::Conformance.3
Manifying blib/man3/Parse::Pidl::NDR.3
Manifying blib/man3/Parse::Pidl::Ethereal::NDR.3
Manifying blib/man3/Parse::Pidl::Dump.3

[ERROR] [Tue May 10 08:55:47 2011] MAKE TEST failed: PERL_DL_NONLAZY=1 /usr/home/cpan/pit/thr/perl-5.8.9/bin/perl "-MExtUtils::Command::MM" "-e" "test_harness(0, 'blib/lib', 'blib/arch')" tests/*.pl
Can't locate Parse/Pidl/IDL.pm in @INC (@INC contains: /usr/home/cpan/pit/thr/conf/perl-5.8.9/.cpanplus/5.8.9/build/Parse-Pidl-0.02/tests /usr/home/cpan/pit/thr/conf/perl-5.8.9/.cpanplus/5.8.9/build/Parse-Pidl-0.02/tests/../lib /usr/home/cpan/pit/thr/conf/perl-5.8.9/.cpanplus/5.8.9/build/Parse-Pidl-0.02/blib/lib /usr/home/cpan/pit/thr/conf/perl-5.8.9/.cpanplus/5.8.9/build/Parse-Pidl-0.02/blib/arch /usr/home/cpan/pit/thr/perl-5.8.9/lib/5.8.9/amd64-freebsd-thread-multi /usr/home/cpan/pit/thr/perl-5.8.9/lib/5.8.9 /usr/home/cpan/pit/thr/perl-5.8.9/lib/site_perl/5.8.9/amd64-freebsd-thread-multi /usr/home/cpan/pit/thr/perl-5.8.9/lib/site_perl/5.8.9 .) at /usr/home/cpan/pit/thr/conf/perl-5.8.9/.cpanplus/5.8.9/build/Parse-Pidl-0.02/tests/Util.pm line 14.
BEGIN failed--compilation aborted at /usr/home/cpan/pit/thr/conf/perl-5.8.9/.cpanplus/5.8.9/build/Parse-Pidl-0.02/tests/Util.pm line 14.
Compilation failed in require at tests/ndr_align.pl line 10.
BEGIN failed--compilation aborted at tests/ndr_align.pl line 10.
# Looks like your test exited with 2 before it could output anything.
tests/ndr_align.pl ... 
Dubious, test returned 2 (wstat 512, 0x200)
Failed 40/40 subtests 
Can't locate Parse/Pidl/IDL.pm in @INC (@INC contains: /usr/home/cpan/pit/thr/conf/perl-5.8.9/.cpanplus/5.8.9/build/Parse-Pidl-0.02/tests /usr/home/cpan/pit/thr/conf/perl-5.8.9/.cpanplus/5.8.9/build/Parse-Pidl-0.02/tests/../lib /usr/home/cpan/pit/thr/conf/perl-5.8.9/.cpanplus/5.8.9/build/Parse-Pidl-0.02/blib/lib /usr/home/cpan/pit/thr/conf/perl-5.8.9/.cpanplus/5.8.9/build/Parse-Pidl-0.02/blib/arch /usr/home/cpan/pit/thr/perl-5.8.9/lib/5.8.9/amd64-freebsd-thread-multi /usr/home/cpan/pit/thr/perl-5.8.9/lib/5.8.9 /usr/home/cpan/pit/thr/perl-5.8.9/lib/site_perl/5.8.9/amd64-freebsd-thread-multi /usr/home/cpan/pit/thr/perl-5.8.9/lib/site_perl/5.8.9 .) at /usr/home/cpan/pit/thr/conf/perl-5.8.9/.cpanplus/5.8.9/build/Parse-Pidl-0.02/tests/Util.pm line 14.
BEGIN failed--compilation aborted at /usr/home/cpan/pit/thr/conf/perl-5.8.9/.cpanplus/5.8.9/build/Parse-Pidl-0.02/tests/Util.pm line 14.
Compilation failed in require at tests/ndr_alloc.pl line 10.
BEGIN failed--compilation aborted at tests/ndr_alloc.pl line 10.
# Looks like your test exited with 2 before it could output anything.
tests/ndr_alloc.pl ... 
Dubious, test returned 2 (wstat 512, 0x200)
Failed 40/40 subtests 
Can't locate Parse/Pidl/IDL.pm in @INC (@INC contains: /usr/home/cpan/pit/thr/conf/perl-5.8.9/.cpanplus/5.8.9/build/Parse-Pidl-0.02/tests /usr/home/cpan/pit/thr/conf/perl-5.8.9/.cpanplus/5.8.9/build/Parse-Pidl-0.02/tests/../lib /usr/home/cpan/pit/thr/conf/perl-5.8.9/.cpanplus/5.8.9/build/Parse-Pidl-0.02/blib/lib /usr/home/cpan/pit/thr/conf/perl-5.8.9/.cpanplus/5.8.9/build/Parse-Pidl-0.02/blib/arch /usr/home/cpan/pit/thr/perl-5.8.9/lib/5.8.9/amd64-freebsd-thread-multi /usr/home/cpan/pit/thr/perl-5.8.9/lib/5.8.9 /usr/home/cpan/pit/thr/perl-5.8.9/lib/site_perl/5.8.9/amd64-freebsd-thread-multi /usr/home/cpan/pit/thr/perl-5.8.9/lib/site_perl/5.8.9 .) at /usr/home/cpan/pit/thr/conf/perl-5.8.9/.cpanplus/5.8.9/build/Parse-Pidl-0.02/tests/Util.pm line 14.
BEGIN failed--compilation aborted at /usr/home/cpan/pit/thr/conf/perl-5.8.9/.cpanplus/5.8.9/build/Parse-Pidl-0.02/tests/Util.pm line 14.
Compilation failed in require at tests/ndr_array.pl line 11.
BEGIN failed--compilation aborted at tests/ndr_array.pl line 11.
# Looks like your test exited with 2 before it could output anything.
tests/ndr_array.pl ... 
Dubious, test returned 2 (wstat 512, 0x200)
Failed 8/8 subtests 
Can't locate Parse/Pidl/IDL.pm in @INC (@INC contains: /usr/home/cpan/pit/thr/conf/perl-5.8.9/.cpanplus/5.8.9/build/Parse-Pidl-0.02/tests /usr/home/cpan/pit/thr/conf/perl-5.8.9/.cpanplus/5.8.9/build/Parse-Pidl-0.02/tests/../lib /usr/home/cpan/pit/thr/conf/perl-5.8.9/.cpanplus/5.8.9/build/Parse-Pidl-0.02/blib/lib /usr/home/cpan/pit/thr/conf/perl-5.8.9/.cpanplus/5.8.9/build/Parse-Pidl-0.02/blib/arch /usr/home/cpan/pit/thr/perl-5.8.9/lib/5.8.9/amd64-freebsd-thread-multi /usr/home/cpan/pit/thr/perl-5.8.9/lib/5.8.9 /usr/home/cpan/pit/thr/perl-5.8.9/lib/site_perl/5.8.9/amd64-freebsd-thread-multi /usr/home/cpan/pit/thr/perl-5.8.9/lib/site_perl/5.8.9 .) at /usr/home/cpan/pit/thr/conf/perl-5.8.9/.cpanplus/5.8.9/build/Parse-Pidl-0.02/tests/Util.pm line 14.
BEGIN failed--compilation aborted at /usr/home/cpan/pit/thr/conf/perl-5.8.9/.cpanplus/5.8.9/build/Parse-Pidl-0.02/tests/Util.pm line 14.
Compilation failed in require at tests/ndr_refptr.pl line 12.
BEGIN failed--compilation aborted at tests/ndr_refptr.pl line 12.
# Looks like your test exited with 2 before it could output anything.
tests/ndr_refptr.pl .. 
Dubious, test returned 2 (wstat 512, 0x200)
Failed 168/168 subtests 
Can't locate Parse/Pidl/IDL.pm in @INC (@INC contains: /usr/home/cpan/pit/thr/conf/perl-5.8.9/.cpanplus/5.8.9/build/Parse-Pidl-0.02/tests /usr/home/cpan/pit/thr/conf/perl-5.8.9/.cpanplus/5.8.9/build/Parse-Pidl-0.02/tests/../lib /usr/home/cpan/pit/thr/conf/perl-5.8.9/.cpanplus/5.8.9/build/Parse-Pidl-0.02/blib/lib /usr/home/cpan/pit/thr/conf/perl-5.8.9/.cpanplus/5.8.9/build/Parse-Pidl-0.02/blib/arch /usr/home/cpan/pit/thr/perl-5.8.9/lib/5.8.9/amd64-freebsd-thread-multi /usr/home/cpan/pit/thr/perl-5.8.9/lib/5.8.9 /usr/home/cpan/pit/thr/perl-5.8.9/lib/site_perl/5.8.9/amd64-freebsd-thread-multi /usr/home/cpan/pit/thr/perl-5.8.9/lib/site_perl/5.8.9 .) at /usr/home/cpan/pit/thr/conf/perl-5.8.9/.cpanplus/5.8.9/build/Parse-Pidl-0.02/tests/Util.pm line 14.
BEGIN failed--compilation aborted at /usr/home/cpan/pit/thr/conf/perl-5.8.9/.cpanplus/5.8.9/build/Parse-Pidl-0.02/tests/Util.pm line 14.
Compilation failed in require at tests/ndr_simple.pl line 11.
BEGIN failed--compilation aborted at tests/ndr_simple.pl line 11.
# Looks like your test exited with 2 before it could output anything.
tests/ndr_simple.pl .. 
Dubious, test returned 2 (wstat 512, 0x200)
Failed 8/8 subtests 
Can't locate Parse/Pidl/IDL.pm in @INC (@INC contains: /usr/home/cpan/pit/thr/conf/perl-5.8.9/.cpanplus/5.8.9/build/Parse-Pidl-0.02/tests /usr/home/cpan/pit/thr/conf/perl-5.8.9/.cpanplus/5.8.9/build/Parse-Pidl-0.02/tests/../lib /usr/home/cpan/pit/thr/conf/perl-5.8.9/.cpanplus/5.8.9/build/Parse-Pidl-0.02/blib/lib /usr/home/cpan/pit/thr/conf/perl-5.8.9/.cpanplus/5.8.9/build/Parse-Pidl-0.02/blib/arch /usr/home/cpan/pit/thr/perl-5.8.9/lib/5.8.9/amd64-freebsd-thread-multi /usr/home/cpan/pit/thr/perl-5.8.9/lib/5.8.9 /usr/home/cpan/pit/thr/perl-5.8.9/lib/site_perl/5.8.9/amd64-freebsd-thread-multi /usr/home/cpan/pit/thr/perl-5.8.9/lib/site_perl/5.8.9 .) at /usr/home/cpan/pit/thr/conf/perl-5.8.9/.cpanplus/5.8.9/build/Parse-Pidl-0.02/tests/Util.pm line 14.
BEGIN failed--compilation aborted at /usr/home/cpan/pit/thr/conf/perl-5.8.9/.cpanplus/5.8.9/build/Parse-Pidl-0.02/tests/Util.pm line 14.
Compilation failed in require at tests/ndr_string.pl line 11.
BEGIN failed--compilation aborted at tests/ndr_string.pl line 11.
# Looks like your test exited with 2 before it could output anything.
tests/ndr_string.pl .. 
Dubious, test returned 2 (wstat 512, 0x200)
Failed 16/16 subtests 
Can't locate Parse/Pidl/IDL.pm in @INC (@INC contains: /usr/home/cpan/pit/thr/conf/perl-5.8.9/.cpanplus/5.8.9/build/Parse-Pidl-0.02/tests/../lib /usr/home/cpan/pit/thr/conf/perl-5.8.9/.cpanplus/5.8.9/build/Parse-Pidl-0.02/blib/lib /usr/home/cpan/pit/thr/conf/perl-5.8.9/.cpanplus/5.8.9/build/Parse-Pidl-0.02/blib/arch /usr/home/cpan/pit/thr/perl-5.8.9/lib/5.8.9/amd64-freebsd-thread-multi /usr/home/cpan/pit/thr/perl-5.8.9/lib/5.8.9 /usr/home/cpan/pit/thr/perl-5.8.9/lib/site_perl/5.8.9/amd64-freebsd-thread-multi /usr/home/cpan/pit/thr/perl-5.8.9/lib/site_perl/5.8.9 .) at tests/parse_idl.pl line 10.
BEGIN failed--compilation aborted at tests/parse_idl.pl line 10.
# Looks like your test exited with 2 before it could output anything.
tests/parse_idl.pl ... 
Dubious, test returned 2 (wstat 512, 0x200)
Failed 51/51 subtests 

Test Summary Report
-------------------
tests/ndr_align.pl (Wstat: 512 Tests: 0 Failed: 0)
  Non-zero exit status: 2
  Parse errors: Bad plan.  You planned 40 tests but ran 0.
tests/ndr_alloc.pl (Wstat: 512 Tests: 0 Failed: 0)
  Non-zero exit status: 2
  Parse errors: Bad plan.  You planned 40 tests but ran 0.
tests/ndr_array.pl (Wstat: 512 Tests: 0 Failed: 0)
  Non-zero exit status: 2
  Parse errors: Bad plan.  You planned 8 tests but ran 0.
tests/ndr_refptr.pl (Wstat: 512 Tests: 0 Failed: 0)
  Non-zero exit status: 2
  Parse errors: Bad plan.  You planned 168 tests but ran 0.
tests/ndr_simple.pl (Wstat: 512 Tests: 0 Failed: 0)
  Non-zero exit status: 2
  Parse errors: Bad plan.  You planned 8 tests but ran 0.
tests/ndr_string.pl (Wstat: 512 Tests: 0 Failed: 0)
  Non-zero exit status: 2
  Parse errors: Bad plan.  You planned 16 tests but ran 0.
tests/parse_idl.pl (Wstat: 512 Tests: 0 Failed: 0)
  Non-zero exit status: 2
  Parse errors: Bad plan.  You planned 51 tests but ran 0.
Files=7, Tests=0,  1 wallclock secs ( 0.02 usr  0.06 sys +  0.17 cusr  0.12 csys =  0.37 CPU)
Result: FAIL
Failed 7/7 test programs. 0/0 subtests failed.
*** Error code 2

Stop in /usr/home/cpan/pit/thr/conf/perl-5.8.9/.cpanplus/5.8.9/build/Parse-Pidl-0.02.

[MSG] [Tue May 10 08:55:47 2011] DEFAULT 'proceed_on_test_failure' HANDLER RETURNING 'sub return value'


MISSING PREREQUISITES:

It was observed that the test suite seem to fail without these modules:

Parse::Pidl::IDL

As such, adding the prerequisite module(s) to 'PREREQ_PM' in your
Makefile.PL should solve this problem.  For example:

WriteMakefile(
    AUTHOR      => 'CTRLSOFT (cpanplus-info@lists.sf.net)',
    ... # other information
    PREREQ_PM   => {
	'Parse::Pidl::IDL'	=> '0', # or a minimum working version
    }
);

Thanks! :-)


Perl module toolchain versions installed:
	Module Name                        Have
	CPANPLUS                         0.9104
	CPANPLUS::Dist::Build              0.56
	Cwd                                3.33
	ExtUtils::CBuilder             0.280202
	ExtUtils::Command                  1.16
	ExtUtils::Install                  1.54
	ExtUtils::MakeMaker                6.56
	ExtUtils::Manifest                 1.58
	ExtUtils::ParseXS                2.2206
	File::Spec                         3.33
	Module::Build                    0.3800
	Test::Harness                      3.23
	Test::More                         0.98
	version                            0.88

******************************** NOTE ********************************
The comments above are created mechanically, possibly without manual
checking by the sender.  As there are many people performing automatic
tests on each upload to CPAN, it is likely that you will receive
identical messages about the same problem.

If you believe that the message is mistaken, please reply to the first
one with correction and/or additional informations, and do not take
it personally.  We appreciate your patience. :)
**********************************************************************

Additional comments:


This report was machine-generated by CPANPLUS::Dist::YACSmoke 0.62.
Powered by minismokebox version 0.44

------------------------------
ENVIRONMENT AND OTHER CONTEXT
------------------------------

Environment variables:

    AUTOMATED_TESTING = 1
    PATH = /sbin:/bin:/usr/sbin:/usr/bin:/usr/games:/usr/local/sbin:/usr/local/bin:/home/cpan/bin
    PERL5LIB = :/usr/home/cpan/pit/thr/conf/perl-5.8.9/.cpanplus/5.8.9/build/Parse-Pidl-0.02/blib/lib:/usr/home/cpan/pit/thr/conf/perl-5.8.9/.cpanplus/5.8.9/build/Parse-Pidl-0.02/blib/arch
    PERL5_CPANPLUS_IS_RUNNING = 84134
    PERL5_CPANPLUS_IS_VERSION = 0.9104
    PERL5_MINISMOKEBOX = 0.44
    PERL5_YACSMOKE_BASE = /usr/home/cpan/pit/thr/conf/perl-5.8.9
    PERL_EXTUTILS_AUTOINSTALL = --defaultdeps
    PERL_MM_USE_DEFAULT = 1
    SHELL = /usr/local/bin/bash
    TERM = screen

Perl special variables (and OS-specific diagnostics, for MSWin32):

    Perl: $^X = /usr/home/cpan/pit/thr/perl-5.8.9/bin/perl
    UID:  $<  = 1002
    EUID: $>  = 1002
    GID:  $(  = 1002 1002
    EGID: $)  = 1002 1002


-------------------------------


--

Summary of my perl5 (revision 5 version 8 subversion 9) configuration:
  Platform:
    osname=freebsd, osvers=9.0-current-201101, archname=amd64-freebsd-thread-multi
    uname='freebsd flooble.bingosnet.co.uk 9.0-current-201101 freebsd 9.0-current-201101 #0: mon jan 3 22:15:39 utc 2011 root@farrell.cse.buffalo.edu:usrobjusrsrcsysgeneric amd64 '
    config_args='-des -Dprefix=/usr/home/cpan/pit/thr/perl-5.8.9 -Dusethreads'
    hint=recommended, useposix=true, d_sigaction=define
    usethreads=define use5005threads=undef useithreads=define usemultiplicity=define
    useperlio=define d_sfio=undef uselargefiles=define usesocks=undef
    use64bitint=define use64bitall=define uselongdouble=undef
    usemymalloc=n, bincompat5005=undef
  Compiler:
    cc='cc', ccflags ='-DHAS_FPSETMASK -DHAS_FLOATINGPOINT_H -fno-strict-aliasing -pipe -I/usr/local/include',
    optimize='-O',
    cppflags='-DHAS_FPSETMASK -DHAS_FLOATINGPOINT_H -fno-strict-aliasing -pipe -I/usr/local/include'
    ccversion='', gccversion='4.2.1 20070719  [FreeBSD]', gccosandvers=''
    intsize=4, longsize=8, ptrsize=8, doublesize=8, byteorder=12345678
    d_longlong=define, longlongsize=8, d_longdbl=define, longdblsize=16
    ivtype='long', ivsize=8, nvtype='double', nvsize=8, Off_t='off_t', lseeksize=8
    alignbytes=8, prototype=define
  Linker and Libraries:
    ld='cc', ldflags ='-pthread -Wl,-E  -L/usr/local/lib'
    libpth=/usr/lib /usr/local/lib
    libs=-lgdbm -lm -lcrypt
    perllibs=-lm -lcrypt
    libc=, so=so, useshrplib=false, libperl=libperl.a
    gnulibc_version=''
  Dynamic Linking:
    dlsrc=dl_dlopen.xs, dlext=so, d_dlsymun=undef, ccdlflags=' '
    cccdlflags='-DPIC -fPIC', lddlflags='-shared  -L/usr/local/lib'


Characteristics of this binary (from libperl): 
  Compile-time options: MULTIPLICITY PERL_IMPLICIT_CONTEXT PERL_MALLOC_WRAP
                        USE_64_BIT_ALL USE_64_BIT_INT USE_FAST_STDIO
                        USE_ITHREADS USE_LARGE_FILES USE_PERLIO
                        USE_REENTRANT_API
  Built under freebsd
  Compiled at Apr 29 2011 03:29:34
  %ENV:
    PERL5LIB=":/usr/home/cpan/pit/thr/conf/perl-5.8.9/.cpanplus/5.8.9/build/Parse-Pidl-0.02/blib/lib:/usr/home/cpan/pit/thr/conf/perl-5.8.9/.cpanplus/5.8.9/build/Parse-Pidl-0.02/blib/arch"
    PERL5_CPANPLUS_IS_RUNNING="84134"
    PERL5_CPANPLUS_IS_VERSION="0.9104"
    PERL5_MINISMOKEBOX="0.44"
    PERL5_YACSMOKE_BASE="/usr/home/cpan/pit/thr/conf/perl-5.8.9"
    PERL_EXTUTILS_AUTOINSTALL="--defaultdeps"
    PERL_MM_USE_DEFAULT="1"
  @INC:
    /usr/home/cpan/pit/thr/conf/perl-5.8.9/.cpanplus/5.8.9/build/Parse-Pidl-0.02/blib/lib
    /usr/home/cpan/pit/thr/conf/perl-5.8.9/.cpanplus/5.8.9/build/Parse-Pidl-0.02/blib/arch
    /usr/home/cpan/pit/thr/perl-5.8.9/lib/5.8.9/amd64-freebsd-thread-multi
    /usr/home/cpan/pit/thr/perl-5.8.9/lib/5.8.9
    /usr/home/cpan/pit/thr/perl-5.8.9/lib/site_perl/5.8.9/amd64-freebsd-thread-multi
    /usr/home/cpan/pit/thr/perl-5.8.9/lib/site_perl/5.8.9
    .