Script-Toolbox v0.63 Perl 5 v5.16.3 i386-netbsd
- Status
- Fail
- From
- Chris Williams (BINGOS)
- Dist
-
Script-Toolbox v0.63
- Platform
- Perl 5 v5.16.3 i386-netbsd
- Date
- 2019-09-04 21:49:52
- ID
- ecf3a2a0-cf5d-11e9-99fe-b031dbec7dbf
This distribution has been tested as part of the CPAN Testers
project, supporting the Perl programming language. See
http://wiki.cpantesters.org/ for more information or email
questions to cpan-testers-discuss@perl.org
--
Dear ECKARDT,
This is a computer-generated error report created automatically by
CPANPLUS, version 0.9178. Testers personal comments may appear
at the end of this report.
Thank you for uploading your work to CPAN. However, it appears that
there were some problems testing your distribution.
TEST RESULTS:
Below is the error stack from stage 'make test':
Manifying 1 pod document
Manifying 1 pod document
Manifying 1 pod document
Manifying 1 pod document
Manifying 1 pod document
Manifying 1 pod document
No tests defined for Script::Toolbox::TableO extension.
Manifying 1 pod document
Manifying 1 pod document
Manifying 1 pod document
Manifying 1 pod document
No tests defined for Script::Toolbox::Util::Formatter extension.
No tests defined for Script::Toolbox::Util::Menues extension.
No tests defined for Script::Toolbox::Util::Menus extension.
No tests defined for Script::Toolbox::Util::Opt extension.
No tests defined for Script::Toolbox::Util extension.
PERL_DL_NONLAZY=1 "/home/cpan/pit/bare/perl-5.16.3/bin/perl" "-MExtUtils::Command::MM" "-MTest::Harness" "-e" "undef *Test::Harness::Switches; test_harness(0, 'blib/lib', 'blib/arch')" t/*.t
t/01_new.t ..... ok
t/02_Log.t ..... ok
t/03_Exit.t .... ok
t/04_Open.t .... ok
t/05_GetSet.t .. ok
t/06_Table.t ... ok
t/07_File.t .... ok
t/08_Dir.t ..... ok
t/09_Misc.t .... ok
# Failed test at t/10_Stat.t line 38.
# Failed test at t/10_Stat.t line 54.
# Looks like you failed 2 tests of 32.
t/10_Stat.t ....
Dubious, test returned 2 (wstat 512, 0x200)
Failed 2/32 subtests
Test Summary Report
-------------------
t/10_Stat.t (Wstat: 512 Tests: 32 Failed: 2)
Failed tests: 13, 26
Non-zero exit status: 2
Files=10, Tests=150, 6 wallclock secs ( 0.07 usr 0.02 sys + 3.09 cusr 1.68 csys = 4.86 CPU)
Result: FAIL
Failed 1/10 test programs. 2/150 subtests failed.
*** Error code 2
Stop.
make: stopped in /home/cpan/pit/bare/conf/perl-5.16.3/.cpanplus/5.16.3/build/FdzjN8DXUV/Script-Toolbox-0.63
PREREQUISITES:
Here is a list of prerequisites you specified and versions we
managed to load:
Module Name Have Want
Data::Dumper 2.135_06 2
ExtUtils::MakeMaker 7.36 0
Fatal 2.10 1
File::stat 1.05 1
IO::Dir 1.10 1
IO::File 1.16 1
Time::ParseDate 2015.103 1
UNIVERSAL 1.11 1
Perl module toolchain versions installed:
Module Name Have
CPANPLUS 0.9178
CPANPLUS::Dist::Build 0.90
Cwd 3.75
ExtUtils::CBuilder 0.280231
ExtUtils::Command 7.36
ExtUtils::Install 2.14
ExtUtils::MakeMaker 7.36
ExtUtils::Manifest 1.72
ExtUtils::ParseXS 3.35
File::Spec 3.75
Module::Build 0.4229
Pod::Parser 1.51
Pod::Simple 3.20
Test2 1.302164
Test::Harness 3.42
Test::More 1.302164
version 0.9924
******************************** NOTE ********************************
The comments above are created mechanically, possibly without manual
checking by the sender. As there are many people performing automatic
tests on each upload to CPAN, it is likely that you will receive
identical messages about the same problem.
If you believe that the message is mistaken, please reply to the first
one with correction and/or additional informations, and do not take
it personally. We appreciate your patience. :)
**********************************************************************
Additional comments:
This report was machine-generated by CPANPLUS::Dist::YACSmoke 1.08.
Powered by minismokebox version 0.68
CPANPLUS is prefering Build.PL
------------------------------
ENVIRONMENT AND OTHER CONTEXT
------------------------------
Environment variables:
AUTOMATED_TESTING = 1
NONINTERACTIVE_TESTING = 1
PATH = /home/cpan/bin:/bin:/sbin:/usr/bin:/usr/sbin:/usr/X11R7/bin:/usr/pkg/bin:/usr/pkg/sbin:/usr/games:/usr/local/bin:/usr/local/sbin
PERL5LIB = /home/cpan/pit/jail/ysi9JQhMGh/lib/perl5:/home/cpan/pit/bare/conf/perl-5.16.3/.cpanplus/5.16.3/build/FdzjN8DXUV/Script-Toolbox-0.63/blib/lib:/home/cpan/pit/bare/conf/perl-5.16.3/.cpanplus/5.16.3/build/FdzjN8DXUV/Script-Toolbox-0.63/blib/arch
PERL5_CPANPLUS_IS_RUNNING = 7240
PERL5_CPANPLUS_IS_VERSION = 0.9178
PERL5_MINISMOKEBOX = 0.68
PERL5_YACSMOKE_BASE = /home/cpan/pit/bare/conf/perl-5.16.3
PERL_EXTUTILS_AUTOINSTALL = --defaultdeps
PERL_LOCAL_LIB_ROOT = /home/cpan/pit/jail/ysi9JQhMGh
PERL_MB_OPT = --install_base "/home/cpan/pit/jail/ysi9JQhMGh"
PERL_MM_OPT = INSTALL_BASE=/home/cpan/pit/jail/ysi9JQhMGh
PERL_MM_USE_DEFAULT = 1
SHELL = /usr/pkg/bin/bash
TERM = screen
Perl special variables (and OS-specific diagnostics, for MSWin32):
Perl: $^X = /home/cpan/pit/bare/perl-5.16.3/bin/perl
UID: $< = 1001
EUID: $> = 1001
GID: $( = 100 100
EGID: $) = 100 100
-------------------------------
--
Summary of my perl5 (revision 5 version 16 subversion 3) configuration:
Platform:
osname=netbsd, osvers=8.1, archname=i386-netbsd
uname='netbsd naboo.bingosnet.co.uk 8.1 netbsd 8.1 (generic) #0: fri may 31 08:43:59 utc 2019 mkrepro@mkrepro.netbsd.org:usrsrcsysarchi386compilegeneric i386 '
config_args='-des -Dprefix=/home/cpan/pit/bare/perl-5.16.3'
hint=recommended, useposix=true, d_sigaction=define
useithreads=undef, usemultiplicity=undef
useperlio=define, d_sfio=undef, uselargefiles=define, usesocks=undef
use64bitint=undef, use64bitall=undef, uselongdouble=undef
usemymalloc=n, bincompat5005=undef
Compiler:
cc='cc', ccflags ='-fwrapv -fno-strict-aliasing -pipe -fstack-protector -I/usr/pkg/include',
optimize='-O',
cppflags='-fwrapv -fno-strict-aliasing -pipe -fstack-protector -I/usr/pkg/include'
ccversion='', gccversion='5.5.0', gccosandvers=''
intsize=4, longsize=4, ptrsize=4, doublesize=8, byteorder=1234
d_longlong=define, longlongsize=8, d_longdbl=define, longdblsize=12
ivtype='long', ivsize=4, nvtype='double', nvsize=8, Off_t='off_t', lseeksize=8
alignbytes=4, prototype=define
Linker and Libraries:
ld='cc', ldflags =' -Wl,-rpath,/usr/pkg/lib -Wl,-rpath,/usr/local/lib -fstack-protector -L/usr/pkg/lib'
libpth=/usr/pkg/lib /lib /usr/lib
libs=-lgdbm -lm -lcrypt -lutil -lc -lposix
perllibs=-lm -lcrypt -lutil -lc -lposix
libc=/lib/libc.so, so=so, useshrplib=false, libperl=libperl.a
gnulibc_version=''
Dynamic Linking:
dlsrc=dl_dlopen.xs, dlext=so, d_dlsymun=undef, ccdlflags='-Wl,-E '
cccdlflags='-DPIC -fPIC ', lddlflags='-shared -L/usr/pkg/lib -fstack-protector'
Characteristics of this binary (from libperl):
Compile-time options: HAS_TIMES PERLIO_LAYERS PERL_DONT_CREATE_GVSV
PERL_MALLOC_WRAP PERL_PRESERVE_IVUV USE_LARGE_FILES
USE_LOCALE USE_LOCALE_COLLATE USE_LOCALE_CTYPE
USE_LOCALE_NUMERIC USE_PERLIO USE_PERL_ATOF
Locally applied patches:
Devel::PatchPerl 1.64
Built under netbsd
Compiled at Aug 2 2019 23:15:02
%ENV:
PERL5LIB="/home/cpan/pit/jail/ysi9JQhMGh/lib/perl5:/home/cpan/pit/bare/conf/perl-5.16.3/.cpanplus/5.16.3/build/FdzjN8DXUV/Script-Toolbox-0.63/blib/lib:/home/cpan/pit/bare/conf/perl-5.16.3/.cpanplus/5.16.3/build/FdzjN8DXUV/Script-Toolbox-0.63/blib/arch"
PERL5_CPANPLUS_IS_RUNNING="7240"
PERL5_CPANPLUS_IS_VERSION="0.9178"
PERL5_MINISMOKEBOX="0.68"
PERL5_YACSMOKE_BASE="/home/cpan/pit/bare/conf/perl-5.16.3"
PERL_EXTUTILS_AUTOINSTALL="--defaultdeps"
PERL_LOCAL_LIB_ROOT="/home/cpan/pit/jail/ysi9JQhMGh"
PERL_MB_OPT="--install_base "/home/cpan/pit/jail/ysi9JQhMGh""
PERL_MM_OPT="INSTALL_BASE=/home/cpan/pit/jail/ysi9JQhMGh"
PERL_MM_USE_DEFAULT="1"
@INC:
/home/cpan/pit/jail/ysi9JQhMGh/lib/perl5/5.16.3/i386-netbsd
/home/cpan/pit/jail/ysi9JQhMGh/lib/perl5/5.16.3
/home/cpan/pit/jail/ysi9JQhMGh/lib/perl5/i386-netbsd
/home/cpan/pit/jail/ysi9JQhMGh/lib/perl5
/home/cpan/pit/bare/conf/perl-5.16.3/.cpanplus/5.16.3/build/FdzjN8DXUV/Script-Toolbox-0.63/blib/lib
/home/cpan/pit/bare/conf/perl-5.16.3/.cpanplus/5.16.3/build/FdzjN8DXUV/Script-Toolbox-0.63/blib/arch
/home/cpan/pit/bare/perl-5.16.3/lib/site_perl/5.16.3/i386-netbsd
/home/cpan/pit/bare/perl-5.16.3/lib/site_perl/5.16.3
/home/cpan/pit/bare/perl-5.16.3/lib/5.16.3/i386-netbsd
/home/cpan/pit/bare/perl-5.16.3/lib/5.16.3
.