Report for POEx-HTTP-Server-0.0902

Back
From: metabase:user:e667a2a9-6c14-1014-9503-c31448f0d22a
Subject: FAIL POEx-HTTP-Server-0.0902 v5.20.0 
Date: 2014-11-10T13:57:31Z

This distribution has been tested as part of the CPAN Testers
project, supporting the Perl programming language.  See
http://wiki.cpantesters.org/ for more information or email
questions to cpan-testers-discuss@perl.org


--
Dear Philip Gwyn,

This is a computer-generated report for POEx-HTTP-Server-0.0902
on perl 5.20.0, created by CPAN-Reporter-1.2012.

Thank you for uploading your work to CPAN.  However, there was a problem
testing your distribution.

If you think this report is invalid, please consult the CPAN Testers Wiki
for suggestions on how to avoid getting FAIL reports for missing library
or binary dependencies, unsupported operating systems, and so on:

http://wiki.cpantesters.org/wiki/CPANAuthorNotes

Sections of this report:

    * Tester comments
    * Program output
    * Prerequisites
    * Environment and other context

------------------------------
TESTER COMMENTS
------------------------------

Additional comments from tester:

this report is from an automated smoke testing program
and was not reviewed by a human for accuracy

------------------------------
PROGRAM OUTPUT
------------------------------

Output from 'C:\STRAWB~1\c\bin\dmake.exe test':

C:\Strawberry\perl\bin\perl.exe "-MExtUtils::Command::MM" "-MTest::Harness" "-e" "undef *Test::Harness::Switches; test_harness(0, 'blib\lib', 'blib\arch')" t/*.t
t/00_compile.t ....... ok
t/01_pod.t ........... ok
t/02_pod_coverage.t .. ok
t/10_init.t .......... ok
t/11_request.t ....... ok
t/12_response.t ...... ok
# Sleep 1

#   Failed test 'GET http://0.0.0.0:55356'
#   at t/20_poe.t line 70.
Failed: bless({
  _content => "500 Can't connect to 0.0.0.0:55356 (connect: 10049)\n",
  _headers => bless({
    "client-date"    => "Mon, 10 Nov 2014 04:25:06 GMT",
    "client-warning" => "Internal response",
    "content-type"   => "text/plain",
  }, "HTTP::Headers"),
  _msg => "Can't connect to 0.0.0.0:55356 (connect: 10049)",
  _rc => 500,
  _request => bless({
    _content => "",
    _headers => bless({ "user-agent" => "t/20_poe.t/0.1 libwww-perl/5.837" }, "HTTP::Headers"),
    _method  => "GET",
    _uri     => bless(do{\(my $o = "http://0.0.0.0:55356")}, "URI::http"),
  }, "HTTP::Request"),
}, "HTTP::Response") at t/20_poe.t line 70.
t/20_poe.t ........... 
Dubious, test returned 1 (wstat 256, 0x100)
Failed 33/33 subtests 
# Sleep 1

#   Failed test 'One request'
#   at t/25_keepalive.t line 71.
bless({
  _content => "500 Can't connect to 0.0.0.0:55389 (connect: 10049)\n",
  _headers => bless({
    "client-date"    => "Mon, 10 Nov 2014 13:50:56 GMT",
    "client-warning" => "Internal response",
    "content-type"   => "text/plain",
  }, "HTTP::Headers"),
  _msg => "Can't connect to 0.0.0.0:55389 (connect: 10049)",
  _rc => 500,
  _request => bless({
    _content => "",
    _headers => bless({ "user-agent" => "t/25_keepalive.t/0.1 libwww-perl/5.837" }, "HTTP::Headers"),
    _method  => "GET",
    _uri     => bless(do{\(my $o = "http://0.0.0.0:55389/dynamic/debug.txt")}, "URI::http"),
  }, "HTTP::Request"),
}, "HTTP::Response") at t/25_keepalive.t line 71.
Your vendor has not defined POSIX macro SIGUSR1, used at t/25_keepalive.t line 118
END failed--call queue aborted at t/25_keepalive.t line 71.
# Looks like you planned 8 tests but ran 1.
# Looks like you failed 1 test of 1 run.
# Looks like your test exited with 101 just after 1.
t/25_keepalive.t ..... 
Dubious, test returned 1 (wstat 256, 0x100)
Failed 8/8 subtests 
t/26_prefork.t ....... skipped: POE::Component::Daemon isn't available
# Sleep 1
t/30_specials.t ...... 
Dubious, test returned 1 (wstat 256, 0x100)
Failed 26/26 subtests 
# Sleep 1
# Sleep 1
t/31_error.t ......... 
Dubious, test returned 1 (wstat 256, 0x100)
Failed 1/5 subtests 
# Sleep 1
500 Can't connect to 0.0.0.0:55399 (connect: 10049)
t/32_stream.t ........ 
Dubious, test returned 1 (wstat 256, 0x100)
Failed 36/36 subtests 

Test Summary Report
-------------------
t/20_poe.t         (Wstat: 256 Tests: 1 Failed: 1)
  Failed test:  1
  Non-zero exit status: 1
  Parse errors: Bad plan.  You planned 33 tests but ran 1.
t/25_keepalive.t   (Wstat: 256 Tests: 1 Failed: 1)
  Failed test:  1
  Non-zero exit status: 1
  Parse errors: Bad plan.  You planned 8 tests but ran 1.
t/30_specials.t    (Wstat: 256 Tests: 0 Failed: 0)
  Non-zero exit status: 1
  Parse errors: Bad plan.  You planned 26 tests but ran 0.
t/31_error.t       (Wstat: 256 Tests: 4 Failed: 0)
  Non-zero exit status: 1
  Parse errors: Bad plan.  You planned 5 tests but ran 4.
t/32_stream.t      (Wstat: 256 Tests: 0 Failed: 0)
  Non-zero exit status: 1
  Parse errors: Bad plan.  You planned 36 tests but ran 0.
Files=12, Tests=89, 34311 wallclock secs ( 0.16 usr +  0.16 sys =  0.31 CPU)
Result: FAIL
Failed 5/12 test programs. 2/89 subtests failed.
dmake.exe:  Error code 129, while making 'test_dynamic'

------------------------------
PREREQUISITES
------------------------------

Prerequisite modules loaded:

requires:

    Module                  Need   Have  
    ----------------------- ------ ------
    Data::Dump              1      1.22  
    HTTP::Date              1      5.831 
    HTTP::Request           1      5.827 
    HTTP::Response          1      5.836 
    HTTP::Status            1      5.817 
    POE                     1      1.358 
    POE::Session::Multiplex 0.06   0.0600
    POE::Session::PlainCall 0.03   0.0301
    POEx::URI               0.0301 0.0301
    Scalar::Util            0      1.39  
    Storable                1      2.49  

build_requires:

    Module                  Need   Have  
    ----------------------- ------ ------
    ExtUtils::MakeMaker     0      6.98  

configure_requires:

    Module                  Need   Have  
    ----------------------- ------ ------
    ExtUtils::MakeMaker     0      6.98  


------------------------------
ENVIRONMENT AND OTHER CONTEXT
------------------------------

Environment variables:

    AUTOMATED_TESTING = 1
    COMSPEC = C:\Windows\system32\cmd.exe
    NUMBER_OF_PROCESSORS = 1
    PATH = C:\Windows\system32;C:\Windows;C:\Windows\System32\Wbem;C:\Windows\System32\WindowsPowerShell\v1.0\;C:\Strawberry\c\bin;C:\Strawberry\perl\site\bin;C:\Strawberry\perl\bin;C:\Program Files\Git\cmd
    PERL5LIB = C:\STRAWB~1\cpan\build\POE-Session-PlainCall-0.0301-Y4gBan/blib/arch;C:\STRAWB~1\cpan\build\POE-Session-PlainCall-0.0301-Y4gBan/blib/lib;C:\STRAWB~1\cpan\build\POEx-URI-0.0301-k1ok1A/blib/arch;C:\STRAWB~1\cpan\build\POEx-URI-0.0301-k1ok1A/blib/lib;C:\STRAWB~1\cpan\build\POE-Session-Multiplex-0.0600-OTuZUZ/blib/arch;C:\STRAWB~1\cpan\build\POE-Session-Multiplex-0.0600-OTuZUZ/blib/lib;C:\STRAWB~1\cpan\build\POE-Component-Client-DNS-1.053-CLB1xq/blib/arch;C:\STRAWB~1\cpan\build\POE-Component-Client-DNS-1.053-CLB1xq/blib/lib;C:\STRAWB~1\cpan\build\POE-Component-IRC-6.88-sH9R7y/blib/arch;C:\STRAWB~1\cpan\build\POE-Component-IRC-6.88-sH9R7y/blib/lib;C:\STRAWB~1\cpan\build\IRC-Utils-0.12-faJVi4/blib/arch;C:\STRAWB~1\cpan\build\IRC-Utils-0.12-faJVi4/blib/lib;C:\STRAWB~1\cpan\build\POE-Component-Syndicator-0.06-zXaJ8O/blib/arch;C:\STRAWB~1\cpan\build\POE-Component-Syndicator-0.06-zXaJ8O/blib/lib;C:\STRAWB~1\cpan\build\Object-Pluggable-1.29-_2it_L/blib/arch;C:\STRAWB~1\cpan\build\Object-Pluggable-1.29-_2it_L/blib/lib;C:\STRAWB~1\cpan\build\POE-Filter-IRCD-2.44-XmPxfw/blib/arch;C:\STRAWB~1\cpan\build\POE-Filter-IRCD-2.44-XmPxfw/blib/lib;C:\STRAWB~1\cpan\build\Test-Cmd-1.06-irEnwu/blib/arch;C:\STRAWB~1\cpan\build\Test-Cmd-1.06-irEnwu/blib/lib;C:\STRAWB~1\cpan\build\Email-Date-1.104-DVpr7E/blib/arch;C:\STRAWB~1\cpan\build\Email-Date-1.104-DVpr7E/blib/lib;C:\STRAWB~1\cpan\build\Log-Handler-0.84-ay4Wdj/blib/arch;C:\STRAWB~1\cpan\build\Log-Handler-0.84-ay4Wdj/blib/lib
    PERL5OPT = 
    PERL5_CPANPLUS_IS_RUNNING = 2576
    PERL5_CPAN_IS_RUNNING = 2576
    PERL5_CPAN_IS_RUNNING_IN_RECURSION = 3268,2576
    PERL_CR_SMOKER_CURRENT = IRC-Indexer-0.06
    PERL_EXTUTILS_AUTOINSTALL = --defaultdeps
    PERL_MM_USE_DEFAULT = 1
    PROCESSOR_IDENTIFIER = x86 Family 21 Model 1 Stepping 2, AuthenticAMD
    TEMP = C:\Users\albie\AppData\Local\Temp

Perl special variables (and OS-specific diagnostics, for MSWin32):

    $^X = C:\Strawberry\perl\bin\perl.exe
    $UID/$EUID = 0 / 0
    $GID = 0
    $EGID = 0
    Win32::GetOSName = Win7
    Win32::GetOSVersion = Service Pack 1, 6, 1, 7601, 2, 1, 0, 256, 1
    Win32::FsType = NTFS
    Win32::IsAdminUser = 0

Perl module toolchain versions installed:

    Module              Have    
    ------------------- --------
    CPAN                2.05    
    CPAN::Meta          2.141520
    Cwd                 3.47    
    ExtUtils::CBuilder  0.280216
    ExtUtils::Command   1.18    
    ExtUtils::Install   1.68    
    ExtUtils::MakeMaker 6.98    
    ExtUtils::Manifest  1.63    
    ExtUtils::ParseXS   3.24    
    File::Spec          3.47    
    JSON                2.90    
    JSON::PP            2.27203 
    Module::Build       0.4205  
    Module::Signature   n/a     
    Parse::CPAN::Meta   1.4414  
    Test::Harness       3.32    
    Test::More          1.001003
    YAML                0.94    
    YAML::Syck          1.27    
    version             0.9908  


--

Summary of my perl5 (revision 5 version 20 subversion 0) configuration:
   
  Platform:
    osname=MSWin32, osvers=6.2, archname=MSWin32-x86-multi-thread-64int
    uname='Win32 strawberry-perl 5.20.0.1 #1 Fri May 30 23:25:11 2014 i386'
    config_args='undef'
    hint=recommended, useposix=true, d_sigaction=undef
    useithreads=define, usemultiplicity=define
    use64bitint=define, use64bitall=undef, uselongdouble=undef
    usemymalloc=n, bincompat5005=undef
  Compiler:
    cc='gcc', ccflags =' -s -O2 -DWIN32  -DPERL_TEXTMODE_SCRIPTS -DPERL_IMPLICIT_CONTEXT -DPERL_IMPLICIT_SYS -DUSE_PERLIO -fwrapv -fno-strict-aliasing -mms-bitfields',
    optimize='-s -O2',
    cppflags='-DWIN32'
    ccversion='', gccversion='4.8.2', gccosandvers=''
    intsize=4, longsize=4, ptrsize=4, doublesize=8, byteorder=12345678
    d_longlong=define, longlongsize=8, d_longdbl=define, longdblsize=12
    ivtype='long long', ivsize=8, nvtype='double', nvsize=8, Off_t='long long', lseeksize=8
    alignbytes=8, prototype=define
  Linker and Libraries:
    ld='g++', ldflags ='-s -L"C:\STRAWB~1\perl\lib\CORE" -L"C:\STRAWB~1\c\lib"'
    libpth=C:\STRAWB~1\c\lib C:\STRAWB~1\c\i686-w64-mingw32\lib C:\STRAWB~1\c\lib\gcc\i686-w64-mingw32\4.8.2
    libs=-lmoldname -lkernel32 -luser32 -lgdi32 -lwinspool -lcomdlg32 -ladvapi32 -lshell32 -lole32 -loleaut32 -lnetapi32 -luuid -lws2_32 -lmpr -lwinmm -lversion -lodbc32 -lodbccp32 -lcomctl32
    perllibs=-lmoldname -lkernel32 -luser32 -lgdi32 -lwinspool -lcomdlg32 -ladvapi32 -lshell32 -lole32 -loleaut32 -lnetapi32 -luuid -lws2_32 -lmpr -lwinmm -lversion -lodbc32 -lodbccp32 -lcomctl32
    libc=, so=dll, useshrplib=true, libperl=libperl520.a
    gnulibc_version=''
  Dynamic Linking:
    dlsrc=dl_win32.xs, dlext=xs.dll, d_dlsymun=undef, ccdlflags=' '
    cccdlflags=' ', lddlflags='-mdll -s -L"C:\STRAWB~1\perl\lib\CORE" -L"C:\STRAWB~1\c\lib"'


Characteristics of this binary (from libperl): 
  Compile-time options: HAS_TIMES HAVE_INTERP_INTERN MULTIPLICITY
                        PERLIO_LAYERS PERL_DONT_CREATE_GVSV
                        PERL_HASH_FUNC_ONE_AT_A_TIME_HARD
                        PERL_IMPLICIT_CONTEXT PERL_IMPLICIT_SYS
                        PERL_MALLOC_WRAP PERL_NEW_COPY_ON_WRITE
                        PERL_PRESERVE_IVUV USE_64_BIT_INT USE_ITHREADS
                        USE_LARGE_FILES USE_LOCALE USE_LOCALE_COLLATE
                        USE_LOCALE_CTYPE USE_LOCALE_NUMERIC USE_PERLIO
                        USE_PERL_ATOF
  Built under MSWin32
  Compiled at May 30 2014 23:29:27
  %ENV:
    PERL5LIB="C:\STRAWB~1\cpan\build\POE-Session-PlainCall-0.0301-Y4gBan/blib/arch;C:\STRAWB~1\cpan\build\POE-Session-PlainCall-0.0301-Y4gBan/blib/lib;C:\STRAWB~1\cpan\build\POEx-URI-0.0301-k1ok1A/blib/arch;C:\STRAWB~1\cpan\build\POEx-URI-0.0301-k1ok1A/blib/lib;C:\STRAWB~1\cpan\build\POE-Session-Multiplex-0.0600-OTuZUZ/blib/arch;C:\STRAWB~1\cpan\build\POE-Session-Multiplex-0.0600-OTuZUZ/blib/lib;C:\STRAWB~1\cpan\build\POE-Component-Client-DNS-1.053-CLB1xq/blib/arch;C:\STRAWB~1\cpan\build\POE-Component-Client-DNS-1.053-CLB1xq/blib/lib;C:\STRAWB~1\cpan\build\POE-Component-IRC-6.88-sH9R7y/blib/arch;C:\STRAWB~1\cpan\build\POE-Component-IRC-6.88-sH9R7y/blib/lib;C:\STRAWB~1\cpan\build\IRC-Utils-0.12-faJVi4/blib/arch;C:\STRAWB~1\cpan\build\IRC-Utils-0.12-faJVi4/blib/lib;C:\STRAWB~1\cpan\build\POE-Component-Syndicator-0.06-zXaJ8O/blib/arch;C:\STRAWB~1\cpan\build\POE-Component-Syndicator-0.06-zXaJ8O/blib/lib;C:\STRAWB~1\cpan\build\Object-Pluggable-1.29-_2it_L/blib/arch;C:\STRAWB~1\cpan\build\Object-Pluggable-1.29-_2it_L/blib/lib;C:\STRAWB~1\cpan\build\POE-Filter-IRCD-2.44-XmPxfw/blib/arch;C:\STRAWB~1\cpan\build\POE-Filter-IRCD-2.44-XmPxfw/blib/lib;C:\STRAWB~1\cpan\build\Test-Cmd-1.06-irEnwu/blib/arch;C:\STRAWB~1\cpan\build\Test-Cmd-1.06-irEnwu/blib/lib;C:\STRAWB~1\cpan\build\Email-Date-1.104-DVpr7E/blib/arch;C:\STRAWB~1\cpan\build\Email-Date-1.104-DVpr7E/blib/lib;C:\STRAWB~1\cpan\build\Log-Handler-0.84-ay4Wdj/blib/arch;C:\STRAWB~1\cpan\build\Log-Handler-0.84-ay4Wdj/blib/lib"
    PERL5_CPANPLUS_IS_RUNNING="2576"
    PERL5_CPAN_IS_RUNNING="2576"
    PERL5_CPAN_IS_RUNNING_IN_RECURSION="3268,2576"
    PERL_CR_SMOKER_CURRENT="IRC-Indexer-0.06"
    PERL_EXTUTILS_AUTOINSTALL="--defaultdeps"
    PERL_MM_USE_DEFAULT="1"
  @INC:
    C:\STRAWB~1\cpan\build\POE-Session-PlainCall-0.0301-Y4gBan/blib/arch
    C:\STRAWB~1\cpan\build\POE-Session-PlainCall-0.0301-Y4gBan/blib/lib
    C:\STRAWB~1\cpan\build\POEx-URI-0.0301-k1ok1A/blib/arch
    C:\STRAWB~1\cpan\build\POEx-URI-0.0301-k1ok1A/blib/lib
    C:\STRAWB~1\cpan\build\POE-Session-Multiplex-0.0600-OTuZUZ/blib/arch
    C:\STRAWB~1\cpan\build\POE-Session-Multiplex-0.0600-OTuZUZ/blib/lib
    C:\STRAWB~1\cpan\build\POE-Component-Client-DNS-1.053-CLB1xq/blib/arch
    C:\STRAWB~1\cpan\build\POE-Component-Client-DNS-1.053-CLB1xq/blib/lib
    C:\STRAWB~1\cpan\build\POE-Component-IRC-6.88-sH9R7y/blib/arch
    C:\STRAWB~1\cpan\build\POE-Component-IRC-6.88-sH9R7y/blib/lib
    C:\STRAWB~1\cpan\build\IRC-Utils-0.12-faJVi4/blib/arch
    C:\STRAWB~1\cpan\build\IRC-Utils-0.12-faJVi4/blib/lib
    C:\STRAWB~1\cpan\build\POE-Component-Syndicator-0.06-zXaJ8O/blib/arch
    C:\STRAWB~1\cpan\build\POE-Component-Syndicator-0.06-zXaJ8O/blib/lib
    C:\STRAWB~1\cpan\build\Object-Pluggable-1.29-_2it_L/blib/arch
    C:\STRAWB~1\cpan\build\Object-Pluggable-1.29-_2it_L/blib/lib
    C:\STRAWB~1\cpan\build\POE-Filter-IRCD-2.44-XmPxfw/blib/arch
    C:\STRAWB~1\cpan\build\POE-Filter-IRCD-2.44-XmPxfw/blib/lib
    C:\STRAWB~1\cpan\build\Test-Cmd-1.06-irEnwu/blib/arch
    C:\STRAWB~1\cpan\build\Test-Cmd-1.06-irEnwu/blib/lib
    C:\STRAWB~1\cpan\build\Email-Date-1.104-DVpr7E/blib/arch
    C:\STRAWB~1\cpan\build\Email-Date-1.104-DVpr7E/blib/lib
    C:\STRAWB~1\cpan\build\Log-Handler-0.84-ay4Wdj/blib/arch
    C:\STRAWB~1\cpan\build\Log-Handler-0.84-ay4Wdj/blib/lib
    C:/Strawberry/perl/site/lib/MSWin32-x86-multi-thread-64int
    C:/Strawberry/perl/site/lib
    C:/Strawberry/perl/vendor/lib
    C:/Strawberry/perl/lib
    .