Report for Dancer2-Plugin-Auth-SAFE-0.002

Back
From: metabase:user:30ae4450-2aae-11df-837a-5e0a49663a4f
Subject: FAIL Dancer2-Plugin-Auth-SAFE-0.002 v5.12.2 
Date: 2016-12-16T15:37:51Z

This distribution has been tested as part of the CPAN Testers
project, supporting the Perl programming language.  See
http://wiki.cpantesters.org/ for more information or email
questions to cpan-testers-discuss@perl.org


--
Dear Konstantin Matyukhin,

This is a computer-generated report for Dancer2-Plugin-Auth-SAFE-0.002
on perl 5.12.2, created by CPAN-Reporter-1.2011.

Thank you for uploading your work to CPAN.  However, there was a problem
testing your distribution.

If you think this report is invalid, please consult the CPAN Testers Wiki
for suggestions on how to avoid getting FAIL reports for missing library
or binary dependencies, unsupported operating systems, and so on:

http://wiki.cpantesters.org/wiki/CPANAuthorNotes

Sections of this report:

    * Tester comments
    * Program output
    * Prerequisites
    * Environment and other context

------------------------------
TESTER COMMENTS
------------------------------

Additional comments from tester:

this report is from an automated smoke testing program
and was not reviewed by a human for accuracy

------------------------------
PROGRAM OUTPUT
------------------------------

Output from 'C:\strawberry\c\bin\dmake.EXE test':

C:\strawberry\perl\bin\perl.exe "-MExtUtils::Command::MM" "-MTest::Harness" "-e" "undef *Test::Harness::Switches; test_harness(0, 'blib\lib', 'blib\arch')" t/*.t

#   Failed test 'use Dancer2::Plugin::Auth::SAFE;'
#   at t/001_base.t line 5.
#     Tried to use 'Dancer2::Plugin::Auth::SAFE'.
#     Error:  BEGIN not safe after errors--compilation aborted at C:/strawberry/perl/site/lib/Sub/Identify.pm line 3.
# Compilation failed in require at C:/strawberry/perl/site/lib/namespace/autoclean.pm line 194.
# Compilation failed in require at t/001_base.t line 5.
# BEGIN failed--compilation aborted at t/001_base.t line 5.
# Looks like you failed 1 test of 1.
t/001_base.t ....... 
Dubious, test returned 1 (wstat 256, 0x100)
Failed 1/1 subtests 
BEGIN not safe after errors--compilation aborted at C:/strawberry/perl/site/lib/Sub/Identify.pm line 3.
Compilation failed in require at C:/strawberry/perl/site/lib/namespace/autoclean.pm line 194.
Compilation failed in require at t/002_auth_safe.t line 28.
BEGIN failed--compilation aborted at t/002_auth_safe.t line 28.
t/002_auth_safe.t .. 
Dubious, test returned 255 (wstat 65280, 0xff00)
No subtests run 
BEGIN not safe after errors--compilation aborted at C:/strawberry/perl/site/lib/Sub/Identify.pm line 3.
Compilation failed in require at C:/strawberry/perl/site/lib/namespace/autoclean.pm line 194.
Compilation failed in require at t/003_digest.t line 21.
BEGIN failed--compilation aborted at t/003_digest.t line 21.
t/003_digest.t ..... 
Dubious, test returned 255 (wstat 65280, 0xff00)
No subtests run 

Test Summary Report
-------------------
t/001_base.t     (Wstat: 256 Tests: 1 Failed: 1)
  Failed test:  1
  Non-zero exit status: 1
t/002_auth_safe.t (Wstat: 65280 Tests: 0 Failed: 0)
  Non-zero exit status: 255
  Parse errors: No plan found in TAP output
t/003_digest.t   (Wstat: 65280 Tests: 0 Failed: 0)
  Non-zero exit status: 255
  Parse errors: No plan found in TAP output
Files=3, Tests=1,  2 wallclock secs ( 0.02 usr +  0.02 sys =  0.04 CPU)
Result: FAIL
Failed 3/3 test programs. 1/1 subtests failed.
dmake.EXE:  Error code 255, while making 'test_dynamic'

------------------------------
PREREQUISITES
------------------------------

Prerequisite modules loaded:

requires:

    Module                Need Have    
    --------------------- ---- --------
    Const::Fast           0    0.014   
    Dancer2::Core::Types  0    0.143000
    Dancer2::Plugin       0    0.143000
    DateTime              0    1.10    
    Digest::MD5           0    2.53    
    HTTP::Status          0    6.03    
    namespace::autoclean  0    0.19    
    strict                0    1.04    
    warnings              0    1.09    

build_requires:

    Module                Need Have    
    --------------------- ---- --------
    Dancer2               0    0.143000
    ExtUtils::MakeMaker   0    6.98    
    HTTP::Cookies         0    6.01    
    HTTP::Request::Common 0    6.04    
    JSON                  0    2.90    
    Plack::Test           0    0       
    Test::More            0    1.001003

configure_requires:

    Module                Need Have    
    --------------------- ---- --------
    ExtUtils::MakeMaker   0    6.98    


------------------------------
ENVIRONMENT AND OTHER CONTEXT
------------------------------

Environment variables:

    AUTOMATED_TESTING = 1
    COMSPEC = C:\WINDOWS\system32\cmd.exe
    NUMBER_OF_PROCESSORS = 1
    PATH = c:\Windows\system32;c:\Windows\System32\Wbem;C:\Git\cmd;C:\strawberry\c\bin;C:\strawberry\perl\site\bin;C:\strawberry\perl\bin
    PERL5LIB = 
    PERL5OPT = 
    PERL5_CPANPLUS_IS_RUNNING = 696
    PERL5_CPAN_IS_RUNNING = 696
    PERL5_CPAN_IS_RUNNING_IN_RECURSION = 1744,696
    PERL_CR_SMOKER_CURRENT = Dancer2-Plugin-Auth-SAFE-0.002
    PERL_CR_SMOKER_RUNONCE = 1
    PERL_EXTUTILS_AUTOINSTALL = --defaultdeps
    PERL_MM_USE_DEFAULT = 1
    PROCESSOR_IDENTIFIER = x86 Family 18 Model 1 Stepping 0, AuthenticAMD
    TEMP = C:\DOCUME~1\c\LOCALS~1\Temp
    TERM = dumb

Perl special variables (and OS-specific diagnostics, for MSWin32):

    $^X = C:\strawberry\perl\bin\perl.exe
    $UID/$EUID = 0 / 0
    $GID = 0
    $EGID = 0
    Win32::GetOSName = WinXP/.Net
    Win32::GetOSVersion = Service Pack 3, 5, 1, 2600, 2, 3, 0, 256, 1
    Win32::FsType = NTFS
    Win32::IsAdminUser = 1

Perl module toolchain versions installed:

    Module              Have    
    ------------------- --------
    CPAN                2.00    
    CPAN::Meta          2.141520
    Cwd                 3.47    
    ExtUtils::CBuilder  0.280216
    ExtUtils::Command   1.16    
    ExtUtils::Install   1.55    
    ExtUtils::MakeMaker 6.98    
    ExtUtils::Manifest  1.60    
    ExtUtils::ParseXS   3.24    
    File::Spec          3.47    
    JSON                2.90    
    JSON::PP            2.27203 
    Module::Build       0.4206  
    Module::Signature   0.66    
    Parse::CPAN::Meta   1.4414  
    Test::Harness       3.32    
    Test::More          1.001003
    YAML                0.98    
    YAML::Syck          1.27    
    version             0.9908  


--

Summary of my perl5 (revision 5 version 12 subversion 2) configuration:
   
  Platform:
    osname=MSWin32, osvers=5.1, archname=MSWin32-x86-multi-thread
    uname='Win32 strawberryperl 5.12.2.0 #1 Fri Nov  5 05:17:27 2010 i386'
    config_args='undef'
    hint=recommended, useposix=true, d_sigaction=undef
    useithreads=define, usemultiplicity=define
    useperlio=define, d_sfio=undef, uselargefiles=define, usesocks=undef
    use64bitint=undef, use64bitall=undef, uselongdouble=undef
    usemymalloc=n, bincompat5005=undef
  Compiler:
    cc='gcc', ccflags =' -s -O2 -DWIN32 -DHAVE_DES_FCRYPT  -DUSE_SITECUSTOMIZE -DPERL_IMPLICIT_CONTEXT -DPERL_IMPLICIT_SYS -fno-strict-aliasing -mms-bitfields -DPERL_MSVCRT_READFIX',
    optimize='-s -O2',
    cppflags='-DWIN32'
    ccversion='', gccversion='4.4.3', gccosandvers=''
    intsize=4, longsize=4, ptrsize=4, doublesize=8, byteorder=1234
    d_longlong=undef, longlongsize=8, d_longdbl=define, longdblsize=12
    ivtype='long', ivsize=4, nvtype='double', nvsize=8, Off_t='long long', lseeksize=8
    alignbytes=8, prototype=define
  Linker and Libraries:
    ld='g++', ldflags ='-s -L"C:\strawberry\perl\lib\CORE" -L"C:\strawberry\c\lib"'
    libpth=C:\strawberry\c\lib C:\strawberry\c\i686-w64-mingw32\lib
    libs=-lmoldname -lkernel32 -luser32 -lgdi32 -lwinspool -lcomdlg32 -ladvapi32 -lshell32 -lole32 -loleaut32 -lnetapi32 -luuid -lws2_32 -lmpr -lwinmm -lversion -lodbc32 -lodbccp32 -lcomctl32
    perllibs=-lmoldname -lkernel32 -luser32 -lgdi32 -lwinspool -lcomdlg32 -ladvapi32 -lshell32 -lole32 -loleaut32 -lnetapi32 -luuid -lws2_32 -lmpr -lwinmm -lversion -lodbc32 -lodbccp32 -lcomctl32
    libc=, so=dll, useshrplib=true, libperl=libperl512.a
    gnulibc_version=''
  Dynamic Linking:
    dlsrc=dl_win32.xs, dlext=dll, d_dlsymun=undef, ccdlflags=' '
    cccdlflags=' ', lddlflags='-mdll -s -L"C:\strawberry\perl\lib\CORE" -L"C:\strawberry\c\lib"'


Characteristics of this binary (from libperl): 
  Compile-time options: MULTIPLICITY PERL_DONT_CREATE_GVSV
                        PERL_IMPLICIT_CONTEXT PERL_IMPLICIT_SYS
                        PERL_MALLOC_WRAP PL_OP_SLAB_ALLOC USE_ITHREADS
                        USE_LARGE_FILES USE_PERLIO USE_PERL_ATOF
                        USE_SITECUSTOMIZE
  Built under MSWin32
  Compiled at Nov  5 2010 08:39:08
  %ENV:
    PERL5_CPANPLUS_IS_RUNNING="696"
    PERL5_CPAN_IS_RUNNING="696"
    PERL5_CPAN_IS_RUNNING_IN_RECURSION="1744,696"
    PERL_CR_SMOKER_CURRENT="Dancer2-Plugin-Auth-SAFE-0.002"
    PERL_CR_SMOKER_RUNONCE="1"
    PERL_EXTUTILS_AUTOINSTALL="--defaultdeps"
    PERL_MM_USE_DEFAULT="1"
  @INC:
    C:/strawberry/perl/site/lib
    C:/strawberry/perl/vendor/lib
    C:/strawberry/perl/lib
    .