Report for CSS-Prepare-v0.9.2.4

Back
From: metabase:user:51a083d9-7b50-1015-b97c-dc3f1e03b77c
Subject: FAIL CSS-Prepare-v0.9.2.4 v5.10.1 
Date: 2011-07-07T16:50:00Z

This distribution has been tested as part of the CPAN Testers
project, supporting the Perl programming language.  See
http://wiki.cpantesters.org/ for more information or email
questions to cpan-testers-discuss@perl.org


--
Dear Mark Norman Francis,

This is a computer-generated report for CSS-Prepare-v0.9.2.4
on perl 5.10.1, created by CPAN-Reporter-1.1902.

Thank you for uploading your work to CPAN.  However, there was a problem
testing your distribution.

If you think this report is invalid, please consult the CPAN Testers Wiki
for suggestions on how to avoid getting FAIL reports for missing library
or binary dependencies, unsupported operating systems, and so on:

http://wiki.cpantesters.org/wiki/CPANAuthorNotes

Sections of this report:

    * Tester comments
    * Program output
    * Prerequisites
    * Environment and other context

------------------------------
TESTER COMMENTS
------------------------------

Additional comments from tester:

this report is from an automated smoke testing program
and was not reviewed by a human for accuracy

------------------------------
PROGRAM OUTPUT
------------------------------

Output from 'D:\inet\dnwr\usr\local\perl\site\bin\dmake.exe test':

D:\inet\dnwr\usr\local\perl\bin\perl.exe "-MExtUtils::Command::MM" "-e" "test_harness(0, 'blib\lib', 'blib\arch')" t/*.t
t/00.load.t ............. ok
t/01.expansion.t ........ ok
t/01.parse.t ............ ok
t/01.plugins.t .......... ok
t/01.selectors.t ........ ok
t/01.values.t ........... ok
t/02.background.t ....... ok
t/02.border.t ........... ok
t/02.borderradius.t ..... ok
t/02.color.t ............ ok
t/02.cp-borderradius.t .. ok
t/02.cp-contain.t ....... ok
t/02.cp-opacity.t ....... ok
t/02.effects.t .......... ok
t/02.font.t ............. ok
t/02.formatting.t ....... ok
t/02.generated.t ........ ok
t/02.hacks.t ............ ok
t/02.margin.t ........... ok
t/02.padding.t .......... ok
t/02.tables.t ........... ok
t/02.text.t ............. ok
t/02.ui.t ............... ok
t/02.vendor.t ........... ok
t/03.files.t ............ ok
t/03.http.t ............. ok
t/03.import.t ........... ok
t/04.background.t ....... ok
t/04.border.t ........... ok
t/04.borderradius.t ..... ok
t/04.color.t ............ ok
t/04.cp-borderradius.t .. ok
t/04.cp-contain.t ....... ok
t/04.cp-opacity.t ....... ok
t/04.effects.t .......... ok
t/04.font.t ............. ok
t/04.formatting.t ....... ok
t/04.generated.t ........ ok
t/04.hacks.t ............ ok
t/04.margin.t ........... ok
t/04.padding.t .......... ok
t/04.tables.t ........... ok
t/04.text.t ............. ok
t/04.ui.t ............... ok
t/04.vendor.t ........... ok
t/05.basic.t ............ ok
t/05.combining.t ........ ok
t/05.files.t ............ ok
t/05.yui-fonts.t ........ ok
t/05.yui-grids.t ........ ok
t/05.yui-reset.t ........ ok
t/06.basic.t ............ ok
t/06.combining.t ........ ok
t/06.files.t ............ ok
t/06.yui-fonts.t ........ ok
t/06.yui-grids.t ........ ok
t/06.yui-reset.t ........ ok

#   Failed test at t/assets.t line 23.

#   Failed test at t/assets.t line 35.
#     Structures begin differing at:
#          $got->[0]{block}{background-image} = 'url(http://assets.cssprepare.com/3ae/42cd37f8ea11bafcc5029eefcce2798520d4-placeholder20.png)'
#     $expected->[0]{block}{background-image} = 'url(http://assets.cssprepare.com/d9e/06ce4890246cfb1236f8d7a4d7cbcc3c1659-placeholder20.png)'

#   Failed test at t/assets.t line 48.

#   Failed test at t/assets.t line 58.

#   Failed test at t/assets.t line 108.
#     Structures begin differing at:
#          $got->[0]{block}{background-image} = 'url(http://assets.cssprepare.com/3ae/42cd37f8ea11bafcc5029eefcce2798520d4-placeholder20.png)'
#     $expected->[0]{block}{background-image} = 'url(http://assets.cssprepare.com/d9e/06ce4890246cfb1236f8d7a4d7cbcc3c1659-placeholder20.png)'

#   Failed test at t/assets.t line 121.

#   Failed test at t/assets.t line 131.
# Looks like you failed 7 tests of 10.
t/assets.t .............. 
Dubious, test returned 7 (wstat 1792, 0x700)
Failed 7/10 subtests 
t/comments.t ............ ok

Test Summary Report
-------------------
t/assets.t            (Wstat: 1792 Tests: 10 Failed: 7)
  Failed tests:  1-4, 8-10
  Non-zero exit status: 7
Files=59, Tests=1113, 24 wallclock secs ( 0.33 usr +  0.11 sys =  0.44 CPU)
Result: FAIL
Failed 1/59 test programs. 7/1113 subtests failed.
dmake.exe:  Error code 255, while making 'test_dynamic'

------------------------------
PREREQUISITES
------------------------------

Prerequisite modules loaded:

requires:

    Module              Need Have   
    ------------------- ---- -------
    Digest::SHA1        0    2.12   
    Modern::Perl        0    1.03   
    Test::More          0    0.98   
    version             0    0.91   

configure_requires:

    Module              Need Have   
    ------------------- ---- -------
    ExtUtils::MakeMaker 0    6.55_02


------------------------------
ENVIRONMENT AND OTHER CONTEXT
------------------------------

Environment variables:

    AUTOMATED_TESTING = 1
    COMSPEC = C:\WINDOWS\system32\cmd.exe
    NUMBER_OF_PROCESSORS = 2
    PATH = c:\Program Files\PC Connectivity Solution\;D:\Program Files\ImageMagick-6.6.2-Q16;D:\inet\dnwr\usr\local\perl\site\bin;D:\inet\dnwr\usr\local\perl\bin;C:\WINDOWS\system32;C:\WINDOWS;C:\WINDOWS\System32\Wbem;D:\inet\dnwr\usr\local\python-2.6.5;D:\Program Files\Git\cmd;D:\Program Files\Mercurial\;D:\Program Files\TortoiseHg\
    PERL5LIB = D:\inet\dnwr\usr\local\perl\cpan\build\Modern-Perl-1.03-eCbQ6Q/blib/arch;D:\inet\dnwr\usr\local\perl\cpan\build\Modern-Perl-1.03-eCbQ6Q/blib/lib
    PERL5OPT = 
    PERL5_CPANPLUS_IS_RUNNING = 2752
    PERL5_CPAN_IS_RUNNING = 2752
    PERL5_CPAN_IS_RUNNING_IN_RECURSION = 5528,2752
    PERL_CR_SMOKER_CURRENT = CSS-Prepare-v0.9.2.4
    PERL_EXTUTILS_AUTOINSTALL = --defaultdeps
    PERL_MM_USE_DEFAULT = 1
    PROCESSOR_IDENTIFIER = x86 Family 6 Model 23 Stepping 10, GenuineIntel
    TEMP = C:\Temp

Perl special variables (and OS-specific diagnostics, for MSWin32):

    $^X = D:\inet\dnwr\usr\local\perl\bin\perl.exe
    $UID/$EUID = 0 / 0
    $GID = 0
    $EGID = 0
    Win32::GetOSName = WinXP/.Net
    Win32::GetOSVersion = Service Pack 3, 5, 1, 2600, 2, 3, 0, 256, 1
    Win32::FsType = NTFS
    Win32::IsAdminUser = 1

Perl module toolchain versions installed:

    Module              Have    
    ------------------- --------
    CPAN                1.9402  
    Cwd                 3.31    
    ExtUtils::CBuilder  0.280202
    ExtUtils::Command   1.16    
    ExtUtils::Install   1.54_01 
    ExtUtils::MakeMaker 6.55_02 
    ExtUtils::Manifest  1.58    
    ExtUtils::ParseXS   2.22    
    File::Spec          3.31    
    Module::Build       0.3601  
    Module::Signature   0.66    
    Test::Harness       3.17    
    Test::More          0.98    
    YAML                n/a     
    YAML::Syck          1.17    
    version             0.91    


--

Summary of my perl5 (revision 5 version 10 subversion 1) configuration:
   
  Platform:
    osname=MSWin32, osvers=5.00, archname=MSWin32-x86-multi-thread
    uname=''
    config_args='undef'
    hint=recommended, useposix=true, d_sigaction=undef
    useithreads=define, usemultiplicity=define
    useperlio=define, d_sfio=undef, uselargefiles=define, usesocks=undef
    use64bitint=undef, use64bitall=undef, uselongdouble=undef
    usemymalloc=n, bincompat5005=undef
  Compiler:
    cc='D:/inet/dnwr/usr/local/perl/site/bin/gcc.exe', ccflags ='-DNDEBUG -DWIN32 -D_CONSOLE -DNO_STRICT -DHAVE_DES_FCRYPT -DUSE_SITECUSTOMIZE -DPRIVLIB_LAST_IN_INC -DPERL_IMPLICIT_CONTEXT -DPERL_IMPLICIT_SYS -DUSE_PERLIO -DPERL_MSVCRT_READFIX -DHASATTRIBUTE -fno-strict-aliasing -mms-bitfields',
    optimize='-O2',
    cppflags='-DWIN32'
    ccversion='', gccversion='3.4.5 (mingw-vista special r3)', gccosandvers=''
    intsize=4, longsize=4, ptrsize=4, doublesize=8, byteorder=1234
    d_longlong=undef, longlongsize=8, d_longdbl=define, longdblsize=8
    ivtype='long', ivsize=4, nvtype='double', nvsize=8, Off_t='__int64', lseeksize=8
    alignbytes=8, prototype=define
  Linker and Libraries:
    ld='D:\inet\dnwr\usr\local\perl\site\bin\g++.exe', ldflags ='-L"D:\inet\dnwr\usr\local\perl\lib\CORE"'
    libpth=\lib
    libs=-lkernel32 -luser32 -lgdi32 -lwinspool -lcomdlg32 -ladvapi32 -lshell32 -lole32 -loleaut32 -lnetapi32 -luuid -lws2_32 -lmpr -lwinmm -lversion -lodbc32 -lodbccp32 -lcomctl32 -lmsvcrt
    perllibs=-lkernel32 -luser32 -lgdi32 -lwinspool -lcomdlg32 -ladvapi32 -lshell32 -lole32 -loleaut32 -lnetapi32 -luuid -lws2_32 -lmpr -lwinmm -lversion -lodbc32 -lodbccp32 -lcomctl32 -lmsvcrt
    libc=msvcrt.lib, so=dll, useshrplib=true, libperl=perl510.lib
    gnulibc_version=''
  Dynamic Linking:
    dlsrc=dl_win32.xs, dlext=dll, d_dlsymun=undef, ccdlflags=' '
    cccdlflags=' ', lddlflags='-mdll -L"D:\inet\dnwr\usr\local\perl\lib\CORE"'


Characteristics of this binary (from libperl): 
  Compile-time options: MULTIPLICITY PERL_DONT_CREATE_GVSV
                        PERL_IMPLICIT_CONTEXT PERL_IMPLICIT_SYS
                        PERL_MALLOC_WRAP PL_OP_SLAB_ALLOC USE_ITHREADS
                        USE_LARGE_FILES USE_PERLIO USE_SITECUSTOMIZE
  Locally applied patches:
	ActivePerl Build 1007 [291969]
	0abd0d disable non-unicode case insensitive trie matching
  Built under MSWin32
  Compiled at Jan 26 2010 23:15:11
  %ENV:
    PERL5LIB="D:\inet\dnwr\usr\local\perl\cpan\build\Modern-Perl-1.03-eCbQ6Q/blib/arch;D:\inet\dnwr\usr\local\perl\cpan\build\Modern-Perl-1.03-eCbQ6Q/blib/lib"
    PERL5_CPANPLUS_IS_RUNNING="2752"
    PERL5_CPAN_IS_RUNNING="2752"
    PERL5_CPAN_IS_RUNNING_IN_RECURSION="5528,2752"
    PERL_CR_SMOKER_CURRENT="CSS-Prepare-v0.9.2.4"
    PERL_EXTUTILS_AUTOINSTALL="--defaultdeps"
    PERL_MM_USE_DEFAULT="1"
  @INC:
    D:\inet\dnwr\usr\local\perl\cpan\build\Modern-Perl-1.03-eCbQ6Q/blib/arch
    D:\inet\dnwr\usr\local\perl\cpan\build\Modern-Perl-1.03-eCbQ6Q/blib/lib
    D:/inet/dnwr/usr/local/perl/site/lib
    D:/inet/dnwr/usr/local/perl/lib
    .