Report for IO-Event-0.813

Back
From: metabase:user:320bfe00-2aae-11df-837a-5e0a49663a4f
Subject: FAIL IO-Event-0.813 v5.16.3 GNU/Linux
Date: 2014-10-24T13:44:48Z

This distribution has been tested as part of the CPAN Testers
project, supporting the Perl programming language.  See
http://wiki.cpantesters.org/ for more information or email
questions to cpan-testers-discuss@perl.org


--
Dear David Muir Sharnoff,

This is a computer-generated report for IO-Event-0.813
on perl 5.16.3, created by CPAN-Reporter-1.2011.

Thank you for uploading your work to CPAN.  However, there was a problem
testing your distribution.

If you think this report is invalid, please consult the CPAN Testers Wiki
for suggestions on how to avoid getting FAIL reports for missing library
or binary dependencies, unsupported operating systems, and so on:

http://wiki.cpantesters.org/wiki/CPANAuthorNotes

Sections of this report:

    * Tester comments
    * Program output
    * Prerequisites
    * Environment and other context

------------------------------
TESTER COMMENTS
------------------------------

Additional comments from tester:

this report is from an automated smoke testing program
and was not reviewed by a human for accuracy

------------------------------
PROGRAM OUTPUT
------------------------------

Output from '/usr/bin/make test':

PERL_DL_NONLAZY=1 "/home/sand/src/perl/repoperls/installed-perls/perl/v5.16.3/9980/bin/perl" "-MExtUtils::Command::MM" "-MTest::Harness" "-e" "undef *Test::Harness::Switches; test_harness(0, 'blib/lib', 'blib/arch')" t/*.t
t/callbacks1.t .. ok
t/callbacks2.t .. ok
t/callbacks3.t .. ok
t/forked1.t ..... ok
t/forked2.t ..... ok
t/forked3.t ..... ok
t/getline1.t .... ok
t/getline2.t .... ok
t/getline3.t .... ok
t/multifork1.t .. 
All 10 subtests passed 
t/multifork2.t .. 
All 10 subtests passed 
t/multifork3.t .. 
All 10 subtests passed 

Test Summary Report
-------------------
t/multifork1.t (Wstat: 0 Tests: 151 Failed: 141)
  Failed tests:  1, 1, 1, 1, 1, 1, 1, 1, 1, 1, 1, 1, 1, 1-2
                2, 2, 2, 2, 2, 2, 2, 2, 2, 2, 2, 2-3, 3
                3, 3, 3, 3, 3, 3, 3, 3, 3, 3, 3-4, 4, 4
                4, 4, 4, 4, 4, 4, 4, 4, 4, 4-5, 5, 5, 5
                5, 5, 5, 5, 5, 5, 5, 5, 5-6, 6, 6, 6, 6
                6, 6, 6, 6, 6, 6, 6, 6, 6, 6-7, 7, 7, 7
                7, 7, 7, 7, 7, 7, 7, 7, 7, 7, 7-8, 8, 8
                8, 8, 8, 8, 8, 8, 8, 8, 8, 8, 8, 8-9, 9
                9, 9, 9, 9, 9, 9, 9, 9, 9, 9, 9, 9, 9-10
                10, 10, 10, 10, 10, 10, 10, 10, 10, 10
                10, 10, 10, 10
  Parse errors: More than one plan found in TAP output
                Tests out of sequence.  Found (1) but expected (6)
                Tests out of sequence.  Found (2) but expected (7)
                Tests out of sequence.  Found (3) but expected (8)
                Tests out of sequence.  Found (4) but expected (9)
Displayed the first 5 of 162 TAP syntax errors.
Re-run prove with the -p option to see them all.
t/multifork2.t (Wstat: 0 Tests: 151 Failed: 141)
  Failed tests:  1, 1, 1, 1, 1, 1, 1, 1, 1, 1, 1, 1, 1, 1-2
                2, 2, 2, 2, 2, 2, 2, 2, 2, 2, 2, 2, 2-3
                3, 3, 3, 3, 3, 3, 3, 3, 3, 3, 3, 3, 3-4
                4, 4, 4, 4, 4, 4, 4, 4, 4, 4, 4, 4, 4-5
                5, 5, 5, 5, 5, 5, 5, 5, 5, 5, 5, 5, 5-6
                6, 6, 6, 6, 6, 6, 6, 6, 6, 6, 6, 6, 6-7
                7, 7, 7, 7, 7, 7, 7, 7, 7, 7, 7, 7, 7-8
                8, 8, 8, 8, 8, 8, 8, 8, 8, 8, 8, 8, 8-9
                9, 9, 9, 9, 9, 9, 9, 9, 9, 9, 9, 9, 9-10
                10, 10, 10, 10, 10, 10, 10, 10, 10, 10
                10, 10, 10, 10
  Parse errors: More than one plan found in TAP output
                Tests out of sequence.  Found (1) but expected (2)
                More than one plan found in TAP output
                Tests out of sequence.  Found (2) but expected (3)
                Tests out of sequence.  Found (3) but expected (4)
Displayed the first 5 of 166 TAP syntax errors.
Re-run prove with the -p option to see them all.
t/multifork3.t (Wstat: 0 Tests: 151 Failed: 141)
  Failed tests:  1, 1, 1, 1, 1, 1, 1, 1, 1, 1, 1, 1, 1, 1-2
                2, 2, 2, 2, 2, 2, 2, 2, 2, 2, 2, 2, 2-3
                3, 3, 3, 3, 3, 3, 3, 3, 3, 3, 3, 3, 3-4
                4, 4, 4, 4, 4, 4, 4, 4, 4, 4, 4, 4, 4-5
                5, 5, 5, 5, 5, 5, 5, 5, 5, 5, 5, 5, 5-6
                6, 6, 6, 6, 6, 6, 6, 6, 6, 6, 6, 6, 6-7
                7, 7, 7, 7, 7, 7, 7, 7, 7, 7, 7, 7, 7-8
                8, 8, 8, 8, 8, 8, 8, 8, 8, 8, 8, 8, 8-9
                9, 9, 9, 9, 9, 9, 9, 9, 9, 9, 9, 9, 9-10
                10, 10, 10, 10, 10, 10, 10, 10, 10, 10
                10, 10, 10, 10
  Parse errors: More than one plan found in TAP output
                Tests out of sequence.  Found (1) but expected (10)
                Tests out of sequence.  Found (2) but expected (11)
                More than one plan found in TAP output
                Tests out of sequence.  Found (1) but expected (12)
Displayed the first 5 of 158 TAP syntax errors.
Re-run prove with the -p option to see them all.
Files=12, Tests=879, 132 wallclock secs ( 0.16 usr  0.03 sys +  1.46 cusr  0.16 csys =  1.81 CPU)
Result: FAIL
Failed 3/12 test programs. 423/879 subtests failed.
Makefile:871: recipe for target 'test_dynamic' failed
make: *** [test_dynamic] Error 255

------------------------------
PREREQUISITES
------------------------------

Prerequisite modules loaded:

requires:

    Module              Need Have        
    ------------------- ---- ------------
    IO::Handle          0    1.33        
    List::MoreUtils     0    0.33        
    Time::HiRes         0    1.9726      

build_requires:

    Module              Need Have        
    ------------------- ---- ------------
    AnyEvent            0    7.07        
    diagnostics         0    1.28        
    Event               0    1.23        
    Test::Simple        0    1.301001_063

configure_requires:

    Module              Need Have        
    ------------------- ---- ------------
    ExtUtils::MakeMaker 0    6.99_18     


------------------------------
ENVIRONMENT AND OTHER CONTEXT
------------------------------

Environment variables:

    AUTOMATED_TESTING = 1
    LANG = en_US.UTF-8
    LANGUAGE = en_US:en
    PATH = /home/sand/bin:/usr/local/bin:/usr/bin:/bin:/usr/games:/usr/local/perl/bin:/usr/X11/bin:/sbin:/usr/sbin
    PERL5LIB = 
    PERL5OPT = 
    PERL5_CPANPLUS_IS_RUNNING = 17606
    PERL5_CPAN_IS_RUNNING = 17606
    PERL_MM_USE_DEFAULT = 1
    SHELL = /usr/bin/zsh
    TERM = screen

Perl special variables (and OS-specific diagnostics, for MSWin32):

    $^X = /home/sand/src/perl/repoperls/installed-perls/perl/v5.16.3/9980/bin/perl
    $UID/$EUID = 1005 / 1005
    $GID = 1005 1005
    $EGID = 1005 1005

Perl module toolchain versions installed:

    Module              Have        
    ------------------- ------------
    CPAN                2.05        
    CPAN::Meta          2.142690    
    Cwd                 3.47        
    ExtUtils::CBuilder  0.280220    
    ExtUtils::Command   1.17        
    ExtUtils::Install   1.58        
    ExtUtils::MakeMaker 6.99_18     
    ExtUtils::Manifest  1.68        
    ExtUtils::ParseXS   3.24        
    File::Spec          3.47        
    JSON                2.90        
    JSON::PP            2.27203     
    Module::Build       0.4210      
    Module::Signature   0.73        
    Parse::CPAN::Meta   1.4414      
    Test::Harness       3.33        
    Test::More          1.301001_063
    YAML                1.13        
    YAML::Syck          1.27        
    version             0.9909      


--

Summary of my perl5 (revision 5 version 16 subversion 3) configuration:
  Commit id: fd04d42d38f4751b981eb6e9213ee1ab8ef11ea6
  Platform:
    osname=linux, osvers=3.16-2-amd64, archname=x86_64-linux-thread-multi
    uname='linux k83 3.16-2-amd64 #1 smp debian 3.16.3-2 (2014-09-20) x86_64 gnulinux '
    config_args='-Dprefix=/home/sand/src/perl/repoperls/installed-perls/perl/v5.16.3/9980 -Dmyhostname=k83 -Dinstallusrbinperl=n -Uversiononly -Dusedevel -des -Ui_db -Duseithreads -Uuselongdouble -DDEBUGGING=-g'
    hint=recommended, useposix=true, d_sigaction=define
    useithreads=define, usemultiplicity=define
    useperlio=define, d_sfio=undef, uselargefiles=define, usesocks=undef
    use64bitint=define, use64bitall=define, uselongdouble=undef
    usemymalloc=n, bincompat5005=undef
  Compiler:
    cc='cc', ccflags ='-D_REENTRANT -D_GNU_SOURCE -fno-strict-aliasing -pipe -fstack-protector -I/usr/local/include -D_LARGEFILE_SOURCE -D_FILE_OFFSET_BITS=64',
    optimize='-O2 -g',
    cppflags='-D_REENTRANT -D_GNU_SOURCE -fno-strict-aliasing -pipe -fstack-protector -I/usr/local/include'
    ccversion='', gccversion='4.9.1', gccosandvers=''
    intsize=4, longsize=8, ptrsize=8, doublesize=8, byteorder=12345678
    d_longlong=define, longlongsize=8, d_longdbl=define, longdblsize=16
    ivtype='long', ivsize=8, nvtype='double', nvsize=8, Off_t='off_t', lseeksize=8
    alignbytes=8, prototype=define
  Linker and Libraries:
    ld='cc', ldflags =' -fstack-protector -L/usr/local/lib'
    libpth=/usr/local/lib /lib/x86_64-linux-gnu /lib/../lib /usr/lib/x86_64-linux-gnu /usr/lib/../lib /lib /usr/lib
    libs=-lnsl -lgdbm -ldb -ldl -lm -lcrypt -lutil -lpthread -lc -lgdbm_compat
    perllibs=-lnsl -ldl -lm -lcrypt -lutil -lpthread -lc
    libc=, so=so, useshrplib=false, libperl=libperl.a
    gnulibc_version='2.19'
  Dynamic Linking:
    dlsrc=dl_dlopen.xs, dlext=so, d_dlsymun=undef, ccdlflags='-Wl,-E'
    cccdlflags='-fPIC', lddlflags='-shared -O2 -g -L/usr/local/lib -fstack-protector'


Characteristics of this binary (from libperl): 
  Compile-time options: HAS_TIMES MULTIPLICITY PERLIO_LAYERS
                        PERL_DONT_CREATE_GVSV PERL_IMPLICIT_CONTEXT
                        PERL_MALLOC_WRAP PERL_PRESERVE_IVUV PERL_USE_DEVEL
                        USE_64_BIT_ALL USE_64_BIT_INT USE_ITHREADS
                        USE_LARGE_FILES USE_LOCALE USE_LOCALE_COLLATE
                        USE_LOCALE_CTYPE USE_LOCALE_NUMERIC USE_PERLIO
                        USE_PERL_ATOF USE_REENTRANT_API
  Built under linux
  Compiled at Oct 17 2014 05:12:12
  %ENV:
    PERL5LIB=""
    PERL5OPT=""
    PERL5_CPANPLUS_IS_RUNNING="17606"
    PERL5_CPAN_IS_RUNNING="17606"
    PERL_MM_USE_DEFAULT="1"
  @INC:
    /home/sand/src/perl/repoperls/installed-perls/perl/v5.16.3/9980/lib/site_perl/5.16.3/x86_64-linux-thread-multi
    /home/sand/src/perl/repoperls/installed-perls/perl/v5.16.3/9980/lib/site_perl/5.16.3
    /home/sand/src/perl/repoperls/installed-perls/perl/v5.16.3/9980/lib/5.16.3/x86_64-linux-thread-multi
    /home/sand/src/perl/repoperls/installed-perls/perl/v5.16.3/9980/lib/5.16.3
    .