Back
From: metabase:user:314402c4-2aae-11df-837a-5e0a49663a4f
Subject: FAIL Boost-Geometry-Utils-0.15 v5.22.0 FreeBSD
Date: 2016-08-06T18:45:17Z
This distribution has been tested as part of the CPAN Testers
project, supporting the Perl programming language. See
http://wiki.cpantesters.org/ for more information or email
questions to cpan-testers-discuss@perl.org
--
Dear Alessandro Ranellucci,
This is a computer-generated report for Boost-Geometry-Utils-0.15
on perl 5.22.0, created by CPAN-Reporter-1.2017.
Thank you for uploading your work to CPAN. However, there was a problem
testing your distribution.
If you think this report is invalid, please consult the CPAN Testers Wiki
for suggestions on how to avoid getting FAIL reports for missing library
or binary dependencies, unsupported operating systems, and so on:
http://wiki.cpantesters.org/wiki/CPANAuthorNotes
Sections of this report:
* Tester comments
* Program output
* Prerequisites
* Environment and other context
------------------------------
TESTER COMMENTS
------------------------------
Additional comments from tester:
none provided
------------------------------
PROGRAM OUTPUT
------------------------------
Output from './Build test':
t/00-compile.t ............. ok
Out of memory!
# Looks like your test exited with 1 just after 2.
t/01_basic.t ...............
Dubious, test returned 1 (wstat 256, 0x100)
Failed 34/36 subtests
Out of memory!
# Looks like your test exited with 1 just after 1.
t/02_old_api.t .............
Dubious, test returned 1 (wstat 256, 0x100)
Failed 2/3 subtests
t/03_polygon.t ............. ok
t/04_medial_axis_basic.t ... ok
t/05_medial_axis_visual.t .. skipped: author tests
t/release-pod-coverage.t ... skipped: these tests are for release candidate testing
t/release-pod-syntax.t ..... skipped: these tests are for release candidate testing
Test Summary Report
-------------------
t/01_basic.t (Wstat: 256 Tests: 2 Failed: 0)
Non-zero exit status: 1
Parse errors: Bad plan. You planned 36 tests but ran 2.
t/02_old_api.t (Wstat: 256 Tests: 1 Failed: 0)
Non-zero exit status: 1
Parse errors: Bad plan. You planned 3 tests but ran 1.
Files=8, Tests=22, 0 wallclock secs ( 0.02 usr 0.03 sys + 0.23 cusr 0.07 csys = 0.34 CPU)
Result: FAIL
Failed 2/8 test programs. 0/22 subtests failed.
------------------------------
PREREQUISITES
------------------------------
Prerequisite modules loaded:
build_requires:
Module Need Have
--------------------------- ------ --------
ExtUtils::Typemaps::Default 0.05 1.05
ExtUtils::XSpp 0.18 0.18
Module::Build 0.3601 0.4214
Test::More 0 1.302049
configure_requires:
Module Need Have
--------------------------- ------ --------
ExtUtils::CppGuess 0.07 0.11
Module::Build 0.38 0.4214
Module::Build::WithXSpp 0.10 0.14
------------------------------
ENVIRONMENT AND OTHER CONTEXT
------------------------------
Environment variables:
LC_ALL = de_DE.ISO8859-1
PATH = /usr/local/bin:/usr/bin:/bin:/usr/local/sbin:/usr/sbin:/sbin:/home/cpansand/bin/freebsd10.1:/home/cpansand/bin/sh:/home/cpansand/bin:/usr/games:/home/cpansand/devel:/home/eserte/src/srezic-misc/scripts
PERL5LIB = /home/cpansand/.cpan/build/2016080618/Web-oEmbed-0.04-B4HMOL/blib/arch:/home/cpansand/.cpan/build/2016080618/Web-oEmbed-0.04-B4HMOL/blib/lib:/home/cpansand/.cpan/build/2016080618/HTML-Zoom-0.009009-2rtXr4/blib/arch:/home/cpansand/.cpan/build/2016080618/HTML-Zoom-0.009009-2rtXr4/blib/lib
PERL5OPT =
PERL5_CPANPLUS_IS_RUNNING = 85121
PERL5_CPAN_IS_RUNNING = 85121
PERL5_CPAN_IS_RUNNING_IN_RECURSION = 80356,85121
PERLDOC = -MPod::Perldoc::ToTextOverstrike
PERL_BATCH = yes
PERL_CANARY_STABILITY_NOPROMPT = 1
PERL_CPAN_REPORTER_CONFIG = /var/tmp/cpansmoker-1023/2016080612/cpanreporter_002_config.ini
PERL_EXTUTILS_AUTOINSTALL = --defaultdeps
SHELL = /usr/local/bin/zsh
TERM = screen
TMPDIR = /var/tmp/cpansmoker-1023/2016080612
Perl special variables (and OS-specific diagnostics, for MSWin32):
$^X = /usr/perl5.22.0p/bin/perl5.22.0
$UID/$EUID = 1023 / 1023
$GID = 1023 1023
$EGID = 1023 1023
Perl module toolchain versions installed:
Module Have
------------------- --------
CPAN 2.11
CPAN::Meta 2.150005
Cwd 3.60
ExtUtils::CBuilder 0.280224
ExtUtils::Command 7.18
ExtUtils::Install 2.04
ExtUtils::MakeMaker 7.18
ExtUtils::Manifest 1.70
ExtUtils::ParseXS 3.28
File::Spec 3.60
JSON 2.90
JSON::PP 2.27300
Module::Build 0.4214
Module::Signature 0.79
Parse::CPAN::Meta 1.4422
Test::Harness 3.35
Test::More 1.302049
YAML 1.15
YAML::Syck 1.29
version 0.9917
--
Summary of my perl5 (revision 5 version 22 subversion 0) configuration:
Platform:
osname=freebsd, osvers=10.1-release, archname=amd64-freebsd
uname='freebsd cvrsnica-freebsd-101.herceg.de 10.1-release freebsd 10.1-release #0 r274401: tue nov 11 21:02:49 utc 2014 root@releng1.nyi.freebsd.org:usrobjusrsrcsysgeneric amd64 '
config_args='-ds -e -Dprefix=/usr/perl5.22.0p -Dcf_email=srezic@cpan.org'
hint=recommended, useposix=true, d_sigaction=define
useithreads=undef, usemultiplicity=undef
use64bitint=define, use64bitall=define, uselongdouble=undef
usemymalloc=n, bincompat5005=undef
Compiler:
cc='cc', ccflags ='-DHAS_FPSETMASK -DHAS_FLOATINGPOINT_H -fno-strict-aliasing -pipe -fstack-protector -I/usr/local/include -D_FORTIFY_SOURCE=2',
optimize='-O',
cppflags='-DHAS_FPSETMASK -DHAS_FLOATINGPOINT_H -fno-strict-aliasing -pipe -fstack-protector -I/usr/local/include'
ccversion='', gccversion='4.2.1 Compatible FreeBSD Clang 3.4.1 (tags/RELEASE_34/dot1-final 208032)', gccosandvers=''
intsize=4, longsize=8, ptrsize=8, doublesize=8, byteorder=12345678, doublekind=3
d_longlong=define, longlongsize=8, d_longdbl=define, longdblsize=16, longdblkind=3
ivtype='long', ivsize=8, nvtype='double', nvsize=8, Off_t='off_t', lseeksize=8
alignbytes=8, prototype=define
Linker and Libraries:
ld='cc', ldflags ='-pthread -Wl,-E -fstack-protector -L/usr/local/lib'
libpth=/usr/lib /usr/local/lib /usr/include/clang/3.4.1 /usr/lib
libs=-lpthread -lgdbm -lm -lcrypt -lutil -lc
perllibs=-lpthread -lm -lcrypt -lutil -lc
libc=, so=so, useshrplib=false, libperl=libperl.a
gnulibc_version=''
Dynamic Linking:
dlsrc=dl_dlopen.xs, dlext=so, d_dlsymun=undef, ccdlflags=' '
cccdlflags='-DPIC -fPIC', lddlflags='-shared -L/usr/local/lib -fstack-protector'
Characteristics of this binary (from libperl):
Compile-time options: HAS_TIMES PERLIO_LAYERS PERL_DONT_CREATE_GVSV
PERL_HASH_FUNC_ONE_AT_A_TIME_HARD PERL_MALLOC_WRAP
PERL_NEW_COPY_ON_WRITE PERL_PRESERVE_IVUV
USE_64_BIT_ALL USE_64_BIT_INT USE_LARGE_FILES
USE_LOCALE USE_LOCALE_COLLATE USE_LOCALE_CTYPE
USE_LOCALE_NUMERIC USE_LOCALE_TIME USE_PERLIO
USE_PERL_ATOF
Built under freebsd
Compiled at Jun 1 2015 20:19:01
%ENV:
PERL5LIB="/home/cpansand/.cpan/build/2016080618/Web-oEmbed-0.04-B4HMOL/blib/arch:/home/cpansand/.cpan/build/2016080618/Web-oEmbed-0.04-B4HMOL/blib/lib:/home/cpansand/.cpan/build/2016080618/HTML-Zoom-0.009009-2rtXr4/blib/arch:/home/cpansand/.cpan/build/2016080618/HTML-Zoom-0.009009-2rtXr4/blib/lib"
PERL5OPT=""
PERL5_CPANPLUS_IS_RUNNING="85121"
PERL5_CPAN_IS_RUNNING="85121"
PERL5_CPAN_IS_RUNNING_IN_RECURSION="80356,85121"
PERLDOC="-MPod::Perldoc::ToTextOverstrike"
PERL_BATCH="yes"
PERL_CANARY_STABILITY_NOPROMPT="1"
PERL_CPAN_REPORTER_CONFIG="/var/tmp/cpansmoker-1023/2016080612/cpanreporter_002_config.ini"
PERL_EXTUTILS_AUTOINSTALL="--defaultdeps"
@INC:
/home/cpansand/.cpan/build/2016080618/Web-oEmbed-0.04-B4HMOL/blib/arch
/home/cpansand/.cpan/build/2016080618/Web-oEmbed-0.04-B4HMOL/blib/lib
/home/cpansand/.cpan/build/2016080618/HTML-Zoom-0.009009-2rtXr4/blib/arch
/home/cpansand/.cpan/build/2016080618/HTML-Zoom-0.009009-2rtXr4/blib/lib
/usr/perl5.22.0p/lib/site_perl/5.22.0/amd64-freebsd
/usr/perl5.22.0p/lib/site_perl/5.22.0
/usr/perl5.22.0p/lib/5.22.0/amd64-freebsd
/usr/perl5.22.0p/lib/5.22.0
.