Report for Dancer2-Plugin-Queue-MongoDB-0.003

Back
From: metabase:user:30977d10-2aae-11df-837a-5e0a49663a4f
Subject: FAIL Dancer2-Plugin-Queue-MongoDB-0.003 v5.20.2 GNU/Linux
Date: 2015-11-12T20:35:32Z

This distribution has been tested as part of the CPAN Testers
project, supporting the Perl programming language.  See
http://wiki.cpantesters.org/ for more information or email
questions to cpan-testers-discuss@perl.org


--
Dear David Golden,

This is a computer-generated report for Dancer2-Plugin-Queue-MongoDB-0.003
on perl 5.20.2, created by CPAN-Reporter-1.2015.

Thank you for uploading your work to CPAN.  However, there was a problem
testing your distribution.

If you think this report is invalid, please consult the CPAN Testers Wiki
for suggestions on how to avoid getting FAIL reports for missing library
or binary dependencies, unsupported operating systems, and so on:

http://wiki.cpantesters.org/wiki/CPANAuthorNotes

Sections of this report:

    * Tester comments
    * Program output
    * Prerequisites
    * Environment and other context

------------------------------
TESTER COMMENTS
------------------------------

Additional comments from tester:

this report is from an automated smoke testing program
and was not reviewed by a human for accuracy

------------------------------
PROGRAM OUTPUT
------------------------------

Output from '/usr/bin/make test':

PERL_DL_NONLAZY=1 "/home/stro/perl/5.20.2t/bin/perl" "-MExtUtils::Command::MM" "-MTest::Harness" "-e" "undef *Test::Harness::Switches; test_harness(0, 'blib/lib', 'blib/arch')" t/*.t
t/00-compile.t ......... ok
# Prerequisite Report:
#    Version Module                             
#   -------- -----------------------------------
#      0.005 Dancer2::Plugin::Queue             
#      0.005 Dancer2::Plugin::Queue::Role::Queue
#      0.005 Dancer2::Plugin::Queue::Role::Test 
#       7.10 ExtUtils::MakeMaker                
#       1.27 File::Find                         
#    3.48_01 File::Spec::Functions              
#     0.2304 File::Temp                         
#      0.056 HTTP::Tiny                         
#       1.42 List::Util                         
#     v1.0.3 MongoDB                            
#     v1.0.3 MongoDB::MongoClient               
#      1.002 MongoDBx::Queue                    
#       0.29 MooX::Types::MooseLike::Base       
#     2.1604 Moose                              
#   1.001014 Test::More                         
#      1.004 Test::Roo                          
#       2.14 Test::TCP                          
#       1.08 strict                             
#       1.23 warnings                           
t/00-report-prereqs.t .. ok
MongoDB::SelectionError: No readable server available for matching read preference primary. MongoDB server status:
Topology type: Single; Member status:
  localhost:27017 (type: Unknown, error: MongoDB::NetworkError: Could not connect to 'localhost:27017': Connection refused )
    # Child (testing with main) exited without calling finalize()

#   Failed test 'testing with main'
#   at /home/stro/perl/5.20.2t/lib/site_perl/5.20.2/Test/Builder.pm line 279.
# Tests were run but no plan was declared and done_testing() was not seen.
# Looks like your test exited with 111 just after 1.
t/mongodb.t ............ 
Dubious, test returned 111 (wstat 28416, 0x6f00)
Failed 1/1 subtests 

Test Summary Report
-------------------
t/mongodb.t          (Wstat: 28416 Tests: 1 Failed: 1)
  Failed test:  1
  Non-zero exit status: 111
  Parse errors: No plan found in TAP output
Files=3, Tests=3,  2 wallclock secs ( 0.02 usr  0.00 sys +  1.38 cusr  0.05 csys =  1.45 CPU)
Result: FAIL
Failed 1/3 test programs. 1/3 subtests failed.
Makefile:873: recipe for target 'test_dynamic' failed
make: *** [test_dynamic] Error 111

------------------------------
PREREQUISITES
------------------------------

Prerequisite modules loaded:

requires:

    Module                              Need  Have    
    ----------------------------------- ----- --------
    Dancer2::Plugin::Queue              0.003 0.005   
    Dancer2::Plugin::Queue::Role::Queue 0     0.005   
    MongoDB                             0     v1.0.3  
    MongoDB::MongoClient                0     v1.0.3  
    MongoDBx::Queue                     0     1.002   
    Moose                               0     2.1604  
    strict                              0     1.08    
    warnings                            0     1.23    

build_requires:

    Module                              Need  Have    
    ----------------------------------- ----- --------
    Dancer2::Plugin::Queue::Role::Test  0     0.005   
    ExtUtils::MakeMaker                 0     7.10    
    File::Find                          0     1.27    
    File::Spec::Functions               0     3.48_01 
    File::Temp                          0     0.2304  
    HTTP::Tiny                          0     0.056   
    List::Util                          0     1.42    
    MongoDB                             0.45  v1.0.3  
    MooX::Types::MooseLike::Base        0     0.29    
    Test::More                          0     1.001014
    Test::Roo                           0     1.004   
    Test::TCP                           0     2.14    

configure_requires:

    Module                              Need  Have    
    ----------------------------------- ----- --------
    ExtUtils::MakeMaker                 6.30  7.10    


------------------------------
ENVIRONMENT AND OTHER CONTEXT
------------------------------

Environment variables:

    AUTOMATED_TESTING = 1
    LANG = en_US.UTF-8
    PATH = /usr/local/bin:/usr/bin:/bin:/usr/local/games:/usr/games
    PERL5LIB = 
    PERL5OPT = 
    PERL5_CPANPLUS_IS_RUNNING = 635
    PERL5_CPAN_IS_RUNNING = 635
    PERL5_CPAN_IS_RUNNING_IN_RECURSION = 854,635
    PERL_CR_SMOKER_CURRENT = Task-Dancer2-0.06
    PERL_EXTUTILS_AUTOINSTALL = --defaultdeps
    PERL_MM_USE_DEFAULT = 1
    SHELL = /bin/bash
    TERM = xterm

Perl special variables (and OS-specific diagnostics, for MSWin32):

    $^X = /home/stro/perl/5.20.2t/bin/perl
    $UID/$EUID = 1000 / 1000
    $GID = 1000 24 25 29 30 44 46 108 114 1000
    $EGID = 1000 24 25 29 30 44 46 108 114 1000

Perl module toolchain versions installed:

    Module              Have    
    ------------------- --------
    CPAN                2.05    
    CPAN::Meta          2.150005
    Cwd                 3.48_01 
    ExtUtils::CBuilder  0.280224
    ExtUtils::Command   7.10    
    ExtUtils::Install   1.67    
    ExtUtils::MakeMaker 7.10    
    ExtUtils::Manifest  1.70    
    ExtUtils::ParseXS   3.30    
    File::Spec          3.48_01 
    JSON                2.90    
    JSON::PP            2.27300 
    Module::Build       0.4214  
    Module::Signature   0.79    
    Parse::CPAN::Meta   1.4414  
    Test::Harness       3.35    
    Test::More          1.001014
    YAML                1.15    
    YAML::Syck          1.29    
    version             0.9912  


--

Summary of my perl5 (revision 5 version 20 subversion 2) configuration:
   
  Platform:
    osname=linux, osvers=3.16.0-4-amd64, archname=x86_64-linux-thread-multi
    uname='linux vm-debian-001 3.16.0-4-amd64 #1 smp debian 3.16.7-ckt11-1 (2015-05-24) x86_64 gnulinux '
    config_args=''
    hint=recommended, useposix=true, d_sigaction=define
    useithreads=define, usemultiplicity=define
    use64bitint=define, use64bitall=define, uselongdouble=undef
    usemymalloc=n, bincompat5005=undef
  Compiler:
    cc='cc', ccflags ='-D_REENTRANT -D_GNU_SOURCE -fwrapv -fno-strict-aliasing -pipe -fstack-protector -I/usr/local/include -D_LARGEFILE_SOURCE -D_FILE_OFFSET_BITS=64',
    optimize='-O2',
    cppflags='-D_REENTRANT -D_GNU_SOURCE -fwrapv -fno-strict-aliasing -pipe -fstack-protector -I/usr/local/include'
    ccversion='', gccversion='4.9.2', gccosandvers=''
    intsize=4, longsize=8, ptrsize=8, doublesize=8, byteorder=12345678
    d_longlong=define, longlongsize=8, d_longdbl=define, longdblsize=16
    ivtype='long', ivsize=8, nvtype='double', nvsize=8, Off_t='off_t', lseeksize=8
    alignbytes=8, prototype=define
  Linker and Libraries:
    ld='cc', ldflags =' -fstack-protector -L/usr/local/lib'
    libpth=/usr/local/lib /usr/lib/gcc/x86_64-linux-gnu/4.9/include-fixed /usr/include/x86_64-linux-gnu /usr/lib /lib/x86_64-linux-gnu /lib/../lib /usr/lib/x86_64-linux-gnu /usr/lib/../lib /lib
    libs=-lnsl -ldl -lm -lcrypt -lutil -lpthread -lc
    perllibs=-lnsl -ldl -lm -lcrypt -lutil -lpthread -lc
    libc=libc-2.19.so, so=so, useshrplib=false, libperl=libperl.a
    gnulibc_version='2.19'
  Dynamic Linking:
    dlsrc=dl_dlopen.xs, dlext=so, d_dlsymun=undef, ccdlflags='-Wl,-E'
    cccdlflags='-fPIC', lddlflags='-shared -O2 -L/usr/local/lib -fstack-protector'


Characteristics of this binary (from libperl): 
  Compile-time options: HAS_TIMES MULTIPLICITY PERLIO_LAYERS
                        PERL_DONT_CREATE_GVSV
                        PERL_HASH_FUNC_ONE_AT_A_TIME_HARD
                        PERL_IMPLICIT_CONTEXT PERL_MALLOC_WRAP
                        PERL_NEW_COPY_ON_WRITE PERL_PRESERVE_IVUV
                        USE_64_BIT_ALL USE_64_BIT_INT USE_ITHREADS
                        USE_LARGE_FILES USE_LOCALE USE_LOCALE_COLLATE
                        USE_LOCALE_CTYPE USE_LOCALE_NUMERIC USE_PERLIO
                        USE_PERL_ATOF USE_REENTRANT_API
  Built under linux
  Compiled at Jul 10 2015 16:45:24
  %ENV:
    PERL5LIB=""
    PERL5OPT=""
    PERL5_CPANPLUS_IS_RUNNING="635"
    PERL5_CPAN_IS_RUNNING="635"
    PERL5_CPAN_IS_RUNNING_IN_RECURSION="854,635"
    PERL_CR_SMOKER_CURRENT="Task-Dancer2-0.06"
    PERL_EXTUTILS_AUTOINSTALL="--defaultdeps"
    PERL_MM_USE_DEFAULT="1"
  @INC:
    /home/stro/perl/5.20.2t/lib/site_perl/5.20.2/x86_64-linux-thread-multi
    /home/stro/perl/5.20.2t/lib/site_perl/5.20.2
    /home/stro/perl/5.20.2t/lib/5.20.2/x86_64-linux-thread-multi
    /home/stro/perl/5.20.2t/lib/5.20.2
    .