Report for GitStore-0.13

Back
From: metabase:user:3198cbe2-2aae-11df-837a-5e0a49663a4f
Subject: FAIL GitStore-0.13 v5.16.2 GNU/Linux
Date: 2013-01-05T05:15:27Z

This distribution has been tested as part of the CPAN Testers
project, supporting the Perl programming language.  See
http://wiki.cpantesters.org/ for more information or email
questions to cpan-testers-discuss@perl.org


--
Dear Yanick Champoux,

This is a computer-generated report for GitStore-0.13
on perl 5.16.2, created by CPAN-Reporter-1.2009.

Thank you for uploading your work to CPAN.  However, there was a problem
testing your distribution.

If you think this report is invalid, please consult the CPAN Testers Wiki
for suggestions on how to avoid getting FAIL reports for missing library
or binary dependencies, unsupported operating systems, and so on:

http://wiki.cpantesters.org/wiki/CPANAuthorNotes

Sections of this report:

    * Tester comments
    * Program output
    * Prerequisites
    * Environment and other context

------------------------------
TESTER COMMENTS
------------------------------

Additional comments from tester:

this report is from an automated smoke testing program
and was not reviewed by a human for accuracy

------------------------------
PROGRAM OUTPUT
------------------------------

Output from './Build test':

t/00-compile.t ........... ok
# Testing GitStore 0.13, Perl 5.016002, /home/graham/perls/perl-5.16.2/bin/perl
t/00-load.t .............. ok
# Testing with Perl 5.016002, /home/graham/perls/perl-5.16.2/bin/perl
#     Carp version is 1.26
#     DateTime version is 0.78
#     File::Find version is 1.20
#     File::Temp version is 0.22
#     FindBin version is 1.51
#     Git::PurePerl version is 0.48
#     List::Util version is 1.27
#     Module::Build version is 0.4003
#     Moose version is 2.0604
#     Moose::Util::TypeConstraints version is 2.0604
#     Path::Class version is 0.29
#     Scalar::Util version is 1.27
#     Storable version is 2.34
#     Test::More version is 0.98
#     strict version is 1.07
#     warnings version is 1.13
t/000-report-versions.t .. ok
t/01-basic.t ............. ok
t/02-next.t .............. ok
t/03-next-next.t ......... ok
t/deleting-all.t ......... ok
t/history.t .............. ok
git binary 'git' not available or broken at /home/graham/perls/perl-5.16.2/lib/site_perl/5.16.2/Git/Repository.pm line 201.
# Looks like you planned 7 tests but ran 2.
# Looks like your test exited with 2 just after 2.
t/invalid-objects.t ...... 
Dubious, test returned 2 (wstat 512, 0x200)
Failed 5/7 subtests 
t/many-commits.t ......... ok
t/no-changes.t ........... ok
t/pod.t .................. ok
git binary 'git' not available or broken at /home/graham/perls/perl-5.16.2/lib/site_perl/5.16.2/Git/Repository.pm line 201.
# Looks like your test exited with 2 before it could output anything.
t/subpaths.t ............. 
Dubious, test returned 2 (wstat 512, 0x200)
Failed 2/2 subtests 

Test Summary Report
-------------------
t/invalid-objects.t    (Wstat: 512 Tests: 2 Failed: 0)
  Non-zero exit status: 2
  Parse errors: Bad plan.  You planned 7 tests but ran 2.
t/subpaths.t           (Wstat: 512 Tests: 0 Failed: 0)
  Non-zero exit status: 2
  Parse errors: Bad plan.  You planned 2 tests but ran 0.
Files=13, Tests=68, 19 wallclock secs ( 0.07 usr  0.04 sys + 17.71 cusr  0.84 csys = 18.66 CPU)
Result: FAIL
Failed 2/13 test programs. 0/68 subtests failed.

------------------------------
PREREQUISITES
------------------------------

Prerequisite modules loaded:

requires:

    Module                       Need   Have    
    ---------------------------- ------ --------
    Carp                         0      1.26    
    DateTime                     0      0.78    
    Git::PurePerl                0      0.48    
    List::Util                   0      1.27    
    Moose                        0      2.0604  
    Moose::Util::TypeConstraints 0      2.0604  
    Path::Class                  0      0.29    
    Storable                     0      2.34    
    strict                       0      1.07    
    warnings                     0      1.13    

build_requires:

    Module                       Need   Have    
    ---------------------------- ------ --------
    File::Find                   0      1.20    
    File::Temp                   0      0.22    
    FindBin                      0      1.51    
    Module::Build                0.3601 0.4003  
    perl                         5.004  5.016002
    Scalar::Util                 0      1.27    
    Test::More                   0.94   0.98    

configure_requires:

    Module                       Need   Have    
    ---------------------------- ------ --------
    Module::Build                0.3601 0.4003  


------------------------------
ENVIRONMENT AND OTHER CONTEXT
------------------------------

Environment variables:

    AUTOMATED_TESTING = 1
    LANG = C
    PATH = /home/graham/perls/perl-5.16.2/bin:/home/graham/perls/perl-5.16.2/bin:/usr/local/bin:/usr/bin:/bin:/usr/local/sbin:/usr/sbin:/sbin:/usr/bin/core_perl
    PERL5LIB = 
    PERL5OPT = 
    PERL5_CPANPLUS_IS_RUNNING = 21647
    PERL5_CPAN_IS_RUNNING = 21647
    PERL5_CPAN_IS_RUNNING_IN_RECURSION = 7342,21647
    PERL_CR_SMOKER_CURRENT = GitStore-0.13
    PERL_EXTUTILS_AUTOINSTALL = --defaultdeps
    PERL_MM_USE_DEFAULT = 1
    SHELL = /bin/bash
    TERM = xterm

Perl special variables (and OS-specific diagnostics, for MSWin32):

    $^X = /home/graham/perls/perl-5.16.2/bin/perl
    $UID/$EUID = 1000 / 1000
    $GID = 100 100
    $EGID = 100 100

Perl module toolchain versions installed:

    Module              Have    
    ------------------- --------
    CPAN                1.9800  
    CPAN::Meta          2.120921
    Cwd                 3.39_02 
    ExtUtils::CBuilder  0.280206
    ExtUtils::Command   1.17    
    ExtUtils::Install   1.58    
    ExtUtils::MakeMaker 6.64    
    ExtUtils::Manifest  1.61    
    ExtUtils::ParseXS   3.18    
    File::Spec          3.39_02 
    JSON                2.53    
    JSON::PP            2.27200 
    Module::Build       0.4003  
    Module::Signature   0.70    
    Parse::CPAN::Meta   1.4404  
    Test::Harness       3.25    
    Test::More          0.98    
    YAML                0.84    
    YAML::Syck          1.22    
    version             0.9901  


--

Summary of my perl5 (revision 5 version 16 subversion 2) configuration:
   
  Platform:
    osname=linux, osvers=3.5.6-1-arch, archname=x86_64-linux
    uname='linux grosics 3.5.6-1-arch #1 smp preempt sun oct 7 19:30:49 cest 2012 x86_64 gnulinux '
    config_args=''
    hint=recommended, useposix=true, d_sigaction=define
    useithreads=undef, usemultiplicity=undef
    useperlio=define, d_sfio=undef, uselargefiles=define, usesocks=undef
    use64bitint=define, use64bitall=define, uselongdouble=undef
    usemymalloc=n, bincompat5005=undef
  Compiler:
    cc='cc', ccflags ='-fno-strict-aliasing -pipe -fstack-protector -I/usr/local/include -D_LARGEFILE_SOURCE -D_FILE_OFFSET_BITS=64',
    optimize='-O2',
    cppflags='-fno-strict-aliasing -pipe -fstack-protector -I/usr/local/include'
    ccversion='', gccversion='4.7.2', gccosandvers=''
    intsize=4, longsize=8, ptrsize=8, doublesize=8, byteorder=12345678
    d_longlong=define, longlongsize=8, d_longdbl=define, longdblsize=16
    ivtype='long', ivsize=8, nvtype='double', nvsize=8, Off_t='off_t', lseeksize=8
    alignbytes=8, prototype=define
  Linker and Libraries:
    ld='cc', ldflags =' -fstack-protector -L/usr/local/lib'
    libpth=/usr/local/lib /lib/../lib /usr/lib/../lib /lib /usr/lib
    libs=-lnsl -lgdbm -ldb -ldl -lm -lcrypt -lutil -lc -lgdbm_compat
    perllibs=-lnsl -ldl -lm -lcrypt -lutil -lc
    libc=/lib/libc-2.16.so, so=so, useshrplib=false, libperl=libperl.a
    gnulibc_version='2.16'
  Dynamic Linking:
    dlsrc=dl_dlopen.xs, dlext=so, d_dlsymun=undef, ccdlflags='-Wl,-E'
    cccdlflags='-fPIC', lddlflags='-shared -O2 -L/usr/local/lib -fstack-protector'


Characteristics of this binary (from libperl): 
  Compile-time options: HAS_TIMES PERLIO_LAYERS PERL_DONT_CREATE_GVSV
                        PERL_MALLOC_WRAP PERL_PRESERVE_IVUV USE_64_BIT_ALL
                        USE_64_BIT_INT USE_LARGE_FILES USE_LOCALE
                        USE_LOCALE_COLLATE USE_LOCALE_CTYPE
                        USE_LOCALE_NUMERIC USE_PERLIO USE_PERL_ATOF
  Built under linux
  Compiled at Jan  4 2013 09:17:13
  %ENV:
    PERL5LIB=""
    PERL5OPT=""
    PERL5_CPANPLUS_IS_RUNNING="21647"
    PERL5_CPAN_IS_RUNNING="21647"
    PERL5_CPAN_IS_RUNNING_IN_RECURSION="7342,21647"
    PERL_CR_SMOKER_CURRENT="GitStore-0.13"
    PERL_EXTUTILS_AUTOINSTALL="--defaultdeps"
    PERL_MM_USE_DEFAULT="1"
  @INC:
    /home/graham/perls/perl-5.16.2/lib/site_perl/5.16.2/x86_64-linux
    /home/graham/perls/perl-5.16.2/lib/site_perl/5.16.2
    /home/graham/perls/perl-5.16.2/lib/5.16.2/x86_64-linux
    /home/graham/perls/perl-5.16.2/lib/5.16.2
    .