Back
From: metabase:user:320bfe00-2aae-11df-837a-5e0a49663a4f
Subject: FAIL HTTP-Engine-0.03005 v5.19.10 GNU/Linux
Date: 2014-03-04T12:52:59Z
This distribution has been tested as part of the CPAN Testers
project, supporting the Perl programming language. See
http://wiki.cpantesters.org/ for more information or email
questions to cpan-testers-discuss@perl.org
--
Dear Kazuhiro Osawa,
This is a computer-generated report for HTTP-Engine-0.03005
on perl 5.19.10, created by CPAN-Reporter-1.2010.
Thank you for uploading your work to CPAN. However, there was a problem
testing your distribution.
If you think this report is invalid, please consult the CPAN Testers Wiki
for suggestions on how to avoid getting FAIL reports for missing library
or binary dependencies, unsupported operating systems, and so on:
http://wiki.cpantesters.org/wiki/CPANAuthorNotes
Sections of this report:
* Tester comments
* Program output
* Prerequisites
* Environment and other context
------------------------------
TESTER COMMENTS
------------------------------
Additional comments from tester:
this report is from an automated smoke testing program
and was not reviewed by a human for accuracy
------------------------------
PROGRAM OUTPUT
------------------------------
Output from '/usr/bin/make test':
PERL_DL_NONLAZY=1 /tmp/basesmoker-reloperl-PEYM/bin/perl "-MExtUtils::Command::MM" "-MTest::Harness" "-e" "undef *Test::Harness::Switches; test_harness(0, 'inc', 'blib/lib', 'blib/arch')" t/*.t t/*/*.t t/moose/*/*.t
Possible precedence issue with control flow operator at /tmp/loop_over_bdir-526-zZQCWN/HTTP-Engine-0.03005-2_cBvk/inc/Test/Builder.pm line 917.
# Soft dependency versions:
# Any::Moose 0.21
# Mouse 2.1.0
# MooseX::Types 0.41
t/00_compile.t .............................................. ok
Possible precedence issue with control flow operator at /tmp/loop_over_bdir-526-zZQCWN/HTTP-Engine-0.03005-2_cBvk/inc/Test/Builder.pm line 917.
t/010_core/builder_options-upload_tmp.t ..................... ok
Possible precedence issue with control flow operator at /tmp/loop_over_bdir-526-zZQCWN/HTTP-Engine-0.03005-2_cBvk/inc/Test/Builder.pm line 917.
t/010_core/interface-require.t .............................. ok
Possible precedence issue with control flow operator at /tmp/loop_over_bdir-526-zZQCWN/HTTP-Engine-0.03005-2_cBvk/inc/Test/Builder.pm line 917.
t/010_core/interface.t ...................................... ok
Possible precedence issue with control flow operator at /tmp/loop_over_bdir-526-zZQCWN/HTTP-Engine-0.03005-2_cBvk/inc/Test/Builder.pm line 917.
t/010_core/load_requestbuilder_cgi.t ........................ ok
Possible precedence issue with control flow operator at /tmp/loop_over_bdir-526-zZQCWN/HTTP-Engine-0.03005-2_cBvk/inc/Test/Builder.pm line 917.
t/010_core/request-absolute_uri.t ........................... ok
Possible precedence issue with control flow operator at /tmp/loop_over_bdir-526-zZQCWN/HTTP-Engine-0.03005-2_cBvk/inc/Test/Builder.pm line 917.
t/010_core/request-as_http_request.t ........................ ok
Possible precedence issue with control flow operator at /tmp/loop_over_bdir-526-zZQCWN/HTTP-Engine-0.03005-2_cBvk/inc/Test/Builder.pm line 917.
t/010_core/request-as_string.t .............................. ok
Possible precedence issue with control flow operator at /tmp/loop_over_bdir-526-zZQCWN/HTTP-Engine-0.03005-2_cBvk/inc/Test/Builder.pm line 917.
t/010_core/request-body.t ................................... ok
Possible precedence issue with control flow operator at /tmp/loop_over_bdir-526-zZQCWN/HTTP-Engine-0.03005-2_cBvk/inc/Test/Builder.pm line 917.
t/010_core/request-content.t ................................ ok
Possible precedence issue with control flow operator at /tmp/loop_over_bdir-526-zZQCWN/HTTP-Engine-0.03005-2_cBvk/inc/Test/Builder.pm line 917.
t/010_core/request-cookie.t ................................. ok
Possible precedence issue with control flow operator at /tmp/loop_over_bdir-526-zZQCWN/HTTP-Engine-0.03005-2_cBvk/inc/Test/Builder.pm line 917.
t/010_core/request-hostname.t ............................... ok
Possible precedence issue with control flow operator at /tmp/loop_over_bdir-526-zZQCWN/HTTP-Engine-0.03005-2_cBvk/inc/Test/Builder.pm line 917.
t/010_core/request-many_upload.t ............................ ok
Possible precedence issue with control flow operator at /tmp/loop_over_bdir-526-zZQCWN/HTTP-Engine-0.03005-2_cBvk/inc/Test/Builder.pm line 917.
t/010_core/request-parameters.t ............................. ok
Possible precedence issue with control flow operator at /tmp/loop_over_bdir-526-zZQCWN/HTTP-Engine-0.03005-2_cBvk/inc/Test/Builder.pm line 917.
t/010_core/request-params.t ................................. ok
Possible precedence issue with control flow operator at /tmp/loop_over_bdir-526-zZQCWN/HTTP-Engine-0.03005-2_cBvk/inc/Test/Builder.pm line 917.
t/010_core/request-parse.t .................................. ok
Possible precedence issue with control flow operator at /tmp/loop_over_bdir-526-zZQCWN/HTTP-Engine-0.03005-2_cBvk/inc/Test/Builder.pm line 917.
t/010_core/request-proxy_request.t .......................... ok
Possible precedence issue with control flow operator at /tmp/loop_over_bdir-526-zZQCWN/HTTP-Engine-0.03005-2_cBvk/inc/Test/Builder.pm line 917.
t/010_core/request-raw_body.t ............................... ok
Possible precedence issue with control flow operator at /tmp/loop_over_bdir-526-zZQCWN/HTTP-Engine-0.03005-2_cBvk/inc/Test/Builder.pm line 917.
t/010_core/request-readbody.t ............................... ok
Possible precedence issue with control flow operator at /tmp/loop_over_bdir-526-zZQCWN/HTTP-Engine-0.03005-2_cBvk/inc/Test/Builder.pm line 917.
t/010_core/request-secure.t ................................. ok
Possible precedence issue with control flow operator at /tmp/loop_over_bdir-526-zZQCWN/HTTP-Engine-0.03005-2_cBvk/inc/Test/Builder.pm line 917.
t/010_core/request-upload.t ................................. ok
Possible precedence issue with control flow operator at /tmp/loop_over_bdir-526-zZQCWN/HTTP-Engine-0.03005-2_cBvk/inc/Test/Builder.pm line 917.
# Failed test at /tmp/loop_over_bdir-526-zZQCWN/HTTP-Engine-0.03005-2_cBvk/inc/Test/More.pm line 376.
# got: 'http://example.com/?foo=bar&foo=baz&aco=tie&bar=baz'
# expected: 'http://example.com/?aco=tie&bar=baz&foo=bar&foo=baz'
# Failed test at /tmp/loop_over_bdir-526-zZQCWN/HTTP-Engine-0.03005-2_cBvk/inc/Test/More.pm line 376.
# got: 'http://example.com/?bar=baz&bar=foo&foo=bar&foo=baz&aco=tie'
# expected: 'http://example.com/?aco=tie&bar=baz&bar=foo&foo=bar&foo=baz'
# Looks like you failed 2 tests of 110.
t/010_core/request-uri.t ....................................
Dubious, test returned 2 (wstat 512, 0x200)
Failed 2/110 subtests
Possible precedence issue with control flow operator at /tmp/loop_over_bdir-526-zZQCWN/HTTP-Engine-0.03005-2_cBvk/inc/Test/Builder.pm line 917.
t/010_core/request.t ........................................ ok
Possible precedence issue with control flow operator at /tmp/loop_over_bdir-526-zZQCWN/HTTP-Engine-0.03005-2_cBvk/inc/Test/Builder.pm line 917.
t/010_core/request_builder-noenv.t .......................... ok
Possible precedence issue with control flow operator at /tmp/loop_over_bdir-526-zZQCWN/HTTP-Engine-0.03005-2_cBvk/inc/Test/Builder.pm line 917.
t/010_core/request_processor-catch_error.t .................. ok
Possible precedence issue with control flow operator at /tmp/loop_over_bdir-526-zZQCWN/HTTP-Engine-0.03005-2_cBvk/inc/Test/Builder.pm line 917.
t/010_core/request_processor-make_request.t ................. ok
Possible precedence issue with control flow operator at /tmp/loop_over_bdir-526-zZQCWN/HTTP-Engine-0.03005-2_cBvk/inc/Test/Builder.pm line 917.
t/010_core/request_processor-response_error.t ............... ok
Possible precedence issue with control flow operator at /tmp/loop_over_bdir-526-zZQCWN/HTTP-Engine-0.03005-2_cBvk/inc/Test/Builder.pm line 917.
t/010_core/request_upload-basename.t ........................ ok
Possible precedence issue with control flow operator at /tmp/loop_over_bdir-526-zZQCWN/HTTP-Engine-0.03005-2_cBvk/inc/Test/Builder.pm line 917.
t/010_core/response-code.t .................................. ok
Possible precedence issue with control flow operator at /tmp/loop_over_bdir-526-zZQCWN/HTTP-Engine-0.03005-2_cBvk/inc/Test/Builder.pm line 917.
t/010_core/response-coerce_headers.t ........................ ok
Possible precedence issue with control flow operator at /tmp/loop_over_bdir-526-zZQCWN/HTTP-Engine-0.03005-2_cBvk/inc/Test/Builder.pm line 917.
t/010_core/response-content_length.t ........................ ok
Possible precedence issue with control flow operator at /tmp/loop_over_bdir-526-zZQCWN/HTTP-Engine-0.03005-2_cBvk/inc/Test/Builder.pm line 917.
t/010_core/response-cookie.t ................................ ok
Possible precedence issue with control flow operator at /tmp/loop_over_bdir-526-zZQCWN/HTTP-Engine-0.03005-2_cBvk/inc/Test/Builder.pm line 917.
t/010_core/response-new.t ................................... ok
Possible precedence issue with control flow operator at /tmp/loop_over_bdir-526-zZQCWN/HTTP-Engine-0.03005-2_cBvk/inc/Test/Builder.pm line 917.
t/010_core/response-set_http_response.t ..................... ok
Possible precedence issue with control flow operator at /tmp/loop_over_bdir-526-zZQCWN/HTTP-Engine-0.03005-2_cBvk/inc/Test/Builder.pm line 917.
t/010_core/response-status.t ................................ ok
Possible precedence issue with control flow operator at /tmp/loop_over_bdir-526-zZQCWN/HTTP-Engine-0.03005-2_cBvk/inc/Test/Builder.pm line 917.
t/010_core/response.t ....................................... ok
Possible precedence issue with control flow operator at /tmp/loop_over_bdir-526-zZQCWN/HTTP-Engine-0.03005-2_cBvk/inc/Test/Builder.pm line 917.
t/010_core/response_finalizer.t ............................. ok
Possible precedence issue with control flow operator at /tmp/loop_over_bdir-526-zZQCWN/HTTP-Engine-0.03005-2_cBvk/inc/Test/Builder.pm line 917.
t/010_core/response_writer.t ................................ ok
Possible precedence issue with control flow operator at /tmp/loop_over_bdir-526-zZQCWN/HTTP-Engine-0.03005-2_cBvk/inc/Test/Builder.pm line 917.
t/010_core/responsewriter-broken_io.t ....................... ok
Possible precedence issue with control flow operator at /tmp/loop_over_bdir-526-zZQCWN/HTTP-Engine-0.03005-2_cBvk/inc/Test/Builder.pm line 917.
t/010_core/responsewriter-with_io.t ......................... ok
Possible precedence issue with control flow operator at /tmp/loop_over_bdir-526-zZQCWN/HTTP-Engine-0.03005-2_cBvk/inc/Test/Builder.pm line 917.
t/020_interface/cgi.t ....................................... ok
Possible precedence issue with control flow operator at /tmp/loop_over_bdir-526-zZQCWN/HTTP-Engine-0.03005-2_cBvk/inc/Test/Builder.pm line 917.
t/020_interface/lighty-fcgi.t ............................... skipped: set TEST_LIGHTTPD to enable this test
Possible precedence issue with control flow operator at /tmp/loop_over_bdir-526-zZQCWN/HTTP-Engine-0.03005-2_cBvk/inc/Test/Builder.pm line 917.
t/020_interface/modperl_wildcard_hostname.t ................. skipped: this test requires mod_perl 2
Possible precedence issue with control flow operator at /tmp/loop_over_bdir-526-zZQCWN/HTTP-Engine-0.03005-2_cBvk/inc/Test/Builder.pm line 917.
t/020_interface/poe-proxy.t ................................. skipped: this test requires POE::Component::Client::HTTP
Possible precedence issue with control flow operator at /tmp/loop_over_bdir-526-zZQCWN/HTTP-Engine-0.03005-2_cBvk/inc/Test/Builder.pm line 917.
t/020_interface/poe-uri.t ................................... skipped: this test requires POE::Component::Client::HTTP
Possible precedence issue with control flow operator at /tmp/loop_over_bdir-526-zZQCWN/HTTP-Engine-0.03005-2_cBvk/inc/Test/Builder.pm line 917.
t/020_interface/poe.t ....................................... skipped: this test requires POE::Component::Client::HTTP
Possible precedence issue with control flow operator at /tmp/loop_over_bdir-526-zZQCWN/HTTP-Engine-0.03005-2_cBvk/inc/Test/Builder.pm line 917.
t/020_interface/psgi-with_plack.t ........................... ok
Possible precedence issue with control flow operator at /tmp/loop_over_bdir-526-zZQCWN/HTTP-Engine-0.03005-2_cBvk/inc/Test/Builder.pm line 917.
t/020_interface/psgi.t ...................................... ok
Possible precedence issue with control flow operator at /tmp/loop_over_bdir-526-zZQCWN/HTTP-Engine-0.03005-2_cBvk/inc/Test/Builder.pm line 917.
t/020_interface/server_simple-net_server_configure.t ........ skipped: this test requires Net::Server::Single
Possible precedence issue with control flow operator at /tmp/loop_over_bdir-526-zZQCWN/HTTP-Engine-0.03005-2_cBvk/inc/Test/Builder.pm line 917.
t/020_interface/server_simple-not-send-header-bug.t ......... ok
Possible precedence issue with control flow operator at /tmp/loop_over_bdir-526-zZQCWN/HTTP-Engine-0.03005-2_cBvk/inc/Test/Builder.pm line 917.
t/020_interface/server_simple-print_banner.t ................ ok
Possible precedence issue with control flow operator at /tmp/loop_over_bdir-526-zZQCWN/HTTP-Engine-0.03005-2_cBvk/inc/Test/Builder.pm line 917.
t/020_interface/server_simple.t ............................. ok
Possible precedence issue with control flow operator at /tmp/loop_over_bdir-526-zZQCWN/HTTP-Engine-0.03005-2_cBvk/inc/Test/Builder.pm line 917.
t/020_interface/standalone-keep_alive.t ..................... skipped: Interface::Standalone will be removed
Possible precedence issue with control flow operator at /tmp/loop_over_bdir-526-zZQCWN/HTTP-Engine-0.03005-2_cBvk/inc/Test/Builder.pm line 917.
t/020_interface/standalone-restart.t ........................ skipped: Interface::Standalone will be removed
Possible precedence issue with control flow operator at /tmp/loop_over_bdir-526-zZQCWN/HTTP-Engine-0.03005-2_cBvk/inc/Test/Builder.pm line 917.
t/020_interface/streaming_response.t ........................ ok
Possible precedence issue with control flow operator at /tmp/loop_over_bdir-526-zZQCWN/HTTP-Engine-0.03005-2_cBvk/inc/Test/Builder.pm line 917.
t/020_interface/test-validation.t ........................... ok
Possible precedence issue with control flow operator at /tmp/loop_over_bdir-526-zZQCWN/HTTP-Engine-0.03005-2_cBvk/inc/Test/Builder.pm line 917.
t/020_interface/test-warn_at_utf8.t ......................... ok
Possible precedence issue with control flow operator at /tmp/loop_over_bdir-526-zZQCWN/HTTP-Engine-0.03005-2_cBvk/inc/Test/Builder.pm line 917.
t/020_interface/test.t ...................................... ok
Possible precedence issue with control flow operator at /tmp/loop_over_bdir-526-zZQCWN/HTTP-Engine-0.03005-2_cBvk/inc/Test/Builder.pm line 917.
t/020_interface/test_response-with_io.t ..................... ok
Possible precedence issue with control flow operator at /tmp/loop_over_bdir-526-zZQCWN/HTTP-Engine-0.03005-2_cBvk/inc/Test/Builder.pm line 917.
t/020_interface/test_upload.t ............................... ok
Possible precedence issue with control flow operator at /tmp/loop_over_bdir-526-zZQCWN/HTTP-Engine-0.03005-2_cBvk/inc/Test/Builder.pm line 917.
t/030_daemonize/connection_info.t ........................... ok
Possible precedence issue with control flow operator at /tmp/loop_over_bdir-526-zZQCWN/HTTP-Engine-0.03005-2_cBvk/inc/Test/Builder.pm line 917.
t/030_daemonize/headers.t ................................... ok
Possible precedence issue with control flow operator at /tmp/loop_over_bdir-526-zZQCWN/HTTP-Engine-0.03005-2_cBvk/inc/Test/Builder.pm line 917.
t/030_daemonize/proxy_path.t ................................ ok
Possible precedence issue with control flow operator at /tmp/loop_over_bdir-526-zZQCWN/HTTP-Engine-0.03005-2_cBvk/inc/Test/Builder.pm line 917.
t/030_daemonize/raw_body.t .................................. ok
Possible precedence issue with control flow operator at /tmp/loop_over_bdir-526-zZQCWN/HTTP-Engine-0.03005-2_cBvk/inc/Test/Builder.pm line 917.
t/030_daemonize/request_independence.t ...................... ok
Possible precedence issue with control flow operator at /tmp/loop_over_bdir-526-zZQCWN/HTTP-Engine-0.03005-2_cBvk/inc/Test/Builder.pm line 917.
t/030_daemonize/responsewriter_io.t ......................... ok
Possible precedence issue with control flow operator at /tmp/loop_over_bdir-526-zZQCWN/HTTP-Engine-0.03005-2_cBvk/inc/Test/Builder.pm line 917.
t/030_daemonize/upload-methods.t ............................ ok
Possible precedence issue with control flow operator at /tmp/loop_over_bdir-526-zZQCWN/HTTP-Engine-0.03005-2_cBvk/inc/Test/Builder.pm line 917.
t/030_daemonize/upload.t .................................... ok
Possible precedence issue with control flow operator at /tmp/loop_over_bdir-526-zZQCWN/HTTP-Engine-0.03005-2_cBvk/inc/Test/Builder.pm line 917.
t/030_daemonize/uri.t ....................................... ok
Possible precedence issue with control flow operator at /tmp/loop_over_bdir-526-zZQCWN/HTTP-Engine-0.03005-2_cBvk/inc/Test/Builder.pm line 917.
t/030_daemonize/utf8flagged-uri.t ........................... ok
Possible precedence issue with control flow operator at /tmp/loop_over_bdir-526-zZQCWN/HTTP-Engine-0.03005-2_cBvk/inc/Test/Builder.pm line 917.
t/040_minimal/001_simple.t .................................. ok
Possible precedence issue with control flow operator at /tmp/loop_over_bdir-526-zZQCWN/HTTP-Engine-0.03005-2_cBvk/inc/Test/Builder.pm line 917.
t/050_tests/request.t ....................................... ok
Possible precedence issue with control flow operator at /tmp/loop_over_bdir-526-zZQCWN/HTTP-Engine-0.03005-2_cBvk/inc/Test/Builder.pm line 917.
# Soft dependency versions:
# Any::Moose 0.21
# Mouse 2.1.0
# MooseX::Types 0.41
t/moose/00_compile.t ........................................ ok
Possible precedence issue with control flow operator at /tmp/loop_over_bdir-526-zZQCWN/HTTP-Engine-0.03005-2_cBvk/inc/Test/Builder.pm line 917.
t/moose/010_core/builder_options-upload_tmp.t ............... ok
Possible precedence issue with control flow operator at /tmp/loop_over_bdir-526-zZQCWN/HTTP-Engine-0.03005-2_cBvk/inc/Test/Builder.pm line 917.
t/moose/010_core/interface-require.t ........................ ok
Possible precedence issue with control flow operator at /tmp/loop_over_bdir-526-zZQCWN/HTTP-Engine-0.03005-2_cBvk/inc/Test/Builder.pm line 917.
t/moose/010_core/interface.t ................................ ok
Possible precedence issue with control flow operator at /tmp/loop_over_bdir-526-zZQCWN/HTTP-Engine-0.03005-2_cBvk/inc/Test/Builder.pm line 917.
t/moose/010_core/load_requestbuilder_cgi.t .................. ok
Possible precedence issue with control flow operator at /tmp/loop_over_bdir-526-zZQCWN/HTTP-Engine-0.03005-2_cBvk/inc/Test/Builder.pm line 917.
t/moose/010_core/request-absolute_uri.t ..................... ok
Possible precedence issue with control flow operator at /tmp/loop_over_bdir-526-zZQCWN/HTTP-Engine-0.03005-2_cBvk/inc/Test/Builder.pm line 917.
t/moose/010_core/request-as_http_request.t .................. ok
Possible precedence issue with control flow operator at /tmp/loop_over_bdir-526-zZQCWN/HTTP-Engine-0.03005-2_cBvk/inc/Test/Builder.pm line 917.
t/moose/010_core/request-as_string.t ........................ ok
Possible precedence issue with control flow operator at /tmp/loop_over_bdir-526-zZQCWN/HTTP-Engine-0.03005-2_cBvk/inc/Test/Builder.pm line 917.
Class::MOP::load_class is deprecated at /home/sand/src/perl/repoperls/installed-perls/perl/v5.19.9-98-g294c8bc/165a/lib/site_perl/5.19.10/x86_64-linux/Class/MOP.pm line 73.
Class::MOP::load_class("HTTP::Engine::Interface::Test") called at /tmp/loop_over_bdir-526-zZQCWN/HTTP-Engine-0.03005-2_cBvk/blib/lib/HTTP/Engine/Types/Core.pm line 26
HTTP::Engine::Types::Core::__ANON__(HASH(0x1d2c3b0)) called at /home/sand/src/perl/repoperls/installed-perls/perl/v5.19.9-98-g294c8bc/165a/lib/site_perl/5.19.10/x86_64-linux/Moose/Meta/TypeCoercion.pm line 68
Moose::Meta::TypeCoercion::__ANON__(HASH(0x1d2c3b0)) called at constructor HTTP::Engine::new (defined at /tmp/loop_over_bdir-526-zZQCWN/HTTP-Engine-0.03005-2_cBvk/blib/lib/HTTP/Engine.pm line 17) line 32
HTTP::Engine::new("HTTP::Engine", "interface", HASH(0x1d2c3b0)) called at t/Utils.pm line 141
t::Utils::run_engine(CODE(0x36d3638), HTTP::Request=HASH(0x1d2c380)) called at t/moose/010_core/request-body.t line 27
t/moose/010_core/request-body.t ............................. ok
Possible precedence issue with control flow operator at /tmp/loop_over_bdir-526-zZQCWN/HTTP-Engine-0.03005-2_cBvk/inc/Test/Builder.pm line 917.
t/moose/010_core/request-content.t .......................... ok
Possible precedence issue with control flow operator at /tmp/loop_over_bdir-526-zZQCWN/HTTP-Engine-0.03005-2_cBvk/inc/Test/Builder.pm line 917.
Class::MOP::load_class is deprecated at /home/sand/src/perl/repoperls/installed-perls/perl/v5.19.9-98-g294c8bc/165a/lib/site_perl/5.19.10/x86_64-linux/Class/MOP.pm line 73.
Class::MOP::load_class("HTTP::Engine::Interface::Test") called at /tmp/loop_over_bdir-526-zZQCWN/HTTP-Engine-0.03005-2_cBvk/blib/lib/HTTP/Engine/Types/Core.pm line 26
HTTP::Engine::Types::Core::__ANON__(HASH(0x1bd3a88)) called at /home/sand/src/perl/repoperls/installed-perls/perl/v5.19.9-98-g294c8bc/165a/lib/site_perl/5.19.10/x86_64-linux/Moose/Meta/TypeCoercion.pm line 68
Moose::Meta::TypeCoercion::__ANON__(HASH(0x1bd3a88)) called at constructor HTTP::Engine::new (defined at /tmp/loop_over_bdir-526-zZQCWN/HTTP-Engine-0.03005-2_cBvk/blib/lib/HTTP/Engine.pm line 17) line 32
HTTP::Engine::new("HTTP::Engine", "interface", HASH(0x1bd3a88)) called at t/Utils.pm line 141
t::Utils::run_engine(CODE(0x33acc50), HTTP::Request=HASH(0x1a0f368)) called at t/moose/010_core/request-cookie.t line 32
t/moose/010_core/request-cookie.t ........................... ok
Possible precedence issue with control flow operator at /tmp/loop_over_bdir-526-zZQCWN/HTTP-Engine-0.03005-2_cBvk/inc/Test/Builder.pm line 917.
t/moose/010_core/request-hostname.t ......................... ok
Possible precedence issue with control flow operator at /tmp/loop_over_bdir-526-zZQCWN/HTTP-Engine-0.03005-2_cBvk/inc/Test/Builder.pm line 917.
Class::MOP::load_class is deprecated at /home/sand/src/perl/repoperls/installed-perls/perl/v5.19.9-98-g294c8bc/165a/lib/site_perl/5.19.10/x86_64-linux/Class/MOP.pm line 73.
Class::MOP::load_class("HTTP::Engine::Interface::Test") called at /tmp/loop_over_bdir-526-zZQCWN/HTTP-Engine-0.03005-2_cBvk/blib/lib/HTTP/Engine/Types/Core.pm line 26
HTTP::Engine::Types::Core::__ANON__(HASH(0x19ab380)) called at /home/sand/src/perl/repoperls/installed-perls/perl/v5.19.9-98-g294c8bc/165a/lib/site_perl/5.19.10/x86_64-linux/Moose/Meta/TypeCoercion.pm line 68
Moose::Meta::TypeCoercion::__ANON__(HASH(0x19ab380)) called at constructor HTTP::Engine::new (defined at /tmp/loop_over_bdir-526-zZQCWN/HTTP-Engine-0.03005-2_cBvk/blib/lib/HTTP/Engine.pm line 17) line 32
HTTP::Engine::new("HTTP::Engine", "interface", HASH(0x19ab380)) called at t/Utils.pm line 141
t::Utils::run_engine(CODE(0x19d9d78), HTTP::Request=HASH(0x19ab488)) called at t/moose/010_core/request-many_upload.t line 91
t/moose/010_core/request-many_upload.t ...................... ok
Possible precedence issue with control flow operator at /tmp/loop_over_bdir-526-zZQCWN/HTTP-Engine-0.03005-2_cBvk/inc/Test/Builder.pm line 917.
t/moose/010_core/request-parameters.t ....................... ok
Possible precedence issue with control flow operator at /tmp/loop_over_bdir-526-zZQCWN/HTTP-Engine-0.03005-2_cBvk/inc/Test/Builder.pm line 917.
t/moose/010_core/request-params.t ........................... ok
Possible precedence issue with control flow operator at /tmp/loop_over_bdir-526-zZQCWN/HTTP-Engine-0.03005-2_cBvk/inc/Test/Builder.pm line 917.
t/moose/010_core/request-parse.t ............................ ok
Possible precedence issue with control flow operator at /tmp/loop_over_bdir-526-zZQCWN/HTTP-Engine-0.03005-2_cBvk/inc/Test/Builder.pm line 917.
t/moose/010_core/request-proxy_request.t .................... ok
Possible precedence issue with control flow operator at /tmp/loop_over_bdir-526-zZQCWN/HTTP-Engine-0.03005-2_cBvk/inc/Test/Builder.pm line 917.
t/moose/010_core/request-raw_body.t ......................... ok
Possible precedence issue with control flow operator at /tmp/loop_over_bdir-526-zZQCWN/HTTP-Engine-0.03005-2_cBvk/inc/Test/Builder.pm line 917.
t/moose/010_core/request-readbody.t ......................... ok
Possible precedence issue with control flow operator at /tmp/loop_over_bdir-526-zZQCWN/HTTP-Engine-0.03005-2_cBvk/inc/Test/Builder.pm line 917.
t/moose/010_core/request-secure.t ........................... ok
Possible precedence issue with control flow operator at /tmp/loop_over_bdir-526-zZQCWN/HTTP-Engine-0.03005-2_cBvk/inc/Test/Builder.pm line 917.
t/moose/010_core/request-upload.t ........................... ok
Possible precedence issue with control flow operator at /tmp/loop_over_bdir-526-zZQCWN/HTTP-Engine-0.03005-2_cBvk/inc/Test/Builder.pm line 917.
# Failed test at /tmp/loop_over_bdir-526-zZQCWN/HTTP-Engine-0.03005-2_cBvk/inc/Test/More.pm line 376.
# got: 'http://example.com/?foo=bar&aco=tie'
# expected: 'http://example.com/?aco=tie&foo=bar'
# Failed test at /tmp/loop_over_bdir-526-zZQCWN/HTTP-Engine-0.03005-2_cBvk/inc/Test/More.pm line 376.
# got: 'http://example.com/?bar=baz&aco=tie&foo=bar&foo=baz'
# expected: 'http://example.com/?aco=tie&bar=baz&foo=bar&foo=baz'
# Looks like you failed 2 tests of 110.
t/moose/010_core/request-uri.t ..............................
Dubious, test returned 2 (wstat 512, 0x200)
Failed 2/110 subtests
Possible precedence issue with control flow operator at /tmp/loop_over_bdir-526-zZQCWN/HTTP-Engine-0.03005-2_cBvk/inc/Test/Builder.pm line 917.
t/moose/010_core/request.t .................................. ok
Possible precedence issue with control flow operator at /tmp/loop_over_bdir-526-zZQCWN/HTTP-Engine-0.03005-2_cBvk/inc/Test/Builder.pm line 917.
t/moose/010_core/request_builder-noenv.t .................... ok
Possible precedence issue with control flow operator at /tmp/loop_over_bdir-526-zZQCWN/HTTP-Engine-0.03005-2_cBvk/inc/Test/Builder.pm line 917.
# Failed test at /tmp/loop_over_bdir-526-zZQCWN/HTTP-Engine-0.03005-2_cBvk/inc/Test/More.pm line 420.
# 'Class::MOP::load_class is deprecated at /home/sand/src/perl/repoperls/installed-perls/perl/v5.19.9-98-g294c8bc/165a/lib/site_perl/5.19.10/x86_64-linux/Class/MOP.pm line 73.
# Class::MOP::load_class("HTTP::Engine::Interface::Test") called at /tmp/loop_over_bdir-526-zZQCWN/HTTP-Engine-0.03005-2_cBvk/blib/lib/HTTP/Engine/Types/Core.pm line 26
# HTTP::Engine::Types::Core::__ANON__(HASH(0x277e320)) called at /home/sand/src/perl/repoperls/installed-perls/perl/v5.19.9-98-g294c8bc/165a/lib/site_perl/5.19.10/x86_64-linux/Moose/Meta/TypeCoercion.pm line 68
# Moose::Meta::TypeCoercion::__ANON__(HASH(0x277e320)) called at constructor HTTP::Engine::new (defined at /tmp/loop_over_bdir-526-zZQCWN/HTTP-Engine-0.03005-2_cBvk/blib/lib/HTTP/Engine.pm line 17) line 32
# HTTP::Engine::new("HTTP::Engine", "interface", HASH(0x277e320)) called at t/Utils.pm line 141
# t::Utils::run_engine(CODE(0x105f728), HTTP::Request=HASH(0x105f860)) called at t/moose/010_core/request_processor-catch_error.t line 15
# eval {...} called at t/moose/010_core/request_processor-catch_error.t line 12
# orz at t/moose/010_core/request_processor-catch_error.t line 14.
# '
# doesn't match '(?^:^orz)'
# Looks like you failed 1 test of 3.
t/moose/010_core/request_processor-catch_error.t ............
Dubious, test returned 1 (wstat 256, 0x100)
Failed 1/3 subtests
Possible precedence issue with control flow operator at /tmp/loop_over_bdir-526-zZQCWN/HTTP-Engine-0.03005-2_cBvk/inc/Test/Builder.pm line 917.
Class::MOP::load_class is deprecated at /home/sand/src/perl/repoperls/installed-perls/perl/v5.19.9-98-g294c8bc/165a/lib/site_perl/5.19.10/x86_64-linux/Class/MOP.pm line 73.
Class::MOP::load_class("HTTP::Engine::Interface::Test") called at /tmp/loop_over_bdir-526-zZQCWN/HTTP-Engine-0.03005-2_cBvk/blib/lib/HTTP/Engine/Types/Core.pm line 26
HTTP::Engine::Types::Core::__ANON__(HASH(0x301e158)) called at /home/sand/src/perl/repoperls/installed-perls/perl/v5.19.9-98-g294c8bc/165a/lib/site_perl/5.19.10/x86_64-linux/Moose/Meta/TypeCoercion.pm line 68
Moose::Meta::TypeCoercion::__ANON__(HASH(0x301e158)) called at constructor HTTP::Engine::new (defined at /tmp/loop_over_bdir-526-zZQCWN/HTTP-Engine-0.03005-2_cBvk/blib/lib/HTTP/Engine.pm line 17) line 32
HTTP::Engine::new("HTTP::Engine", "interface", HASH(0x301e158)) called at t/Utils.pm line 141
t::Utils::run_engine(CODE(0x17f2a28), HTTP::Request=HASH(0x166b2d0), "method", "GET", "raw_body", "test") called at t/moose/010_core/request_processor-make_request.t line 15
t/moose/010_core/request_processor-make_request.t ........... ok
Possible precedence issue with control flow operator at /tmp/loop_over_bdir-526-zZQCWN/HTTP-Engine-0.03005-2_cBvk/inc/Test/Builder.pm line 917.
t/moose/010_core/request_processor-response_error.t ......... ok
Possible precedence issue with control flow operator at /tmp/loop_over_bdir-526-zZQCWN/HTTP-Engine-0.03005-2_cBvk/inc/Test/Builder.pm line 917.
t/moose/010_core/request_upload-basename.t .................. ok
Possible precedence issue with control flow operator at /tmp/loop_over_bdir-526-zZQCWN/HTTP-Engine-0.03005-2_cBvk/inc/Test/Builder.pm line 917.
t/moose/010_core/response-code.t ............................ ok
Possible precedence issue with control flow operator at /tmp/loop_over_bdir-526-zZQCWN/HTTP-Engine-0.03005-2_cBvk/inc/Test/Builder.pm line 917.
t/moose/010_core/response-coerce_headers.t .................. ok
Possible precedence issue with control flow operator at /tmp/loop_over_bdir-526-zZQCWN/HTTP-Engine-0.03005-2_cBvk/inc/Test/Builder.pm line 917.
t/moose/010_core/response-content_length.t .................. ok
Possible precedence issue with control flow operator at /tmp/loop_over_bdir-526-zZQCWN/HTTP-Engine-0.03005-2_cBvk/inc/Test/Builder.pm line 917.
Class::MOP::load_class is deprecated at /home/sand/src/perl/repoperls/installed-perls/perl/v5.19.9-98-g294c8bc/165a/lib/site_perl/5.19.10/x86_64-linux/Class/MOP.pm line 73.
Class::MOP::load_class("HTTP::Engine::Interface::Test") called at /tmp/loop_over_bdir-526-zZQCWN/HTTP-Engine-0.03005-2_cBvk/blib/lib/HTTP/Engine/Types/Core.pm line 26
HTTP::Engine::Types::Core::__ANON__(HASH(0x145db10)) called at /home/sand/src/perl/repoperls/installed-perls/perl/v5.19.9-98-g294c8bc/165a/lib/site_perl/5.19.10/x86_64-linux/Moose/Meta/TypeCoercion.pm line 68
Moose::Meta::TypeCoercion::__ANON__(HASH(0x145db10)) called at constructor HTTP::Engine::new (defined at /tmp/loop_over_bdir-526-zZQCWN/HTTP-Engine-0.03005-2_cBvk/blib/lib/HTTP/Engine.pm line 17) line 32
HTTP::Engine::new("HTTP::Engine", "interface", HASH(0x145db10)) called at t/Utils.pm line 141
t::Utils::run_engine(CODE(0x12e2bb0), HTTP::Request=HASH(0x12d6290)) called at t/moose/010_core/response-cookie.t line 45
t/moose/010_core/response-cookie.t .......................... ok
Possible precedence issue with control flow operator at /tmp/loop_over_bdir-526-zZQCWN/HTTP-Engine-0.03005-2_cBvk/inc/Test/Builder.pm line 917.
t/moose/010_core/response-new.t ............................. ok
Possible precedence issue with control flow operator at /tmp/loop_over_bdir-526-zZQCWN/HTTP-Engine-0.03005-2_cBvk/inc/Test/Builder.pm line 917.
t/moose/010_core/response-set_http_response.t ............... ok
Possible precedence issue with control flow operator at /tmp/loop_over_bdir-526-zZQCWN/HTTP-Engine-0.03005-2_cBvk/inc/Test/Builder.pm line 917.
t/moose/010_core/response-status.t .......................... ok
Possible precedence issue with control flow operator at /tmp/loop_over_bdir-526-zZQCWN/HTTP-Engine-0.03005-2_cBvk/inc/Test/Builder.pm line 917.
t/moose/010_core/response.t ................................. ok
Possible precedence issue with control flow operator at /tmp/loop_over_bdir-526-zZQCWN/HTTP-Engine-0.03005-2_cBvk/inc/Test/Builder.pm line 917.
t/moose/010_core/response_finalizer.t ....................... ok
Possible precedence issue with control flow operator at /tmp/loop_over_bdir-526-zZQCWN/HTTP-Engine-0.03005-2_cBvk/inc/Test/Builder.pm line 917.
Class::MOP::load_class is deprecated at /home/sand/src/perl/repoperls/installed-perls/perl/v5.19.9-98-g294c8bc/165a/lib/site_perl/5.19.10/x86_64-linux/Class/MOP.pm line 73.
Class::MOP::load_class("HTTP::Engine::RequestBuilder::CGI") called at /tmp/loop_over_bdir-526-zZQCWN/HTTP-Engine-0.03005-2_cBvk/blib/lib/HTTP/Engine/Interface.pm line 65
HTTP::Engine::Interface::_setup_builder("HTTP::Engine::Interface::CGI", "CGI") called at /tmp/loop_over_bdir-526-zZQCWN/HTTP-Engine-0.03005-2_cBvk/blib/lib/HTTP/Engine/Interface.pm line 51
HTTP::Engine::Interface::__INTERFACE__("HTTP::Engine::Interface::CGI") called at /tmp/loop_over_bdir-526-zZQCWN/HTTP-Engine-0.03005-2_cBvk/blib/lib/HTTP/Engine/Interface.pm line 31
HTTP::Engine::Interface::__ANON__() called at /tmp/loop_over_bdir-526-zZQCWN/HTTP-Engine-0.03005-2_cBvk/blib/lib/HTTP/Engine/Interface/CGI.pm line 18
require HTTP/Engine/Interface/CGI.pm called at t/moose/010_core/response_writer.t line 9
main::BEGIN() called at /tmp/loop_over_bdir-526-zZQCWN/HTTP-Engine-0.03005-2_cBvk/blib/lib/HTTP/Engine/Interface/CGI.pm line 0
eval {...} called at /tmp/loop_over_bdir-526-zZQCWN/HTTP-Engine-0.03005-2_cBvk/blib/lib/HTTP/Engine/Interface/CGI.pm line 0
t/moose/010_core/response_writer.t .......................... ok
Possible precedence issue with control flow operator at /tmp/loop_over_bdir-526-zZQCWN/HTTP-Engine-0.03005-2_cBvk/inc/Test/Builder.pm line 917.
t/moose/010_core/responsewriter-broken_io.t ................. ok
Possible precedence issue with control flow operator at /tmp/loop_over_bdir-526-zZQCWN/HTTP-Engine-0.03005-2_cBvk/inc/Test/Builder.pm line 917.
t/moose/010_core/responsewriter-with_io.t ................... ok
Class::MOP::load_class is deprecated at /home/sand/src/perl/repoperls/installed-perls/perl/v5.19.9-98-g294c8bc/165a/lib/site_perl/5.19.10/x86_64-linux/Class/MOP.pm line 73.
Class::MOP::load_class("HTTP::Engine::RequestBuilder::CGI") called at /tmp/loop_over_bdir-526-zZQCWN/HTTP-Engine-0.03005-2_cBvk/blib/lib/HTTP/Engine/Interface.pm line 65
HTTP::Engine::Interface::_setup_builder("HTTP::Engine::Interface::CGI", "CGI") called at /tmp/loop_over_bdir-526-zZQCWN/HTTP-Engine-0.03005-2_cBvk/blib/lib/HTTP/Engine/Interface.pm line 51
HTTP::Engine::Interface::__INTERFACE__("HTTP::Engine::Interface::CGI") called at /tmp/loop_over_bdir-526-zZQCWN/HTTP-Engine-0.03005-2_cBvk/blib/lib/HTTP/Engine/Interface.pm line 31
HTTP::Engine::Interface::__ANON__() called at /tmp/loop_over_bdir-526-zZQCWN/HTTP-Engine-0.03005-2_cBvk/blib/lib/HTTP/Engine/Interface/CGI.pm line 18
require HTTP/Engine/Interface/CGI.pm called at t/moose/020_interface/cgi.t line 5
main::BEGIN() called at /tmp/loop_over_bdir-526-zZQCWN/HTTP-Engine-0.03005-2_cBvk/blib/lib/HTTP/Engine/Interface/CGI.pm line 0
eval {...} called at /tmp/loop_over_bdir-526-zZQCWN/HTTP-Engine-0.03005-2_cBvk/blib/lib/HTTP/Engine/Interface/CGI.pm line 0
Possible precedence issue with control flow operator at /tmp/loop_over_bdir-526-zZQCWN/HTTP-Engine-0.03005-2_cBvk/inc/Test/Builder.pm line 917.
Class::MOP::load_class is deprecated at /home/sand/src/perl/repoperls/installed-perls/perl/v5.19.9-98-g294c8bc/165a/lib/site_perl/5.19.10/x86_64-linux/Class/MOP.pm line 73, <DATA> line 1.
Class::MOP::load_class("HTTP::Engine::Interface::CGI") called at /tmp/loop_over_bdir-526-zZQCWN/HTTP-Engine-0.03005-2_cBvk/blib/lib/HTTP/Engine/Types/Core.pm line 26
HTTP::Engine::Types::Core::__ANON__(HASH(0x32c2c38)) called at /home/sand/src/perl/repoperls/installed-perls/perl/v5.19.9-98-g294c8bc/165a/lib/site_perl/5.19.10/x86_64-linux/Moose/Meta/TypeCoercion.pm line 68
Moose::Meta::TypeCoercion::__ANON__(HASH(0x32c2c38)) called at constructor HTTP::Engine::new (defined at /tmp/loop_over_bdir-526-zZQCWN/HTTP-Engine-0.03005-2_cBvk/blib/lib/HTTP/Engine.pm line 17) line 32
HTTP::Engine::new("HTTP::Engine", "interface", HASH(0x32c2c38)) called at t/moose/020_interface/cgi.t line 36
main::__ANON__(Test::Base::Block=HASH(0x2fcf8d0)) called at /tmp/loop_over_bdir-526-zZQCWN/HTTP-Engine-0.03005-2_cBvk/inc/Test/Base.pm line 269
Test::Base::run(undef) called at t/moose/020_interface/cgi.t line 39
t/moose/020_interface/cgi.t ................................. ok
Possible precedence issue with control flow operator at /tmp/loop_over_bdir-526-zZQCWN/HTTP-Engine-0.03005-2_cBvk/inc/Test/Builder.pm line 917.
t/moose/020_interface/lighty-fcgi.t ......................... skipped: set TEST_LIGHTTPD to enable this test
Possible precedence issue with control flow operator at /tmp/loop_over_bdir-526-zZQCWN/HTTP-Engine-0.03005-2_cBvk/inc/Test/Builder.pm line 917.
t/moose/020_interface/modperl_wildcard_hostname.t ........... skipped: this test requires mod_perl 2
Possible precedence issue with control flow operator at /tmp/loop_over_bdir-526-zZQCWN/HTTP-Engine-0.03005-2_cBvk/inc/Test/Builder.pm line 917.
t/moose/020_interface/poe-proxy.t ........................... skipped: this test requires POE::Component::Client::HTTP
Possible precedence issue with control flow operator at /tmp/loop_over_bdir-526-zZQCWN/HTTP-Engine-0.03005-2_cBvk/inc/Test/Builder.pm line 917.
t/moose/020_interface/poe-uri.t ............................. skipped: this test requires POE::Component::Client::HTTP
Possible precedence issue with control flow operator at /tmp/loop_over_bdir-526-zZQCWN/HTTP-Engine-0.03005-2_cBvk/inc/Test/Builder.pm line 917.
t/moose/020_interface/poe.t ................................. skipped: this test requires POE::Component::Client::HTTP
Possible precedence issue with control flow operator at /tmp/loop_over_bdir-526-zZQCWN/HTTP-Engine-0.03005-2_cBvk/inc/Test/Builder.pm line 917.
Class::MOP::load_class is deprecated at /home/sand/src/perl/repoperls/installed-perls/perl/v5.19.9-98-g294c8bc/165a/lib/site_perl/5.19.10/x86_64-linux/Class/MOP.pm line 73.
Class::MOP::load_class("HTTP::Engine::Interface::PSGI") called at /tmp/loop_over_bdir-526-zZQCWN/HTTP-Engine-0.03005-2_cBvk/blib/lib/HTTP/Engine/Types/Core.pm line 26
HTTP::Engine::Types::Core::__ANON__(HASH(0x1a413b0)) called at /home/sand/src/perl/repoperls/installed-perls/perl/v5.19.9-98-g294c8bc/165a/lib/site_perl/5.19.10/x86_64-linux/Moose/Meta/TypeCoercion.pm line 68
Moose::Meta::TypeCoercion::__ANON__(HASH(0x1a413b0)) called at constructor HTTP::Engine::new (defined at /tmp/loop_over_bdir-526-zZQCWN/HTTP-Engine-0.03005-2_cBvk/blib/lib/HTTP/Engine.pm line 17) line 32
HTTP::Engine::new("HTTP::Engine", "interface", HASH(0x1a413b0)) called at t/moose/020_interface/psgi-with_plack.t line 33
main::__ANON__(50093) called at /tmp/loop_over_bdir-526-zZQCWN/HTTP-Engine-0.03005-2_cBvk/inc/Test/TCP.pm line 118
Test::TCP::start(Test::TCP=HASH(0x3505ee8)) called at /tmp/loop_over_bdir-526-zZQCWN/HTTP-Engine-0.03005-2_cBvk/inc/Test/TCP.pm line 101
Test::TCP::new("Test::TCP", "code", CODE(0x347cbb0), "port", 50093) called at /tmp/loop_over_bdir-526-zZQCWN/HTTP-Engine-0.03005-2_cBvk/inc/Test/TCP.pm line 52
Test::TCP::test_tcp("client", CODE(0x33df860), "server", CODE(0x347cbb0)) called at t/moose/020_interface/psgi-with_plack.t line 37
t/moose/020_interface/psgi-with_plack.t ..................... ok
Possible precedence issue with control flow operator at /tmp/loop_over_bdir-526-zZQCWN/HTTP-Engine-0.03005-2_cBvk/inc/Test/Builder.pm line 917.
Class::MOP::load_class is deprecated at /home/sand/src/perl/repoperls/installed-perls/perl/v5.19.9-98-g294c8bc/165a/lib/site_perl/5.19.10/x86_64-linux/Class/MOP.pm line 73.
Class::MOP::load_class("HTTP::Engine::Interface::PSGI") called at /tmp/loop_over_bdir-526-zZQCWN/HTTP-Engine-0.03005-2_cBvk/blib/lib/HTTP/Engine/Types/Core.pm line 26
HTTP::Engine::Types::Core::__ANON__(HASH(0x7d2340)) called at /home/sand/src/perl/repoperls/installed-perls/perl/v5.19.9-98-g294c8bc/165a/lib/site_perl/5.19.10/x86_64-linux/Moose/Meta/TypeCoercion.pm line 68
Moose::Meta::TypeCoercion::__ANON__(HASH(0x7d2340)) called at constructor HTTP::Engine::new (defined at /tmp/loop_over_bdir-526-zZQCWN/HTTP-Engine-0.03005-2_cBvk/blib/lib/HTTP/Engine.pm line 17) line 32
HTTP::Engine::new("HTTP::Engine", "interface", HASH(0x7d2340)) called at t/moose/020_interface/psgi.t line 24
t/moose/020_interface/psgi.t ................................ ok
Possible precedence issue with control flow operator at /tmp/loop_over_bdir-526-zZQCWN/HTTP-Engine-0.03005-2_cBvk/inc/Test/Builder.pm line 917.
t/moose/020_interface/server_simple-net_server_configure.t .. skipped: this test requires Net::Server::Single
Possible precedence issue with control flow operator at /tmp/loop_over_bdir-526-zZQCWN/HTTP-Engine-0.03005-2_cBvk/inc/Test/Builder.pm line 917.
Class::MOP::load_class is deprecated at /home/sand/src/perl/repoperls/installed-perls/perl/v5.19.9-98-g294c8bc/165a/lib/site_perl/5.19.10/x86_64-linux/Class/MOP.pm line 73, <DATA> line 11.
Class::MOP::load_class("HTTP::Engine::Interface::ServerSimple") called at /tmp/loop_over_bdir-526-zZQCWN/HTTP-Engine-0.03005-2_cBvk/blib/lib/HTTP/Engine/Types/Core.pm line 26
HTTP::Engine::Types::Core::__ANON__(HASH(0x3648ab8)) called at /home/sand/src/perl/repoperls/installed-perls/perl/v5.19.9-98-g294c8bc/165a/lib/site_perl/5.19.10/x86_64-linux/Moose/Meta/TypeCoercion.pm line 68
Moose::Meta::TypeCoercion::__ANON__(HASH(0x3648ab8)) called at constructor HTTP::Engine::new (defined at /tmp/loop_over_bdir-526-zZQCWN/HTTP-Engine-0.03005-2_cBvk/blib/lib/HTTP/Engine.pm line 17) line 32
HTTP::Engine::new("HTTP::Engine", "interface", HASH(0x3648ab8)) called at t/moose/020_interface/server_simple-not-send-header-bug.t line 39
main::__ANON__(50565) called at /tmp/loop_over_bdir-526-zZQCWN/HTTP-Engine-0.03005-2_cBvk/inc/Test/TCP.pm line 118
Test::TCP::start(Test::TCP=HASH(0x35d85a8)) called at /tmp/loop_over_bdir-526-zZQCWN/HTTP-Engine-0.03005-2_cBvk/inc/Test/TCP.pm line 101
Test::TCP::new("Test::TCP", "code", CODE(0x22bae38), "port", 50565) called at /tmp/loop_over_bdir-526-zZQCWN/HTTP-Engine-0.03005-2_cBvk/inc/Test/TCP.pm line 52
Test::TCP::test_tcp("client", CODE(0x2248af0), "server", CODE(0x22bae38)) called at t/moose/020_interface/server_simple-not-send-header-bug.t line 41
Class::MOP::load_class is deprecated at /home/sand/src/perl/repoperls/installed-perls/perl/v5.19.9-98-g294c8bc/165a/lib/site_perl/5.19.10/x86_64-linux/Class/MOP.pm line 73, <DATA> line 16.
Class::MOP::load_class("HTTP::Engine::RequestBuilder::NoEnv") called at /tmp/loop_over_bdir-526-zZQCWN/HTTP-Engine-0.03005-2_cBvk/blib/lib/HTTP/Engine/Interface.pm line 65
HTTP::Engine::Interface::_setup_builder("HTTP::Engine::Interface::ServerSimple", "NoEnv") called at /tmp/loop_over_bdir-526-zZQCWN/HTTP-Engine-0.03005-2_cBvk/blib/lib/HTTP/Engine/Interface.pm line 51
HTTP::Engine::Interface::__INTERFACE__("HTTP::Engine::Interface::ServerSimple") called at /tmp/loop_over_bdir-526-zZQCWN/HTTP-Engine-0.03005-2_cBvk/blib/lib/HTTP/Engine/Interface.pm line 31
HTTP::Engine::Interface::__ANON__() called at /tmp/loop_over_bdir-526-zZQCWN/HTTP-Engine-0.03005-2_cBvk/blib/lib/HTTP/Engine/Interface/ServerSimple.pm line 111
require HTTP/Engine/Interface/ServerSimple.pm called at /home/sand/src/perl/repoperls/installed-perls/perl/v5.19.9-98-g294c8bc/165a/lib/site_perl/5.19.10/Module/Runtime.pm line 317
Module::Runtime::require_module("HTTP::Engine::Interface::ServerSimple") called at /home/sand/src/perl/repoperls/installed-perls/perl/v5.19.9-98-g294c8bc/165a/lib/site_perl/5.19.10/Class/Load.pm line 179
Class::Load::try {...} () called at /home/sand/src/perl/repoperls/installed-perls/perl/v5.19.9-98-g294c8bc/165a/lib/site_perl/5.19.10/Try/Tiny.pm line 77
eval {...} called at /home/sand/src/perl/repoperls/installed-perls/perl/v5.19.9-98-g294c8bc/165a/lib/site_perl/5.19.10/Try/Tiny.pm line 72
Try::Tiny::try(CODE(0x330d948), Try::Tiny::Catch=REF(0x32deda8)) called at /home/sand/src/perl/repoperls/installed-perls/perl/v5.19.9-98-g294c8bc/165a/lib/site_perl/5.19.10/Class/Load.pm line 185
Class::Load::try_load_class("HTTP::Engine::Interface::ServerSimple", undef) called at /home/sand/src/perl/repoperls/installed-perls/perl/v5.19.9-98-g294c8bc/165a/lib/site_perl/5.19.10/Class/Load.pm line 40
Class::Load::load_class("HTTP::Engine::Interface::ServerSimple") called at /tmp/loop_over_bdir-526-zZQCWN/HTTP-Engine-0.03005-2_cBvk/blib/lib/HTTP/Engine/Types/Core.pm line 26
HTTP::Engine::Types::Core::__ANON__(HASH(0x3648ab8)) called at /home/sand/src/perl/repoperls/installed-perls/perl/v5.19.9-98-g294c8bc/165a/lib/site_perl/5.19.10/x86_64-linux/Moose/Meta/TypeCoercion.pm line 68
Moose::Meta::TypeCoercion::__ANON__(HASH(0x3648ab8)) called at constructor HTTP::Engine::new (defined at /tmp/loop_over_bdir-526-zZQCWN/HTTP-Engine-0.03005-2_cBvk/blib/lib/HTTP/Engine.pm line 17) line 32
HTTP::Engine::new("HTTP::Engine", "interface", HASH(0x3648ab8)) called at t/moose/020_interface/server_simple-not-send-header-bug.t line 39
main::__ANON__(50565) called at /tmp/loop_over_bdir-526-zZQCWN/HTTP-Engine-0.03005-2_cBvk/inc/Test/TCP.pm line 118
Test::TCP::start(Test::TCP=HASH(0x35d85a8)) called at /tmp/loop_over_bdir-526-zZQCWN/HTTP-Engine-0.03005-2_cBvk/inc/Test/TCP.pm line 101
Test::TCP::new("Test::TCP", "code", CODE(0x22bae38), "port", 50565) called at /tmp/loop_over_bdir-526-zZQCWN/HTTP-Engine-0.03005-2_cBvk/inc/Test/TCP.pm line 52
Test::TCP::test_tcp("client", CODE(0x2248af0), "server", CODE(0x22bae38)) called at t/moose/020_interface/server_simple-not-send-header-bug.t line 41
t/moose/020_interface/server_simple-not-send-header-bug.t ... ok
Possible precedence issue with control flow operator at /tmp/loop_over_bdir-526-zZQCWN/HTTP-Engine-0.03005-2_cBvk/inc/Test/Builder.pm line 917.
Class::MOP::load_class is deprecated at /home/sand/src/perl/repoperls/installed-perls/perl/v5.19.9-98-g294c8bc/165a/lib/site_perl/5.19.10/x86_64-linux/Class/MOP.pm line 73, <DATA> line 11.
Class::MOP::load_class("HTTP::Engine::Interface::ServerSimple") called at /tmp/loop_over_bdir-526-zZQCWN/HTTP-Engine-0.03005-2_cBvk/blib/lib/HTTP/Engine/Types/Core.pm line 26
HTTP::Engine::Types::Core::__ANON__(HASH(0x33026c8)) called at /home/sand/src/perl/repoperls/installed-perls/perl/v5.19.9-98-g294c8bc/165a/lib/site_perl/5.19.10/x86_64-linux/Moose/Meta/TypeCoercion.pm line 68
Moose::Meta::TypeCoercion::__ANON__(HASH(0x33026c8)) called at constructor HTTP::Engine::new (defined at /tmp/loop_over_bdir-526-zZQCWN/HTTP-Engine-0.03005-2_cBvk/blib/lib/HTTP/Engine.pm line 17) line 32
HTTP::Engine::new("HTTP::Engine", "interface", HASH(0x33026c8)) called at t/moose/020_interface/server_simple-print_banner.t line 32
main::__ANON__(50529) called at /tmp/loop_over_bdir-526-zZQCWN/HTTP-Engine-0.03005-2_cBvk/inc/Test/TCP.pm line 118
Test::TCP::start(Test::TCP=HASH(0x32b1110)) called at /tmp/loop_over_bdir-526-zZQCWN/HTTP-Engine-0.03005-2_cBvk/inc/Test/TCP.pm line 101
Test::TCP::new("Test::TCP", "code", CODE(0x18f8148), "port", 50529) called at /tmp/loop_over_bdir-526-zZQCWN/HTTP-Engine-0.03005-2_cBvk/inc/Test/TCP.pm line 52
Test::TCP::test_tcp("client", CODE(0x1938e98), "server", CODE(0x18f8148)) called at t/moose/020_interface/server_simple-print_banner.t line 34
t/moose/020_interface/server_simple-print_banner.t .......... ok
Possible precedence issue with control flow operator at /tmp/loop_over_bdir-526-zZQCWN/HTTP-Engine-0.03005-2_cBvk/inc/Test/Builder.pm line 917.
Class::MOP::load_class is deprecated at /home/sand/src/perl/repoperls/installed-perls/perl/v5.19.9-98-g294c8bc/165a/lib/site_perl/5.19.10/x86_64-linux/Class/MOP.pm line 73, <DATA> line 11.
Class::MOP::load_class("HTTP::Engine::Interface::ServerSimple") called at /tmp/loop_over_bdir-526-zZQCWN/HTTP-Engine-0.03005-2_cBvk/blib/lib/HTTP/Engine/Types/Core.pm line 26
HTTP::Engine::Types::Core::__ANON__(HASH(0x40e1dc0)) called at /home/sand/src/perl/repoperls/installed-perls/perl/v5.19.9-98-g294c8bc/165a/lib/site_perl/5.19.10/x86_64-linux/Moose/Meta/TypeCoercion.pm line 68
Moose::Meta::TypeCoercion::__ANON__(HASH(0x40e1dc0)) called at constructor HTTP::Engine::new (defined at /tmp/loop_over_bdir-526-zZQCWN/HTTP-Engine-0.03005-2_cBvk/blib/lib/HTTP/Engine.pm line 17) line 32
HTTP::Engine::new("HTTP::Engine", "interface", HASH(0x40e1dc0)) called at t/moose/020_interface/server_simple.t line 36
main::__ANON__(50478) called at /tmp/loop_over_bdir-526-zZQCWN/HTTP-Engine-0.03005-2_cBvk/inc/Test/TCP.pm line 118
Test::TCP::start(Test::TCP=HASH(0x40bd800)) called at /tmp/loop_over_bdir-526-zZQCWN/HTTP-Engine-0.03005-2_cBvk/inc/Test/TCP.pm line 101
Test::TCP::new("Test::TCP", "code", CODE(0x40a9880), "port", 50478) called at /tmp/loop_over_bdir-526-zZQCWN/HTTP-Engine-0.03005-2_cBvk/inc/Test/TCP.pm line 52
Test::TCP::test_tcp("client", CODE(0x3fe79c0), "server", CODE(0x40a9880)) called at t/moose/020_interface/server_simple.t line 38
t/moose/020_interface/server_simple.t ....................... ok
Possible precedence issue with control flow operator at /tmp/loop_over_bdir-526-zZQCWN/HTTP-Engine-0.03005-2_cBvk/inc/Test/Builder.pm line 917.
t/moose/020_interface/standalone-keep_alive.t ............... skipped: Interface::Standalone will be removed
Possible precedence issue with control flow operator at /tmp/loop_over_bdir-526-zZQCWN/HTTP-Engine-0.03005-2_cBvk/inc/Test/Builder.pm line 917.
t/moose/020_interface/standalone-restart.t .................. skipped: Interface::Standalone will be removed
Possible precedence issue with control flow operator at /tmp/loop_over_bdir-526-zZQCWN/HTTP-Engine-0.03005-2_cBvk/inc/Test/Builder.pm line 917.
Class::MOP::load_class is deprecated at /home/sand/src/perl/repoperls/installed-perls/perl/v5.19.9-98-g294c8bc/165a/lib/site_perl/5.19.10/x86_64-linux/Class/MOP.pm line 73.
Class::MOP::load_class("HTTP::Engine::Interface::Test") called at /tmp/loop_over_bdir-526-zZQCWN/HTTP-Engine-0.03005-2_cBvk/blib/lib/HTTP/Engine/Types/Core.pm line 26
HTTP::Engine::Types::Core::__ANON__(HASH(0x4012518)) called at /home/sand/src/perl/repoperls/installed-perls/perl/v5.19.9-98-g294c8bc/165a/lib/site_perl/5.19.10/x86_64-linux/Moose/Meta/TypeCoercion.pm line 68
Moose::Meta::TypeCoercion::__ANON__(HASH(0x4012518)) called at constructor HTTP::Engine::new (defined at /tmp/loop_over_bdir-526-zZQCWN/HTTP-Engine-0.03005-2_cBvk/blib/lib/HTTP/Engine.pm line 17) line 32
HTTP::Engine::new("HTTP::Engine", "interface", HASH(0x4012518)) called at t/moose/020_interface/streaming_response.t line 30
eval {...} called at t/moose/020_interface/streaming_response.t line 19
t/moose/020_interface/streaming_response.t .................. ok
Possible precedence issue with control flow operator at /tmp/loop_over_bdir-526-zZQCWN/HTTP-Engine-0.03005-2_cBvk/inc/Test/Builder.pm line 917.
# Failed test at t/moose/020_interface/test-validation.t line 23.
# got: '1'
# expected: '0'
# Looks like you failed 1 test of 10.
t/moose/020_interface/test-validation.t .....................
Dubious, test returned 1 (wstat 256, 0x100)
Failed 1/10 subtests
Possible precedence issue with control flow operator at /tmp/loop_over_bdir-526-zZQCWN/HTTP-Engine-0.03005-2_cBvk/inc/Test/Builder.pm line 917.
t/moose/020_interface/test-warn_at_utf8.t ................... ok
Possible precedence issue with control flow operator at /tmp/loop_over_bdir-526-zZQCWN/HTTP-Engine-0.03005-2_cBvk/inc/Test/Builder.pm line 917.
Class::MOP::load_class is deprecated at /home/sand/src/perl/repoperls/installed-perls/perl/v5.19.9-98-g294c8bc/165a/lib/site_perl/5.19.10/x86_64-linux/Class/MOP.pm line 73, <DATA> line 1.
Class::MOP::load_class("HTTP::Engine::Interface::Test") called at /tmp/loop_over_bdir-526-zZQCWN/HTTP-Engine-0.03005-2_cBvk/blib/lib/HTTP/Engine/Types/Core.pm line 26
HTTP::Engine::Types::Core::__ANON__(HASH(0x38e7650)) called at /home/sand/src/perl/repoperls/installed-perls/perl/v5.19.9-98-g294c8bc/165a/lib/site_perl/5.19.10/x86_64-linux/Moose/Meta/TypeCoercion.pm line 68
Moose::Meta::TypeCoercion::__ANON__(HASH(0x38e7650)) called at constructor HTTP::Engine::new (defined at /tmp/loop_over_bdir-526-zZQCWN/HTTP-Engine-0.03005-2_cBvk/blib/lib/HTTP/Engine.pm line 17) line 32
HTTP::Engine::new("HTTP::Engine", "interface", HASH(0x38e7650)) called at t/moose/020_interface/test.t line 38
main::__ANON__(Test::Base::Block=HASH(0x387b508)) called at /tmp/loop_over_bdir-526-zZQCWN/HTTP-Engine-0.03005-2_cBvk/inc/Test/Base.pm line 269
Test::Base::run(undef) called at t/moose/020_interface/test.t line 43
t/moose/020_interface/test.t ................................ ok
Possible precedence issue with control flow operator at /tmp/loop_over_bdir-526-zZQCWN/HTTP-Engine-0.03005-2_cBvk/inc/Test/Builder.pm line 917.
Class::MOP::load_class is deprecated at /home/sand/src/perl/repoperls/installed-perls/perl/v5.19.9-98-g294c8bc/165a/lib/site_perl/5.19.10/x86_64-linux/Class/MOP.pm line 73.
Class::MOP::load_class("HTTP::Engine::Interface::Test") called at /tmp/loop_over_bdir-526-zZQCWN/HTTP-Engine-0.03005-2_cBvk/blib/lib/HTTP/Engine/Types/Core.pm line 26
HTTP::Engine::Types::Core::__ANON__(HASH(0x218d2d0)) called at /home/sand/src/perl/repoperls/installed-perls/perl/v5.19.9-98-g294c8bc/165a/lib/site_perl/5.19.10/x86_64-linux/Moose/Meta/TypeCoercion.pm line 68
Moose::Meta::TypeCoercion::__ANON__(HASH(0x218d2d0)) called at constructor HTTP::Engine::new (defined at /tmp/loop_over_bdir-526-zZQCWN/HTTP-Engine-0.03005-2_cBvk/blib/lib/HTTP/Engine.pm line 17) line 32
HTTP::Engine::new("HTTP::Engine", "interface", HASH(0x218d2d0)) called at t/moose/020_interface/test_response-with_io.t line 26
t/moose/020_interface/test_response-with_io.t ............... ok
Possible precedence issue with control flow operator at /tmp/loop_over_bdir-526-zZQCWN/HTTP-Engine-0.03005-2_cBvk/inc/Test/Builder.pm line 917.
Class::MOP::load_class is deprecated at /home/sand/src/perl/repoperls/installed-perls/perl/v5.19.9-98-g294c8bc/165a/lib/site_perl/5.19.10/x86_64-linux/Class/MOP.pm line 73, <DATA> line 1.
Class::MOP::load_class("HTTP::Engine::Interface::Test") called at /tmp/loop_over_bdir-526-zZQCWN/HTTP-Engine-0.03005-2_cBvk/blib/lib/HTTP/Engine/Types/Core.pm line 26
HTTP::Engine::Types::Core::__ANON__(HASH(0x3976930)) called at /home/sand/src/perl/repoperls/installed-perls/perl/v5.19.9-98-g294c8bc/165a/lib/site_perl/5.19.10/x86_64-linux/Moose/Meta/TypeCoercion.pm line 68
Moose::Meta::TypeCoercion::__ANON__(HASH(0x3976930)) called at constructor HTTP::Engine::new (defined at /tmp/loop_over_bdir-526-zZQCWN/HTTP-Engine-0.03005-2_cBvk/blib/lib/HTTP/Engine.pm line 17) line 32
HTTP::Engine::new("HTTP::Engine", "interface", HASH(0x3976930)) called at t/moose/020_interface/test_upload.t line 55
main::__ANON__(Test::Base::Block=HASH(0x18664d0)) called at /tmp/loop_over_bdir-526-zZQCWN/HTTP-Engine-0.03005-2_cBvk/inc/Test/Base.pm line 269
Test::Base::run(undef) called at t/moose/020_interface/test_upload.t line 91
t/moose/020_interface/test_upload.t ......................... ok
Possible precedence issue with control flow operator at /tmp/loop_over_bdir-526-zZQCWN/HTTP-Engine-0.03005-2_cBvk/inc/Test/Builder.pm line 917.
Class::MOP::load_class is deprecated at /home/sand/src/perl/repoperls/installed-perls/perl/v5.19.9-98-g294c8bc/165a/lib/site_perl/5.19.10/x86_64-linux/Class/MOP.pm line 73.
Class::MOP::load_class("HTTP::Engine::Interface::Standalone") called at /tmp/loop_over_bdir-526-zZQCWN/HTTP-Engine-0.03005-2_cBvk/blib/lib/HTTP/Engine/Types/Core.pm line 26
HTTP::Engine::Types::Core::__ANON__(HASH(0x32ee5b8)) called at /home/sand/src/perl/repoperls/installed-perls/perl/v5.19.9-98-g294c8bc/165a/lib/site_perl/5.19.10/x86_64-linux/Moose/Meta/TypeCoercion.pm line 68
Moose::Meta::TypeCoercion::__ANON__(HASH(0x32ee5b8)) called at constructor HTTP::Engine::new (defined at /tmp/loop_over_bdir-526-zZQCWN/HTTP-Engine-0.03005-2_cBvk/blib/lib/HTTP/Engine.pm line 17) line 32
HTTP::Engine::new("HTTP::Engine", "interface", HASH(0x32ee5b8)) called at t/Utils.pm line 129
t::Utils::__ANON__(50276) called at /tmp/loop_over_bdir-526-zZQCWN/HTTP-Engine-0.03005-2_cBvk/inc/Test/TCP.pm line 118
Test::TCP::start(Test::TCP=HASH(0x39ff448)) called at /tmp/loop_over_bdir-526-zZQCWN/HTTP-Engine-0.03005-2_cBvk/inc/Test/TCP.pm line 101
Test::TCP::new("Test::TCP", "code", CODE(0x397e658), "port", 50276) called at /tmp/loop_over_bdir-526-zZQCWN/HTTP-Engine-0.03005-2_cBvk/inc/Test/TCP.pm line 52
Test::TCP::test_tcp("client", CODE(0x397e430), "server", CODE(0x397e658), "port", 50276) called at t/Utils.pm line 132
t::Utils::daemonize_all(CODE(0x344ec00), " sub {\x{a} my \$port = shift;\x{a} return (\x{a} "...) called at t/moose/030_daemonize/connection_info.t line 47
Class::MOP::load_class is deprecated at /home/sand/src/perl/repoperls/installed-perls/perl/v5.19.9-98-g294c8bc/165a/lib/site_perl/5.19.10/x86_64-linux/Class/MOP.pm line 73.
Class::MOP::load_class("HTTP::Engine::Interface::ServerSimple") called at /tmp/loop_over_bdir-526-zZQCWN/HTTP-Engine-0.03005-2_cBvk/blib/lib/HTTP/Engine/Types/Core.pm line 26
HTTP::Engine::Types::Core::__ANON__(HASH(0x32ee5b8)) called at /home/sand/src/perl/repoperls/installed-perls/perl/v5.19.9-98-g294c8bc/165a/lib/site_perl/5.19.10/x86_64-linux/Moose/Meta/TypeCoercion.pm line 68
Moose::Meta::TypeCoercion::__ANON__(HASH(0x32ee5b8)) called at constructor HTTP::Engine::new (defined at /tmp/loop_over_bdir-526-zZQCWN/HTTP-Engine-0.03005-2_cBvk/blib/lib/HTTP/Engine.pm line 17) line 32
HTTP::Engine::new("HTTP::Engine", "interface", HASH(0x32ee5b8)) called at t/Utils.pm line 129
t::Utils::__ANON__(50276) called at /tmp/loop_over_bdir-526-zZQCWN/HTTP-Engine-0.03005-2_cBvk/inc/Test/TCP.pm line 118
Test::TCP::start(Test::TCP=HASH(0x39db8d0)) called at /tmp/loop_over_bdir-526-zZQCWN/HTTP-Engine-0.03005-2_cBvk/inc/Test/TCP.pm line 101
Test::TCP::new("Test::TCP", "code", CODE(0x397e658), "port", 50276) called at /tmp/loop_over_bdir-526-zZQCWN/HTTP-Engine-0.03005-2_cBvk/inc/Test/TCP.pm line 52
Test::TCP::test_tcp("client", CODE(0x397e430), "server", CODE(0x397e658), "port", 50276) called at t/Utils.pm line 132
t::Utils::daemonize_all(CODE(0x344ec00), " sub {\x{a} my \$port = shift;\x{a} return (\x{a} "...) called at t/moose/030_daemonize/connection_info.t line 47
Class::MOP::load_class is deprecated at /home/sand/src/perl/repoperls/installed-perls/perl/v5.19.9-98-g294c8bc/165a/lib/site_perl/5.19.10/x86_64-linux/Class/MOP.pm line 73.
Class::MOP::load_class("HTTP::Engine::Interface::POE") called at /tmp/loop_over_bdir-526-zZQCWN/HTTP-Engine-0.03005-2_cBvk/blib/lib/HTTP/Engine/Types/Core.pm line 26
HTTP::Engine::Types::Core::__ANON__(HASH(0x32ee5b8)) called at /home/sand/src/perl/repoperls/installed-perls/perl/v5.19.9-98-g294c8bc/165a/lib/site_perl/5.19.10/x86_64-linux/Moose/Meta/TypeCoercion.pm line 68
Moose::Meta::TypeCoercion::__ANON__(HASH(0x32ee5b8)) called at constructor HTTP::Engine::new (defined at /tmp/loop_over_bdir-526-zZQCWN/HTTP-Engine-0.03005-2_cBvk/blib/lib/HTTP/Engine.pm line 17) line 32
HTTP::Engine::new("HTTP::Engine", "interface", HASH(0x32ee5b8)) called at t/Utils.pm line 129
t::Utils::__ANON__(50276) called at /tmp/loop_over_bdir-526-zZQCWN/HTTP-Engine-0.03005-2_cBvk/inc/Test/TCP.pm line 118
Test::TCP::start(Test::TCP=HASH(0x39ff448)) called at /tmp/loop_over_bdir-526-zZQCWN/HTTP-Engine-0.03005-2_cBvk/inc/Test/TCP.pm line 101
Test::TCP::new("Test::TCP", "code", CODE(0x397e658), "port", 50276) called at /tmp/loop_over_bdir-526-zZQCWN/HTTP-Engine-0.03005-2_cBvk/inc/Test/TCP.pm line 52
Test::TCP::test_tcp("client", CODE(0x397e430), "server", CODE(0x397e658), "port", 50276) called at t/Utils.pm line 132
t::Utils::daemonize_all(CODE(0x344ec00), " sub {\x{a} my \$port = shift;\x{a} return (\x{a} "...) called at t/moose/030_daemonize/connection_info.t line 47
t/moose/030_daemonize/connection_info.t ..................... ok
Possible precedence issue with control flow operator at /tmp/loop_over_bdir-526-zZQCWN/HTTP-Engine-0.03005-2_cBvk/inc/Test/Builder.pm line 917.
Class::MOP::load_class is deprecated at /home/sand/src/perl/repoperls/installed-perls/perl/v5.19.9-98-g294c8bc/165a/lib/site_perl/5.19.10/x86_64-linux/Class/MOP.pm line 73.
Class::MOP::load_class("HTTP::Engine::Interface::Standalone") called at /tmp/loop_over_bdir-526-zZQCWN/HTTP-Engine-0.03005-2_cBvk/blib/lib/HTTP/Engine/Types/Core.pm line 26
HTTP::Engine::Types::Core::__ANON__(HASH(0x26dc380)) called at /home/sand/src/perl/repoperls/installed-perls/perl/v5.19.9-98-g294c8bc/165a/lib/site_perl/5.19.10/x86_64-linux/Moose/Meta/TypeCoercion.pm line 68
Moose::Meta::TypeCoercion::__ANON__(HASH(0x26dc380)) called at constructor HTTP::Engine::new (defined at /tmp/loop_over_bdir-526-zZQCWN/HTTP-Engine-0.03005-2_cBvk/blib/lib/HTTP/Engine.pm line 17) line 32
HTTP::Engine::new("HTTP::Engine", "interface", HASH(0x26dc380)) called at t/Utils.pm line 129
t::Utils::__ANON__(50200) called at /tmp/loop_over_bdir-526-zZQCWN/HTTP-Engine-0.03005-2_cBvk/inc/Test/TCP.pm line 118
Test::TCP::start(Test::TCP=HASH(0x462ca40)) called at /tmp/loop_over_bdir-526-zZQCWN/HTTP-Engine-0.03005-2_cBvk/inc/Test/TCP.pm line 101
Test::TCP::new("Test::TCP", "code", CODE(0x45ae870), "port", 50200) called at /tmp/loop_over_bdir-526-zZQCWN/HTTP-Engine-0.03005-2_cBvk/inc/Test/TCP.pm line 52
Test::TCP::test_tcp("client", CODE(0x45ae648), "server", CODE(0x45ae870), "port", 50200) called at t/Utils.pm line 132
t::Utils::daemonize_all(CODE(0x40809b0), " sub {\x{a} my \$port = shift;\x{a} return (\x{a} "...) called at t/moose/030_daemonize/headers.t line 40
Class::MOP::load_class is deprecated at /home/sand/src/perl/repoperls/installed-perls/perl/v5.19.9-98-g294c8bc/165a/lib/site_perl/5.19.10/x86_64-linux/Class/MOP.pm line 73.
Class::MOP::load_class("HTTP::Engine::Interface::ServerSimple") called at /tmp/loop_over_bdir-526-zZQCWN/HTTP-Engine-0.03005-2_cBvk/blib/lib/HTTP/Engine/Types/Core.pm line 26
HTTP::Engine::Types::Core::__ANON__(HASH(0x26dc380)) called at /home/sand/src/perl/repoperls/installed-perls/perl/v5.19.9-98-g294c8bc/165a/lib/site_perl/5.19.10/x86_64-linux/Moose/Meta/TypeCoercion.pm line 68
Moose::Meta::TypeCoercion::__ANON__(HASH(0x26dc380)) called at constructor HTTP::Engine::new (defined at /tmp/loop_over_bdir-526-zZQCWN/HTTP-Engine-0.03005-2_cBvk/blib/lib/HTTP/Engine.pm line 17) line 32
HTTP::Engine::new("HTTP::Engine", "interface", HASH(0x26dc380)) called at t/Utils.pm line 129
t::Utils::__ANON__(50200) called at /tmp/loop_over_bdir-526-zZQCWN/HTTP-Engine-0.03005-2_cBvk/inc/Test/TCP.pm line 118
Test::TCP::start(Test::TCP=HASH(0x46300f8)) called at /tmp/loop_over_bdir-526-zZQCWN/HTTP-Engine-0.03005-2_cBvk/inc/Test/TCP.pm line 101
Test::TCP::new("Test::TCP", "code", CODE(0x45ae870), "port", 50200) called at /tmp/loop_over_bdir-526-zZQCWN/HTTP-Engine-0.03005-2_cBvk/inc/Test/TCP.pm line 52
Test::TCP::test_tcp("client", CODE(0x45ae648), "server", CODE(0x45ae870), "port", 50200) called at t/Utils.pm line 132
t::Utils::daemonize_all(CODE(0x40809b0), " sub {\x{a} my \$port = shift;\x{a} return (\x{a} "...) called at t/moose/030_daemonize/headers.t line 40
Class::MOP::load_class is deprecated at /home/sand/src/perl/repoperls/installed-perls/perl/v5.19.9-98-g294c8bc/165a/lib/site_perl/5.19.10/x86_64-linux/Class/MOP.pm line 73.
Class::MOP::load_class("HTTP::Engine::Interface::POE") called at /tmp/loop_over_bdir-526-zZQCWN/HTTP-Engine-0.03005-2_cBvk/blib/lib/HTTP/Engine/Types/Core.pm line 26
HTTP::Engine::Types::Core::__ANON__(HASH(0x26dc380)) called at /home/sand/src/perl/repoperls/installed-perls/perl/v5.19.9-98-g294c8bc/165a/lib/site_perl/5.19.10/x86_64-linux/Moose/Meta/TypeCoercion.pm line 68
Moose::Meta::TypeCoercion::__ANON__(HASH(0x26dc380)) called at constructor HTTP::Engine::new (defined at /tmp/loop_over_bdir-526-zZQCWN/HTTP-Engine-0.03005-2_cBvk/blib/lib/HTTP/Engine.pm line 17) line 32
HTTP::Engine::new("HTTP::Engine", "interface", HASH(0x26dc380)) called at t/Utils.pm line 129
t::Utils::__ANON__(50200) called at /tmp/loop_over_bdir-526-zZQCWN/HTTP-Engine-0.03005-2_cBvk/inc/Test/TCP.pm line 118
Test::TCP::start(Test::TCP=HASH(0x462f810)) called at /tmp/loop_over_bdir-526-zZQCWN/HTTP-Engine-0.03005-2_cBvk/inc/Test/TCP.pm line 101
Test::TCP::new("Test::TCP", "code", CODE(0x45ae870), "port", 50200) called at /tmp/loop_over_bdir-526-zZQCWN/HTTP-Engine-0.03005-2_cBvk/inc/Test/TCP.pm line 52
Test::TCP::test_tcp("client", CODE(0x45ae648), "server", CODE(0x45ae870), "port", 50200) called at t/Utils.pm line 132
t::Utils::daemonize_all(CODE(0x40809b0), " sub {\x{a} my \$port = shift;\x{a} return (\x{a} "...) called at t/moose/030_daemonize/headers.t line 40
t/moose/030_daemonize/headers.t ............................. ok
Possible precedence issue with control flow operator at /tmp/loop_over_bdir-526-zZQCWN/HTTP-Engine-0.03005-2_cBvk/inc/Test/Builder.pm line 917.
Class::MOP::load_class is deprecated at /home/sand/src/perl/repoperls/installed-perls/perl/v5.19.9-98-g294c8bc/165a/lib/site_perl/5.19.10/x86_64-linux/Class/MOP.pm line 73.
Class::MOP::load_class("HTTP::Engine::Interface::Standalone") called at /tmp/loop_over_bdir-526-zZQCWN/HTTP-Engine-0.03005-2_cBvk/blib/lib/HTTP/Engine/Types/Core.pm line 26
HTTP::Engine::Types::Core::__ANON__(HASH(0x1484278)) called at /home/sand/src/perl/repoperls/installed-perls/perl/v5.19.9-98-g294c8bc/165a/lib/site_perl/5.19.10/x86_64-linux/Moose/Meta/TypeCoercion.pm line 68
Moose::Meta::TypeCoercion::__ANON__(HASH(0x1484278)) called at constructor HTTP::Engine::new (defined at /tmp/loop_over_bdir-526-zZQCWN/HTTP-Engine-0.03005-2_cBvk/blib/lib/HTTP/Engine.pm line 17) line 32
HTTP::Engine::new("HTTP::Engine", "interface", HASH(0x1484278)) called at t/Utils.pm line 129
t::Utils::__ANON__(50224) called at /tmp/loop_over_bdir-526-zZQCWN/HTTP-Engine-0.03005-2_cBvk/inc/Test/TCP.pm line 118
Test::TCP::start(Test::TCP=HASH(0x3372408)) called at /tmp/loop_over_bdir-526-zZQCWN/HTTP-Engine-0.03005-2_cBvk/inc/Test/TCP.pm line 101
Test::TCP::new("Test::TCP", "code", CODE(0x332d758), "port", 50224) called at /tmp/loop_over_bdir-526-zZQCWN/HTTP-Engine-0.03005-2_cBvk/inc/Test/TCP.pm line 52
Test::TCP::test_tcp("client", CODE(0x332d530), "server", CODE(0x332d758), "port", 50224) called at t/Utils.pm line 132
t::Utils::daemonize_all(CODE(0x2e1dad0), " sub {\x{a} my \$port = shift;\x{a} return (\x{a} "...) called at t/moose/030_daemonize/proxy_path.t line 25
Class::MOP::load_class is deprecated at /home/sand/src/perl/repoperls/installed-perls/perl/v5.19.9-98-g294c8bc/165a/lib/site_perl/5.19.10/x86_64-linux/Class/MOP.pm line 73.
Class::MOP::load_class("HTTP::Engine::Interface::ServerSimple") called at /tmp/loop_over_bdir-526-zZQCWN/HTTP-Engine-0.03005-2_cBvk/blib/lib/HTTP/Engine/Types/Core.pm line 26
HTTP::Engine::Types::Core::__ANON__(HASH(0x1484278)) called at /home/sand/src/perl/repoperls/installed-perls/perl/v5.19.9-98-g294c8bc/165a/lib/site_perl/5.19.10/x86_64-linux/Moose/Meta/TypeCoercion.pm line 68
Moose::Meta::TypeCoercion::__ANON__(HASH(0x1484278)) called at constructor HTTP::Engine::new (defined at /tmp/loop_over_bdir-526-zZQCWN/HTTP-Engine-0.03005-2_cBvk/blib/lib/HTTP/Engine.pm line 17) line 32
HTTP::Engine::new("HTTP::Engine", "interface", HASH(0x1484278)) called at t/Utils.pm line 129
t::Utils::__ANON__(50224) called at /tmp/loop_over_bdir-526-zZQCWN/HTTP-Engine-0.03005-2_cBvk/inc/Test/TCP.pm line 118
Test::TCP::start(Test::TCP=HASH(0x338b250)) called at /tmp/loop_over_bdir-526-zZQCWN/HTTP-Engine-0.03005-2_cBvk/inc/Test/TCP.pm line 101
Test::TCP::new("Test::TCP", "code", CODE(0x332d758), "port", 50224) called at /tmp/loop_over_bdir-526-zZQCWN/HTTP-Engine-0.03005-2_cBvk/inc/Test/TCP.pm line 52
Test::TCP::test_tcp("client", CODE(0x332d530), "server", CODE(0x332d758), "port", 50224) called at t/Utils.pm line 132
t::Utils::daemonize_all(CODE(0x2e1dad0), " sub {\x{a} my \$port = shift;\x{a} return (\x{a} "...) called at t/moose/030_daemonize/proxy_path.t line 25
Class::MOP::load_class is deprecated at /home/sand/src/perl/repoperls/installed-perls/perl/v5.19.9-98-g294c8bc/165a/lib/site_perl/5.19.10/x86_64-linux/Class/MOP.pm line 73.
Class::MOP::load_class("HTTP::Engine::Interface::POE") called at /tmp/loop_over_bdir-526-zZQCWN/HTTP-Engine-0.03005-2_cBvk/blib/lib/HTTP/Engine/Types/Core.pm line 26
HTTP::Engine::Types::Core::__ANON__(HASH(0x1484278)) called at /home/sand/src/perl/repoperls/installed-perls/perl/v5.19.9-98-g294c8bc/165a/lib/site_perl/5.19.10/x86_64-linux/Moose/Meta/TypeCoercion.pm line 68
Moose::Meta::TypeCoercion::__ANON__(HASH(0x1484278)) called at constructor HTTP::Engine::new (defined at /tmp/loop_over_bdir-526-zZQCWN/HTTP-Engine-0.03005-2_cBvk/blib/lib/HTTP/Engine.pm line 17) line 32
HTTP::Engine::new("HTTP::Engine", "interface", HASH(0x1484278)) called at t/Utils.pm line 129
t::Utils::__ANON__(50224) called at /tmp/loop_over_bdir-526-zZQCWN/HTTP-Engine-0.03005-2_cBvk/inc/Test/TCP.pm line 118
Test::TCP::start(Test::TCP=HASH(0x37b6030)) called at /tmp/loop_over_bdir-526-zZQCWN/HTTP-Engine-0.03005-2_cBvk/inc/Test/TCP.pm line 101
Test::TCP::new("Test::TCP", "code", CODE(0x332d758), "port", 50224) called at /tmp/loop_over_bdir-526-zZQCWN/HTTP-Engine-0.03005-2_cBvk/inc/Test/TCP.pm line 52
Test::TCP::test_tcp("client", CODE(0x332d530), "server", CODE(0x332d758), "port", 50224) called at t/Utils.pm line 132
t::Utils::daemonize_all(CODE(0x2e1dad0), " sub {\x{a} my \$port = shift;\x{a} return (\x{a} "...) called at t/moose/030_daemonize/proxy_path.t line 25
t/moose/030_daemonize/proxy_path.t .......................... ok
Possible precedence issue with control flow operator at /tmp/loop_over_bdir-526-zZQCWN/HTTP-Engine-0.03005-2_cBvk/inc/Test/Builder.pm line 917.
Class::MOP::load_class is deprecated at /home/sand/src/perl/repoperls/installed-perls/perl/v5.19.9-98-g294c8bc/165a/lib/site_perl/5.19.10/x86_64-linux/Class/MOP.pm line 73.
Class::MOP::load_class("HTTP::Engine::Interface::Standalone") called at /tmp/loop_over_bdir-526-zZQCWN/HTTP-Engine-0.03005-2_cBvk/blib/lib/HTTP/Engine/Types/Core.pm line 26
HTTP::Engine::Types::Core::__ANON__(HASH(0x2574040)) called at /home/sand/src/perl/repoperls/installed-perls/perl/v5.19.9-98-g294c8bc/165a/lib/site_perl/5.19.10/x86_64-linux/Moose/Meta/TypeCoercion.pm line 68
Moose::Meta::TypeCoercion::__ANON__(HASH(0x2574040)) called at constructor HTTP::Engine::new (defined at /tmp/loop_over_bdir-526-zZQCWN/HTTP-Engine-0.03005-2_cBvk/blib/lib/HTTP/Engine.pm line 17) line 32
HTTP::Engine::new("HTTP::Engine", "interface", HASH(0x2574040)) called at t/Utils.pm line 129
t::Utils::__ANON__(50051) called at /tmp/loop_over_bdir-526-zZQCWN/HTTP-Engine-0.03005-2_cBvk/inc/Test/TCP.pm line 118
Test::TCP::start(Test::TCP=HASH(0x2995558)) called at /tmp/loop_over_bdir-526-zZQCWN/HTTP-Engine-0.03005-2_cBvk/inc/Test/TCP.pm line 101
Test::TCP::new("Test::TCP", "code", CODE(0x2917b08), "port", 50051) called at /tmp/loop_over_bdir-526-zZQCWN/HTTP-Engine-0.03005-2_cBvk/inc/Test/TCP.pm line 52
Test::TCP::test_tcp("client", CODE(0x29178e0), "server", CODE(0x2917b08), "port", 50051) called at t/Utils.pm line 132
t::Utils::daemonize_all(CODE(0x23ec0c8), " sub {\x{a} my \$port = shift;\x{a} return (\x{a} "...) called at t/moose/030_daemonize/raw_body.t line 41
Class::MOP::load_class is deprecated at /home/sand/src/perl/repoperls/installed-perls/perl/v5.19.9-98-g294c8bc/165a/lib/site_perl/5.19.10/x86_64-linux/Class/MOP.pm line 73.
Class::MOP::load_class("HTTP::Engine::Interface::ServerSimple") called at /tmp/loop_over_bdir-526-zZQCWN/HTTP-Engine-0.03005-2_cBvk/blib/lib/HTTP/Engine/Types/Core.pm line 26
HTTP::Engine::Types::Core::__ANON__(HASH(0x2574040)) called at /home/sand/src/perl/repoperls/installed-perls/perl/v5.19.9-98-g294c8bc/165a/lib/site_perl/5.19.10/x86_64-linux/Moose/Meta/TypeCoercion.pm line 68
Moose::Meta::TypeCoercion::__ANON__(HASH(0x2574040)) called at constructor HTTP::Engine::new (defined at /tmp/loop_over_bdir-526-zZQCWN/HTTP-Engine-0.03005-2_cBvk/blib/lib/HTTP/Engine.pm line 17) line 32
HTTP::Engine::new("HTTP::Engine", "interface", HASH(0x2574040)) called at t/Utils.pm line 129
t::Utils::__ANON__(50051) called at /tmp/loop_over_bdir-526-zZQCWN/HTTP-Engine-0.03005-2_cBvk/inc/Test/TCP.pm line 118
Test::TCP::start(Test::TCP=HASH(0x29741b0)) called at /tmp/loop_over_bdir-526-zZQCWN/HTTP-Engine-0.03005-2_cBvk/inc/Test/TCP.pm line 101
Test::TCP::new("Test::TCP", "code", CODE(0x2917b08), "port", 50051) called at /tmp/loop_over_bdir-526-zZQCWN/HTTP-Engine-0.03005-2_cBvk/inc/Test/TCP.pm line 52
Test::TCP::test_tcp("client", CODE(0x29178e0), "server", CODE(0x2917b08), "port", 50051) called at t/Utils.pm line 132
t::Utils::daemonize_all(CODE(0x23ec0c8), " sub {\x{a} my \$port = shift;\x{a} return (\x{a} "...) called at t/moose/030_daemonize/raw_body.t line 41
Class::MOP::load_class is deprecated at /home/sand/src/perl/repoperls/installed-perls/perl/v5.19.9-98-g294c8bc/165a/lib/site_perl/5.19.10/x86_64-linux/Class/MOP.pm line 73.
Class::MOP::load_class("HTTP::Engine::Interface::POE") called at /tmp/loop_over_bdir-526-zZQCWN/HTTP-Engine-0.03005-2_cBvk/blib/lib/HTTP/Engine/Types/Core.pm line 26
HTTP::Engine::Types::Core::__ANON__(HASH(0x2574040)) called at /home/sand/src/perl/repoperls/installed-perls/perl/v5.19.9-98-g294c8bc/165a/lib/site_perl/5.19.10/x86_64-linux/Moose/Meta/TypeCoercion.pm line 68
Moose::Meta::TypeCoercion::__ANON__(HASH(0x2574040)) called at constructor HTTP::Engine::new (defined at /tmp/loop_over_bdir-526-zZQCWN/HTTP-Engine-0.03005-2_cBvk/blib/lib/HTTP/Engine.pm line 17) line 32
HTTP::Engine::new("HTTP::Engine", "interface", HASH(0x2574040)) called at t/Utils.pm line 129
t::Utils::__ANON__(50051) called at /tmp/loop_over_bdir-526-zZQCWN/HTTP-Engine-0.03005-2_cBvk/inc/Test/TCP.pm line 118
Test::TCP::start(Test::TCP=HASH(0x2995798)) called at /tmp/loop_over_bdir-526-zZQCWN/HTTP-Engine-0.03005-2_cBvk/inc/Test/TCP.pm line 101
Test::TCP::new("Test::TCP", "code", CODE(0x2917b08), "port", 50051) called at /tmp/loop_over_bdir-526-zZQCWN/HTTP-Engine-0.03005-2_cBvk/inc/Test/TCP.pm line 52
Test::TCP::test_tcp("client", CODE(0x29178e0), "server", CODE(0x2917b08), "port", 50051) called at t/Utils.pm line 132
t::Utils::daemonize_all(CODE(0x23ec0c8), " sub {\x{a} my \$port = shift;\x{a} return (\x{a} "...) called at t/moose/030_daemonize/raw_body.t line 41
t/moose/030_daemonize/raw_body.t ............................ ok
Possible precedence issue with control flow operator at /tmp/loop_over_bdir-526-zZQCWN/HTTP-Engine-0.03005-2_cBvk/inc/Test/Builder.pm line 917.
Class::MOP::load_class is deprecated at /home/sand/src/perl/repoperls/installed-perls/perl/v5.19.9-98-g294c8bc/165a/lib/site_perl/5.19.10/x86_64-linux/Class/MOP.pm line 73.
Class::MOP::load_class("HTTP::Engine::Interface::Standalone") called at /tmp/loop_over_bdir-526-zZQCWN/HTTP-Engine-0.03005-2_cBvk/blib/lib/HTTP/Engine/Types/Core.pm line 26
HTTP::Engine::Types::Core::__ANON__(HASH(0x406c6c8)) called at /home/sand/src/perl/repoperls/installed-perls/perl/v5.19.9-98-g294c8bc/165a/lib/site_perl/5.19.10/x86_64-linux/Moose/Meta/TypeCoercion.pm line 68
Moose::Meta::TypeCoercion::__ANON__(HASH(0x406c6c8)) called at constructor HTTP::Engine::new (defined at /tmp/loop_over_bdir-526-zZQCWN/HTTP-Engine-0.03005-2_cBvk/blib/lib/HTTP/Engine.pm line 17) line 32
HTTP::Engine::new("HTTP::Engine", "interface", HASH(0x406c6c8)) called at t/Utils.pm line 129
t::Utils::__ANON__(50427) called at /tmp/loop_over_bdir-526-zZQCWN/HTTP-Engine-0.03005-2_cBvk/inc/Test/TCP.pm line 118
Test::TCP::start(Test::TCP=HASH(0x448e308)) called at /tmp/loop_over_bdir-526-zZQCWN/HTTP-Engine-0.03005-2_cBvk/inc/Test/TCP.pm line 101
Test::TCP::new("Test::TCP", "code", CODE(0x440f068), "port", 50427) called at /tmp/loop_over_bdir-526-zZQCWN/HTTP-Engine-0.03005-2_cBvk/inc/Test/TCP.pm line 52
Test::TCP::test_tcp("client", CODE(0x440ee40), "server", CODE(0x440f068), "port", 50427) called at t/Utils.pm line 132
t::Utils::daemonize_all(CODE(0x3ee38e8), " sub {\x{a} my \$port = shift;\x{a} return (\x{a} "...) called at t/moose/030_daemonize/request_independence.t line 51
Class::MOP::load_class is deprecated at /home/sand/src/perl/repoperls/installed-perls/perl/v5.19.9-98-g294c8bc/165a/lib/site_perl/5.19.10/x86_64-linux/Class/MOP.pm line 73.
Class::MOP::load_class("HTTP::Engine::Interface::ServerSimple") called at /tmp/loop_over_bdir-526-zZQCWN/HTTP-Engine-0.03005-2_cBvk/blib/lib/HTTP/Engine/Types/Core.pm line 26
HTTP::Engine::Types::Core::__ANON__(HASH(0x406c6c8)) called at /home/sand/src/perl/repoperls/installed-perls/perl/v5.19.9-98-g294c8bc/165a/lib/site_perl/5.19.10/x86_64-linux/Moose/Meta/TypeCoercion.pm line 68
Moose::Meta::TypeCoercion::__ANON__(HASH(0x406c6c8)) called at constructor HTTP::Engine::new (defined at /tmp/loop_over_bdir-526-zZQCWN/HTTP-Engine-0.03005-2_cBvk/blib/lib/HTTP/Engine.pm line 17) line 32
HTTP::Engine::new("HTTP::Engine", "interface", HASH(0x406c6c8)) called at t/Utils.pm line 129
t::Utils::__ANON__(50427) called at /tmp/loop_over_bdir-526-zZQCWN/HTTP-Engine-0.03005-2_cBvk/inc/Test/TCP.pm line 118
Test::TCP::start(Test::TCP=HASH(0x4491070)) called at /tmp/loop_over_bdir-526-zZQCWN/HTTP-Engine-0.03005-2_cBvk/inc/Test/TCP.pm line 101
Test::TCP::new("Test::TCP", "code", CODE(0x440f068), "port", 50427) called at /tmp/loop_over_bdir-526-zZQCWN/HTTP-Engine-0.03005-2_cBvk/inc/Test/TCP.pm line 52
Test::TCP::test_tcp("client", CODE(0x440ee40), "server", CODE(0x440f068), "port", 50427) called at t/Utils.pm line 132
t::Utils::daemonize_all(CODE(0x3ee38e8), " sub {\x{a} my \$port = shift;\x{a} return (\x{a} "...) called at t/moose/030_daemonize/request_independence.t line 51
Class::MOP::load_class is deprecated at /home/sand/src/perl/repoperls/installed-perls/perl/v5.19.9-98-g294c8bc/165a/lib/site_perl/5.19.10/x86_64-linux/Class/MOP.pm line 73.
Class::MOP::load_class("HTTP::Engine::Interface::POE") called at /tmp/loop_over_bdir-526-zZQCWN/HTTP-Engine-0.03005-2_cBvk/blib/lib/HTTP/Engine/Types/Core.pm line 26
HTTP::Engine::Types::Core::__ANON__(HASH(0x406c6c8)) called at /home/sand/src/perl/repoperls/installed-perls/perl/v5.19.9-98-g294c8bc/165a/lib/site_perl/5.19.10/x86_64-linux/Moose/Meta/TypeCoercion.pm line 68
Moose::Meta::TypeCoercion::__ANON__(HASH(0x406c6c8)) called at constructor HTTP::Engine::new (defined at /tmp/loop_over_bdir-526-zZQCWN/HTTP-Engine-0.03005-2_cBvk/blib/lib/HTTP/Engine.pm line 17) line 32
HTTP::Engine::new("HTTP::Engine", "interface", HASH(0x406c6c8)) called at t/Utils.pm line 129
t::Utils::__ANON__(50427) called at /tmp/loop_over_bdir-526-zZQCWN/HTTP-Engine-0.03005-2_cBvk/inc/Test/TCP.pm line 118
Test::TCP::start(Test::TCP=HASH(0x44635e8)) called at /tmp/loop_over_bdir-526-zZQCWN/HTTP-Engine-0.03005-2_cBvk/inc/Test/TCP.pm line 101
Test::TCP::new("Test::TCP", "code", CODE(0x440f068), "port", 50427) called at /tmp/loop_over_bdir-526-zZQCWN/HTTP-Engine-0.03005-2_cBvk/inc/Test/TCP.pm line 52
Test::TCP::test_tcp("client", CODE(0x440ee40), "server", CODE(0x440f068), "port", 50427) called at t/Utils.pm line 132
t::Utils::daemonize_all(CODE(0x3ee38e8), " sub {\x{a} my \$port = shift;\x{a} return (\x{a} "...) called at t/moose/030_daemonize/request_independence.t line 51
t/moose/030_daemonize/request_independence.t ................ ok
Possible precedence issue with control flow operator at /tmp/loop_over_bdir-526-zZQCWN/HTTP-Engine-0.03005-2_cBvk/inc/Test/Builder.pm line 917.
Class::MOP::load_class is deprecated at /home/sand/src/perl/repoperls/installed-perls/perl/v5.19.9-98-g294c8bc/165a/lib/site_perl/5.19.10/x86_64-linux/Class/MOP.pm line 73.
Class::MOP::load_class("HTTP::Engine::Interface::Standalone") called at /tmp/loop_over_bdir-526-zZQCWN/HTTP-Engine-0.03005-2_cBvk/blib/lib/HTTP/Engine/Types/Core.pm line 26
HTTP::Engine::Types::Core::__ANON__(HASH(0x44c8e60)) called at /home/sand/src/perl/repoperls/installed-perls/perl/v5.19.9-98-g294c8bc/165a/lib/site_perl/5.19.10/x86_64-linux/Moose/Meta/TypeCoercion.pm line 68
Moose::Meta::TypeCoercion::__ANON__(HASH(0x44c8e60)) called at constructor HTTP::Engine::new (defined at /tmp/loop_over_bdir-526-zZQCWN/HTTP-Engine-0.03005-2_cBvk/blib/lib/HTTP/Engine.pm line 17) line 32
HTTP::Engine::new("HTTP::Engine", "interface", HASH(0x44c8e60)) called at t/Utils.pm line 129
t::Utils::__ANON__(50340) called at /tmp/loop_over_bdir-526-zZQCWN/HTTP-Engine-0.03005-2_cBvk/inc/Test/TCP.pm line 118
Test::TCP::start(Test::TCP=HASH(0x455c180)) called at /tmp/loop_over_bdir-526-zZQCWN/HTTP-Engine-0.03005-2_cBvk/inc/Test/TCP.pm line 101
Test::TCP::new("Test::TCP", "code", CODE(0x44d77b0), "port", 50340) called at /tmp/loop_over_bdir-526-zZQCWN/HTTP-Engine-0.03005-2_cBvk/inc/Test/TCP.pm line 52
Test::TCP::test_tcp("client", CODE(0x44d7588), "server", CODE(0x44d77b0), "port", 50340) called at t/Utils.pm line 132
t::Utils::daemonize_all(CODE(0x40fa940), " sub {\x{a} require File::Temp;\x{a} my \$port = shif"...) called at t/moose/030_daemonize/responsewriter_io.t line 50
Class::MOP::load_class is deprecated at /home/sand/src/perl/repoperls/installed-perls/perl/v5.19.9-98-g294c8bc/165a/lib/site_perl/5.19.10/x86_64-linux/Class/MOP.pm line 73.
Class::MOP::load_class("HTTP::Engine::Interface::ServerSimple") called at /tmp/loop_over_bdir-526-zZQCWN/HTTP-Engine-0.03005-2_cBvk/blib/lib/HTTP/Engine/Types/Core.pm line 26
HTTP::Engine::Types::Core::__ANON__(HASH(0x44c8e60)) called at /home/sand/src/perl/repoperls/installed-perls/perl/v5.19.9-98-g294c8bc/165a/lib/site_perl/5.19.10/x86_64-linux/Moose/Meta/TypeCoercion.pm line 68
Moose::Meta::TypeCoercion::__ANON__(HASH(0x44c8e60)) called at constructor HTTP::Engine::new (defined at /tmp/loop_over_bdir-526-zZQCWN/HTTP-Engine-0.03005-2_cBvk/blib/lib/HTTP/Engine.pm line 17) line 32
HTTP::Engine::new("HTTP::Engine", "interface", HASH(0x44c8e60)) called at t/Utils.pm line 129
t::Utils::__ANON__(50340) called at /tmp/loop_over_bdir-526-zZQCWN/HTTP-Engine-0.03005-2_cBvk/inc/Test/TCP.pm line 118
Test::TCP::start(Test::TCP=HASH(0x455c468)) called at /tmp/loop_over_bdir-526-zZQCWN/HTTP-Engine-0.03005-2_cBvk/inc/Test/TCP.pm line 101
Test::TCP::new("Test::TCP", "code", CODE(0x44d77b0), "port", 50340) called at /tmp/loop_over_bdir-526-zZQCWN/HTTP-Engine-0.03005-2_cBvk/inc/Test/TCP.pm line 52
Test::TCP::test_tcp("client", CODE(0x44d7588), "server", CODE(0x44d77b0), "port", 50340) called at t/Utils.pm line 132
t::Utils::daemonize_all(CODE(0x40fa940), " sub {\x{a} require File::Temp;\x{a} my \$port = shif"...) called at t/moose/030_daemonize/responsewriter_io.t line 50
Class::MOP::load_class is deprecated at /home/sand/src/perl/repoperls/installed-perls/perl/v5.19.9-98-g294c8bc/165a/lib/site_perl/5.19.10/x86_64-linux/Class/MOP.pm line 73.
Class::MOP::load_class("HTTP::Engine::Interface::POE") called at /tmp/loop_over_bdir-526-zZQCWN/HTTP-Engine-0.03005-2_cBvk/blib/lib/HTTP/Engine/Types/Core.pm line 26
HTTP::Engine::Types::Core::__ANON__(HASH(0x44c8e60)) called at /home/sand/src/perl/repoperls/installed-perls/perl/v5.19.9-98-g294c8bc/165a/lib/site_perl/5.19.10/x86_64-linux/Moose/Meta/TypeCoercion.pm line 68
Moose::Meta::TypeCoercion::__ANON__(HASH(0x44c8e60)) called at constructor HTTP::Engine::new (defined at /tmp/loop_over_bdir-526-zZQCWN/HTTP-Engine-0.03005-2_cBvk/blib/lib/HTTP/Engine.pm line 17) line 32
HTTP::Engine::new("HTTP::Engine", "interface", HASH(0x44c8e60)) called at t/Utils.pm line 129
t::Utils::__ANON__(50340) called at /tmp/loop_over_bdir-526-zZQCWN/HTTP-Engine-0.03005-2_cBvk/inc/Test/TCP.pm line 118
Test::TCP::start(Test::TCP=HASH(0x4531908)) called at /tmp/loop_over_bdir-526-zZQCWN/HTTP-Engine-0.03005-2_cBvk/inc/Test/TCP.pm line 101
Test::TCP::new("Test::TCP", "code", CODE(0x44d77b0), "port", 50340) called at /tmp/loop_over_bdir-526-zZQCWN/HTTP-Engine-0.03005-2_cBvk/inc/Test/TCP.pm line 52
Test::TCP::test_tcp("client", CODE(0x44d7588), "server", CODE(0x44d77b0), "port", 50340) called at t/Utils.pm line 132
t::Utils::daemonize_all(CODE(0x40fa940), " sub {\x{a} require File::Temp;\x{a} my \$port = shif"...) called at t/moose/030_daemonize/responsewriter_io.t line 50
t/moose/030_daemonize/responsewriter_io.t ................... ok
Possible precedence issue with control flow operator at /tmp/loop_over_bdir-526-zZQCWN/HTTP-Engine-0.03005-2_cBvk/inc/Test/Builder.pm line 917.
Class::MOP::load_class is deprecated at /home/sand/src/perl/repoperls/installed-perls/perl/v5.19.9-98-g294c8bc/165a/lib/site_perl/5.19.10/x86_64-linux/Class/MOP.pm line 73.
Class::MOP::load_class("HTTP::Engine::Interface::Standalone") called at /tmp/loop_over_bdir-526-zZQCWN/HTTP-Engine-0.03005-2_cBvk/blib/lib/HTTP/Engine/Types/Core.pm line 26
HTTP::Engine::Types::Core::__ANON__(HASH(0x3f334e8)) called at /home/sand/src/perl/repoperls/installed-perls/perl/v5.19.9-98-g294c8bc/165a/lib/site_perl/5.19.10/x86_64-linux/Moose/Meta/TypeCoercion.pm line 68
Moose::Meta::TypeCoercion::__ANON__(HASH(0x3f334e8)) called at constructor HTTP::Engine::new (defined at /tmp/loop_over_bdir-526-zZQCWN/HTTP-Engine-0.03005-2_cBvk/blib/lib/HTTP/Engine.pm line 17) line 32
HTTP::Engine::new("HTTP::Engine", "interface", HASH(0x3f334e8)) called at t/Utils.pm line 129
t::Utils::__ANON__(50601) called at /tmp/loop_over_bdir-526-zZQCWN/HTTP-Engine-0.03005-2_cBvk/inc/Test/TCP.pm line 118
Test::TCP::start(Test::TCP=HASH(0x42502b0)) called at /tmp/loop_over_bdir-526-zZQCWN/HTTP-Engine-0.03005-2_cBvk/inc/Test/TCP.pm line 101
Test::TCP::new("Test::TCP", "code", CODE(0x41d2fa8), "port", 50601) called at /tmp/loop_over_bdir-526-zZQCWN/HTTP-Engine-0.03005-2_cBvk/inc/Test/TCP.pm line 52
Test::TCP::test_tcp("client", CODE(0x41d2d80), "server", CODE(0x41d2fa8), "port", 50601) called at t/Utils.pm line 132
t::Utils::daemonize_all(CODE(0x22ec148), " sub {\x{a} my \$port = shift;\x{a} return (\x{a} "...) called at t/moose/030_daemonize/upload-methods.t line 42
Class::MOP::load_class is deprecated at /home/sand/src/perl/repoperls/installed-perls/perl/v5.19.9-98-g294c8bc/165a/lib/site_perl/5.19.10/x86_64-linux/Class/MOP.pm line 73.
Class::MOP::load_class("HTTP::Engine::Interface::ServerSimple") called at /tmp/loop_over_bdir-526-zZQCWN/HTTP-Engine-0.03005-2_cBvk/blib/lib/HTTP/Engine/Types/Core.pm line 26
HTTP::Engine::Types::Core::__ANON__(HASH(0x3f334e8)) called at /home/sand/src/perl/repoperls/installed-perls/perl/v5.19.9-98-g294c8bc/165a/lib/site_perl/5.19.10/x86_64-linux/Moose/Meta/TypeCoercion.pm line 68
Moose::Meta::TypeCoercion::__ANON__(HASH(0x3f334e8)) called at constructor HTTP::Engine::new (defined at /tmp/loop_over_bdir-526-zZQCWN/HTTP-Engine-0.03005-2_cBvk/blib/lib/HTTP/Engine.pm line 17) line 32
HTTP::Engine::new("HTTP::Engine", "interface", HASH(0x3f334e8)) called at t/Utils.pm line 129
t::Utils::__ANON__(50601) called at /tmp/loop_over_bdir-526-zZQCWN/HTTP-Engine-0.03005-2_cBvk/inc/Test/TCP.pm line 118
Test::TCP::start(Test::TCP=HASH(0x42304c8)) called at /tmp/loop_over_bdir-526-zZQCWN/HTTP-Engine-0.03005-2_cBvk/inc/Test/TCP.pm line 101
Test::TCP::new("Test::TCP", "code", CODE(0x41d2fa8), "port", 50601) called at /tmp/loop_over_bdir-526-zZQCWN/HTTP-Engine-0.03005-2_cBvk/inc/Test/TCP.pm line 52
Test::TCP::test_tcp("client", CODE(0x41d2d80), "server", CODE(0x41d2fa8), "port", 50601) called at t/Utils.pm line 132
t::Utils::daemonize_all(CODE(0x22ec148), " sub {\x{a} my \$port = shift;\x{a} return (\x{a} "...) called at t/moose/030_daemonize/upload-methods.t line 42
Class::MOP::load_class is deprecated at /home/sand/src/perl/repoperls/installed-perls/perl/v5.19.9-98-g294c8bc/165a/lib/site_perl/5.19.10/x86_64-linux/Class/MOP.pm line 73.
Class::MOP::load_class("HTTP::Engine::Interface::POE") called at /tmp/loop_over_bdir-526-zZQCWN/HTTP-Engine-0.03005-2_cBvk/blib/lib/HTTP/Engine/Types/Core.pm line 26
HTTP::Engine::Types::Core::__ANON__(HASH(0x3f334e8)) called at /home/sand/src/perl/repoperls/installed-perls/perl/v5.19.9-98-g294c8bc/165a/lib/site_perl/5.19.10/x86_64-linux/Moose/Meta/TypeCoercion.pm line 68
Moose::Meta::TypeCoercion::__ANON__(HASH(0x3f334e8)) called at constructor HTTP::Engine::new (defined at /tmp/loop_over_bdir-526-zZQCWN/HTTP-Engine-0.03005-2_cBvk/blib/lib/HTTP/Engine.pm line 17) line 32
HTTP::Engine::new("HTTP::Engine", "interface", HASH(0x3f334e8)) called at t/Utils.pm line 129
t::Utils::__ANON__(50601) called at /tmp/loop_over_bdir-526-zZQCWN/HTTP-Engine-0.03005-2_cBvk/inc/Test/TCP.pm line 118
Test::TCP::start(Test::TCP=HASH(0x42502b0)) called at /tmp/loop_over_bdir-526-zZQCWN/HTTP-Engine-0.03005-2_cBvk/inc/Test/TCP.pm line 101
Test::TCP::new("Test::TCP", "code", CODE(0x41d2fa8), "port", 50601) called at /tmp/loop_over_bdir-526-zZQCWN/HTTP-Engine-0.03005-2_cBvk/inc/Test/TCP.pm line 52
Test::TCP::test_tcp("client", CODE(0x41d2d80), "server", CODE(0x41d2fa8), "port", 50601) called at t/Utils.pm line 132
t::Utils::daemonize_all(CODE(0x22ec148), " sub {\x{a} my \$port = shift;\x{a} return (\x{a} "...) called at t/moose/030_daemonize/upload-methods.t line 42
t/moose/030_daemonize/upload-methods.t ...................... ok
Possible precedence issue with control flow operator at /tmp/loop_over_bdir-526-zZQCWN/HTTP-Engine-0.03005-2_cBvk/inc/Test/Builder.pm line 917.
Class::MOP::load_class is deprecated at /home/sand/src/perl/repoperls/installed-perls/perl/v5.19.9-98-g294c8bc/165a/lib/site_perl/5.19.10/x86_64-linux/Class/MOP.pm line 73.
Class::MOP::load_class("HTTP::Engine::Interface::Standalone") called at /tmp/loop_over_bdir-526-zZQCWN/HTTP-Engine-0.03005-2_cBvk/blib/lib/HTTP/Engine/Types/Core.pm line 26
HTTP::Engine::Types::Core::__ANON__(HASH(0x2ffbc38)) called at /home/sand/src/perl/repoperls/installed-perls/perl/v5.19.9-98-g294c8bc/165a/lib/site_perl/5.19.10/x86_64-linux/Moose/Meta/TypeCoercion.pm line 68
Moose::Meta::TypeCoercion::__ANON__(HASH(0x2ffbc38)) called at constructor HTTP::Engine::new (defined at /tmp/loop_over_bdir-526-zZQCWN/HTTP-Engine-0.03005-2_cBvk/blib/lib/HTTP/Engine.pm line 17) line 32
HTTP::Engine::new("HTTP::Engine", "interface", HASH(0x2ffbc38)) called at t/Utils.pm line 129
t::Utils::__ANON__(50429) called at /tmp/loop_over_bdir-526-zZQCWN/HTTP-Engine-0.03005-2_cBvk/inc/Test/TCP.pm line 118
Test::TCP::start(Test::TCP=HASH(0x331a2e0)) called at /tmp/loop_over_bdir-526-zZQCWN/HTTP-Engine-0.03005-2_cBvk/inc/Test/TCP.pm line 101
Test::TCP::new("Test::TCP", "code", CODE(0x329c058), "port", 50429) called at /tmp/loop_over_bdir-526-zZQCWN/HTTP-Engine-0.03005-2_cBvk/inc/Test/TCP.pm line 52
Test::TCP::test_tcp("client", CODE(0x329be30), "server", CODE(0x329c058), "port", 50429) called at t/Utils.pm line 132
t::Utils::daemonize_all(CODE(0x13b5148), " sub {\x{a} my \$port = shift;\x{a} return (\x{a} "...) called at t/moose/030_daemonize/upload.t line 42
Class::MOP::load_class is deprecated at /home/sand/src/perl/repoperls/installed-perls/perl/v5.19.9-98-g294c8bc/165a/lib/site_perl/5.19.10/x86_64-linux/Class/MOP.pm line 73.
Class::MOP::load_class("HTTP::Engine::Interface::ServerSimple") called at /tmp/loop_over_bdir-526-zZQCWN/HTTP-Engine-0.03005-2_cBvk/blib/lib/HTTP/Engine/Types/Core.pm line 26
HTTP::Engine::Types::Core::__ANON__(HASH(0x2ffbc38)) called at /home/sand/src/perl/repoperls/installed-perls/perl/v5.19.9-98-g294c8bc/165a/lib/site_perl/5.19.10/x86_64-linux/Moose/Meta/TypeCoercion.pm line 68
Moose::Meta::TypeCoercion::__ANON__(HASH(0x2ffbc38)) called at constructor HTTP::Engine::new (defined at /tmp/loop_over_bdir-526-zZQCWN/HTTP-Engine-0.03005-2_cBvk/blib/lib/HTTP/Engine.pm line 17) line 32
HTTP::Engine::new("HTTP::Engine", "interface", HASH(0x2ffbc38)) called at t/Utils.pm line 129
t::Utils::__ANON__(50429) called at /tmp/loop_over_bdir-526-zZQCWN/HTTP-Engine-0.03005-2_cBvk/inc/Test/TCP.pm line 118
Test::TCP::start(Test::TCP=HASH(0x331d058)) called at /tmp/loop_over_bdir-526-zZQCWN/HTTP-Engine-0.03005-2_cBvk/inc/Test/TCP.pm line 101
Test::TCP::new("Test::TCP", "code", CODE(0x329c058), "port", 50429) called at /tmp/loop_over_bdir-526-zZQCWN/HTTP-Engine-0.03005-2_cBvk/inc/Test/TCP.pm line 52
Test::TCP::test_tcp("client", CODE(0x329be30), "server", CODE(0x329c058), "port", 50429) called at t/Utils.pm line 132
t::Utils::daemonize_all(CODE(0x13b5148), " sub {\x{a} my \$port = shift;\x{a} return (\x{a} "...) called at t/moose/030_daemonize/upload.t line 42
Class::MOP::load_class is deprecated at /home/sand/src/perl/repoperls/installed-perls/perl/v5.19.9-98-g294c8bc/165a/lib/site_perl/5.19.10/x86_64-linux/Class/MOP.pm line 73.
Class::MOP::load_class("HTTP::Engine::Interface::POE") called at /tmp/loop_over_bdir-526-zZQCWN/HTTP-Engine-0.03005-2_cBvk/blib/lib/HTTP/Engine/Types/Core.pm line 26
HTTP::Engine::Types::Core::__ANON__(HASH(0x2ffbc38)) called at /home/sand/src/perl/repoperls/installed-perls/perl/v5.19.9-98-g294c8bc/165a/lib/site_perl/5.19.10/x86_64-linux/Moose/Meta/TypeCoercion.pm line 68
Moose::Meta::TypeCoercion::__ANON__(HASH(0x2ffbc38)) called at constructor HTTP::Engine::new (defined at /tmp/loop_over_bdir-526-zZQCWN/HTTP-Engine-0.03005-2_cBvk/blib/lib/HTTP/Engine.pm line 17) line 32
HTTP::Engine::new("HTTP::Engine", "interface", HASH(0x2ffbc38)) called at t/Utils.pm line 129
t::Utils::__ANON__(50429) called at /tmp/loop_over_bdir-526-zZQCWN/HTTP-Engine-0.03005-2_cBvk/inc/Test/TCP.pm line 118
Test::TCP::start(Test::TCP=HASH(0x331a2e0)) called at /tmp/loop_over_bdir-526-zZQCWN/HTTP-Engine-0.03005-2_cBvk/inc/Test/TCP.pm line 101
Test::TCP::new("Test::TCP", "code", CODE(0x329c058), "port", 50429) called at /tmp/loop_over_bdir-526-zZQCWN/HTTP-Engine-0.03005-2_cBvk/inc/Test/TCP.pm line 52
Test::TCP::test_tcp("client", CODE(0x329be30), "server", CODE(0x329c058), "port", 50429) called at t/Utils.pm line 132
t::Utils::daemonize_all(CODE(0x13b5148), " sub {\x{a} my \$port = shift;\x{a} return (\x{a} "...) called at t/moose/030_daemonize/upload.t line 42
t/moose/030_daemonize/upload.t .............................. ok
Possible precedence issue with control flow operator at /tmp/loop_over_bdir-526-zZQCWN/HTTP-Engine-0.03005-2_cBvk/inc/Test/Builder.pm line 917.
Class::MOP::load_class is deprecated at /home/sand/src/perl/repoperls/installed-perls/perl/v5.19.9-98-g294c8bc/165a/lib/site_perl/5.19.10/x86_64-linux/Class/MOP.pm line 73.
Class::MOP::load_class("HTTP::Engine::Interface::Standalone") called at /tmp/loop_over_bdir-526-zZQCWN/HTTP-Engine-0.03005-2_cBvk/blib/lib/HTTP/Engine/Types/Core.pm line 26
HTTP::Engine::Types::Core::__ANON__(HASH(0x26035b0)) called at /home/sand/src/perl/repoperls/installed-perls/perl/v5.19.9-98-g294c8bc/165a/lib/site_perl/5.19.10/x86_64-linux/Moose/Meta/TypeCoercion.pm line 68
Moose::Meta::TypeCoercion::__ANON__(HASH(0x26035b0)) called at constructor HTTP::Engine::new (defined at /tmp/loop_over_bdir-526-zZQCWN/HTTP-Engine-0.03005-2_cBvk/blib/lib/HTTP/Engine.pm line 17) line 32
HTTP::Engine::new("HTTP::Engine", "interface", HASH(0x26035b0)) called at t/Utils.pm line 129
t::Utils::__ANON__(50969) called at /tmp/loop_over_bdir-526-zZQCWN/HTTP-Engine-0.03005-2_cBvk/inc/Test/TCP.pm line 118
Test::TCP::start(Test::TCP=HASH(0x2eb45a0)) called at /tmp/loop_over_bdir-526-zZQCWN/HTTP-Engine-0.03005-2_cBvk/inc/Test/TCP.pm line 101
Test::TCP::new("Test::TCP", "code", CODE(0x2e36378), "port", 50969) called at /tmp/loop_over_bdir-526-zZQCWN/HTTP-Engine-0.03005-2_cBvk/inc/Test/TCP.pm line 52
Test::TCP::test_tcp("client", CODE(0x2e36150), "server", CODE(0x2e36378), "port", 50969) called at t/Utils.pm line 132
t::Utils::daemonize_all(CODE(0x290a018), " sub {\x{a} my \$port = shift;\x{a} return (\x{a} "...) called at t/moose/030_daemonize/uri.t line 20
Class::MOP::load_class is deprecated at /home/sand/src/perl/repoperls/installed-perls/perl/v5.19.9-98-g294c8bc/165a/lib/site_perl/5.19.10/x86_64-linux/Class/MOP.pm line 73.
Class::MOP::load_class("HTTP::Engine::Interface::ServerSimple") called at /tmp/loop_over_bdir-526-zZQCWN/HTTP-Engine-0.03005-2_cBvk/blib/lib/HTTP/Engine/Types/Core.pm line 26
HTTP::Engine::Types::Core::__ANON__(HASH(0x26035b0)) called at /home/sand/src/perl/repoperls/installed-perls/perl/v5.19.9-98-g294c8bc/165a/lib/site_perl/5.19.10/x86_64-linux/Moose/Meta/TypeCoercion.pm line 68
Moose::Meta::TypeCoercion::__ANON__(HASH(0x26035b0)) called at constructor HTTP::Engine::new (defined at /tmp/loop_over_bdir-526-zZQCWN/HTTP-Engine-0.03005-2_cBvk/blib/lib/HTTP/Engine.pm line 17) line 32
HTTP::Engine::new("HTTP::Engine", "interface", HASH(0x26035b0)) called at t/Utils.pm line 129
t::Utils::__ANON__(50969) called at /tmp/loop_over_bdir-526-zZQCWN/HTTP-Engine-0.03005-2_cBvk/inc/Test/TCP.pm line 118
Test::TCP::start(Test::TCP=HASH(0x2e93208)) called at /tmp/loop_over_bdir-526-zZQCWN/HTTP-Engine-0.03005-2_cBvk/inc/Test/TCP.pm line 101
Test::TCP::new("Test::TCP", "code", CODE(0x2e36378), "port", 50969) called at /tmp/loop_over_bdir-526-zZQCWN/HTTP-Engine-0.03005-2_cBvk/inc/Test/TCP.pm line 52
Test::TCP::test_tcp("client", CODE(0x2e36150), "server", CODE(0x2e36378), "port", 50969) called at t/Utils.pm line 132
t::Utils::daemonize_all(CODE(0x290a018), " sub {\x{a} my \$port = shift;\x{a} return (\x{a} "...) called at t/moose/030_daemonize/uri.t line 20
Class::MOP::load_class is deprecated at /home/sand/src/perl/repoperls/installed-perls/perl/v5.19.9-98-g294c8bc/165a/lib/site_perl/5.19.10/x86_64-linux/Class/MOP.pm line 73.
Class::MOP::load_class("HTTP::Engine::Interface::POE") called at /tmp/loop_over_bdir-526-zZQCWN/HTTP-Engine-0.03005-2_cBvk/blib/lib/HTTP/Engine/Types/Core.pm line 26
HTTP::Engine::Types::Core::__ANON__(HASH(0x26035b0)) called at /home/sand/src/perl/repoperls/installed-perls/perl/v5.19.9-98-g294c8bc/165a/lib/site_perl/5.19.10/x86_64-linux/Moose/Meta/TypeCoercion.pm line 68
Moose::Meta::TypeCoercion::__ANON__(HASH(0x26035b0)) called at constructor HTTP::Engine::new (defined at /tmp/loop_over_bdir-526-zZQCWN/HTTP-Engine-0.03005-2_cBvk/blib/lib/HTTP/Engine.pm line 17) line 32
HTTP::Engine::new("HTTP::Engine", "interface", HASH(0x26035b0)) called at t/Utils.pm line 129
t::Utils::__ANON__(50969) called at /tmp/loop_over_bdir-526-zZQCWN/HTTP-Engine-0.03005-2_cBvk/inc/Test/TCP.pm line 118
Test::TCP::start(Test::TCP=HASH(0x3296210)) called at /tmp/loop_over_bdir-526-zZQCWN/HTTP-Engine-0.03005-2_cBvk/inc/Test/TCP.pm line 101
Test::TCP::new("Test::TCP", "code", CODE(0x2e36378), "port", 50969) called at /tmp/loop_over_bdir-526-zZQCWN/HTTP-Engine-0.03005-2_cBvk/inc/Test/TCP.pm line 52
Test::TCP::test_tcp("client", CODE(0x2e36150), "server", CODE(0x2e36378), "port", 50969) called at t/Utils.pm line 132
t::Utils::daemonize_all(CODE(0x290a018), " sub {\x{a} my \$port = shift;\x{a} return (\x{a} "...) called at t/moose/030_daemonize/uri.t line 20
t/moose/030_daemonize/uri.t ................................. ok
Possible precedence issue with control flow operator at /tmp/loop_over_bdir-526-zZQCWN/HTTP-Engine-0.03005-2_cBvk/inc/Test/Builder.pm line 917.
Class::MOP::load_class is deprecated at /home/sand/src/perl/repoperls/installed-perls/perl/v5.19.9-98-g294c8bc/165a/lib/site_perl/5.19.10/x86_64-linux/Class/MOP.pm line 73.
Class::MOP::load_class("HTTP::Engine::Interface::Standalone") called at /tmp/loop_over_bdir-526-zZQCWN/HTTP-Engine-0.03005-2_cBvk/blib/lib/HTTP/Engine/Types/Core.pm line 26
HTTP::Engine::Types::Core::__ANON__(HASH(0xfd74b8)) called at /home/sand/src/perl/repoperls/installed-perls/perl/v5.19.9-98-g294c8bc/165a/lib/site_perl/5.19.10/x86_64-linux/Moose/Meta/TypeCoercion.pm line 68
Moose::Meta::TypeCoercion::__ANON__(HASH(0xfd74b8)) called at constructor HTTP::Engine::new (defined at /tmp/loop_over_bdir-526-zZQCWN/HTTP-Engine-0.03005-2_cBvk/blib/lib/HTTP/Engine.pm line 17) line 32
HTTP::Engine::new("HTTP::Engine", "interface", HASH(0xfd74b8)) called at t/Utils.pm line 129
t::Utils::__ANON__(50215) called at /tmp/loop_over_bdir-526-zZQCWN/HTTP-Engine-0.03005-2_cBvk/inc/Test/TCP.pm line 118
Test::TCP::start(Test::TCP=HASH(0x2f7bb18)) called at /tmp/loop_over_bdir-526-zZQCWN/HTTP-Engine-0.03005-2_cBvk/inc/Test/TCP.pm line 101
Test::TCP::new("Test::TCP", "code", CODE(0x2a7c630), "port", 50215) called at /tmp/loop_over_bdir-526-zZQCWN/HTTP-Engine-0.03005-2_cBvk/inc/Test/TCP.pm line 52
Test::TCP::test_tcp("client", CODE(0x2ef49f0), "server", CODE(0x2a7c630), "port", 50215) called at t/Utils.pm line 132
t::Utils::daemonize_all(CODE(0x297e338), " sub {\x{a} my \$port = Encode::decode_utf8(shift);\x{a} "...) called at t/moose/030_daemonize/utf8flagged-uri.t line 23
Class::MOP::load_class is deprecated at /home/sand/src/perl/repoperls/installed-perls/perl/v5.19.9-98-g294c8bc/165a/lib/site_perl/5.19.10/x86_64-linux/Class/MOP.pm line 73.
Class::MOP::load_class("HTTP::Engine::Interface::ServerSimple") called at /tmp/loop_over_bdir-526-zZQCWN/HTTP-Engine-0.03005-2_cBvk/blib/lib/HTTP/Engine/Types/Core.pm line 26
HTTP::Engine::Types::Core::__ANON__(HASH(0xfd74b8)) called at /home/sand/src/perl/repoperls/installed-perls/perl/v5.19.9-98-g294c8bc/165a/lib/site_perl/5.19.10/x86_64-linux/Moose/Meta/TypeCoercion.pm line 68
Moose::Meta::TypeCoercion::__ANON__(HASH(0xfd74b8)) called at constructor HTTP::Engine::new (defined at /tmp/loop_over_bdir-526-zZQCWN/HTTP-Engine-0.03005-2_cBvk/blib/lib/HTTP/Engine.pm line 17) line 32
HTTP::Engine::new("HTTP::Engine", "interface", HASH(0xfd74b8)) called at t/Utils.pm line 129
t::Utils::__ANON__(50215) called at /tmp/loop_over_bdir-526-zZQCWN/HTTP-Engine-0.03005-2_cBvk/inc/Test/TCP.pm line 118
Test::TCP::start(Test::TCP=HASH(0x2f41620)) called at /tmp/loop_over_bdir-526-zZQCWN/HTTP-Engine-0.03005-2_cBvk/inc/Test/TCP.pm line 101
Test::TCP::new("Test::TCP", "code", CODE(0x2a7c630), "port", 50215) called at /tmp/loop_over_bdir-526-zZQCWN/HTTP-Engine-0.03005-2_cBvk/inc/Test/TCP.pm line 52
Test::TCP::test_tcp("client", CODE(0x2ef49f0), "server", CODE(0x2a7c630), "port", 50215) called at t/Utils.pm line 132
t::Utils::daemonize_all(CODE(0x297e338), " sub {\x{a} my \$port = Encode::decode_utf8(shift);\x{a} "...) called at t/moose/030_daemonize/utf8flagged-uri.t line 23
Class::MOP::load_class is deprecated at /home/sand/src/perl/repoperls/installed-perls/perl/v5.19.9-98-g294c8bc/165a/lib/site_perl/5.19.10/x86_64-linux/Class/MOP.pm line 73.
Class::MOP::load_class("HTTP::Engine::Interface::POE") called at /tmp/loop_over_bdir-526-zZQCWN/HTTP-Engine-0.03005-2_cBvk/blib/lib/HTTP/Engine/Types/Core.pm line 26
HTTP::Engine::Types::Core::__ANON__(HASH(0xfd74b8)) called at /home/sand/src/perl/repoperls/installed-perls/perl/v5.19.9-98-g294c8bc/165a/lib/site_perl/5.19.10/x86_64-linux/Moose/Meta/TypeCoercion.pm line 68
Moose::Meta::TypeCoercion::__ANON__(HASH(0xfd74b8)) called at constructor HTTP::Engine::new (defined at /tmp/loop_over_bdir-526-zZQCWN/HTTP-Engine-0.03005-2_cBvk/blib/lib/HTTP/Engine.pm line 17) line 32
HTTP::Engine::new("HTTP::Engine", "interface", HASH(0xfd74b8)) called at t/Utils.pm line 129
t::Utils::__ANON__(50215) called at /tmp/loop_over_bdir-526-zZQCWN/HTTP-Engine-0.03005-2_cBvk/inc/Test/TCP.pm line 118
Test::TCP::start(Test::TCP=HASH(0x3379f88)) called at /tmp/loop_over_bdir-526-zZQCWN/HTTP-Engine-0.03005-2_cBvk/inc/Test/TCP.pm line 101
Test::TCP::new("Test::TCP", "code", CODE(0x2a7c630), "port", 50215) called at /tmp/loop_over_bdir-526-zZQCWN/HTTP-Engine-0.03005-2_cBvk/inc/Test/TCP.pm line 52
Test::TCP::test_tcp("client", CODE(0x2ef49f0), "server", CODE(0x2a7c630), "port", 50215) called at t/Utils.pm line 132
t::Utils::daemonize_all(CODE(0x297e338), " sub {\x{a} my \$port = Encode::decode_utf8(shift);\x{a} "...) called at t/moose/030_daemonize/utf8flagged-uri.t line 23
t/moose/030_daemonize/utf8flagged-uri.t ..................... ok
Possible precedence issue with control flow operator at /tmp/loop_over_bdir-526-zZQCWN/HTTP-Engine-0.03005-2_cBvk/inc/Test/Builder.pm line 917.
t/moose/040_minimal/001_simple.t ............................ ok
Possible precedence issue with control flow operator at /tmp/loop_over_bdir-526-zZQCWN/HTTP-Engine-0.03005-2_cBvk/inc/Test/Builder.pm line 917.
t/moose/050_tests/request.t ................................. ok
Test Summary Report
-------------------
t/010_core/request-uri.t (Wstat: 512 Tests: 110 Failed: 2)
Failed tests: 48, 53
Non-zero exit status: 2
t/moose/010_core/request-uri.t (Wstat: 512 Tests: 110 Failed: 2)
Failed tests: 38, 48
Non-zero exit status: 2
t/moose/010_core/request_processor-catch_error.t (Wstat: 256 Tests: 3 Failed: 1)
Failed test: 3
Non-zero exit status: 1
t/moose/020_interface/test-validation.t (Wstat: 256 Tests: 10 Failed: 1)
Failed test: 2
Non-zero exit status: 1
Files=144, Tests=1360, 43 wallclock secs ( 0.48 usr 0.08 sys + 32.25 cusr 2.77 csys = 35.58 CPU)
Result: FAIL
Failed 4/144 test programs. 6/1360 subtests failed.
make: *** [test_dynamic] Error 255
------------------------------
PREREQUISITES
------------------------------
Prerequisite modules loaded:
requires:
Module Need Have
-------------------- ------ --------
Any::Moose 0.13 0.21
CGI::Simple::Cookie 1.103 1.113
File::Copy 0 2.29
File::Spec::Unix 3.2701 3.47
Filter::Util::Call 0 1.49
HTTP::Body 1.05 1.19
HTTP::Headers::Fast 0.11 0.17
HTTP::Server::Simple 0.35 0.44
Mouse 0.62 2.1.0
MouseX::Types 0.05 0.06
perl 5.008 5.019010
Scalar::Util 1.19 1.38
URI 1.36 1.60
build_requires:
Module Need Have
-------------------- ------ --------
ExtUtils::MakeMaker 6.42 6.90
File::Temp 0.20 0.2304
HTTP::Request::AsCGI 0 1.2
IO::File 1.14 1.16
IO::Scalar 0 2.110
IO::Socket 1.3 1.37
IO::Socket::INET 0 1.35
Test::More 0 1.001002
Test::SharedFork 0.11 0.21
Test::TCP 0.16 2.02
YAML 0 0.90
configure_requires:
Module Need Have
-------------------- ------ --------
ExtUtils::MakeMaker 6.42 6.90
------------------------------
ENVIRONMENT AND OTHER CONTEXT
------------------------------
Environment variables:
AUTOMATED_TESTING = 1
LANG = en_US.UTF-8
LANGUAGE = en_US:en
PATH = /usr/lib/ccache:/home/sand/bin:/usr/local/bin:/usr/bin:/bin:/usr/bin/X11:/usr/games:/usr/local/perl/bin:/usr/X11/bin:/sbin:/usr/sbin
PERL5LIB =
PERL5OPT =
PERL5_CPANPLUS_IS_RUNNING = 30484
PERL5_CPAN_IS_RUNNING = 30484
PERL_MM_USE_DEFAULT = 1
SHELL = /usr/bin/zsh
TERM = screen
Perl special variables (and OS-specific diagnostics, for MSWin32):
$^X = /tmp/basesmoker-reloperl-PEYM/bin/perl
$UID/$EUID = 1005 / 1005
$GID = 1005 1005
$EGID = 1005 1005
Perl module toolchain versions installed:
Module Have
------------------- --------
CPAN 2.00
CPAN::Meta 2.133380
Cwd 3.47
ExtUtils::CBuilder 0.280216
ExtUtils::Command 1.18
ExtUtils::Install 1.62
ExtUtils::MakeMaker 6.90
ExtUtils::Manifest 1.63
ExtUtils::ParseXS 3.23
File::Spec 3.47
JSON 2.90
JSON::PP 2.27203
Module::Build 0.4205
Module::Signature 0.73
Parse::CPAN::Meta 1.4413
Test::Harness 3.30
Test::More 1.001002
YAML 0.90
YAML::Syck 1.27
version 0.9908
--
Summary of my perl5 (revision 5 version 19 subversion 10) configuration:
Commit id: 294c8bc4d39abebe3fcf5560dd5acfbab4e4d286
Platform:
osname=linux, osvers=3.10-3-amd64, archname=x86_64-linux
uname='linux k83 3.10-3-amd64 #1 smp debian 3.10.11-1 (2013-09-10) x86_64 gnulinux '
config_args='-Dprefix=/home/sand/src/perl/repoperls/installed-perls/perl/v5.19.9-98-g294c8bc/165a -Dmyhostname=k83 -Dinstallusrbinperl=n -Uversiononly -Dusedevel -des -Ui_db -Uuseithreads -Uuselongdouble -DDEBUGGING=-g'
hint=recommended, useposix=true, d_sigaction=define
useithreads=undef, usemultiplicity=undef
use64bitint=define, use64bitall=define, uselongdouble=undef
usemymalloc=n, bincompat5005=undef
Compiler:
cc='cc', ccflags ='-fno-strict-aliasing -pipe -fstack-protector -I/usr/local/include -D_LARGEFILE_SOURCE -D_FILE_OFFSET_BITS=64',
optimize='-O2 -g',
cppflags='-fno-strict-aliasing -pipe -fstack-protector -I/usr/local/include'
ccversion='', gccversion='4.8.2', gccosandvers=''
intsize=4, longsize=8, ptrsize=8, doublesize=8, byteorder=12345678
d_longlong=define, longlongsize=8, d_longdbl=define, longdblsize=16
ivtype='long', ivsize=8, nvtype='double', nvsize=8, Off_t='off_t', lseeksize=8
alignbytes=8, prototype=define
Linker and Libraries:
ld='cc', ldflags =' -fstack-protector -L/usr/local/lib'
libpth=/usr/local/lib /usr/lib/gcc/x86_64-linux-gnu/4.8/include-fixed /usr/include/x86_64-linux-gnu /usr/lib /lib/x86_64-linux-gnu /lib/../lib /usr/lib/x86_64-linux-gnu /usr/lib/../lib /lib
libs=-lnsl -lgdbm -ldb -ldl -lm -lcrypt -lutil -lc -lgdbm_compat
perllibs=-lnsl -ldl -lm -lcrypt -lutil -lc
libc=libc-2.17.so, so=so, useshrplib=false, libperl=libperl.a
gnulibc_version='2.17'
Dynamic Linking:
dlsrc=dl_dlopen.xs, dlext=so, d_dlsymun=undef, ccdlflags='-Wl,-E'
cccdlflags='-fPIC', lddlflags='-shared -O2 -g -L/usr/local/lib -fstack-protector'
Characteristics of this binary (from libperl):
Compile-time options: HAS_TIMES PERLIO_LAYERS PERL_DONT_CREATE_GVSV
PERL_HASH_FUNC_ONE_AT_A_TIME_HARD PERL_MALLOC_WRAP
PERL_NEW_COPY_ON_WRITE PERL_PRESERVE_IVUV
PERL_USE_DEVEL USE_64_BIT_ALL USE_64_BIT_INT
USE_LARGE_FILES USE_LOCALE USE_LOCALE_COLLATE
USE_LOCALE_CTYPE USE_LOCALE_NUMERIC USE_PERLIO
USE_PERL_ATOF
Built under linux
Compiled at Mar 3 2014 04:19:37
%ENV:
PERL5LIB=""
PERL5OPT=""
PERL5_CPANPLUS_IS_RUNNING="30484"
PERL5_CPAN_IS_RUNNING="30484"
PERL_MM_USE_DEFAULT="1"
@INC:
/home/sand/src/perl/repoperls/installed-perls/perl/v5.19.9-98-g294c8bc/165a/lib/site_perl/5.19.10/x86_64-linux
/home/sand/src/perl/repoperls/installed-perls/perl/v5.19.9-98-g294c8bc/165a/lib/site_perl/5.19.10
/home/sand/src/perl/repoperls/installed-perls/perl/v5.19.9-98-g294c8bc/165a/lib/5.19.10/x86_64-linux
/home/sand/src/perl/repoperls/installed-perls/perl/v5.19.9-98-g294c8bc/165a/lib/5.19.10
.