Module-Setup v0.09 Perl 5 v5.42.0 OpenBSD.amd64-openbsd-thread-multi
- Status
- Fail
- From
- Carlos Guevara
- Dist
-
Module-Setup v0.09
- Platform
- Perl 5 v5.42.0 OpenBSD.amd64-openbsd-thread-multi
- Date
- 2025-06-26 23:33:07
- ID
- ea1eefb4-52e5-11f0-8c1c-994ab5a7dc20
This distribution has been tested as part of the CPAN Testers
project, supporting the Perl programming language. See
http://wiki.cpantesters.org/ for more information or email
questions to cpan-testers-discuss@perl.org
--
Dear Kazuhiro Osawa,
This is a computer-generated report for Module-Setup-0.09
on perl 5.42.0, created by CPAN-Reporter-1.2020.
Thank you for uploading your work to CPAN. However, there was a problem
testing your distribution.
If you think this report is invalid, please consult the CPAN Testers Wiki
for suggestions on how to avoid getting FAIL reports for missing library
or binary dependencies, unsupported operating systems, and so on:
http://wiki.cpantesters.org/wiki/CPANAuthorNotes
Sections of this report:
* Tester comments
* Program output
* Prerequisites
* Environment and other context
------------------------------
TESTER COMMENTS
------------------------------
Additional comments from tester:
this report is from an automated smoke testing program
and was not reviewed by a human for accuracy
------------------------------
PROGRAM OUTPUT
------------------------------
Output from '/usr/bin/make test':
PERL_DL_NONLAZY=1 "/home/cpan/bin/perl/bin/perl5.42.0" "-MExtUtils::Command::MM" "-MTest::Harness" "-e" "undef *Test::Harness::Switches; test_harness(0, 'inc', 'blib/lib', 'blib/arch')" t/*.t t/*/*.t
Possible precedence issue with control flow operator (return) at /home/cpan/.cpan/build/Module-Setup-0.09-0/inc/Test/Builder.pm line 858.
t/00_compile.t .................................... ok
Possible precedence issue with control flow operator (return) at /home/cpan/.cpan/build/Module-Setup-0.09-0/inc/Test/Builder.pm line 858.
t/010_core/detect-flavor-tests-error.t ............ ok
Possible precedence issue with control flow operator (return) at /home/cpan/.cpan/build/Module-Setup-0.09-0/inc/Test/Builder.pm line 858.
t/010_core/detect_module_and_flavor_name_error.t .. ok
Possible precedence issue with control flow operator (return) at /home/cpan/.cpan/build/Module-Setup-0.09-0/inc/Test/Builder.pm line 858.
t/010_core/dialog.t ............................... ok
Possible precedence issue with control flow operator (return) at /home/cpan/.cpan/build/Module-Setup-0.09-0/inc/Test/Builder.pm line 858.
t/010_core/distribute.t ........................... ok
Possible precedence issue with control flow operator (return) at /home/cpan/.cpan/build/Module-Setup-0.09-0/inc/Test/Builder.pm line 858.
t/010_core/flavor.t ............................... ok
Possible precedence issue with control flow operator (return) at /home/cpan/.cpan/build/Module-Setup-0.09-0/inc/Test/Builder.pm line 858.
t/010_core/load_argv.t ............................ ok
Possible precedence issue with control flow operator (return) at /home/cpan/.cpan/build/Module-Setup-0.09-0/inc/Test/Builder.pm line 858.
t/010_core/path.t ................................. ok
Possible precedence issue with control flow operator (return) at /home/cpan/.cpan/build/Module-Setup-0.09-0/inc/Test/Builder.pm line 858.
t/010_core/select-flavor.t ........................ ok
Possible precedence issue with control flow operator (return) at /home/cpan/.cpan/build/Module-Setup-0.09-0/inc/Test/Builder.pm line 858.
t/010_core/setup_base_dir.t ....................... ok
Possible precedence issue with control flow operator (return) at /home/cpan/.cpan/build/Module-Setup-0.09-0/inc/Test/Builder.pm line 858.
Redundant argument in sprintf at /home/cpan/.cpan/build/Module-Setup-0.09-0/inc/Spiffy.pm line 225.
Redundant argument in sprintf at /home/cpan/.cpan/build/Module-Setup-0.09-0/inc/Spiffy.pm line 225.
Redundant argument in sprintf at /home/cpan/.cpan/build/Module-Setup-0.09-0/inc/Spiffy.pm line 225.
Redundant argument in sprintf at /home/cpan/.cpan/build/Module-Setup-0.09-0/inc/Spiffy.pm line 225.
t/010_core/setup_options.t ........................ ok
Possible precedence issue with control flow operator (return) at /home/cpan/.cpan/build/Module-Setup-0.09-0/inc/Test/Builder.pm line 858.
t/010_core/setup_options_code.t ................... ok
Possible precedence issue with control flow operator (return) at /home/cpan/.cpan/build/Module-Setup-0.09-0/inc/Test/Builder.pm line 858.
t/010_core/stdout-log.t ........................... ok
Possible precedence issue with control flow operator (return) at /home/cpan/.cpan/build/Module-Setup-0.09-0/inc/Test/Builder.pm line 858.
t/010_core/system.t ............................... ok
Possible precedence issue with control flow operator (return) at /home/cpan/.cpan/build/Module-Setup-0.09-0/inc/Test/Builder.pm line 858.
t/010_core/test_util.t ............................ ok
Possible precedence issue with control flow operator (return) at /home/cpan/.cpan/build/Module-Setup-0.09-0/inc/Test/Builder.pm line 858.
t/020_run/additional.t ............................ ok
Possible precedence issue with control flow operator (return) at /home/cpan/.cpan/build/Module-Setup-0.09-0/inc/Test/Builder.pm line 858.
t/020_run/binary.t ................................ ok
Possible precedence issue with control flow operator (return) at /home/cpan/.cpan/build/Module-Setup-0.09-0/inc/Test/Builder.pm line 858.
t/020_run/direct.t ................................ ok
Possible precedence issue with control flow operator (return) at /home/cpan/.cpan/build/Module-Setup-0.09-0/inc/Test/Builder.pm line 858.
t/020_run/dupe-flavor.t ........................... ok
Possible precedence issue with control flow operator (return) at /home/cpan/.cpan/build/Module-Setup-0.09-0/inc/Test/Builder.pm line 858.
t/020_run/dupe.t .................................. ok
Possible precedence issue with control flow operator (return) at /home/cpan/.cpan/build/Module-Setup-0.09-0/inc/Test/Builder.pm line 858.
t/020_run/empty_dir.t ............................. ok
Possible precedence issue with control flow operator (return) at /home/cpan/.cpan/build/Module-Setup-0.09-0/inc/Test/Builder.pm line 858.
t/020_run/fail_flavor.t ........................... ok
Possible precedence issue with control flow operator (return) at /home/cpan/.cpan/build/Module-Setup-0.09-0/inc/Test/Builder.pm line 858.
t/020_run/hasnt-flavorclass.t ..................... ok
Possible precedence issue with control flow operator (return) at /home/cpan/.cpan/build/Module-Setup-0.09-0/inc/Test/Builder.pm line 858.
Redundant argument in sprintf at /home/cpan/.cpan/build/Module-Setup-0.09-0/inc/Spiffy.pm line 225.
Redundant argument in sprintf at /home/cpan/.cpan/build/Module-Setup-0.09-0/inc/Spiffy.pm line 225.
Redundant argument in sprintf at /home/cpan/.cpan/build/Module-Setup-0.09-0/inc/Spiffy.pm line 225.
Redundant argument in sprintf at /home/cpan/.cpan/build/Module-Setup-0.09-0/inc/Spiffy.pm line 225.
t/020_run/init.t .................................. ok
Possible precedence issue with control flow operator (return) at /home/cpan/.cpan/build/Module-Setup-0.09-0/inc/Test/Builder.pm line 858.
t/020_run/nullflavors.t ........................... ok
Possible precedence issue with control flow operator (return) at /home/cpan/.cpan/build/Module-Setup-0.09-0/inc/Test/Builder.pm line 858.
t/020_run/pack-additional.t ....................... ok
Possible precedence issue with control flow operator (return) at /home/cpan/.cpan/build/Module-Setup-0.09-0/inc/Test/Builder.pm line 858.
Redundant argument in sprintf at /home/cpan/.cpan/build/Module-Setup-0.09-0/inc/Spiffy.pm line 225.
Redundant argument in sprintf at /home/cpan/.cpan/build/Module-Setup-0.09-0/inc/Spiffy.pm line 225.
Redundant argument in sprintf at /home/cpan/.cpan/build/Module-Setup-0.09-0/inc/Spiffy.pm line 225.
Redundant argument in sprintf at /home/cpan/.cpan/build/Module-Setup-0.09-0/inc/Spiffy.pm line 225.
t/020_run/pack.t .................................. ok
Possible precedence issue with control flow operator (return) at /home/cpan/.cpan/build/Module-Setup-0.09-0/inc/Test/Builder.pm line 858.
Redundant argument in sprintf at /home/cpan/.cpan/build/Module-Setup-0.09-0/inc/Spiffy.pm line 225.
Redundant argument in sprintf at /home/cpan/.cpan/build/Module-Setup-0.09-0/inc/Spiffy.pm line 225.
Redundant argument in sprintf at /home/cpan/.cpan/build/Module-Setup-0.09-0/inc/Spiffy.pm line 225.
Redundant argument in sprintf at /home/cpan/.cpan/build/Module-Setup-0.09-0/inc/Spiffy.pm line 225.
t/020_run/simple.t ................................ ok
Possible precedence issue with control flow operator (return) at /home/cpan/.cpan/build/Module-Setup-0.09-0/inc/Test/Builder.pm line 858.
t/030_plugin/append_template_file.t ............... ok
Possible precedence issue with control flow operator (return) at /home/cpan/.cpan/build/Module-Setup-0.09-0/inc/Test/Builder.pm line 858.
t/030_plugin/append_template_file2.t .............. ok
Possible precedence issue with control flow operator (return) at /home/cpan/.cpan/build/Module-Setup-0.09-0/inc/Test/Builder.pm line 858.
t/030_plugin/illegalplugin.t ...................... ok
Possible precedence issue with control flow operator (return) at /home/cpan/.cpan/build/Module-Setup-0.09-0/inc/Test/Builder.pm line 858.
t/030_plugin/illegalpluginconfig.t ................ ok
Possible precedence issue with control flow operator (return) at /home/cpan/.cpan/build/Module-Setup-0.09-0/inc/Test/Builder.pm line 858.
t/030_plugin/localplugin.t ........................ ok
Possible precedence issue with control flow operator (return) at /home/cpan/.cpan/build/Module-Setup-0.09-0/inc/Test/Builder.pm line 858.
t/030_plugin/plain.t .............................. ok
Possible precedence issue with control flow operator (return) at /home/cpan/.cpan/build/Module-Setup-0.09-0/inc/Test/Builder.pm line 858.
t/030_plugin/site_github.t ........................ ok
Possible precedence issue with control flow operator (return) at /home/cpan/.cpan/build/Module-Setup-0.09-0/inc/Test/Builder.pm line 858.
t/030_plugin/template.t ........................... ok
Possible precedence issue with control flow operator (return) at /home/cpan/.cpan/build/Module-Setup-0.09-0/inc/Test/Builder.pm line 858.
cannot remove path when cwd is /home/cpan/tmp/87AIvXit7g/Test-Makefile3_3 for /home/cpan/tmp/87AIvXit7g: at /home/cpan/bin/perl/lib/5.42.0/File/Temp.pm line 2643.
t/030_plugin/test_makefile.t ...................... ok
Possible precedence issue with control flow operator (return) at /home/cpan/.cpan/build/Module-Setup-0.09-0/inc/Test/Builder.pm line 858.
hint: Using 'master' as the name for the initial branch. This default branch name
hint: is subject to change. To configure the initial branch name to use in all
hint: of your new repositories, which will suppress this warning, call:
hint:
hint: git config --global init.defaultBranch <name>
hint:
hint: Names commonly chosen instead of 'master' are 'main', 'trunk' and
hint: 'development'. The just-created branch can be renamed via this command:
hint:
hint: git branch -m <name>
error: pathspec 'commit' did not match any file(s) known to git
cannot remove path when cwd is /home/cpan/tmp/LxzXlERhOr/VC-Git3_2 for /home/cpan/tmp/LxzXlERhOr: at /home/cpan/bin/perl/lib/5.42.0/File/Temp.pm line 2643.
t/030_plugin/vc_git.t ............................. ok
Possible precedence issue with control flow operator (return) at /home/cpan/.cpan/build/Module-Setup-0.09-0/inc/Test/Builder.pm line 858.
Name "Module::Setup::Flavor::Default::setup_config" used only once: possible typo at t/030_plugin/vc_svk.t line 17.
t/030_plugin/vc_svk.t ............................. ok
Possible precedence issue with control flow operator (return) at /home/cpan/.cpan/build/Module-Setup-0.09-0/inc/Test/Builder.pm line 858.
t/030_plugin/vc_svn.t ............................. ok
Possible precedence issue with control flow operator (return) at /home/cpan/.cpan/build/Module-Setup-0.09-0/inc/Test/Builder.pm line 858.
t/040_flavor/coderepos.t .......................... ok
Possible precedence issue with control flow operator (return) at /home/cpan/.cpan/build/Module-Setup-0.09-0/inc/Test/Builder.pm line 858.
t/040_flavor/default-setup_config.t ............... ok
Possible precedence issue with control flow operator (return) at /home/cpan/.cpan/build/Module-Setup-0.09-0/inc/Test/Builder.pm line 858.
t/040_flavor/default.t ............................ ok
Possible precedence issue with control flow operator (return) at /home/cpan/.cpan/build/Module-Setup-0.09-0/inc/Test/Builder.pm line 858.
t/040_flavor/github.t ............................. ok
Possible precedence issue with control flow operator (return) at /home/cpan/.cpan/build/Module-Setup-0.09-0/inc/Test/Builder.pm line 858.
Base class package "t::Helper::Basic" is not empty but "t/Helper/Basic.pm" exists in the current directory.
To help avoid security issues, base.pm now refuses to load optional modules
from the current working directory when it is the last entry in @INC.
If your software worked on previous versions of Perl, the best solution
is to use FindBin to detect the path properly and to add that path to
@INC. As a last resort, you can re-enable looking in the current working
directory by adding "use lib '.'" to your code.
at t/Helper/Basic/Callback.pm line 4.
BEGIN failed--compilation aborted at t/Helper/Basic/Callback.pm line 4.
Compilation failed in require at t/050_helper/basic-callback.t line 6.
BEGIN failed--compilation aborted at t/050_helper/basic-callback.t line 6.
# Looks like your test exited with 2 before it could output anything.
t/050_helper/basic-callback.t .....................
Dubious, test returned 2 (wstat 512, 0x200)
Failed 3/3 subtests
Possible precedence issue with control flow operator (return) at /home/cpan/.cpan/build/Module-Setup-0.09-0/inc/Test/Builder.pm line 858.
Base class package "t::Helper::Basic" is not empty but "t/Helper/Basic.pm" exists in the current directory.
To help avoid security issues, base.pm now refuses to load optional modules
from the current working directory when it is the last entry in @INC.
If your software worked on previous versions of Perl, the best solution
is to use FindBin to detect the path properly and to add that path to
@INC. As a last resort, you can re-enable looking in the current working
directory by adding "use lib '.'" to your code.
at t/Helper/Basic/Foo.pm line 4.
BEGIN failed--compilation aborted at t/Helper/Basic/Foo.pm line 4.
Compilation failed in require at t/050_helper/basic-foo.t line 6.
BEGIN failed--compilation aborted at t/050_helper/basic-foo.t line 6.
# Looks like your test exited with 2 before it could output anything.
t/050_helper/basic-foo.t ..........................
Dubious, test returned 2 (wstat 512, 0x200)
Failed 2/2 subtests
Possible precedence issue with control flow operator (return) at /home/cpan/.cpan/build/Module-Setup-0.09-0/inc/Test/Builder.pm line 858.
t/050_helper/basic.t .............................. ok
Test Summary Report
-------------------
t/050_helper/basic-callback.t (Wstat: 512 (exited 2) Tests: 0 Failed: 0)
Non-zero exit status: 2
Parse errors: Bad plan. You planned 3 tests but ran 0.
t/050_helper/basic-foo.t (Wstat: 512 (exited 2) Tests: 0 Failed: 0)
Non-zero exit status: 2
Parse errors: Bad plan. You planned 2 tests but ran 0.
Files=47, Tests=462, 15 wallclock secs ( 0.12 usr 0.15 sys + 11.16 cusr 1.96 csys = 13.39 CPU)
Result: FAIL
Failed 2/47 test programs. 0/462 subtests failed.
*** Error 255 in /home/cpan/.cpan/build/Module-Setup-0.09-0 (Makefile:832 'test_dynamic')
------------------------------
PREREQUISITES
------------------------------
Prerequisite modules loaded:
requires:
Module Need Have
---------------------------- ---- --------
Class::Trigger 0 0.15
Cwd 0 3.94
ExtUtils::MakeMaker 0 7.76
File::Basename 0 2.86
File::Find::Rule 0 0.35
File::HomeDir 0 1.006
File::Path 0 2.18
File::Temp 0.2 0.2311
Filter::Util::Call 0 1.64
Getopt::Long 0 2.58
IO::Scalar 0 2.113
LWP::UserAgent 0 6.78
Module::Collect 0.06 0.06
Module::Install::AuthorTests 0 0.002
Module::Install::Repository 0 0.08
Path::Class 0 0.37
Pod::Usage 0 2.05
Scalar::Util 0 1.68_01
Storable 0 3.37
Template 2.2 3.102
Test::More 0 1.302214
Test::Requires 0 0.11
Text::Patch 0 1.8
YAML 0 1.31
build_requires:
Module Need Have
---------------------------- ---- --------
ExtUtils::MakeMaker 0 7.76
configure_requires:
Module Need Have
---------------------------- ---- --------
ExtUtils::MakeMaker 6.42 7.76
------------------------------
ENVIRONMENT AND OTHER CONTEXT
------------------------------
Environment variables:
AUTOMATED_TESTING = 1
DATE_MANIP_TEST_DM5 = 1
LC_ALL = C
NONINTERACTIVE_TESTING = 1
NO_NETWORK_TESTING = 1
PATH = /home/cpan/bin/perl/bin:/home/cpan/bin:/home/cpan/bin:/bin:/sbin:/usr/bin:/usr/sbin:/usr/X11R6/bin:/usr/local/bin:/usr/local/sbin
PERL5LIB = /home/cpan/.cpan/build/MP3-PodcastFetch-1.05-0/blib/arch:/home/cpan/.cpan/build/MP3-PodcastFetch-1.05-0/blib/lib
PERL5OPT =
PERL5_CPANPLUS_IS_RUNNING = 36069
PERL5_CPAN_IS_RUNNING = 36069
PERL_MM_USE_DEFAULT = 1
PERL_USE_UNSAFE_INC = 1
SHELL = /usr/local/bin/bash
TERM = screen
TMPDIR = /home/cpan/tmp
Perl special variables (and OS-specific diagnostics, for MSWin32):
$^X = /home/cpan/bin/perl/bin/perl5.42.0
$UID/$EUID = 1001 / 1001
$GID = 1001 1001
$EGID = 1001 1001
Perl module toolchain versions installed:
Module Have
------------------- --------
CPAN 2.38
CPAN::Meta 2.150010
Cwd 3.94
ExtUtils::CBuilder 0.280241
ExtUtils::Command 7.76
ExtUtils::Install 2.22
ExtUtils::MakeMaker 7.76
ExtUtils::Manifest 1.75
ExtUtils::ParseXS 3.57
File::Spec 3.94
JSON 4.10
JSON::PP 4.16
Module::Build 0.4234
Module::Signature 0.92
Parse::CPAN::Meta 2.150010
Test2 1.302214
Test::Harness 3.50
Test::More 1.302214
YAML 1.31
YAML::Syck 1.34
version 0.9933
--
Summary of my perl5 (revision 5 version 42 subversion 0) configuration:
Commit id: dbe7b927c5412c981a5cfded284b44e5f745b604
Platform:
osname=openbsd
osvers=7.7
archname=OpenBSD.amd64-openbsd-thread-multi
uname='openbsd cjg-openbsd7 7.7 generic#1 amd64 '
config_args='-des -Dprefix=/home/cpan/bin/perl -Dscriptdir=/home/cpan/bin/perl/bin -Dusedevel -Duse64bitall -Duseithreads'
hint=recommended
useposix=true
d_sigaction=define
useithreads=define
usemultiplicity=define
use64bitint=define
use64bitall=define
uselongdouble=undef
usemymalloc=n
default_inc_excludes_dot=define
Compiler:
cc='cc'
ccflags ='-pthread -DNO_LOCALE_NUMERIC -DNO_LOCALE_COLLATE -DNO_LOCALE_MONETARY -DNO_LOCALE_TIME -DNO_LOCALE_MESSAGES -DLIBC_HANDLES_MISMATCHED_CTYPE -fno-strict-aliasing -pipe -fstack-protector-strong -I/usr/local/include'
optimize='-O2'
cppflags='-pthread -DNO_LOCALE_NUMERIC -DNO_LOCALE_COLLATE -DNO_LOCALE_MONETARY -DNO_LOCALE_TIME -DNO_LOCALE_MESSAGES -DLIBC_HANDLES_MISMATCHED_CTYPE -fno-strict-aliasing -pipe -fstack-protector-strong -I/usr/local/include'
ccversion=''
gccversion='OpenBSD Clang 16.0.6'
gccosandvers=''
intsize=4
longsize=8
ptrsize=8
doublesize=8
byteorder=12345678
doublekind=3
d_longlong=define
longlongsize=8
d_longdbl=define
longdblsize=16
longdblkind=3
ivtype='long'
ivsize=8
nvtype='double'
nvsize=8
Off_t='off_t'
lseeksize=8
alignbytes=8
prototype=define
Linker and Libraries:
ld='cc'
ldflags ='-pthread -Wl,-E -fstack-protector-strong -L/usr/local/lib'
libpth=/usr/lib/clang/16/lib /usr/lib /usr/local/lib
libs=-lpthread -lm -lutil -lc
perllibs=-lpthread -lm -lutil -lc
libc=/usr/lib/libc.so.100.3
so=so
useshrplib=false
libperl=libperl.a
gnulibc_version=''
Dynamic Linking:
dlsrc=dl_dlopen.xs
dlext=so
d_dlsymun=undef
ccdlflags=' '
cccdlflags='-DPIC -fPIC '
lddlflags='-shared -fPIC -L/usr/local/lib -fstack-protector-strong'
Characteristics of this binary (from libperl):
Compile-time options:
HAS_LONG_DOUBLE
HAS_STRTOLD
HAS_TIMES
MULTIPLICITY
PERLIO_LAYERS
PERL_COPY_ON_WRITE
PERL_DONT_CREATE_GVSV
PERL_HASH_FUNC_SIPHASH13
PERL_HASH_USE_SBOX32
PERL_MALLOC_WRAP
PERL_OP_PARENT
PERL_PRESERVE_IVUV
PERL_USE_DEVEL
PERL_USE_SAFE_PUTENV
USE_64_BIT_ALL
USE_64_BIT_INT
USE_ITHREADS
USE_LARGE_FILES
USE_LOCALE
USE_LOCALE_CTYPE
USE_PERLIO
USE_PERL_ATOF
USE_REENTRANT_API
USE_THREAD_SAFE_LOCALE
Built under openbsd
Compiled at Jun 26 2025 10:21:59
%ENV:
PERL5LIB="/home/cpan/.cpan/build/MP3-PodcastFetch-1.05-0/blib/arch:/home/cpan/.cpan/build/MP3-PodcastFetch-1.05-0/blib/lib"
PERL5OPT=""
PERL5_CPANPLUS_IS_RUNNING="36069"
PERL5_CPAN_IS_RUNNING="36069"
PERL_MM_USE_DEFAULT="1"
PERL_USE_UNSAFE_INC="1"
@INC:
/home/cpan/.cpan/build/MP3-PodcastFetch-1.05-0/blib/arch
/home/cpan/.cpan/build/MP3-PodcastFetch-1.05-0/blib/lib
/home/cpan/bin/perl/lib/site_perl/5.42.0/OpenBSD.amd64-openbsd-thread-multi
/home/cpan/bin/perl/lib/site_perl/5.42.0
/home/cpan/bin/perl/lib/5.42.0/OpenBSD.amd64-openbsd-thread-multi
/home/cpan/bin/perl/lib/5.42.0
.