Search-ContextGraph v0.15 Perl 5 v5.27.4 x86_64-linux
- Status
- Fail
- From
- Slaven Rezić (SREZIC)
- Dist
-
Search-ContextGraph v0.15
- Platform
- Perl 5 v5.27.4 x86_64-linux
- Date
- 2017-09-23 18:27:53
- ID
- e9cbf7fa-a08c-11e7-bca8-8df3810da2b9
This distribution has been tested as part of the CPAN Testers
project, supporting the Perl programming language. See
http://wiki.cpantesters.org/ for more information or email
questions to cpan-testers-discuss@perl.org
--
Dear Maciej Ceglowski,
This is a computer-generated report for Search-ContextGraph-0.15
on perl 5.27.4, created by CPAN-Reporter-1.2018.
Thank you for uploading your work to CPAN. However, there was a problem
testing your distribution.
If you think this report is invalid, please consult the CPAN Testers Wiki
for suggestions on how to avoid getting FAIL reports for missing library
or binary dependencies, unsupported operating systems, and so on:
http://wiki.cpantesters.org/wiki/CPANAuthorNotes
Sections of this report:
* Tester comments
* Program output
* Prerequisites
* Environment and other context
------------------------------
TESTER COMMENTS
------------------------------
Additional comments from tester:
none provided
------------------------------
PROGRAM OUTPUT
------------------------------
Output from '/usr/bin/make test':
"/bbbike/perl-5.27.4/bin/perl5.27.4" -MExtUtils::Command::MM -e 'cp_nonempty' -- ContextGraph.bs blib/arch/auto/Search/ContextGraph/ContextGraph.bs 644
PERL_DL_NONLAZY=1 "/bbbike/perl-5.27.4/bin/perl5.27.4" "-Iblib/lib" "-Iblib/arch" test.pl
ok 1 - have Search::ContextGraph object
ok 2 - only two matches
ok 3 - contains first document
ok 4 - contains third document
ok 5 - correct relevance on search doc \#1
ok 6 - correct relevance on search doc \#3
ok 7 - repeating search does not change results
ok 8 - complained about duplicate title
ok 9 - able to add more documents
ok 10 - document count is correct
ok 11 - word count is correct
ok 12 - word list is correct
ok 13 - singleton search did not change
ok 14 - raw search gives same result
ok 15 - result changed for non-singleton search
ok 16 - find similar search correct
ok 17 - find similar search correct
ok 18 - able to store object to file
ok 19 - reload object from stored file
ok 20 - remove stored file
ok 21 - reloaded search object works fine
ok 22 - able to load TDM file
ok 23 - correct document count
ok 24 - correct term count
ok 25 - Got right number of results
ok 26 - mixed search got right doc value
ok 27 - mixed search got right term value
1..27
PERL_DL_NONLAZY=1 "/bbbike/perl-5.27.4/bin/perl5.27.4" "-MExtUtils::Command::MM" "-MTest::Harness" "-e" "undef *Test::Harness::Switches; test_harness(0, 'blib/lib', 'blib/arch')" t/*.t
t/accessors.t ....... ok
t/add_subtract.t .... ok
t/dump.t ............ ok
t/find_by_title.t ... ok
t/has.t ............. ok
t/intersection.t .... ok
# Failed test 'Node dump did not change'
# at t/invariance.t line 73.
# Looks like you failed 1 test of 26.
t/invariance.t ......
Dubious, test returned 1 (wstat 256, 0x100)
Failed 1/26 subtests
t/merge.t ........... ok
Using MLDBM: test at /tmpfs/.cpan-build-cpansand/2017092312/Search-ContextGraph-0.15-0/blib/lib/Search/ContextGraph.pm line 224.
t/mldbm.t ........... ok
t/rebalancing.t ..... ok
t/simple_search.t ... ok
t/term_doc_lists.t .. ok
t/update.t .......... ok
Test Summary Report
-------------------
t/invariance.t (Wstat: 256 Tests: 26 Failed: 1)
Failed test: 19
Non-zero exit status: 1
Files=13, Tests=159, 8 wallclock secs ( 0.06 usr 0.02 sys + 1.65 cusr 0.16 csys = 1.89 CPU)
Result: FAIL
Failed 1/13 test programs. 1/159 subtests failed.
Makefile:1032: recipe for target 'test_dynamic' failed
make: *** [test_dynamic] Error 255
------------------------------
PREREQUISITES
------------------------------
Prerequisite modules loaded:
requires:
Module Need Have
------------------- ---- --------
MLDBM 0.1 2.05
Test::More 0 1.302096
build_requires:
Module Need Have
------------------- ---- --------
ExtUtils::MakeMaker 0 7.30
------------------------------
ENVIRONMENT AND OTHER CONTEXT
------------------------------
Environment variables:
LANG = C
LC_ALL = de_DE.UTF-8
PATH = /usr/local/bin:/usr/bin:/bin:/usr/local/sbin:/usr/sbin:/sbin:/home/cpansand/bin/linux-gnu:/home/cpansand/bin/sh:/home/cpansand/bin:/usr/games:/home/cpansand/devel:/home/eserte/src/srezic-misc/scripts
PERL5LIB =
PERL5OPT =
PERL5_CPANPLUS_IS_RUNNING = 13116
PERL5_CPAN_IS_RUNNING = 13116
PERL5_CPAN_IS_RUNNING_IN_RECURSION = 9379,13116
PERLDOC = -MPod::Perldoc::ToTextOverstrike
PERL_BATCH = yes
PERL_CANARY_STABILITY_NOPROMPT = 1
PERL_CPAN_REPORTER_CONFIG = /var/tmp/cpansmoker-1023/2017092306/cpanreporter_000_config.ini
PERL_EXTUTILS_AUTOINSTALL = --defaultdeps
PERL_PARALLEL_SMOKER = yes
PERL_USE_UNSAFE_INC = 1
SHELL = /bin/zsh
TERM = screen
TMPDIR = /var/tmp/cpansmoker-1023/2017092306
Perl special variables (and OS-specific diagnostics, for MSWin32):
$^X = /bbbike/perl-5.27.4/bin/perl5.27.4
$UID/$EUID = 1023 / 1023
$GID = 1023 1023
$EGID = 1023 1023
Perl module toolchain versions installed:
Module Have
------------------- --------
CPAN 2.18
CPAN::Meta 2.150010
Cwd 3.68
ExtUtils::CBuilder 0.280226
ExtUtils::Command 7.30
ExtUtils::Install 2.14
ExtUtils::MakeMaker 7.30
ExtUtils::Manifest 1.70
ExtUtils::ParseXS 3.35
File::Spec 3.68
JSON 2.94
JSON::PP 2.94
Module::Build 0.4224
Module::Signature 0.81
Parse::CPAN::Meta 2.150010
Test::Harness 3.39
Test::More 1.302096
YAML 1.23
YAML::Syck 1.30
version 0.9918
--
Summary of my perl5 (revision 5 version 27 subversion 4) configuration:
Platform:
osname=linux
osvers=3.16.0-4-amd64
archname=x86_64-linux
uname='linux eserte 3.16.0-4-amd64 #1 smp debian 3.16.43-2+deb8u2 (2017-06-26) x86_64 gnulinux '
config_args='-ds -e -Dprefix=/opt/perl-5.27.4 -Dusedevel -Dusemallocwrap=no -Dcf_email=srezic@cpan.org'
hint=recommended
useposix=true
d_sigaction=define
useithreads=undef
usemultiplicity=undef
use64bitint=define
use64bitall=define
uselongdouble=undef
usemymalloc=n
default_inc_excludes_dot=define
bincompat5005=undef
Compiler:
cc='cc'
ccflags ='-fwrapv -fno-strict-aliasing -pipe -fstack-protector-strong -I/usr/local/include -D_LARGEFILE_SOURCE -D_FILE_OFFSET_BITS=64 -D_FORTIFY_SOURCE=2'
optimize='-O2'
cppflags='-fwrapv -fno-strict-aliasing -pipe -fstack-protector-strong -I/usr/local/include'
ccversion=''
gccversion='4.9.2'
gccosandvers=''
intsize=4
longsize=8
ptrsize=8
doublesize=8
byteorder=12345678
doublekind=3
d_longlong=define
longlongsize=8
d_longdbl=define
longdblsize=16
longdblkind=3
ivtype='long'
ivsize=8
nvtype='double'
nvsize=8
Off_t='off_t'
lseeksize=8
alignbytes=8
prototype=define
Linker and Libraries:
ld='cc'
ldflags =' -fstack-protector-strong -L/usr/local/lib'
libpth=/usr/local/lib /usr/lib/gcc/x86_64-linux-gnu/4.9/include-fixed /usr/include/x86_64-linux-gnu /usr/lib /lib/x86_64-linux-gnu /lib/../lib /usr/lib/x86_64-linux-gnu /usr/lib/../lib /lib
libs=-lpthread -lnsl -lgdbm -ldb -ldl -lm -lcrypt -lutil -lc -lgdbm_compat
perllibs=-lpthread -lnsl -ldl -lm -lcrypt -lutil -lc
libc=libc-2.19.so
so=so
useshrplib=false
libperl=libperl.a
gnulibc_version='2.19'
Dynamic Linking:
dlsrc=dl_dlopen.xs
dlext=so
d_dlsymun=undef
ccdlflags='-Wl,-E'
cccdlflags='-fPIC'
lddlflags='-shared -O2 -L/usr/local/lib -fstack-protector-strong'
Characteristics of this binary (from libperl):
Compile-time options:
HAS_TIMES
PERLIO_LAYERS
PERL_COPY_ON_WRITE
PERL_DONT_CREATE_GVSV
PERL_OP_PARENT
PERL_PRESERVE_IVUV
PERL_USE_DEVEL
USE_64_BIT_ALL
USE_64_BIT_INT
USE_LARGE_FILES
USE_LOCALE
USE_LOCALE_COLLATE
USE_LOCALE_CTYPE
USE_LOCALE_NUMERIC
USE_LOCALE_TIME
USE_PERLIO
USE_PERL_ATOF
Built under linux
Compiled at Sep 20 2017 22:26:56
%ENV:
PERL5LIB=""
PERL5OPT=""
PERL5_CPANPLUS_IS_RUNNING="13116"
PERL5_CPAN_IS_RUNNING="13116"
PERL5_CPAN_IS_RUNNING_IN_RECURSION="9379,13116"
PERLDOC="-MPod::Perldoc::ToTextOverstrike"
PERL_BATCH="yes"
PERL_CANARY_STABILITY_NOPROMPT="1"
PERL_CPAN_REPORTER_CONFIG="/var/tmp/cpansmoker-1023/2017092306/cpanreporter_000_config.ini"
PERL_EXTUTILS_AUTOINSTALL="--defaultdeps"
PERL_PARALLEL_SMOKER="yes"
PERL_USE_UNSAFE_INC="1"
@INC:
/opt/perl-5.27.4/lib/site_perl/5.27.4/x86_64-linux
/opt/perl-5.27.4/lib/site_perl/5.27.4
/opt/perl-5.27.4/lib/5.27.4/x86_64-linux
/opt/perl-5.27.4/lib/5.27.4
.