Class-DBI-Sweet v0.08 Perl 5 v5.13.2 MSWin32-x86-multi-thread

Status
Fail
From
Serguei Trouchelle (STRO)
Dist
Class-DBI-Sweet v0.08
Platform
Perl 5 v5.13.2 MSWin32-x86-multi-thread
Date
2010-07-12 19:22:23
ID
e9945804-8654-101c-95ce-cf4675923886
This distribution has been tested as part of the CPAN Testers
project, supporting the Perl programming language.  See
http://wiki.cpantesters.org/ for more information or email
questions to cpan-testers-discuss@perl.org


--
Dear Marcus Ramberg,

This is a computer-generated report for Class-DBI-Sweet-0.08
on perl 5.13.2, created by CPAN-Reporter-1.1711.

Thank you for uploading your work to CPAN.  However, there was a problem
testing your distribution.

If you think this report is invalid, please consult the CPAN Testers Wiki
for suggestions on how to avoid getting FAIL reports for missing library
or binary dependencies, unsupported operating systems, and so on:

http://wiki.cpantesters.org/wiki/CPANAuthorNotes

Sections of this report:

    * Tester comments
    * Program output
    * Prerequisites
    * Environment and other context

------------------------------
TESTER COMMENTS
------------------------------

Additional comments from tester:

this report is from an automated smoke testing program
and was not reviewed by a human for accuracy

------------------------------
PROGRAM OUTPUT
------------------------------

Output from 'C:\home\stro\perl\perl5132\bin\perl.exe ./Build test':

t\01use.t ................................ ok
t\02pod.t ................................ skipped: set TEST_POD to enable this test
t\03podcoverage.t ........................ skipped: set TEST_POD to enable this test
Can't use string ("5/8") as a HASH ref while "strict refs" in use at C:\home\stro\cpan\build\5.13.2\Class-DBI-Sweet-0.08-vo440J\blib\lib/Class/DBI/Sweet.pm line 309.
# Looks like you planned 17 tests but ran 1.
# Looks like your test exited with 2 just after 1.
t\04join.t ............................... 
Dubious, test returned 2 (wstat 512, 0x200)
Failed 16/17 subtests 
Can't use string ("4/8") as a HASH ref while "strict refs" in use at C:\home\stro\cpan\build\5.13.2\Class-DBI-Sweet-0.08-vo440J\blib\lib/Class/DBI/Sweet.pm line 126.
# Looks like you planned 5 tests but ran 1.
# Looks like your test exited with 2 just after 1.
t\05count.t .............................. 
Dubious, test returned 2 (wstat 512, 0x200)
Failed 4/5 subtests 
Can't use string ("4/8") as a HASH ref while "strict refs" in use at C:\home\stro\cpan\build\5.13.2\Class-DBI-Sweet-0.08-vo440J\blib\lib/Class/DBI/Sweet.pm line 212.
# Looks like you planned 31 tests but ran 1.
# Looks like your test exited with 2 just after 1.
t\06object_cache.t ....................... 
Dubious, test returned 2 (wstat 512, 0x200)
Failed 30/31 subtests 
Can't use string ("4/8") as a HASH ref while "strict refs" in use at C:\home\stro\cpan\build\5.13.2\Class-DBI-Sweet-0.08-vo440J\blib\lib/Class/DBI/Sweet.pm line 212.
# Looks like you planned 7 tests but ran 1.
# Looks like your test exited with 25 just after 1.
t\07prefetch.t ........................... 
Dubious, test returned 25 (wstat 6400, 0x1900)
Failed 6/7 subtests 
Can't use string ("4/8") as a HASH ref while "strict refs" in use at C:\home\stro\cpan\build\5.13.2\Class-DBI-Sweet-0.08-vo440J\blib\lib/Class/DBI/Sweet.pm line 126.
# Looks like you planned 10 tests but ran 1.
# Looks like your test exited with 2 just after 1.
t\08pager.t .............................. 
Dubious, test returned 2 (wstat 512, 0x200)
Failed 9/10 subtests 
t\09sequence.t ........................... skipped: Need Win32API::GUID for this test
t\cdbi-t-ocache\01-columns.t ............. ok
t\cdbi-t-ocache\03-subclassing.t ......... ok
prepare_cached(INSERT INTO Movies (title, rating)
VALUES (?, ?)
) statement handle DBIx::ContextualFetch::st=HASH(0x10f725c) still Active at C:/home/stro/perl/perl5132/site/lib/Ima/DBI.pm line 398
prepare_cached(INSERT INTO Movies (title, rating)
VALUES (?, ?)
) statement handle DBIx::ContextualFetch::st=HASH(0x10f725c) still Active at C:/home/stro/perl/perl5132/site/lib/Ima/DBI.pm line 398
prepare_cached(INSERT INTO Actor (name, film, salary)
VALUES (?, ?, ?)
) statement handle DBIx::ContextualFetch::st=HASH(0x10f737c) still Active at C:/home/stro/perl/perl5132/site/lib/Ima/DBI.pm line 398
prepare_cached(INSERT INTO Actor (name, film, salary)
VALUES (?, ?, ?)
) statement handle DBIx::ContextualFetch::st=HASH(0x10f737c) still Active at C:/home/stro/perl/perl5132/site/lib/Ima/DBI.pm line 398
prepare_cached(INSERT INTO Actor (name, film, salary)
VALUES (?, ?, ?)
) statement handle DBIx::ContextualFetch::st=HASH(0x10f737c) still Active at C:/home/stro/perl/perl5132/site/lib/Ima/DBI.pm line 398
prepare_cached(INSERT INTO Actor (name, film, salary)
VALUES (?, ?, ?)
) statement handle DBIx::ContextualFetch::st=HASH(0x10f737c) still Active at C:/home/stro/perl/perl5132/site/lib/Ima/DBI.pm line 398
prepare_cached(INSERT INTO Actor (name, film, salary)
VALUES (?, ?, ?)
) statement handle DBIx::ContextualFetch::st=HASH(0x10f737c) still Active at C:/home/stro/perl/perl5132/site/lib/Ima/DBI.pm line 398
t\cdbi-t-ocache\05-Query.t ............... ok
t\cdbi-t-ocache\06-hasa.t ................ ok
t\cdbi-t-ocache\08-inheritcols.t ......... ok
prepare_cached(INSERT INTO Actor (name, film, salary)
VALUES (?, ?, ?)
) statement handle DBIx::ContextualFetch::st=HASH(0x1195544) still Active at C:/home/stro/perl/perl5132/site/lib/Ima/DBI.pm line 398
prepare_cached(INSERT INTO Actor (name, film, salary)
VALUES (?, ?, ?)
) statement handle DBIx::ContextualFetch::st=HASH(0x1195544) still Active at C:/home/stro/perl/perl5132/site/lib/Ima/DBI.pm line 398
prepare_cached(DELETE
FROM   Actor
WHERE  id=?
) statement handle DBIx::ContextualFetch::st=HASH(0x11a9e1c) still Active at C:/home/stro/perl/perl5132/site/lib/Ima/DBI.pm line 398
prepare_cached(INSERT INTO Movies (title, director, rating)
VALUES (?, ?, ?)
) statement handle DBIx::ContextualFetch::st=HASH(0x11a987c) still Active at C:/home/stro/perl/perl5132/site/lib/Ima/DBI.pm line 398
t\cdbi-t-ocache\09-has_many.t ............ ok
t\cdbi-t-ocache\10-mysql.t ............... skipped: Need MySQL for this test
mutiple trigger registration in one add_trigger() call is deprecated. at C:/home/stro/perl/perl5132/site/lib/Class/DBI.pm line 1019
# Looks like your test exited with 255 before it could output anything.
t\cdbi-t-ocache\11-triggers.t ............ 
Dubious, test returned 255 (wstat 65280, 0xff00)
Failed 13/13 subtests 
prepare_cached(INSERT INTO Movies (title)
VALUES (?)
) statement handle DBIx::ContextualFetch::st=HASH(0x10f5d4c) still Active at C:/home/stro/perl/perl5132/site/lib/Ima/DBI.pm line 398
prepare_cached(INSERT INTO Actor (name, film, salary)
VALUES (?, ?, ?)
) statement handle DBIx::ContextualFetch::st=HASH(0x10f5e6c) still Active at C:/home/stro/perl/perl5132/site/lib/Ima/DBI.pm line 398
prepare_cached(INSERT INTO Actor (name, film, salary)
VALUES (?, ?, ?)
) statement handle DBIx::ContextualFetch::st=HASH(0x10f5e6c) still Active at C:/home/stro/perl/perl5132/site/lib/Ima/DBI.pm line 398
prepare_cached(INSERT INTO Actor (name, film, salary)
VALUES (?, ?, ?)
) statement handle DBIx::ContextualFetch::st=HASH(0x10f5e6c) still Active at C:/home/stro/perl/perl5132/site/lib/Ima/DBI.pm line 398
prepare_cached(DELETE
FROM   Actor
WHERE  id=?
) statement handle DBIx::ContextualFetch::st=HASH(0x1185544) still Active at C:/home/stro/perl/perl5132/site/lib/Ima/DBI.pm line 398
prepare_cached(DELETE
FROM   Actor
WHERE  id=?
) statement handle DBIx::ContextualFetch::st=HASH(0x1185544) still Active at C:/home/stro/perl/perl5132/site/lib/Ima/DBI.pm line 398
t\cdbi-t-ocache\12-filter.t .............. ok
prepare_cached(INSERT INTO Movies (rating)
VALUES (?)
) statement handle DBIx::ContextualFetch::st=HASH(0x1171c5c) still Active at C:/home/stro/perl/perl5132/site/lib/Ima/DBI.pm line 398
prepare_cached(INSERT INTO Movies (title)
VALUES (?)
) statement handle DBIx::ContextualFetch::st=HASH(0x11718ac) still Active at C:/home/stro/perl/perl5132/site/lib/Ima/DBI.pm line 398
t\cdbi-t-ocache\13-constraint.t .......... ok
prepare_cached(UPDATE Movies
SET    rating = ?
WHERE  title=?
) statement handle DBIx::ContextualFetch::st=HASH(0x1167c94) still Active at C:/home/stro/perl/perl5132/site/lib/Ima/DBI.pm line 398
t\cdbi-t-ocache\14-might_have.t .......... ok
t\cdbi-t-ocache\16-reserved.t ............ ok
t\cdbi-t-ocache\17-data_type.t ........... skipped: needs DBD::Pg for testing
Name "Ima::DBI::st::execute" used only once: possible typo at t\cdbi-t-ocache\18-has_a.t line 44.
prepare_cached(INSERT INTO Directors (name, birthday, isinsane)
VALUES (?, ?, ?)
) statement handle DBIx::ContextualFetch::st=HASH(0x117f5b4) still Active at C:/home/stro/perl/perl5132/site/lib/Ima/DBI.pm line 398
prepare_cached(UPDATE Movies
SET    director = ?
WHERE  title=?
) statement handle DBIx::ContextualFetch::st=HASH(0x118fe74) still Active at C:/home/stro/perl/perl5132/site/lib/Ima/DBI.pm line 398
t\cdbi-t-ocache\18-has_a.t ............... ok
prepare_cached(INSERT INTO Movies (title, director, rating)
VALUES (?, ?, ?)
) statement handle DBIx::ContextualFetch::st=HASH(0x10f6fdc) still Active at C:/home/stro/perl/perl5132/site/lib/Ima/DBI.pm line 398
prepare_cached(INSERT INTO Movies (title, director, rating)
VALUES (?, ?, ?)
) statement handle DBIx::ContextualFetch::st=HASH(0x10f6fdc) still Active at C:/home/stro/perl/perl5132/site/lib/Ima/DBI.pm line 398
prepare_cached(INSERT INTO Movies (title, director, rating)
VALUES (?, ?, ?)
) statement handle DBIx::ContextualFetch::st=HASH(0x10f6fdc) still Active at C:/home/stro/perl/perl5132/site/lib/Ima/DBI.pm line 398
prepare_cached(INSERT INTO Movies (title, director, rating)
VALUES (?, ?, ?)
) statement handle DBIx::ContextualFetch::st=HASH(0x10f6fdc) still Active at C:/home/stro/perl/perl5132/site/lib/Ima/DBI.pm line 398
prepare_cached(INSERT INTO Actor (name, film)
VALUES (?, ?)
) statement handle DBIx::ContextualFetch::st=HASH(0x116c254) still Active at C:/home/stro/perl/perl5132/site/lib/Ima/DBI.pm line 398
prepare_cached(INSERT INTO Actor (name, film)
VALUES (?, ?)
) statement handle DBIx::ContextualFetch::st=HASH(0x116c254) still Active at C:/home/stro/perl/perl5132/site/lib/Ima/DBI.pm line 398
t\cdbi-t-ocache\19-set_sql.t ............. ok
prepare_cached(INSERT INTO Movies (title)
VALUES (?)
) statement handle DBIx::ContextualFetch::st=HASH(0x10cdaa4) still Active at C:/home/stro/perl/perl5132/site/lib/Ima/DBI.pm line 398
prepare_cached(INSERT INTO Movies (title)
VALUES (?)
) statement handle DBIx::ContextualFetch::st=HASH(0x10cdaa4) still Active at C:/home/stro/perl/perl5132/site/lib/Ima/DBI.pm line 398
prepare_cached(INSERT INTO Movies (title)
VALUES (?)
) statement handle DBIx::ContextualFetch::st=HASH(0x10cdaa4) still Active at C:/home/stro/perl/perl5132/site/lib/Ima/DBI.pm line 398
prepare_cached(INSERT INTO Movies (title)
VALUES (?)
) statement handle DBIx::ContextualFetch::st=HASH(0x10cdaa4) still Active at C:/home/stro/perl/perl5132/site/lib/Ima/DBI.pm line 398
prepare_cached(INSERT INTO Movies (title)
VALUES (?)
) statement handle DBIx::ContextualFetch::st=HASH(0x10cdaa4) still Active at C:/home/stro/perl/perl5132/site/lib/Ima/DBI.pm line 398
t\cdbi-t-ocache\21-iterator.t ............ ok
t\cdbi-t-ocache\22-deflate_order.t ....... skipped: Need MySQL for this test
prepare_cached(INSERT INTO Movies (title, director)
VALUES (?, ?)
) statement handle DBIx::ContextualFetch::st=HASH(0x10eefc4) still Active at C:/home/stro/perl/perl5132/site/lib/Ima/DBI.pm line 398
prepare_cached(DELETE
FROM   Movies
WHERE  title=?
) statement handle DBIx::ContextualFetch::st=HASH(0x116bdcc) still Active at C:/home/stro/perl/perl5132/site/lib/Ima/DBI.pm line 398
t\cdbi-t-ocache\23-cascade.t ............. ok
t\cdbi-t-ocache\24-meta_info.t ........... ok
t\cdbi-t-ocache\25-closures_in_meta.t .... skipped: Need MySQL for this test
t\cdbi-t-ocache\97-pod.t ................. ok
t\cdbi-t-ocache\98-failure.t ............. ok
Use of uninitialized value $name in lc at C:/home/stro/perl/perl5132/site/lib/Class/DBI/ColumnGrouper.pm line 91.
t\cdbi-t-ocache\99-misc.t ................ ok
t\cdbi-t-rescache\01-columns.t ........... ok
t\cdbi-t-rescache\03-subclassing.t ....... ok
prepare_cached(INSERT INTO Movies (title, rating)
VALUES (?, ?)
) statement handle DBIx::ContextualFetch::st=HASH(0x10ef554) still Active at C:/home/stro/perl/perl5132/site/lib/Ima/DBI.pm line 398
prepare_cached(INSERT INTO Movies (title, rating)
VALUES (?, ?)
) statement handle DBIx::ContextualFetch::st=HASH(0x10ef554) still Active at C:/home/stro/perl/perl5132/site/lib/Ima/DBI.pm line 398
prepare_cached(INSERT INTO Actor (name, film, salary)
VALUES (?, ?, ?)
) statement handle DBIx::ContextualFetch::st=HASH(0x10ef674) still Active at C:/home/stro/perl/perl5132/site/lib/Ima/DBI.pm line 398
prepare_cached(INSERT INTO Actor (name, film, salary)
VALUES (?, ?, ?)
) statement handle DBIx::ContextualFetch::st=HASH(0x10ef674) still Active at C:/home/stro/perl/perl5132/site/lib/Ima/DBI.pm line 398
prepare_cached(INSERT INTO Actor (name, film, salary)
VALUES (?, ?, ?)
) statement handle DBIx::ContextualFetch::st=HASH(0x10ef674) still Active at C:/home/stro/perl/perl5132/site/lib/Ima/DBI.pm line 398
prepare_cached(INSERT INTO Actor (name, film, salary)
VALUES (?, ?, ?)
) statement handle DBIx::ContextualFetch::st=HASH(0x10ef674) still Active at C:/home/stro/perl/perl5132/site/lib/Ima/DBI.pm line 398
prepare_cached(INSERT INTO Actor (name, film, salary)
VALUES (?, ?, ?)
) statement handle DBIx::ContextualFetch::st=HASH(0x10ef674) still Active at C:/home/stro/perl/perl5132/site/lib/Ima/DBI.pm line 398
t\cdbi-t-rescache\05-Query.t ............. ok
t\cdbi-t-rescache\06-hasa.t .............. ok
t\cdbi-t-rescache\08-inheritcols.t ....... ok
prepare_cached(INSERT INTO Actor (name, film, salary)
VALUES (?, ?, ?)
) statement handle DBIx::ContextualFetch::st=HASH(0x119567c) still Active at C:/home/stro/perl/perl5132/site/lib/Ima/DBI.pm line 398
prepare_cached(INSERT INTO Actor (name, film, salary)
VALUES (?, ?, ?)
) statement handle DBIx::ContextualFetch::st=HASH(0x119567c) still Active at C:/home/stro/perl/perl5132/site/lib/Ima/DBI.pm line 398
prepare_cached(DELETE
FROM   Actor
WHERE  id=?
) statement handle DBIx::ContextualFetch::st=HASH(0x11a9cb4) still Active at C:/home/stro/perl/perl5132/site/lib/Ima/DBI.pm line 398
prepare_cached(INSERT INTO Movies (title, director, rating)
VALUES (?, ?, ?)
) statement handle DBIx::ContextualFetch::st=HASH(0x11a9714) still Active at C:/home/stro/perl/perl5132/site/lib/Ima/DBI.pm line 398
t\cdbi-t-rescache\09-has_many.t .......... ok
t\cdbi-t-rescache\10-mysql.t ............. skipped: Need MySQL for this test
mutiple trigger registration in one add_trigger() call is deprecated. at C:/home/stro/perl/perl5132/site/lib/Class/DBI.pm line 1019
# Looks like your test exited with 255 before it could output anything.
t\cdbi-t-rescache\11-triggers.t .......... 
Dubious, test returned 255 (wstat 65280, 0xff00)
Failed 13/13 subtests 
prepare_cached(INSERT INTO Movies (title)
VALUES (?)
) statement handle DBIx::ContextualFetch::st=HASH(0x10ee80c) still Active at C:/home/stro/perl/perl5132/site/lib/Ima/DBI.pm line 398
prepare_cached(INSERT INTO Actor (name, film, salary)
VALUES (?, ?, ?)
) statement handle DBIx::ContextualFetch::st=HASH(0x10ee92c) still Active at C:/home/stro/perl/perl5132/site/lib/Ima/DBI.pm line 398
prepare_cached(INSERT INTO Actor (name, film, salary)
VALUES (?, ?, ?)
) statement handle DBIx::ContextualFetch::st=HASH(0x10ee92c) still Active at C:/home/stro/perl/perl5132/site/lib/Ima/DBI.pm line 398
prepare_cached(INSERT INTO Actor (name, film, salary)
VALUES (?, ?, ?)
) statement handle DBIx::ContextualFetch::st=HASH(0x10ee92c) still Active at C:/home/stro/perl/perl5132/site/lib/Ima/DBI.pm line 398
prepare_cached(DELETE
FROM   Actor
WHERE  id=?
) statement handle DBIx::ContextualFetch::st=HASH(0x1195794) still Active at C:/home/stro/perl/perl5132/site/lib/Ima/DBI.pm line 398
prepare_cached(DELETE
FROM   Actor
WHERE  id=?
) statement handle DBIx::ContextualFetch::st=HASH(0x1195794) still Active at C:/home/stro/perl/perl5132/site/lib/Ima/DBI.pm line 398
t\cdbi-t-rescache\12-filter.t ............ ok
prepare_cached(INSERT INTO Movies (rating)
VALUES (?)
) statement handle DBIx::ContextualFetch::st=HASH(0x1171b0c) still Active at C:/home/stro/perl/perl5132/site/lib/Ima/DBI.pm line 398
prepare_cached(INSERT INTO Movies (title)
VALUES (?)
) statement handle DBIx::ContextualFetch::st=HASH(0x117175c) still Active at C:/home/stro/perl/perl5132/site/lib/Ima/DBI.pm line 398
t\cdbi-t-rescache\13-constraint.t ........ ok
prepare_cached(UPDATE Movies
SET    rating = ?
WHERE  title=?
) statement handle DBIx::ContextualFetch::st=HASH(0x1167c54) still Active at C:/home/stro/perl/perl5132/site/lib/Ima/DBI.pm line 398
t\cdbi-t-rescache\14-might_have.t ........ ok
t\cdbi-t-rescache\16-reserved.t .......... ok
t\cdbi-t-rescache\17-data_type.t ......... skipped: needs DBD::Pg for testing
Name "Ima::DBI::st::execute" used only once: possible typo at t\cdbi-t-rescache\18-has_a.t line 44.
prepare_cached(INSERT INTO Directors (name, birthday, isinsane)
VALUES (?, ?, ?)
) statement handle DBIx::ContextualFetch::st=HASH(0x11800a4) still Active at C:/home/stro/perl/perl5132/site/lib/Ima/DBI.pm line 398
prepare_cached(UPDATE Movies
SET    director = ?
WHERE  title=?
) statement handle DBIx::ContextualFetch::st=HASH(0x119030c) still Active at C:/home/stro/perl/perl5132/site/lib/Ima/DBI.pm line 398
t\cdbi-t-rescache\18-has_a.t ............. ok
prepare_cached(INSERT INTO Movies (title, director, rating)
VALUES (?, ?, ?)
) statement handle DBIx::ContextualFetch::st=HASH(0x10f6fdc) still Active at C:/home/stro/perl/perl5132/site/lib/Ima/DBI.pm line 398
prepare_cached(INSERT INTO Movies (title, director, rating)
VALUES (?, ?, ?)
) statement handle DBIx::ContextualFetch::st=HASH(0x10f6fdc) still Active at C:/home/stro/perl/perl5132/site/lib/Ima/DBI.pm line 398
prepare_cached(INSERT INTO Movies (title, director, rating)
VALUES (?, ?, ?)
) statement handle DBIx::ContextualFetch::st=HASH(0x10f6fdc) still Active at C:/home/stro/perl/perl5132/site/lib/Ima/DBI.pm line 398
prepare_cached(INSERT INTO Movies (title, director, rating)
VALUES (?, ?, ?)
) statement handle DBIx::ContextualFetch::st=HASH(0x10f6fdc) still Active at C:/home/stro/perl/perl5132/site/lib/Ima/DBI.pm line 398
prepare_cached(INSERT INTO Actor (name, film)
VALUES (?, ?)
) statement handle DBIx::ContextualFetch::st=HASH(0x116c2f4) still Active at C:/home/stro/perl/perl5132/site/lib/Ima/DBI.pm line 398
prepare_cached(INSERT INTO Actor (name, film)
VALUES (?, ?)
) statement handle DBIx::ContextualFetch::st=HASH(0x116c2f4) still Active at C:/home/stro/perl/perl5132/site/lib/Ima/DBI.pm line 398
t\cdbi-t-rescache\19-set_sql.t ........... ok
prepare_cached(INSERT INTO Movies (title)
VALUES (?)
) statement handle DBIx::ContextualFetch::st=HASH(0x10cdaa4) still Active at C:/home/stro/perl/perl5132/site/lib/Ima/DBI.pm line 398
prepare_cached(INSERT INTO Movies (title)
VALUES (?)
) statement handle DBIx::ContextualFetch::st=HASH(0x10cdaa4) still Active at C:/home/stro/perl/perl5132/site/lib/Ima/DBI.pm line 398
prepare_cached(INSERT INTO Movies (title)
VALUES (?)
) statement handle DBIx::ContextualFetch::st=HASH(0x10cdaa4) still Active at C:/home/stro/perl/perl5132/site/lib/Ima/DBI.pm line 398
prepare_cached(INSERT INTO Movies (title)
VALUES (?)
) statement handle DBIx::ContextualFetch::st=HASH(0x10cdaa4) still Active at C:/home/stro/perl/perl5132/site/lib/Ima/DBI.pm line 398
prepare_cached(INSERT INTO Movies (title)
VALUES (?)
) statement handle DBIx::ContextualFetch::st=HASH(0x10cdaa4) still Active at C:/home/stro/perl/perl5132/site/lib/Ima/DBI.pm line 398
t\cdbi-t-rescache\21-iterator.t .......... ok
t\cdbi-t-rescache\22-deflate_order.t ..... skipped: Need MySQL for this test
prepare_cached(INSERT INTO Movies (title, director)
VALUES (?, ?)
) statement handle DBIx::ContextualFetch::st=HASH(0x10eefc4) still Active at C:/home/stro/perl/perl5132/site/lib/Ima/DBI.pm line 398
prepare_cached(DELETE
FROM   Movies
WHERE  title=?
) statement handle DBIx::ContextualFetch::st=HASH(0x116bdcc) still Active at C:/home/stro/perl/perl5132/site/lib/Ima/DBI.pm line 398
t\cdbi-t-rescache\23-cascade.t ........... ok
t\cdbi-t-rescache\24-meta_info.t ......... ok
t\cdbi-t-rescache\25-closures_in_meta.t .. skipped: Need MySQL for this test
t\cdbi-t-rescache\97-pod.t ............... ok
t\cdbi-t-rescache\98-failure.t ........... ok
Use of uninitialized value $name in lc at C:/home/stro/perl/perl5132/site/lib/Class/DBI/ColumnGrouper.pm line 91.
t\cdbi-t-rescache\99-misc.t .............. ok
t\cdbi-t\01-columns.t .................... ok
prepare_cached(INSERT INTO Movies (title, director, rating, numexplodingsheep)
VALUES (?, ?, ?, ?)
) statement handle DBIx::ContextualFetch::st=HASH(0xfa1a84) still Active at C:/home/stro/perl/perl5132/site/lib/Ima/DBI.pm line 398
prepare_cached(INSERT INTO Movies (title, director)
VALUES (?, ?)
) statement handle DBIx::ContextualFetch::st=HASH(0x103d61c) still Active at C:/home/stro/perl/perl5132/site/lib/Ima/DBI.pm line 398
prepare_cached(INSERT INTO Movies (title, director)
VALUES (?, ?)
) statement handle DBIx::ContextualFetch::st=HASH(0x103d61c) still Active at C:/home/stro/perl/perl5132/site/lib/Ima/DBI.pm line 398
DBIx::ContextualFetch::db=HASH(0xf9bc2c)->disconnect invalidates 7 active statement handles (either destroy statement handles or call finish on them before disconnecting) at t\cdbi-t\02-Film.t line 204.
closing dbh with active statement handles at t\cdbi-t\02-Film.t line 204.
prepare_cached(UPDATE Movies
SET    numexplodingsheep = ?
WHERE  title=?
) statement handle DBIx::ContextualFetch::st=HASH(0xbea104) still Active at C:/home/stro/perl/perl5132/site/lib/Ima/DBI.pm line 398
prepare_cached(UPDATE Movies
SET    rating = ?
WHERE  title=?
) statement handle DBIx::ContextualFetch::st=HASH(0xea8824) still Active at C:/home/stro/perl/perl5132/site/lib/Ima/DBI.pm line 398
prepare_cached(INSERT INTO Movies (title, rating)
VALUES (?, ?)
) statement handle DBIx::ContextualFetch::st=HASH(0xea8004) still Active at C:/home/stro/perl/perl5132/site/lib/Ima/DBI.pm line 398
t\cdbi-t\02-Film.t ....................... ok
t\cdbi-t\03-subclassing.t ................ ok
t\cdbi-t\04-lazy.t ....................... ok
prepare_cached(INSERT INTO Movies (title, rating)
VALUES (?, ?)
) statement handle DBIx::ContextualFetch::st=HASH(0xfa43a4) still Active at C:/home/stro/perl/perl5132/site/lib/Ima/DBI.pm line 398
prepare_cached(INSERT INTO Movies (title, rating)
VALUES (?, ?)
) statement handle DBIx::ContextualFetch::st=HASH(0xfa43a4) still Active at C:/home/stro/perl/perl5132/site/lib/Ima/DBI.pm line 398
prepare_cached(INSERT INTO Actor (name, film, salary)
VALUES (?, ?, ?)
) statement handle DBIx::ContextualFetch::st=HASH(0xfa6504) still Active at C:/home/stro/perl/perl5132/site/lib/Ima/DBI.pm line 398
prepare_cached(INSERT INTO Actor (name, film, salary)
VALUES (?, ?, ?)
) statement handle DBIx::ContextualFetch::st=HASH(0xfa6504) still Active at C:/home/stro/perl/perl5132/site/lib/Ima/DBI.pm line 398
prepare_cached(INSERT INTO Actor (name, film, salary)
VALUES (?, ?, ?)
) statement handle DBIx::ContextualFetch::st=HASH(0xfa6504) still Active at C:/home/stro/perl/perl5132/site/lib/Ima/DBI.pm line 398
prepare_cached(INSERT INTO Actor (name, film, salary)
VALUES (?, ?, ?)
) statement handle DBIx::ContextualFetch::st=HASH(0xfa6504) still Active at C:/home/stro/perl/perl5132/site/lib/Ima/DBI.pm line 398
prepare_cached(INSERT INTO Actor (name, film, salary)
VALUES (?, ?, ?)
) statement handle DBIx::ContextualFetch::st=HASH(0xfa6504) still Active at C:/home/stro/perl/perl5132/site/lib/Ima/DBI.pm line 398
t\cdbi-t\05-Query.t ...................... ok
t\cdbi-t\06-hasa.t ....................... ok
t\cdbi-t\08-inheritcols.t ................ ok
prepare_cached(INSERT INTO Actor (name, film, salary)
VALUES (?, ?, ?)
) statement handle DBIx::ContextualFetch::st=HASH(0x103479c) still Active at C:/home/stro/perl/perl5132/site/lib/Ima/DBI.pm line 398
prepare_cached(INSERT INTO Actor (name, film, salary)
VALUES (?, ?, ?)
) statement handle DBIx::ContextualFetch::st=HASH(0x103479c) still Active at C:/home/stro/perl/perl5132/site/lib/Ima/DBI.pm line 398
prepare_cached(DELETE
FROM   Actor
WHERE  id=?
) statement handle DBIx::ContextualFetch::st=HASH(0x104e0c4) still Active at C:/home/stro/perl/perl5132/site/lib/Ima/DBI.pm line 398
prepare_cached(INSERT INTO Movies (title, director, rating)
VALUES (?, ?, ?)
) statement handle DBIx::ContextualFetch::st=HASH(0x104b8ec) still Active at C:/home/stro/perl/perl5132/site/lib/Ima/DBI.pm line 398
t\cdbi-t\09-has_many.t ................... ok
t\cdbi-t\10-mysql.t ...................... skipped: Need MySQL for this test
mutiple trigger registration in one add_trigger() call is deprecated. at C:/home/stro/perl/perl5132/site/lib/Class/DBI.pm line 1019
# Looks like your test exited with 255 before it could output anything.
t\cdbi-t\11-triggers.t ................... 
Dubious, test returned 255 (wstat 65280, 0xff00)
Failed 13/13 subtests 
prepare_cached(INSERT INTO Movies (title)
VALUES (?)
) statement handle DBIx::ContextualFetch::st=HASH(0xfa6cb4) still Active at C:/home/stro/perl/perl5132/site/lib/Ima/DBI.pm line 398
prepare_cached(INSERT INTO Actor (name, film, salary)
VALUES (?, ?, ?)
) statement handle DBIx::ContextualFetch::st=HASH(0xfa6dd4) still Active at C:/home/stro/perl/perl5132/site/lib/Ima/DBI.pm line 398
prepare_cached(INSERT INTO Actor (name, film, salary)
VALUES (?, ?, ?)
) statement handle DBIx::ContextualFetch::st=HASH(0xfa6dd4) still Active at C:/home/stro/perl/perl5132/site/lib/Ima/DBI.pm line 398
prepare_cached(INSERT INTO Actor (name, film, salary)
VALUES (?, ?, ?)
) statement handle DBIx::ContextualFetch::st=HASH(0xfa6dd4) still Active at C:/home/stro/perl/perl5132/site/lib/Ima/DBI.pm line 398
prepare_cached(DELETE
FROM   Actor
WHERE  id=?
) statement handle DBIx::ContextualFetch::st=HASH(0x103dd44) still Active at C:/home/stro/perl/perl5132/site/lib/Ima/DBI.pm line 398
prepare_cached(DELETE
FROM   Actor
WHERE  id=?
) statement handle DBIx::ContextualFetch::st=HASH(0x103dd44) still Active at C:/home/stro/perl/perl5132/site/lib/Ima/DBI.pm line 398
t\cdbi-t\12-filter.t ..................... ok
prepare_cached(INSERT INTO Movies (rating)
VALUES (?)
) statement handle DBIx::ContextualFetch::st=HASH(0xea7964) still Active at C:/home/stro/perl/perl5132/site/lib/Ima/DBI.pm line 398
prepare_cached(INSERT INTO Movies (title)
VALUES (?)
) statement handle DBIx::ContextualFetch::st=HASH(0xea75b4) still Active at C:/home/stro/perl/perl5132/site/lib/Ima/DBI.pm line 398
t\cdbi-t\13-constraint.t ................. ok
prepare_cached(UPDATE Movies
SET    rating = ?
WHERE  title=?
) statement handle DBIx::ContextualFetch::st=HASH(0xea5c74) still Active at C:/home/stro/perl/perl5132/site/lib/Ima/DBI.pm line 398
t\cdbi-t\14-might_have.t ................. ok
t\cdbi-t\17-data_type.t .................. skipped: needs DBD::Pg for testing
Name "Ima::DBI::st::execute" used only once: possible typo at t\cdbi-t\18-has_a.t line 38.
prepare_cached(INSERT INTO Directors (name, birthday, isinsane)
VALUES (?, ?, ?)
) statement handle DBIx::ContextualFetch::st=HASH(0xea682c) still Active at C:/home/stro/perl/perl5132/site/lib/Ima/DBI.pm line 398
prepare_cached(UPDATE Movies
SET    director = ?
WHERE  title=?
) statement handle DBIx::ContextualFetch::st=HASH(0x103287c) still Active at C:/home/stro/perl/perl5132/site/lib/Ima/DBI.pm line 398
t\cdbi-t\18-has_a.t ...................... ok
prepare_cached(INSERT INTO Movies (title, director, rating)
VALUES (?, ?, ?)
) statement handle DBIx::ContextualFetch::st=HASH(0xfa457c) still Active at C:/home/stro/perl/perl5132/site/lib/Ima/DBI.pm line 398
prepare_cached(INSERT INTO Movies (title, director, rating)
VALUES (?, ?, ?)
) statement handle DBIx::ContextualFetch::st=HASH(0xfa457c) still Active at C:/home/stro/perl/perl5132/site/lib/Ima/DBI.pm line 398
prepare_cached(INSERT INTO Movies (title, director, rating)
VALUES (?, ?, ?)
) statement handle DBIx::ContextualFetch::st=HASH(0xfa457c) still Active at C:/home/stro/perl/perl5132/site/lib/Ima/DBI.pm line 398
prepare_cached(INSERT INTO Movies (title, director, rating)
VALUES (?, ?, ?)
) statement handle DBIx::ContextualFetch::st=HASH(0xfa457c) still Active at C:/home/stro/perl/perl5132/site/lib/Ima/DBI.pm line 398
prepare_cached(INSERT INTO Actor (name, film)
VALUES (?, ?)
) statement handle DBIx::ContextualFetch::st=HASH(0xea73a4) still Active at C:/home/stro/perl/perl5132/site/lib/Ima/DBI.pm line 398
prepare_cached(INSERT INTO Actor (name, film)
VALUES (?, ?)
) statement handle DBIx::ContextualFetch::st=HASH(0xea73a4) still Active at C:/home/stro/perl/perl5132/site/lib/Ima/DBI.pm line 398
t\cdbi-t\19-set_sql.t .................... ok
prepare_cached(INSERT INTO Movies (title)
VALUES (?)
) statement handle DBIx::ContextualFetch::st=HASH(0xfa1cc4) still Active at C:/home/stro/perl/perl5132/site/lib/Ima/DBI.pm line 398
prepare_cached(INSERT INTO Movies (title)
VALUES (?)
) statement handle DBIx::ContextualFetch::st=HASH(0xfa1cc4) still Active at C:/home/stro/perl/perl5132/site/lib/Ima/DBI.pm line 398
prepare_cached(INSERT INTO Movies (title)
VALUES (?)
) statement handle DBIx::ContextualFetch::st=HASH(0xfa1cc4) still Active at C:/home/stro/perl/perl5132/site/lib/Ima/DBI.pm line 398
prepare_cached(INSERT INTO Movies (title)
VALUES (?)
) statement handle DBIx::ContextualFetch::st=HASH(0xfa1cc4) still Active at C:/home/stro/perl/perl5132/site/lib/Ima/DBI.pm line 398
prepare_cached(INSERT INTO Movies (title)
VALUES (?)
) statement handle DBIx::ContextualFetch::st=HASH(0xfa1cc4) still Active at C:/home/stro/perl/perl5132/site/lib/Ima/DBI.pm line 398
t\cdbi-t\21-iterator.t ................... ok
t\cdbi-t\22-deflate_order.t .............. skipped: Need MySQL for this test
prepare_cached(INSERT INTO Movies (title, director)
VALUES (?, ?)
) statement handle DBIx::ContextualFetch::st=HASH(0xfa3d24) still Active at C:/home/stro/perl/perl5132/site/lib/Ima/DBI.pm line 398
prepare_cached(DELETE
FROM   Movies
WHERE  title=?
) statement handle DBIx::ContextualFetch::st=HASH(0xea700c) still Active at C:/home/stro/perl/perl5132/site/lib/Ima/DBI.pm line 398
t\cdbi-t\23-cascade.t .................... ok
t\cdbi-t\24-meta_info.t .................. ok
t\cdbi-t\25-closures_in_meta.t ........... skipped: Need MySQL for this test
t\cdbi-t\97-pod.t ........................ ok
t\cdbi-t\98-failure.t .................... ok
Use of uninitialized value $name in lc at C:/home/stro/perl/perl5132/site/lib/Class/DBI/ColumnGrouper.pm line 91.
t\cdbi-t\99-misc.t ....................... ok

Test Summary Report
-------------------
t\04join.t                             (Wstat: 512 Tests: 1 Failed: 0)
  Non-zero exit status: 2
  Parse errors: Bad plan.  You planned 17 tests but ran 1.
t\05count.t                            (Wstat: 512 Tests: 1 Failed: 0)
  Non-zero exit status: 2
  Parse errors: Bad plan.  You planned 5 tests but ran 1.
t\06object_cache.t                     (Wstat: 512 Tests: 1 Failed: 0)
  Non-zero exit status: 2
  Parse errors: Bad plan.  You planned 31 tests but ran 1.
t\07prefetch.t                         (Wstat: 6400 Tests: 1 Failed: 0)
  Non-zero exit status: 25
  Parse errors: Bad plan.  You planned 7 tests but ran 1.
t\08pager.t                            (Wstat: 512 Tests: 1 Failed: 0)
  Non-zero exit status: 2
  Parse errors: Bad plan.  You planned 10 tests but ran 1.
t\cdbi-t-ocache\11-triggers.t          (Wstat: 65280 Tests: 0 Failed: 0)
  Non-zero exit status: 255
  Parse errors: Bad plan.  You planned 13 tests but ran 0.
t\cdbi-t-rescache\11-triggers.t        (Wstat: 65280 Tests: 0 Failed: 0)
  Non-zero exit status: 255
  Parse errors: Bad plan.  You planned 13 tests but ran 0.
t\cdbi-t\11-triggers.t                 (Wstat: 65280 Tests: 0 Failed: 0)
  Non-zero exit status: 255
  Parse errors: Bad plan.  You planned 13 tests but ran 0.
Files=79, Tests=1174, 194 wallclock secs ( 0.41 usr +  0.19 sys =  0.59 CPU)
Result: FAIL
Failed 8/79 test programs. 0/1174 subtests failed.

------------------------------
PREREQUISITES
------------------------------

Prerequisite modules loaded:

requires:

    Module        Need    Have   
    ------------- ------- -------
    Class::DBI    v3.0.12 3.0.17 
    Data::Page    0       2.02   
    DBD::SQLite   1.08    1.14001
    DBI           0       1.612  
    List::Util    0       1.23   
    SQL::Abstract 1.17    1.67   


------------------------------
ENVIRONMENT AND OTHER CONTEXT
------------------------------

Environment variables:

    ACTIVEPERL_CONFIG_SILENT = 1
    AUTOMATED_TESTING = 1
    COMSPEC = C:\WINDOWS\system32\cmd.exe
    NUMBER_OF_PROCESSORS = 2
    PATH = C:\bin\apps\far\;C:\bin\dev\python\;C:\bin\dev\svn;C:\Program Files\Common Files\Microsoft Shared\Windows Live;C:\bin\dev\perl\site\bin;C:\bin\dev\perl\bin;C:\WINDOWS\system32;C:\WINDOWS;C:\WINDOWS\System32\Wbem;C:\WINDOWS\system32\WindowsPowerShell\v1.0;C:\bin\arc;C:\bin\dev\TortoiseSVN\bin;C:\bin\dev\Mercurial;C:\bin\dev\TortoiseHg;c:\bin\sys\gnuwin32\bin;C:\bin\dev\oracle\instantclient_11_1;C:\Program Files\MySQL\MySQL Server 5.1\bin;C:\Program Files\Common Files\Microsoft Shared\Windows Live
    PERL5LIB = 
    PERL5OPT = 
    PERL5_CPANPLUS_IS_RUNNING = 4440
    PERL5_CPAN_IS_RUNNING = 4440
    PERL5_CPAN_IS_RUNNING_IN_RECURSION = 4872,4440
    PERL_CR_SMOKER_CURRENT = Class-DBI-Sweet-0.08
    PERL_EXTUTILS_AUTOINSTALL = --defaultdeps
    PERL_MM_USE_DEFAULT = 1
    PROCESSOR_IDENTIFIER = x86 Family 6 Model 15 Stepping 11, GenuineIntel
    TEMP = C:\WINDOWS\Temp

Perl special variables (and OS-specific diagnostics, for MSWin32):

    $^X = C:\home\stro\perl\perl5132\bin\perl.exe
    $UID/$EUID = 0 / 0
    $GID = 0
    $EGID = 0
    Win32::GetOSName = WinXP/.Net
    Win32::GetOSVersion = Service Pack 3, 5, 1, 2600, 2, 3, 0, 256, 1
    Win32::FsType = NTFS
    Win32::IsAdminUser = 1

Perl module toolchain versions installed:

    Module              Have  
    ------------------- ------
    CPAN                1.9304
    Cwd                 3.31  
    ExtUtils::CBuilder  0.2703
    ExtUtils::Command   1.16  
    ExtUtils::Install   1.54  
    ExtUtils::MakeMaker 6.56  
    ExtUtils::Manifest  1.58  
    ExtUtils::ParseXS   2.2206
    File::Spec          3.31  
    Module::Build       0.3607
    Module::Signature   n/a   
    Test::Harness       3.21  
    Test::More          0.94  
    YAML                0.71  
    YAML::Syck          1.10  
    version             0.82  


--

Summary of my perl5 (revision 5 version 13 subversion 2) configuration:
   
  Platform:
    osname=MSWin32, osvers=5.1, archname=MSWin32-x86-multi-thread
    uname=''
    config_args='undef'
    hint=recommended, useposix=true, d_sigaction=undef
    useithreads=define, usemultiplicity=define
    useperlio=define, d_sfio=undef, uselargefiles=define, usesocks=undef
    use64bitint=undef, use64bitall=undef, uselongdouble=undef
    usemymalloc=n, bincompat5005=undef
  Compiler:
    cc='gcc', ccflags =' -s -O2 -DWIN32 -DHAVE_DES_FCRYPT  -DPERL_IMPLICIT_CONTEXT -DPERL_IMPLICIT_SYS -fno-strict-aliasing -mms-bitfields -DPERL_MSVCRT_READFIX',
    optimize='-s -O2',
    cppflags='-DWIN32'
    ccversion='', gccversion='3.4.5', gccosandvers=''
    intsize=4, longsize=4, ptrsize=4, doublesize=8, byteorder=1234
    d_longlong=undef, longlongsize=8, d_longdbl=define, longdblsize=12
    ivtype='long', ivsize=4, nvtype='double', nvsize=8, Off_t='long long', lseeksize=8
    alignbytes=8, prototype=define
  Linker and Libraries:
    ld='g++', ldflags ='-s -L"c:\home\stro\perl\perl5132\lib\CORE" -L"C:\MinGW\lib"'
    libpth=C:\MinGW\lib
    libs=-lmoldname -lkernel32 -luser32 -lgdi32 -lwinspool -lcomdlg32 -ladvapi32 -lshell32 -lole32 -loleaut32 -lnetapi32 -luuid -lws2_32 -lmpr -lwinmm -lversion -lodbc32 -lodbccp32 -lcomctl32
    perllibs=-lmoldname -lkernel32 -luser32 -lgdi32 -lwinspool -lcomdlg32 -ladvapi32 -lshell32 -lole32 -loleaut32 -lnetapi32 -luuid -lws2_32 -lmpr -lwinmm -lversion -lodbc32 -lodbccp32 -lcomctl32
    libc=, so=dll, useshrplib=true, libperl=libperl513.a
    gnulibc_version=''
  Dynamic Linking:
    dlsrc=dl_win32.xs, dlext=dll, d_dlsymun=undef, ccdlflags=' '
    cccdlflags=' ', lddlflags='-mdll -s -L"c:\home\stro\perl\perl5132\lib\CORE" -L"C:\MinGW\lib"'


Characteristics of this binary (from libperl): 
  Compile-time options: MULTIPLICITY PERL_DONT_CREATE_GVSV
                        PERL_IMPLICIT_CONTEXT PERL_IMPLICIT_SYS
                        PERL_MALLOC_WRAP PL_OP_SLAB_ALLOC USE_ITHREADS
                        USE_LARGE_FILES USE_PERLIO USE_PERL_ATOF
  Built under MSWin32
  Compiled at Jun 23 2010 13:38:12
  %ENV:
    PERL5_CPANPLUS_IS_RUNNING="4440"
    PERL5_CPAN_IS_RUNNING="4440"
    PERL5_CPAN_IS_RUNNING_IN_RECURSION="4872,4440"
    PERL_CR_SMOKER_CURRENT="Class-DBI-Sweet-0.08"
    PERL_EXTUTILS_AUTOINSTALL="--defaultdeps"
    PERL_MM_USE_DEFAULT="1"
  @INC:
    C:/home/stro/perl/perl5132/site/lib
    C:/home/stro/perl/perl5132/lib
    .